Build Information
Failed to build MyTrackerSDK, reference 3.4.2 (bbd046), with Swift 6.4 for watchOS using Xcode 27.0 on 22 Sep 2026 20:27:43 UTC.
Build Command
env DEVELOPER_DIR=/Applications/Xcode-27.0.0-Release.Candidate.app xcrun xcodebuild -IDEClonedSourcePackagesDirPathOverride=$PWD/.dependencies -skipMacroValidation -skipPackagePluginValidation -derivedDataPath $PWD/.derivedData build -scheme MyTrackerSDK -destination generic/platform=watchOSBuild Log
========================================
RunAll
========================================
Builder version: 5.1.0
Interrupt handler set up.
========================================
Checkout
========================================
Clone URL: https://github.com/myTrackerSDK/mytracker-ios-spm.git
Reference: 3.4.2
Initialized empty Git repository in /Users/admin/builder/spi-builder-workspace/.git/
From https://github.com/myTrackerSDK/mytracker-ios-spm
* tag 3.4.2 -> FETCH_HEAD
HEAD is now at bbd0468 Updated 3.4.2 version
Cloned https://github.com/myTrackerSDK/mytracker-ios-spm.git
Revision (git rev-parse @):
bbd0468cfa1a3b93aeab8f8304ece39141e1aeba
SUCCESS checkout https://github.com/myTrackerSDK/mytracker-ios-spm.git at 3.4.2
========================================
Build
========================================
Selected platform: watchOS
Swift version: 6.4
Building package at path: $PWD
https://github.com/myTrackerSDK/mytracker-ios-spm.git
Command line invocation:
/Applications/Xcode-27.0.0-Release.Candidate.app/Contents/Developer/usr/bin/xcodebuild -IDEClonedSourcePackagesDirPathOverride=/Users/admin/builder/spi-builder-workspace/.dependencies -resolvePackageDependencies
Resolve Package Graph
Resolve Package Graph
Resolve Package Graph
Resolved source packages:
MyTrackerSDK: /Users/admin/builder/spi-builder-workspace
resolved source packages: MyTrackerSDK
2026-09-22 16:26:56.093 xcodebuild[559:3039] [MT] IDERunDestination: Supported platforms for the buildables in the current scheme is empty.
{
"dependencies" : [
],
"manifest_display_name" : "MyTrackerSDK",
"name" : "MyTrackerSDK",
"path" : "/Users/admin/builder/spi-builder-workspace",
"platforms" : [
{
"name" : "ios",
"version" : "12.4"
}
],
"products" : [
{
"name" : "MyTrackerSDK",
"targets" : [
"MyTrackerSDKLib"
],
"type" : {
"library" : [
"automatic"
]
}
}
],
"targets" : [
{
"c99name" : "MyTrackerSDKLib",
"module_type" : "SwiftTarget",
"name" : "MyTrackerSDKLib",
"path" : "MyTrackerPackageWrapper",
"product_memberships" : [
"MyTrackerSDK"
],
"sources" : [
"wrapper.swift"
],
"target_dependencies" : [
"MyTrackerSDK"
],
"type" : "library"
},
{
"c99name" : "MyTrackerSDK",
"module_type" : "BinaryTarget",
"name" : "MyTrackerSDK",
"path" : "Binary/MyTrackerSDK.xcframework",
"product_memberships" : [
"MyTrackerSDK"
],
"sources" : [
],
"type" : "binary"
}
],
"tools_version" : "5.3"
}
{
"workspace" : {
"name" : "MyTrackerSDK",
"schemes" : [
"MyTrackerSDK"
]
}
}
2026-09-22 16:27:37.317 xcodebuild[686:4214] [MT] IDERunDestination: Supported platforms for the buildables in the current scheme is empty.
Running build ...
env DEVELOPER_DIR=/Applications/Xcode-27.0.0-Release.Candidate.app xcrun xcodebuild -IDEClonedSourcePackagesDirPathOverride=$PWD/.dependencies -skipMacroValidation -skipPackagePluginValidation -derivedDataPath $PWD/.derivedData build -scheme MyTrackerSDK -destination generic/platform=watchOS
Command line invocation:
/Applications/Xcode-27.0.0-Release.Candidate.app/Contents/Developer/usr/bin/xcodebuild -IDEClonedSourcePackagesDirPathOverride=/Users/admin/builder/spi-builder-workspace/.dependencies -skipMacroValidation -skipPackagePluginValidation -derivedDataPath /Users/admin/builder/spi-builder-workspace/.derivedData build -scheme MyTrackerSDK -destination generic/platform=watchOS
Resolve Package Graph
Resolved source packages:
MyTrackerSDK: /Users/admin/builder/spi-builder-workspace
ComputePackagePrebuildTargetDependencyGraph
Prepare packages
CreateBuildRequest
SendProjectDescription
CreateBuildOperation
ComputeTargetDependencyGraph
note: Building targets in dependency order
note: Target dependency graph (2 targets)
Target 'MyTrackerSDK-product' in project 'MyTrackerSDK'
➜ Explicit dependency on target 'MyTrackerSDKLib' in project 'MyTrackerSDK'
Target 'MyTrackerSDKLib' in project 'MyTrackerSDK' (no dependencies)
GatherProvisioningInputs
CreateBuildDescription
ExecuteExternalTool /Applications/Xcode-27.0.0-Release.Candidate.app/Contents/Developer/Toolchains/XcodeDefault.xctoolchain/usr/bin/clang -v -E -dM -isysroot /Applications/Xcode-27.0.0-Release.Candidate.app/Contents/Developer/Platforms/WatchOS.platform/Developer/SDKs/WatchOS27.0.sdk -x c -c /dev/null
ExecuteExternalTool /Applications/Xcode-27.0.0-Release.Candidate.app/Contents/Developer/Toolchains/XcodeDefault.xctoolchain/usr/bin/swiftc --version
ExecuteExternalTool /Applications/Xcode-27.0.0-Release.Candidate.app/Contents/Developer/Toolchains/XcodeDefault.xctoolchain/usr/bin/ld -version_details
Build description signature: f4d5e0b2aa3dd05ebedf81c998f854b8
Build description path: /Users/admin/builder/spi-builder-workspace/.derivedData/Build/Intermediates.noindex/XCBuildData/f4d5e0b2aa3dd05ebedf81c998f854b8.xcbuilddata
/Users/admin/builder/spi-builder-workspace/Binary/MyTrackerSDK.xcframework:1:1: error: While building for watchOS, no library for this platform was found in '/Users/admin/builder/spi-builder-workspace/Binary/MyTrackerSDK.xcframework'. (in target 'MyTrackerSDKLib' from project 'MyTrackerSDK')
/Users/admin/builder/spi-builder-workspace/Binary/MyTrackerSDK.xcframework:1:1: error: While building for watchOS, no library for this platform was found in '/Users/admin/builder/spi-builder-workspace/Binary/MyTrackerSDK.xcframework'. (in target 'MyTrackerSDK-product' from project 'MyTrackerSDK')
2026-09-22 16:27:38.839 xcodebuild[687:4255] [MT] IDERunDestination: Supported platforms for the buildables in the current scheme is empty.
** BUILD FAILED **
The following build commands failed:
Building workspace MyTrackerSDK with scheme MyTrackerSDK
(1 failure)
Command line invocation:
/Applications/Xcode-27.0.0-Release.Candidate.app/Contents/Developer/usr/bin/xcodebuild -IDEClonedSourcePackagesDirPathOverride=/Users/admin/builder/spi-builder-workspace/.dependencies -resolvePackageDependencies
Resolve Package Graph
Resolved source packages:
MyTrackerSDK: /Users/admin/builder/spi-builder-workspace
resolved source packages: MyTrackerSDK
2026-09-22 16:27:40.477 xcodebuild[701:4353] [MT] IDERunDestination: Supported platforms for the buildables in the current scheme is empty.
{
"dependencies" : [
],
"manifest_display_name" : "MyTrackerSDK",
"name" : "MyTrackerSDK",
"path" : "/Users/admin/builder/spi-builder-workspace",
"platforms" : [
{
"name" : "ios",
"version" : "12.4"
}
],
"products" : [
{
"name" : "MyTrackerSDK",
"targets" : [
"MyTrackerSDKLib"
],
"type" : {
"library" : [
"automatic"
]
}
}
],
"targets" : [
{
"c99name" : "MyTrackerSDKLib",
"module_type" : "SwiftTarget",
"name" : "MyTrackerSDKLib",
"path" : "MyTrackerPackageWrapper",
"product_memberships" : [
"MyTrackerSDK"
],
"sources" : [
"wrapper.swift"
],
"target_dependencies" : [
"MyTrackerSDK"
],
"type" : "library"
},
{
"c99name" : "MyTrackerSDK",
"module_type" : "BinaryTarget",
"name" : "MyTrackerSDK",
"path" : "Binary/MyTrackerSDK.xcframework",
"product_memberships" : [
"MyTrackerSDK"
],
"sources" : [
],
"type" : "binary"
}
],
"tools_version" : "5.3"
}
{
"workspace" : {
"name" : "MyTrackerSDK",
"schemes" : [
"MyTrackerSDK"
]
}
}
2026-09-22 16:27:41.677 xcodebuild[709:4414] [MT] IDERunDestination: Supported platforms for the buildables in the current scheme is empty.
Running build ...
env DEVELOPER_DIR=/Applications/Xcode-27.0.0-Release.Candidate.app xcrun xcodebuild -IDEClonedSourcePackagesDirPathOverride=$PWD/.dependencies -skipMacroValidation -skipPackagePluginValidation -derivedDataPath $PWD/.derivedData build -scheme MyTrackerSDK -destination generic/platform=watchOS
Command line invocation:
/Applications/Xcode-27.0.0-Release.Candidate.app/Contents/Developer/usr/bin/xcodebuild -IDEClonedSourcePackagesDirPathOverride=/Users/admin/builder/spi-builder-workspace/.dependencies -skipMacroValidation -skipPackagePluginValidation -derivedDataPath /Users/admin/builder/spi-builder-workspace/.derivedData build -scheme MyTrackerSDK -destination generic/platform=watchOS
Resolve Package Graph
Resolved source packages:
MyTrackerSDK: /Users/admin/builder/spi-builder-workspace
ComputePackagePrebuildTargetDependencyGraph
Prepare packages
CreateBuildRequest
SendProjectDescription
CreateBuildOperation
ComputeTargetDependencyGraph
note: Building targets in dependency order
note: Target dependency graph (2 targets)
Target 'MyTrackerSDK-product' in project 'MyTrackerSDK'
➜ Explicit dependency on target 'MyTrackerSDKLib' in project 'MyTrackerSDK'
Target 'MyTrackerSDKLib' in project 'MyTrackerSDK' (no dependencies)
GatherProvisioningInputs
CreateBuildDescription
/Users/admin/builder/spi-builder-workspace/Binary/MyTrackerSDK.xcframework:1:1: error: While building for watchOS, no library for this platform was found in '/Users/admin/builder/spi-builder-workspace/Binary/MyTrackerSDK.xcframework'. (in target 'MyTrackerSDK-product' from project 'MyTrackerSDK')
/Users/admin/builder/spi-builder-workspace/Binary/MyTrackerSDK.xcframework:1:1: error: While building for watchOS, no library for this platform was found in '/Users/admin/builder/spi-builder-workspace/Binary/MyTrackerSDK.xcframework'. (in target 'MyTrackerSDKLib' from project 'MyTrackerSDK')
2026-09-22 16:27:42.619 xcodebuild[710:4444] [MT] IDERunDestination: Supported platforms for the buildables in the current scheme is empty.
** BUILD FAILED **
The following build commands failed:
Building workspace MyTrackerSDK with scheme MyTrackerSDK
(1 failure)
BUILD FAILURE 6.4 watchOS