The Swift Package Index logo.Swift Package Index

Build Information

Failed to build SwiftSysctl, reference main (88861f), with Swift 6.4 for Linux on 23 Sep 2026 16:47:19 UTC.

Build Command

bash -c docker run --pull=always --rm -v "checkouts-54344844-0":/host -w "$PWD" -e JAVA_HOME="/root/.sdkman/candidates/java/current" -e SPI_BUILD="1" -e SPI_PROCESSING="1" registry.gitlab.com/saguaro1/spi-images:basic-6.4-latest swift build --triple x86_64-unknown-linux-gnu 2>&1

Build Log

========================================
RunAll
========================================
Builder version: 5.1.0
Interrupt handler set up.
========================================
Checkout
========================================
Clone URL: https://github.com/p-x9/swift-sysctl.git
Reference: main
Initialized empty Git repository in /host/spi-builder-workspace/.git/
hint: Using 'master' as the name for the initial branch. This default branch name
hint: is subject to change. To configure the initial branch name to use in all
hint: of your new repositories, which will suppress this warning, call:
hint:
hint: 	git config --global init.defaultBranch <name>
hint:
hint: Names commonly chosen instead of 'master' are 'main', 'trunk' and
hint: 'development'. The just-created branch can be renamed via this command:
hint:
hint: 	git branch -m <name>
From https://github.com/p-x9/swift-sysctl
 * branch            main       -> FETCH_HEAD
 * [new branch]      main       -> origin/main
HEAD is now at 88861fa Merge pull request #12 from p-x9/feature/chained-name-node-sendable
Cloned https://github.com/p-x9/swift-sysctl.git
Revision (git rev-parse @):
88861fa7f334b7d8c142b8928e5fce2f4ca4116d
SUCCESS checkout https://github.com/p-x9/swift-sysctl.git at main
========================================
Build
========================================
Selected platform:         linux
Swift version:             6.4
Building package at path:  $PWD
https://github.com/p-x9/swift-sysctl.git
Running build ...
bash -c docker run --pull=always --rm -v "checkouts-54344844-0":/host -w "$PWD" -e JAVA_HOME="/root/.sdkman/candidates/java/current" -e SPI_BUILD="1" -e SPI_PROCESSING="1" registry.gitlab.com/saguaro1/spi-images:basic-6.4-latest swift build --triple x86_64-unknown-linux-gnu 2>&1
basic-6.4-latest: Pulling from saguaro1/spi-images
Digest: sha256:c77fcce225e223ac0fafed844619173fc6de8d62dd560eeb28db3182af6a282b
Status: Image is up to date for registry.gitlab.com/saguaro1/spi-images:basic-6.4-latest
Building for debugging...
[Planning deferred tasks]
[19 / 27] SwiftSysctl
error: SwiftCompile normal x86_64 failed with a nonzero exit code. Command line:     cd /host

/host/spi-builder-workspace/Sources/SwiftSysctl/Node/Node/x86_64/Nodes+Kern.x86_64.swift:951:47: error: cannot find type 'pointer_t' in scope
 949 |         public static let _shared: Hv = .init()
 950 |
 951 |         public var ipa_size_16k: LeafNameNode<pointer_t> {
     |                                               `- error: cannot find type 'pointer_t' in scope
 952 |             .init(oid: OID.Kern.Hv.ipa_size_16k)
 953 |         }
/host/spi-builder-workspace/Sources/SwiftSysctl/Node/Node/x86_64/Nodes+Kern.x86_64.swift:955:46: error: cannot find type 'pointer_t' in scope
 953 |         }
 954 |
 955 |         public var ipa_size_4k: LeafNameNode<pointer_t> {
     |                                              `- error: cannot find type 'pointer_t' in scope
 956 |             .init(oid: OID.Kern.Hv.ipa_size_4k)
 957 |         }
/host/spi-builder-workspace/Sources/SwiftSysctl/OID/Model/CtlType.swift:24:14: error: cannot find 'CTLTYPE_NODE' in scope
22 |     public init?(rawValue: RawValue) {
23 |         switch rawValue {
24 |         case CTLTYPE_NODE: self = .node
   |              `- error: cannot find 'CTLTYPE_NODE' in scope
25 |         case CTLTYPE_INT: self = .int
26 |         case CTLTYPE_STRING: self = .string
/host/spi-builder-workspace/Sources/SwiftSysctl/OID/Model/CtlType.swift:25:14: error: cannot find 'CTLTYPE_INT' in scope
23 |         switch rawValue {
24 |         case CTLTYPE_NODE: self = .node
25 |         case CTLTYPE_INT: self = .int
   |              `- error: cannot find 'CTLTYPE_INT' in scope
26 |         case CTLTYPE_STRING: self = .string
27 |         case CTLTYPE_QUAD: self = .quad
/host/spi-builder-workspace/Sources/SwiftSysctl/OID/Model/CtlType.swift:26:14: error: cannot find 'CTLTYPE_STRING' in scope
24 |         case CTLTYPE_NODE: self = .node
25 |         case CTLTYPE_INT: self = .int
26 |         case CTLTYPE_STRING: self = .string
   |              `- error: cannot find 'CTLTYPE_STRING' in scope
27 |         case CTLTYPE_QUAD: self = .quad
28 |         case CTLTYPE_STRUCT: self = .struct
/host/spi-builder-workspace/Sources/SwiftSysctl/OID/Model/CtlType.swift:27:14: error: cannot find 'CTLTYPE_QUAD' in scope
25 |         case CTLTYPE_INT: self = .int
26 |         case CTLTYPE_STRING: self = .string
27 |         case CTLTYPE_QUAD: self = .quad
   |              `- error: cannot find 'CTLTYPE_QUAD' in scope
28 |         case CTLTYPE_STRUCT: self = .struct
29 |         default: return nil
/host/spi-builder-workspace/Sources/SwiftSysctl/OID/Model/CtlType.swift:28:14: error: cannot find 'CTLTYPE_STRUCT' in scope
26 |         case CTLTYPE_STRING: self = .string
27 |         case CTLTYPE_QUAD: self = .quad
28 |         case CTLTYPE_STRUCT: self = .struct
   |              `- error: cannot find 'CTLTYPE_STRUCT' in scope
29 |         default: return nil
30 |         }
/host/spi-builder-workspace/Sources/SwiftSysctl/OID/Model/CtlType.swift:35:21: error: cannot find 'CTLTYPE_NODE' in scope
33 |     public var rawValue: RawValue {
34 |         switch self {
35 |         case .node: CTLTYPE_NODE
   |                     `- error: cannot find 'CTLTYPE_NODE' in scope
36 |         case .int: CTLTYPE_INT
37 |         case .string: CTLTYPE_STRING
/host/spi-builder-workspace/Sources/SwiftSysctl/OID/Model/CtlType.swift:36:20: error: cannot find 'CTLTYPE_INT' in scope
34 |         switch self {
35 |         case .node: CTLTYPE_NODE
36 |         case .int: CTLTYPE_INT
   |                    `- error: cannot find 'CTLTYPE_INT' in scope
37 |         case .string: CTLTYPE_STRING
38 |         case .quad: CTLTYPE_QUAD
/host/spi-builder-workspace/Sources/SwiftSysctl/OID/Model/CtlType.swift:37:23: error: cannot find 'CTLTYPE_STRING' in scope
35 |         case .node: CTLTYPE_NODE
36 |         case .int: CTLTYPE_INT
37 |         case .string: CTLTYPE_STRING
   |                       `- error: cannot find 'CTLTYPE_STRING' in scope
38 |         case .quad: CTLTYPE_QUAD
39 |         case .struct: CTLTYPE_STRUCT
/host/spi-builder-workspace/Sources/SwiftSysctl/OID/Model/CtlType.swift:38:21: error: cannot find 'CTLTYPE_QUAD' in scope
36 |         case .int: CTLTYPE_INT
37 |         case .string: CTLTYPE_STRING
38 |         case .quad: CTLTYPE_QUAD
   |                     `- error: cannot find 'CTLTYPE_QUAD' in scope
39 |         case .struct: CTLTYPE_STRUCT
40 |         }
/host/spi-builder-workspace/Sources/SwiftSysctl/OID/Model/CtlType.swift:39:23: error: cannot find 'CTLTYPE_STRUCT' in scope
37 |         case .string: CTLTYPE_STRING
38 |         case .quad: CTLTYPE_QUAD
39 |         case .struct: CTLTYPE_STRUCT
   |                       `- error: cannot find 'CTLTYPE_STRUCT' in scope
40 |         }
41 |     }
/host/spi-builder-workspace/Sources/SwiftSysctl/SwiftSysctl.swift:66:15: error: cannot find 'sysctlnametomib' in scope
 64 |         var ret: Int32 = 0
 65 |
 66 |         ret = sysctlnametomib(node._name, nil, &size)
    |               `- error: cannot find 'sysctlnametomib' in scope
 67 |         guard ret == 0 else { throw SysctlError.error(-ret) }
 68 |
/host/spi-builder-workspace/Sources/SwiftSysctl/SwiftSysctl.swift:70:15: error: cannot find 'sysctlnametomib' in scope
 68 |
 69 |         var mib = [Int32](repeating: 0, count: size)
 70 |         ret = sysctlnametomib(node._name, &mib, &size)
    |               `- error: cannot find 'sysctlnametomib' in scope
 71 |         guard ret == 0 else { throw SysctlError.error(-ret) }
 72 |
/host/spi-builder-workspace/Sources/SwiftSysctl/SwiftSysctl.swift:89:15: error: cannot find 'Darwin' in scope
 87 |         var ret: Int32 = 0
 88 |
 89 |         ret = Darwin.sysctl(
    |               `- error: cannot find 'Darwin' in scope
 90 |             &mib, u_int(mib.count),
 91 |             nil, &size,
/host/spi-builder-workspace/Sources/SwiftSysctl/SwiftSysctl.swift:97:15: error: cannot find 'Darwin' in scope
 95 |
 96 |         var data = [UInt8](repeating: 0, count: Int(size))
 97 |         ret = Darwin.sysctl(
    |               `- error: cannot find 'Darwin' in scope
 98 |             &mib, u_int(mib.count),
 99 |             &data, &size,
/host/spi-builder-workspace/Sources/SwiftSysctl/SwiftSysctl.swift:115:13: error: cannot find 'sysctlbyname' in scope
113 |
114 |         ret = name.withCString {
115 |             sysctlbyname($0, nil, &size, nil, 0)
    |             `- error: cannot find 'sysctlbyname' in scope
116 |         }
117 |         guard ret == 0 else { throw SysctlError.error(-ret) }
/host/spi-builder-workspace/Sources/SwiftSysctl/SwiftSysctl.swift:121:13: error: cannot find 'sysctlbyname' in scope
119 |         var data = [UInt8](repeating: 0, count: Int(size))
120 |         ret = name.withCString {
121 |             sysctlbyname($0, &data, &size, nil, 0)
    |             `- error: cannot find 'sysctlbyname' in scope
122 |         }
123 |         guard ret == 0 else { throw SysctlError.error(-ret) }
Failed frontend command:
/usr/bin/swift-frontend -frontend -emit-module -experimental-skip-non-inlinable-function-bodies-without-types /host/spi-builder-workspace/Sources/SwiftSysctl/Extension/Sysctl+.swift /host/spi-builder-workspace/Sources/SwiftSysctl/Node/Node/Nodes+Debug.swift /host/spi-builder-workspace/Sources/SwiftSysctl/Node/Node/Nodes+HW.swift /host/spi-builder-workspace/Sources/SwiftSysctl/Node/Node/Nodes+Kern.swift /host/spi-builder-workspace/Sources/SwiftSysctl/Node/Node/Nodes+MachDep.swift /host/spi-builder-workspace/Sources/SwiftSysctl/Node/Node/Nodes+Net.swift /host/spi-builder-workspace/Sources/SwiftSysctl/Node/Node/Nodes+Security.swift /host/spi-builder-workspace/Sources/SwiftSysctl/Node/Node/Nodes+VFS.swift /host/spi-builder-workspace/Sources/SwiftSysctl/Node/Node/Nodes+VM.swift /host/spi-builder-workspace/Sources/SwiftSysctl/Node/Node/arm64/Nodes+Debug.arm64.swift /host/spi-builder-workspace/Sources/SwiftSysctl/Node/Node/arm64/Nodes+HW.arm64.swift /host/spi-builder-workspace/Sources/SwiftSysctl/Node/Node/arm64/Nodes+Kern.arm64.swift /host/spi-builder-workspace/Sources/SwiftSysctl/Node/Node/arm64/Nodes+MachDep.arm64.swift /host/spi-builder-workspace/Sources/SwiftSysctl/Node/Node/arm64/Nodes+Net.arm64.swift /host/spi-builder-workspace/Sources/SwiftSysctl/Node/Node/arm64/Nodes+Security.arm64.swift /host/spi-builder-workspace/Sources/SwiftSysctl/Node/Node/arm64/Nodes+Sysctl.arm64.swift /host/spi-builder-workspace/Sources/SwiftSysctl/Node/Node/arm64/Nodes+VFS.arm64.swift /host/spi-builder-workspace/Sources/SwiftSysctl/Node/Node/arm64/Nodes+VM.arm64.swift /host/spi-builder-workspace/Sources/SwiftSysctl/Node/Node/x86_64/Nodes+Debug.x86_64.swift /host/spi-builder-workspace/Sources/SwiftSysctl/Node/Node/x86_64/Nodes+HW.x86_64.swift /host/spi-builder-workspace/Sources/SwiftSysctl/Node/Node/x86_64/Nodes+Kern.x86_64.swift /host/spi-builder-workspace/Sources/SwiftSysctl/Node/Node/x86_64/Nodes+MachDep.x86_64.swift /host/spi-builder-workspace/Sources/SwiftSysctl/Node/Node/x86_64/Nodes+Net.x86_64.swift /host/spi-builder-workspace/Sources/SwiftSysctl/Node/Node/x86_64/Nodes+Security.x86_64.swift /host/spi-builder-workspace/Sources/SwiftSysctl/Node/Node/x86_64/Nodes+Sysctl.x86_64.swift /host/spi-builder-workspace/Sources/SwiftSysctl/Node/Node/x86_64/Nodes+VFS.x86_64.swift /host/spi-builder-workspace/Sources/SwiftSysctl/Node/Node/x86_64/Nodes+VM.x86_64.swift /host/spi-builder-workspace/Sources/SwiftSysctl/Node/Nodes+Sysctl.swift /host/spi-builder-workspace/Sources/SwiftSysctl/Node/Nodes.swift /host/spi-builder-workspace/Sources/SwiftSysctl/OID/Model/CtlKind.swift /host/spi-builder-workspace/Sources/SwiftSysctl/OID/Model/CtlType.swift /host/spi-builder-workspace/Sources/SwiftSysctl/OID/OID+Sysctl.swift /host/spi-builder-workspace/Sources/SwiftSysctl/OID/OID+TopLevel.swift /host/spi-builder-workspace/Sources/SwiftSysctl/OID/OID.swift /host/spi-builder-workspace/Sources/SwiftSysctl/OID/OID/OID+Debug.swift /host/spi-builder-workspace/Sources/SwiftSysctl/OID/OID/OID+HW.swift /host/spi-builder-workspace/Sources/SwiftSysctl/OID/OID/OID+Kern.swift /host/spi-builder-workspace/Sources/SwiftSysctl/OID/OID/OID+MachDep.swift /host/spi-builder-workspace/Sources/SwiftSysctl/OID/OID/OID+Net.swift /host/spi-builder-workspace/Sources/SwiftSysctl/OID/OID/OID+VFS.swift /host/spi-builder-workspace/Sources/SwiftSysctl/OID/OID/OID+VM.swift /host/spi-builder-workspace/Sources/SwiftSysctl/OID/OID/arm64/OID+Debug.arm64.swift /host/spi-builder-workspace/Sources/SwiftSysctl/OID/OID/arm64/OID+HW.arm64.swift /host/spi-builder-workspace/Sources/SwiftSysctl/OID/OID/arm64/OID+Kern.arm64.swift /host/spi-builder-workspace/Sources/SwiftSysctl/OID/OID/arm64/OID+MachDep.arm64.swift /host/spi-builder-workspace/Sources/SwiftSysctl/OID/OID/arm64/OID+Net.arm64.swift /host/spi-builder-workspace/Sources/SwiftSysctl/OID/OID/arm64/OID+Security.arm64.swift /host/spi-builder-workspace/Sources/SwiftSysctl/OID/OID/arm64/OID+Sysctl.arm64.swift /host/spi-builder-workspace/Sources/SwiftSysctl/OID/OID/arm64/OID+VFS.arm64.swift /host/spi-builder-workspace/Sources/SwiftSysctl/OID/OID/arm64/OID+VM.arm64.swift /host/spi-builder-workspace/Sources/SwiftSysctl/OID/OID/x86_64/OID+Debug.x86_64.swift /host/spi-builder-workspace/Sources/SwiftSysctl/OID/OID/x86_64/OID+HW.x86_64.swift /host/spi-builder-workspace/Sources/SwiftSysctl/OID/OID/x86_64/OID+Kern.x86_64.swift /host/spi-builder-workspace/Sources/SwiftSysctl/OID/OID/x86_64/OID+MachDep.x86_64.swift /host/spi-builder-workspace/Sources/SwiftSysctl/OID/OID/x86_64/OID+Net.x86_64.swift /host/spi-builder-workspace/Sources/SwiftSysctl/OID/OID/x86_64/OID+Security.x86_64.swift /host/spi-builder-workspace/Sources/SwiftSysctl/OID/OID/x86_64/OID+Sysctl.x86_64.swift /host/spi-builder-workspace/Sources/SwiftSysctl/OID/OID/x86_64/OID+VFS.x86_64.swift /host/spi-builder-workspace/Sources/SwiftSysctl/OID/OID/x86_64/OID+VM.x86_64.swift /host/spi-builder-workspace/Sources/SwiftSysctl/Protocol/BitFlags.swift /host/spi-builder-workspace/Sources/SwiftSysctl/Protocol/FieldProtocol.swift /host/spi-builder-workspace/Sources/SwiftSysctl/Protocol/NodeCollection.swift /host/spi-builder-workspace/Sources/SwiftSysctl/Protocol/NodeProtocol.swift /host/spi-builder-workspace/Sources/SwiftSysctl/SwiftSysctl.swift /host/spi-builder-workspace/Sources/SwiftSysctl/SysctlError.swift /host/spi-builder-workspace/Sources/SwiftSysctl/TopNodes.swift /host/spi-builder-workspace/Sources/SwiftSysctl/Util/Field.swift /host/spi-builder-workspace/Sources/SwiftSysctl/Util/Node.swift -target x86_64-unknown-linux-gnu -disable-objc-interop -I /host/spi-builder-workspace/.build/out/Products/Debug-linux-x86_64 -module-cache-path /host/spi-builder-workspace/.build/out/ModuleCache.noindex -color-diagnostics -Xcc -fcolor-diagnostics -enable-testing -g -debug-info-format\=dwarf -dwarf-version\=4 -swift-version 5 -Onone -D SWIFT_PACKAGE -D DEBUG -D SWIFT_MODULE_RESOURCE_BUNDLE_UNAVAILABLE -D Xcode -serialize-debugging-options -enable-experimental-feature DebugDescriptionMacro -empty-abi-descriptor -external-plugin-path /usr/lib/swift/host/plugins/testing\#/usr/bin/swift-plugin-server -validate-clang-modules-once -clang-build-session-file /host/spi-builder-workspace/.build/out/ModuleCache.noindex/Session.modulevalidation -Xcc -working-directory -Xcc /host -enable-anonymous-context-mangled-names -file-compilation-dir /host -Xcc -fno-omit-frame-pointer -Xcc -D_LIBCPP_HARDENING_MODE\=_LIBCPP_HARDENING_MODE_DEBUG -Xcc -fmodules-prune-interval\=86400 -Xcc -fmodules-prune-after\=345600 -Xcc -I/host/spi-builder-workspace/.build/out/Products/Debug-linux-x86_64/include -Xcc -I/host/spi-builder-workspace/.build/out/Intermediates.noindex/SwiftSysctl.build/Debug-linux-x86_64/SwiftSysctl-t.build/DerivedSources-normal/x86_64 -Xcc -I/host/spi-builder-workspace/.build/out/Intermediates.noindex/SwiftSysctl.build/Debug-linux-x86_64/SwiftSysctl-t.build/DerivedSources/x86_64 -Xcc -I/host/spi-builder-workspace/.build/out/Intermediates.noindex/SwiftSysctl.build/Debug-linux-x86_64/SwiftSysctl-t.build/DerivedSources -Xcc -DSWIFT_PACKAGE -Xcc -DDEBUG\=1 -no-auto-bridging-header-chaining -module-name SwiftSysctl -package-name spi_builder_workspace -const-gather-protocols-file /host/spi-builder-workspace/.build/out/Intermediates.noindex/SwiftSysctl.build/Debug-linux-x86_64/SwiftSysctl-t.build/Objects-normal/x86_64/SwiftSysctl_const_extract_protocols.json -in-process-plugin-server-path /usr/lib/swift/host/libSwiftInProcPluginServer.so -plugin-path /usr/lib/swift/host/plugins -plugin-path /usr/local/lib/swift/host/plugins -emit-module-doc-path /host/spi-builder-workspace/.build/out/Intermediates.noindex/SwiftSysctl.build/Debug-linux-x86_64/SwiftSysctl-t.build/Objects-normal/x86_64/Modules/SwiftSysctl.swiftdoc -emit-module-source-info-path /host/spi-builder-workspace/.build/out/Intermediates.noindex/SwiftSysctl.build/Debug-linux-x86_64/SwiftSysctl-t.build/Objects-normal/x86_64/Modules/SwiftSysctl.swiftsourceinfo -emit-objc-header-path /host/spi-builder-workspace/.build/out/Intermediates.noindex/SwiftSysctl.build/Debug-linux-x86_64/SwiftSysctl-t.build/Objects-normal/x86_64/SwiftSysctl-Swift.h -serialize-diagnostics-path /host/spi-builder-workspace/.build/out/Intermediates.noindex/SwiftSysctl.build/Debug-linux-x86_64/SwiftSysctl-t.build/Objects-normal/x86_64/SwiftSysctl-primary-emit-module.dia -emit-dependencies-path /host/spi-builder-workspace/.build/out/Intermediates.noindex/SwiftSysctl.build/Debug-linux-x86_64/SwiftSysctl-t.build/Objects-normal/x86_64/SwiftSysctl-primary-emit-module.d -parse-as-library -o /host/spi-builder-workspace/.build/out/Intermediates.noindex/SwiftSysctl.build/Debug-linux-x86_64/SwiftSysctl-t.build/Objects-normal/x86_64/Modules/SwiftSysctl.swiftmodule
error: Build failed
BUILD FAILURE 6.4 linux