Build Information
Failed to build WWMarkdownWebViewUI, reference 0.4.1 (00d83b), with Swift 6.1 for Wasm on 12 Jul 2026 20:00:35 UTC.
Build Command
bash -c docker run --pull=always --rm -v "checkouts-53886769-0":/host -w "$PWD" -e JAVA_HOME="/root/.sdkman/candidates/java/current" -e SPI_BUILD="1" -e SPI_PROCESSING="1" registry.gitlab.com/saguaro1/spi-images:wasm-6.1-latest swift build --swift-sdk wasm32-unknown-wasi 2>&1Build Log
========================================
RunAll
========================================
Builder version: 0e64495ecc1688c3b3e031a5ef1348b5c05091ae
Interrupt handler set up.
========================================
Checkout
========================================
Clone URL: https://github.com/William-Weng/WWMarkdownWebViewUI.git
Reference: 0.4.1
Initialized empty Git repository in /host/spi-builder-workspace/.git/
hint: Using 'master' as the name for the initial branch. This default branch name
hint: is subject to change. To configure the initial branch name to use in all
hint: of your new repositories, which will suppress this warning, call:
hint:
hint: git config --global init.defaultBranch <name>
hint:
hint: Names commonly chosen instead of 'master' are 'main', 'trunk' and
hint: 'development'. The just-created branch can be renamed via this command:
hint:
hint: git branch -m <name>
From https://github.com/William-Weng/WWMarkdownWebViewUI
* tag 0.4.1 -> FETCH_HEAD
HEAD is now at 00d83b2 - 去除模式設定 (CSS自動處理)
Cloned https://github.com/William-Weng/WWMarkdownWebViewUI.git
Revision (git rev-parse @):
00d83b230fc7044e9a4bb5edab4d397d698fad9f
SUCCESS checkout https://github.com/William-Weng/WWMarkdownWebViewUI.git at 0.4.1
========================================
Build
========================================
Selected platform: wasm
Swift version: 6.1
Building package at path: $PWD
https://github.com/William-Weng/WWMarkdownWebViewUI.git
https://github.com/William-Weng/WWMarkdownWebViewUI.git
WARNING: environment variable SUPPRESS_SWIFT_6_FLAGS is not set
Running build ...
bash -c docker run --pull=always --rm -v "checkouts-53886769-0":/host -w "$PWD" -e JAVA_HOME="/root/.sdkman/candidates/java/current" -e SPI_BUILD="1" -e SPI_PROCESSING="1" registry.gitlab.com/saguaro1/spi-images:wasm-6.1-latest swift build --swift-sdk wasm32-unknown-wasi -Xswiftc -Xfrontend -Xswiftc -stats-output-dir -Xswiftc -Xfrontend -Xswiftc .stats -Xswiftc -strict-concurrency=complete -Xswiftc -enable-upcoming-feature -Xswiftc StrictConcurrency -Xswiftc -enable-upcoming-feature -Xswiftc DisableOutwardActorInference -Xswiftc -enable-upcoming-feature -Xswiftc GlobalActorIsolatedTypesUsability -Xswiftc -enable-upcoming-feature -Xswiftc InferSendableFromCaptures 2>&1
wasm-6.1-latest: Pulling from saguaro1/spi-images
Digest: sha256:1ad245dad3d2ae0004e1afbc92334bd39884ed9ca587cf04d0a8d5f640fb02e9
Status: Image is up to date for registry.gitlab.com/saguaro1/spi-images:wasm-6.1-latest
Building for debugging...
[0/6] Write sources
[1/6] Copying markdown.html
[1/6] Copying marked.umd.js
[1/6] Copying github-markdown.css
[1/6] Copying Privacy
[5/6] Write swift-version-24593BA9C3E375BF.txt
[7/13] Compiling WWMarkdownWebViewUI Manager.swift
/host/spi-builder-workspace/Sources/WWMarkdownWebViewUI/Utility/Coordinator.swift:8:8: error: no such module 'WebKit'
6 | //
7 |
8 | import WebKit
| `- error: no such module 'WebKit'
9 |
10 | // MARK: - WWMarkdownWebViewUI
error: emit-module command failed with exit code 1 (use -v to see invocation)
[8/13] Emitting module WWMarkdownWebViewUI
/host/spi-builder-workspace/Sources/WWMarkdownWebViewUI/Utility/Coordinator.swift:8:8: error: no such module 'WebKit'
6 | //
7 |
8 | import WebKit
| `- error: no such module 'WebKit'
9 |
10 | // MARK: - WWMarkdownWebViewUI
[9/13] Compiling WWMarkdownWebViewUI Coordinator.swift
/host/spi-builder-workspace/Sources/WWMarkdownWebViewUI/Utility/Coordinator.swift:8:8: error: no such module 'WebKit'
6 | //
7 |
8 | import WebKit
| `- error: no such module 'WebKit'
9 |
10 | // MARK: - WWMarkdownWebViewUI
[10/13] Compiling WWMarkdownWebViewUI Handler.swift
/host/spi-builder-workspace/Sources/WWMarkdownWebViewUI/Utility/Coordinator.swift:8:8: error: no such module 'WebKit'
6 | //
7 |
8 | import WebKit
| `- error: no such module 'WebKit'
9 |
10 | // MARK: - WWMarkdownWebViewUI
[11/13] Compiling WWMarkdownWebViewUI Extension.swift
/host/spi-builder-workspace/Sources/WWMarkdownWebViewUI/Utility/Coordinator.swift:8:8: error: no such module 'WebKit'
6 | //
7 |
8 | import WebKit
| `- error: no such module 'WebKit'
9 |
10 | // MARK: - WWMarkdownWebViewUI
[12/13] Compiling WWMarkdownWebViewUI WWMarkdownWebViewUI.swift
/host/spi-builder-workspace/Sources/WWMarkdownWebViewUI/Utility/Coordinator.swift:8:8: error: no such module 'WebKit'
6 | //
7 |
8 | import WebKit
| `- error: no such module 'WebKit'
9 |
10 | // MARK: - WWMarkdownWebViewUI
[13/13] Compiling WWMarkdownWebViewUI resource_bundle_accessor.swift
/host/spi-builder-workspace/Sources/WWMarkdownWebViewUI/Utility/Coordinator.swift:8:8: error: no such module 'WebKit'
6 | //
7 |
8 | import WebKit
| `- error: no such module 'WebKit'
9 |
10 | // MARK: - WWMarkdownWebViewUI
Running build ...
bash -c docker run --pull=always --rm -v "checkouts-53886769-0":/host -w "$PWD" -e JAVA_HOME="/root/.sdkman/candidates/java/current" -e SPI_BUILD="1" -e SPI_PROCESSING="1" registry.gitlab.com/saguaro1/spi-images:wasm-6.1-latest swift build --swift-sdk wasm32-unknown-wasi 2>&1
wasm-6.1-latest: Pulling from saguaro1/spi-images
Digest: sha256:1ad245dad3d2ae0004e1afbc92334bd39884ed9ca587cf04d0a8d5f640fb02e9
Status: Image is up to date for registry.gitlab.com/saguaro1/spi-images:wasm-6.1-latest
[0/1] Planning build
Building for debugging...
[0/1] Write swift-version-24593BA9C3E375BF.txt
[2/8] Compiling WWMarkdownWebViewUI Manager.swift
/host/spi-builder-workspace/Sources/WWMarkdownWebViewUI/Utility/Coordinator.swift:8:8: error: no such module 'WebKit'
6 | //
7 |
8 | import WebKit
| `- error: no such module 'WebKit'
9 |
10 | // MARK: - WWMarkdownWebViewUI
[3/8] Compiling WWMarkdownWebViewUI Handler.swift
/host/spi-builder-workspace/Sources/WWMarkdownWebViewUI/Utility/Coordinator.swift:8:8: error: no such module 'WebKit'
6 | //
7 |
8 | import WebKit
| `- error: no such module 'WebKit'
9 |
10 | // MARK: - WWMarkdownWebViewUI
[4/8] Compiling WWMarkdownWebViewUI Extension.swift
/host/spi-builder-workspace/Sources/WWMarkdownWebViewUI/Utility/Coordinator.swift:8:8: error: no such module 'WebKit'
6 | //
7 |
8 | import WebKit
| `- error: no such module 'WebKit'
9 |
10 | // MARK: - WWMarkdownWebViewUI
[5/8] Compiling WWMarkdownWebViewUI resource_bundle_accessor.swift
/host/spi-builder-workspace/Sources/WWMarkdownWebViewUI/Utility/Coordinator.swift:8:8: error: no such module 'WebKit'
6 | //
7 |
8 | import WebKit
| `- error: no such module 'WebKit'
9 |
10 | // MARK: - WWMarkdownWebViewUI
[6/8] Compiling WWMarkdownWebViewUI WWMarkdownWebViewUI.swift
/host/spi-builder-workspace/Sources/WWMarkdownWebViewUI/Utility/Coordinator.swift:8:8: error: no such module 'WebKit'
6 | //
7 |
8 | import WebKit
| `- error: no such module 'WebKit'
9 |
10 | // MARK: - WWMarkdownWebViewUI
error: emit-module command failed with exit code 1 (use -v to see invocation)
[7/8] Emitting module WWMarkdownWebViewUI
/host/spi-builder-workspace/Sources/WWMarkdownWebViewUI/Utility/Coordinator.swift:8:8: error: no such module 'WebKit'
6 | //
7 |
8 | import WebKit
| `- error: no such module 'WebKit'
9 |
10 | // MARK: - WWMarkdownWebViewUI
[8/8] Compiling WWMarkdownWebViewUI Coordinator.swift
/host/spi-builder-workspace/Sources/WWMarkdownWebViewUI/Utility/Coordinator.swift:8:8: error: no such module 'WebKit'
6 | //
7 |
8 | import WebKit
| `- error: no such module 'WebKit'
9 |
10 | // MARK: - WWMarkdownWebViewUI
BUILD FAILURE 6.1 wasm