Build Information
Failed to build LiveFader, reference 1.1.0 (25eab0), with Swift 6.4 for iOS using Xcode 27.0 on 18 Sep 2026 19:59:22 UTC.
Build Command
env DEVELOPER_DIR=/Applications/Xcode-27.0.0-Release.Candidate.app xcrun xcodebuild -IDEClonedSourcePackagesDirPathOverride=$PWD/.dependencies -skipMacroValidation -skipPackagePluginValidation -derivedDataPath $PWD/.derivedData build -scheme LiveFader -destination generic/platform=iOSBuild Log
========================================
RunAll
========================================
Builder version: 5.1.0
Interrupt handler set up.
========================================
Checkout
========================================
Clone URL: https://github.com/cemolcay/livefader.git
Reference: 1.1.0
Initialized empty Git repository in /Users/admin/builder/spi-builder-workspace/.git/
From https://github.com/cemolcay/livefader
* tag 1.1.0 -> FETCH_HEAD
HEAD is now at 25eab09 Update README.md
Cloned https://github.com/cemolcay/livefader.git
Revision (git rev-parse @):
25eab09eed323d6e39c5360e3a70f0cdd399f54d
SUCCESS checkout https://github.com/cemolcay/livefader.git at 1.1.0
========================================
Build
========================================
Selected platform: iOS
Swift version: 6.4
Building package at path: $PWD
https://github.com/cemolcay/livefader.git
Command line invocation:
/Applications/Xcode-27.0.0-Release.Candidate.app/Contents/Developer/usr/bin/xcodebuild -IDEClonedSourcePackagesDirPathOverride=/Users/admin/builder/spi-builder-workspace/.dependencies -resolvePackageDependencies
resolved source packages:
{
"dependencies" : [
],
"manifest_display_name" : "LiveFader",
"name" : "LiveFader",
"path" : "/Users/admin/builder/spi-builder-workspace",
"platforms" : [
],
"products" : [
{
"name" : "LiveFader",
"targets" : [
"LiveFader"
],
"type" : {
"library" : [
"automatic"
]
}
}
],
"targets" : [
{
"c99name" : "LiveFaderTests",
"module_type" : "SwiftTarget",
"name" : "LiveFaderTests",
"path" : "Tests/LiveFaderTests",
"sources" : [
"LiveFaderTests.swift"
],
"target_dependencies" : [
"LiveFader"
],
"type" : "test"
},
{
"c99name" : "LiveFader",
"module_type" : "SwiftTarget",
"name" : "LiveFader",
"path" : "Sources/LiveFader",
"product_memberships" : [
"LiveFader"
],
"sources" : [
"LiveFader.swift",
"LiveFaderScrollView.swift"
],
"type" : "library"
}
],
"tools_version" : "5.3"
}
{
"project" : {
"configurations" : [
"Debug",
"Release"
],
"name" : "LiveFader",
"schemes" : [
"LiveFader"
],
"targets" : [
"LiveFader"
]
}
}
Running build ...
env DEVELOPER_DIR=/Applications/Xcode-27.0.0-Release.Candidate.app xcrun xcodebuild -IDEClonedSourcePackagesDirPathOverride=$PWD/.dependencies -skipMacroValidation -skipPackagePluginValidation -derivedDataPath $PWD/.derivedData build -scheme LiveFader -destination generic/platform=iOS
Command line invocation:
/Applications/Xcode-27.0.0-Release.Candidate.app/Contents/Developer/usr/bin/xcodebuild -IDEClonedSourcePackagesDirPathOverride=/Users/admin/builder/spi-builder-workspace/.dependencies -skipMacroValidation -skipPackagePluginValidation -derivedDataPath /Users/admin/builder/spi-builder-workspace/.derivedData build -scheme LiveFader -destination generic/platform=iOS
ComputePackagePrebuildTargetDependencyGraph
Prepare packages
CreateBuildRequest
SendProjectDescription
CreateBuildOperation
ComputeTargetDependencyGraph
note: Building targets in dependency order
note: Target dependency graph (1 target)
Target 'LiveFader' in project 'LiveFader' (no dependencies)
GatherProvisioningInputs
CreateBuildDescription
ExecuteExternalTool /Applications/Xcode-27.0.0-Release.Candidate.app/Contents/Developer/Toolchains/XcodeDefault.xctoolchain/usr/bin/clang -v -E -dM -isysroot /Applications/Xcode-27.0.0-Release.Candidate.app/Contents/Developer/Platforms/iPhoneOS.platform/Developer/SDKs/iPhoneOS27.0.sdk -x c -c /dev/null
ExecuteExternalTool /Applications/Xcode-27.0.0-Release.Candidate.app/Contents/Developer/usr/bin/ibtool --version --output-format xml1
ExecuteExternalTool /Applications/Xcode-27.0.0-Release.Candidate.app/Contents/Developer/usr/bin/actool --print-asset-tag-combinations --output-format xml1 /Users/admin/builder/spi-builder-workspace/LiveFader/Assets.xcassets
ExecuteExternalTool /Applications/Xcode-27.0.0-Release.Candidate.app/Contents/Developer/usr/bin/actool --version --output-format xml1
ExecuteExternalTool /Applications/Xcode-27.0.0-Release.Candidate.app/Contents/Developer/Toolchains/XcodeDefault.xctoolchain/usr/bin/swiftc --version
ExecuteExternalTool /Applications/Xcode-27.0.0-Release.Candidate.app/Contents/Developer/Toolchains/XcodeDefault.xctoolchain/usr/bin/ld -version_details
Build description signature: 25ce7f5c34e7b3e76afaa7e8f6276bda
Build description path: /Users/admin/builder/spi-builder-workspace/.derivedData/Build/Intermediates.noindex/XCBuildData/25ce7f5c34e7b3e76afaa7e8f6276bda.xcbuilddata
/Users/admin/builder/spi-builder-workspace/LiveFader.xcodeproj: error: The iOS deployment target 'IPHONEOS_DEPLOYMENT_TARGET' is set to 12.1, but the range of supported deployment target versions is 15.0 to 27.0.x. (in target 'LiveFader' from project 'LiveFader')
/Users/admin/builder/spi-builder-workspace/LiveFader.xcodeproj: error: No profiles for 'com.cemolcay.LiveFader' were found: Xcode couldn't find any iOS App Development provisioning profiles matching 'com.cemolcay.LiveFader'. Automatic signing is disabled and unable to generate a profile. To enable automatic signing, pass -allowProvisioningUpdates to xcodebuild. (in target 'LiveFader' from project 'LiveFader')
2026-09-18 15:59:16.126 xcodebuild[615:3847] [MT] IDERunDestination: Supported platforms for the buildables in the current scheme is empty.
** BUILD FAILED **
The following build commands failed:
Building project LiveFader with scheme LiveFader
(1 failure)
Command line invocation:
/Applications/Xcode-27.0.0-Release.Candidate.app/Contents/Developer/usr/bin/xcodebuild -IDEClonedSourcePackagesDirPathOverride=/Users/admin/builder/spi-builder-workspace/.dependencies -resolvePackageDependencies
resolved source packages:
{
"dependencies" : [
],
"manifest_display_name" : "LiveFader",
"name" : "LiveFader",
"path" : "/Users/admin/builder/spi-builder-workspace",
"platforms" : [
],
"products" : [
{
"name" : "LiveFader",
"targets" : [
"LiveFader"
],
"type" : {
"library" : [
"automatic"
]
}
}
],
"targets" : [
{
"c99name" : "LiveFaderTests",
"module_type" : "SwiftTarget",
"name" : "LiveFaderTests",
"path" : "Tests/LiveFaderTests",
"sources" : [
"LiveFaderTests.swift"
],
"target_dependencies" : [
"LiveFader"
],
"type" : "test"
},
{
"c99name" : "LiveFader",
"module_type" : "SwiftTarget",
"name" : "LiveFader",
"path" : "Sources/LiveFader",
"product_memberships" : [
"LiveFader"
],
"sources" : [
"LiveFader.swift",
"LiveFaderScrollView.swift"
],
"type" : "library"
}
],
"tools_version" : "5.3"
}
{
"project" : {
"configurations" : [
"Debug",
"Release"
],
"name" : "LiveFader",
"schemes" : [
"LiveFader"
],
"targets" : [
"LiveFader"
]
}
}
Running build ...
env DEVELOPER_DIR=/Applications/Xcode-27.0.0-Release.Candidate.app xcrun xcodebuild -IDEClonedSourcePackagesDirPathOverride=$PWD/.dependencies -skipMacroValidation -skipPackagePluginValidation -derivedDataPath $PWD/.derivedData build -scheme LiveFader -destination generic/platform=iOS
Command line invocation:
/Applications/Xcode-27.0.0-Release.Candidate.app/Contents/Developer/usr/bin/xcodebuild -IDEClonedSourcePackagesDirPathOverride=/Users/admin/builder/spi-builder-workspace/.dependencies -skipMacroValidation -skipPackagePluginValidation -derivedDataPath /Users/admin/builder/spi-builder-workspace/.derivedData build -scheme LiveFader -destination generic/platform=iOS
ComputePackagePrebuildTargetDependencyGraph
Prepare packages
CreateBuildRequest
SendProjectDescription
CreateBuildOperation
ComputeTargetDependencyGraph
note: Building targets in dependency order
note: Target dependency graph (1 target)
Target 'LiveFader' in project 'LiveFader' (no dependencies)
GatherProvisioningInputs
CreateBuildDescription
/Users/admin/builder/spi-builder-workspace/LiveFader.xcodeproj: error: No profiles for 'com.cemolcay.LiveFader' were found: Xcode couldn't find any iOS App Development provisioning profiles matching 'com.cemolcay.LiveFader'. Automatic signing is disabled and unable to generate a profile. To enable automatic signing, pass -allowProvisioningUpdates to xcodebuild. (in target 'LiveFader' from project 'LiveFader')
/Users/admin/builder/spi-builder-workspace/LiveFader.xcodeproj: error: The iOS deployment target 'IPHONEOS_DEPLOYMENT_TARGET' is set to 12.1, but the range of supported deployment target versions is 15.0 to 27.0.x. (in target 'LiveFader' from project 'LiveFader')
2026-09-18 15:59:22.100 xcodebuild[663:4219] [MT] IDERunDestination: Supported platforms for the buildables in the current scheme is empty.
** BUILD FAILED **
The following build commands failed:
Building project LiveFader with scheme LiveFader
(1 failure)
BUILD FAILURE 6.4 iOS