Build Information
Failed to build HotReloading, reference main (f3a785), with Swift 6.1 for Android on 25 Jun 2026 03:42:10 UTC.
Build Command
bash -c docker run --pull=always --rm -v "checkouts-53886769-0":/host -w "$PWD" -e JAVA_HOME="/root/.sdkman/candidates/java/current" -e SPI_BUILD="1" -e SPI_PROCESSING="1" registry.gitlab.com/swiftpackageindex/spi-images:android-6.1-latest swift build --swift-sdk aarch64-unknown-linux-android24 2>&1Build Log
========================================
RunAll
========================================
Builder version: 4071e0796c748d991a0123890d2f0ecadc8fcc8c
Interrupt handler set up.
========================================
Checkout
========================================
Clone URL: https://github.com/johnno1962/HotReloading.git
Reference: main
Initialized empty Git repository in /host/spi-builder-workspace/.git/
hint: Using 'master' as the name for the initial branch. This default branch name
hint: is subject to change. To configure the initial branch name to use in all
hint: of your new repositories, which will suppress this warning, call:
hint:
hint: git config --global init.defaultBranch <name>
hint:
hint: Names commonly chosen instead of 'master' are 'main', 'trunk' and
hint: 'development'. The just-created branch can be renamed via this command:
hint:
hint: git branch -m <name>
From https://github.com/johnno1962/HotReloading
* branch main -> FETCH_HEAD
* [new branch] main -> origin/main
HEAD is now at f3a7854 Re-re-work.
Cloned https://github.com/johnno1962/HotReloading.git
Revision (git rev-parse @):
f3a785427fe5b0da5f15157f19e03f69b19d4044
SUCCESS checkout https://github.com/johnno1962/HotReloading.git at main
========================================
Build
========================================
Selected platform: android
Swift version: 6.1
Building package at path: $PWD
https://github.com/johnno1962/HotReloading.git
https://github.com/johnno1962/HotReloading.git
WARNING: environment variable SUPPRESS_SWIFT_6_FLAGS is not set
Running build ...
bash -c docker run --pull=always --rm -v "checkouts-53886769-0":/host -w "$PWD" -e JAVA_HOME="/root/.sdkman/candidates/java/current" -e SPI_BUILD="1" -e SPI_PROCESSING="1" registry.gitlab.com/swiftpackageindex/spi-images:android-6.1-latest swift build --swift-sdk aarch64-unknown-linux-android24 -Xswiftc -Xfrontend -Xswiftc -stats-output-dir -Xswiftc -Xfrontend -Xswiftc .stats -Xswiftc -strict-concurrency=complete -Xswiftc -enable-upcoming-feature -Xswiftc StrictConcurrency -Xswiftc -enable-upcoming-feature -Xswiftc DisableOutwardActorInference -Xswiftc -enable-upcoming-feature -Xswiftc GlobalActorIsolatedTypesUsability -Xswiftc -enable-upcoming-feature -Xswiftc InferSendableFromCaptures 2>&1
android-6.1-latest: Pulling from swiftpackageindex/spi-images
Digest: sha256:4a63948557d43955e4033f1b4ac1c3cc996c027258fe5b7a7e5b05518357d5f0
Status: Image is up to date for registry.gitlab.com/swiftpackageindex/spi-images:android-6.1-latest
Fetching https://github.com/johnno1962/SwiftRegex5
Fetching https://github.com/johnno1962/SwiftTrace
Fetching https://github.com/johnno1962/ProfileSwiftUI
Fetching https://github.com/johnno1962/Remote
Fetching https://github.com/johnno1962/XprobePlugin
[1/910] Fetching remote
[911/1139] Fetching remote, swiftregex5
[918/1213] Fetching remote, swiftregex5, profileswiftui
[1214/3186] Fetching remote, swiftregex5, profileswiftui, xprobeplugin
Fetched https://github.com/johnno1962/ProfileSwiftUI from cache (0.36s)
Fetched https://github.com/johnno1962/Remote from cache (0.36s)
[249/2202] Fetching swiftregex5, xprobeplugin
[586/4345] Fetching swiftregex5, xprobeplugin, swifttrace
Fetched https://github.com/johnno1962/SwiftTrace from cache (0.48s)
[2202/2202] Fetching swiftregex5, xprobeplugin
Fetched https://github.com/johnno1962/SwiftRegex5 from cache (0.53s)
Fetched https://github.com/johnno1962/XprobePlugin from cache (0.53s)
Computing version for https://github.com/johnno1962/ProfileSwiftUI
Computed https://github.com/johnno1962/ProfileSwiftUI at 1.1.3 (0.78s)
Fetching https://github.com/johnno1962/DLKit
[1/543] Fetching dlkit
Fetched https://github.com/johnno1962/DLKit from cache (0.33s)
Computing version for https://github.com/johnno1962/Remote
Computed https://github.com/johnno1962/Remote at 2.3.5 (0.57s)
Computing version for https://github.com/johnno1962/XprobePlugin
Computed https://github.com/johnno1962/XprobePlugin at 2.9.10 (0.23s)
Computing version for https://github.com/johnno1962/SwiftTrace
Computed https://github.com/johnno1962/SwiftTrace at 8.6.1 (0.24s)
Computing version for https://github.com/johnno1962/SwiftRegex5
Computed https://github.com/johnno1962/SwiftRegex5 at 6.1.3 (0.24s)
Computing version for https://github.com/johnno1962/DLKit
Computed https://github.com/johnno1962/DLKit at 3.6.0 (0.25s)
Fetching https://github.com/johnno1962/fishhook
[1/173] Fetching fishhook
Fetched https://github.com/johnno1962/fishhook from cache (0.34s)
Computing version for https://github.com/johnno1962/fishhook
Computed https://github.com/johnno1962/fishhook at 1.2.2 (0.59s)
Creating working copy for https://github.com/johnno1962/XprobePlugin
Working copy of https://github.com/johnno1962/XprobePlugin resolved at 2.9.10
Creating working copy for https://github.com/johnno1962/fishhook
Working copy of https://github.com/johnno1962/fishhook resolved at 1.2.2
Creating working copy for https://github.com/johnno1962/Remote
Working copy of https://github.com/johnno1962/Remote resolved at 2.3.5
Creating working copy for https://github.com/johnno1962/SwiftTrace
Working copy of https://github.com/johnno1962/SwiftTrace resolved at 8.6.1
Creating working copy for https://github.com/johnno1962/DLKit
Working copy of https://github.com/johnno1962/DLKit resolved at 3.6.0
Creating working copy for https://github.com/johnno1962/ProfileSwiftUI
Working copy of https://github.com/johnno1962/ProfileSwiftUI resolved at 1.1.3
Creating working copy for https://github.com/johnno1962/SwiftRegex5
Working copy of https://github.com/johnno1962/SwiftRegex5 resolved at 6.1.3
Building for debugging...
[0/44] Write sources
[4/44] Compiling XprobeSweep XprobeSweep.m
In file included from /host/spi-builder-workspace/.build/checkouts/XprobePlugin/Sources/XprobeUI/XprobePluginMenuController.m:11:
/host/spi-builder-workspace/.build/checkouts/XprobePlugin/Sources/XprobeUI/include/XprobePluginMenuController.h:11:9: fatal error: 'Cocoa/Cocoa.h' file not found
11 | #import <Cocoa/Cocoa.h>
| ^~~~~~~~~~~~~~~
1 error generated.
[5/44] Compiling XprobeUI XprobePluginMenuController.m
[5/44] Compiling SwiftTraceGutsD xt_forwarding_trampoline_x64.s
/host/spi-builder-workspace/.build/checkouts/SwiftTrace/SwiftTraceGutsD/xt_forwarding_trampoline_x86.s:17:10: error: unknown token in expression
popl %eax // pop saved pc (address of first of the three nops)
^
/host/spi-builder-workspace/.build/checkouts/SwiftTrace/SwiftTraceGutsD/xt_forwarding_trampoline_x86.s:17:10: error: invalid operand
popl %eax // pop saved pc (address of first of the three nops)
^
/host/spi-builder-workspace/.build/checkouts/SwiftTrace/SwiftTraceGutsD/xt_forwarding_trampoline_x86.s:18:11: error: unknown token in expression
pushl %ebp // save frame pointer
^
/host/spi-builder-workspace/.build/checkouts/SwiftTrace/SwiftTraceGutsD/xt_forwarding_trampoline_x86.s:18:11: error: invalid operand
pushl %ebp // save frame pointer
^
/host/spi-builder-workspace/.build/checkouts/SwiftTrace/SwiftTraceGutsD/xt_forwarding_trampoline_x86.s:19:10: error: unknown token in expression
movl %esp, %ebp // set up new frame
^
/host/spi-builder-workspace/.build/checkouts/SwiftTrace/SwiftTraceGutsD/xt_forwarding_trampoline_x86.s:19:10: error: invalid operand
movl %esp, %ebp // set up new frame
^
/host/spi-builder-workspace/.build/checkouts/SwiftTrace/SwiftTraceGutsD/xt_forwarding_trampoline_x86.s:20:19: error: unknown token in expression
subl $4096+5, %eax // offset address by one page and the length of the call instrux
^
/host/spi-builder-workspace/.build/checkouts/SwiftTrace/SwiftTraceGutsD/xt_forwarding_trampoline_x86.s:20:19: error: invalid operand
subl $4096+5, %eax // offset address by one page and the length of the call instrux
^
/host/spi-builder-workspace/.build/checkouts/SwiftTrace/SwiftTraceGutsD/xt_forwarding_trampoline_x86.s:21:11: error: unknown token in expression
pushl %eax // save pointer to trampoline data (func+data)
^
/host/spi-builder-workspace/.build/checkouts/SwiftTrace/SwiftTraceGutsD/xt_forwarding_trampoline_x86.s:21:11: error: invalid operand
pushl %eax // save pointer to trampoline data (func+data)
^
/host/spi-builder-workspace/.build/checkouts/SwiftTrace/SwiftTraceGutsD/xt_forwarding_trampoline_x86.s:22:11: error: unexpected token in argument list
movl 4(%eax), %eax
^
/host/spi-builder-workspace/.build/checkouts/SwiftTrace/SwiftTraceGutsD/xt_forwarding_trampoline_x86.s:23:11: error: unknown token in expression
pushl %eax // save pointer to user data
^
/host/spi-builder-workspace/.build/checkouts/SwiftTrace/SwiftTraceGutsD/xt_forwarding_trampoline_x86.s:23:11: error: invalid operand
pushl %eax // save pointer to user data
^
/host/spi-builder-workspace/.build/checkouts/SwiftTrace/SwiftTraceGutsD/xt_forwarding_trampoline_x86.s:24:11: error: unexpected token in argument list
movl 4(%esp), %eax // fetch pointer to C aspect handler
^
/host/spi-builder-workspace/.build/checkouts/SwiftTrace/SwiftTraceGutsD/xt_forwarding_trampoline_x86.s:25:10: error: invalid token in expression
call *(%eax) // call trace handler
^
/host/spi-builder-workspace/.build/checkouts/SwiftTrace/SwiftTraceGutsD/xt_forwarding_trampoline_x86.s:25:10: error: invalid operand
call *(%eax) // call trace handler
^
/host/spi-builder-workspace/.build/checkouts/SwiftTrace/SwiftTraceGutsD/xt_forwarding_trampoline_x86.s:26:10: error: unknown token in expression
popl %ebp
^
/host/spi-builder-workspace/.build/checkouts/SwiftTrace/SwiftTraceGutsD/xt_forwarding_trampoline_x86.s:26:10: error: invalid operand
popl %ebp
^
/host/spi-builder-workspace/.build/checkouts/SwiftTrace/SwiftTraceGutsD/xt_forwarding_trampoline_x86.s:27:10: error: unknown token in expression
popl %ebp
^
/host/spi-builder-workspace/.build/checkouts/SwiftTrace/SwiftTraceGutsD/xt_forwarding_trampoline_x86.s:27:10: error: invalid operand
popl %ebp
^
/host/spi-builder-workspace/.build/checkouts/SwiftTrace/SwiftTraceGutsD/xt_forwarding_trampoline_x86.s:28:10: error: unknown token in expression
popl %ebp // restore frame pointer
^
/host/spi-builder-workspace/.build/checkouts/SwiftTrace/SwiftTraceGutsD/xt_forwarding_trampoline_x86.s:28:10: error: invalid operand
popl %ebp // restore frame pointer
^
/host/spi-builder-workspace/.build/checkouts/SwiftTrace/SwiftTraceGutsD/xt_forwarding_trampoline_x86.s:29:10: error: invalid token in expression
jmpl *%eax // pass on to original implementation
^
/host/spi-builder-workspace/.build/checkouts/SwiftTrace/SwiftTraceGutsD/xt_forwarding_trampoline_x86.s:29:10: error: invalid operand
jmpl *%eax // pass on to original implementation
^
/host/spi-builder-workspace/.build/checkouts/SwiftTrace/SwiftTraceGutsD/xt_forwarding_trampoline_x86.s:40:5: error: unrecognized instruction mnemonic
call _xt_forwarding_trampoline
^
<instantiation>:1:1: error: unrecognized instruction mnemonic
call _xt_forwarding_trampoline
^
/host/spi-builder-workspace/.build/checkouts/SwiftTrace/SwiftTraceGutsD/xt_forwarding_trampoline_x86.s:46:1: note: while in macro instantiation
.rept 507
^
<instantiation>:5:1: error: unrecognized instruction mnemonic
call _xt_forwarding_trampoline
^
/host/spi-builder-workspace/.build/checkouts/SwiftTrace/SwiftTraceGutsD/xt_forwarding_trampoline_x86.s:46:1: note: while in macro instantiation
.rept 507
^
<instantiation>:9:1: error: unrecognized instruction mnemonic
call _xt_forwarding_trampoline
^
/host/spi-builder-workspace/.build/checkouts/SwiftTrace/SwiftTraceGutsD/xt_forwarding_trampoline_x86.s:46:1: note: while in macro instantiation
.rept 507
^
<instantiation>:13:1: error: unrecognized instruction mnemonic
call _xt_forwarding_trampoline
^
/host/spi-builder-workspace/.build/checkouts/SwiftTrace/SwiftTraceGutsD/xt_forwarding_trampoline_x86.s:46:1: note: while in macro instantiation
.rept 507
^
<instantiation>:17:1: error: unrecognized instruction mnemonic
call _xt_forwarding_trampoline
^
/host/spi-builder-workspace/.build/checkouts/SwiftTrace/SwiftTraceGutsD/xt_forwarding_trampoline_x86.s:46:1: note: while in macro instantiation
.rept 507
^
<instantiation>:21:1: error: unrecognized instruction mnemonic
call _xt_forwarding_trampoline
^
/host/spi-builder-workspace/.build/checkouts/SwiftTrace/SwiftTraceGutsD/xt_forwarding_trampoline_x86.s:46:1: note: while in macro instantiation
.rept 507
^
<instantiation>:25:1: error: unrecognized instruction mnemonic
call _xt_forwarding_trampoline
^
/host/spi-builder-workspace/.build/checkouts/SwiftTrace/SwiftTraceGutsD/xt_forwarding_trampoline_x86.s:46:1: note: while in macro instantiation
.rept 507
^
<instantiation>:29:1: error: unrecognized instruction mnemonic
call _xt_forwarding_trampoline
^
/host/spi-builder-workspace/.build/checkouts/SwiftTrace/SwiftTraceGutsD/xt_forwarding_trampoline_x86.s:46:1: note: while in macro instantiation
.rept 507
^
<instantiation>:33:1: error: unrecognized instruction mnemonic
call _xt_forwarding_trampoline
^
/host/spi-builder-workspace/.build/checkouts/SwiftTrace/SwiftTraceGutsD/xt_forwarding_trampoline_x86.s:46:1: note: while in macro instantiation
.rept 507
^
<instantiation>:37:1: error: unrecognized instruction mnemonic
call _xt_forwarding_trampoline
^
/host/spi-builder-workspace/.build/checkouts/SwiftTrace/SwiftTraceGutsD/xt_forwarding_trampoline_x86.s:46:1: note: while in macro instantiation
.rept 507
^
<instantiation>:41:1: error: unrecognized instruction mnemonic
call _xt_forwarding_trampoline
^
/host/spi-builder-workspace/.build/checkouts/SwiftTrace/SwiftTraceGutsD/xt_forwarding_trampoline_x86.s:46:1: note: while in macro instantiation
.rept 507
^
<instantiation>:45:1: error: unrecognized instruction mnemonic
call _xt_forwarding_trampoline
^
/host/spi-builder-workspace/.build/checkouts/SwiftTrace/SwiftTraceGutsD/xt_forwarding_trampoline_x86.s:46:1: note: while in macro instantiation
.rept 507
^
<instantiation>:49:1: error: unrecognized instruction mnemonic
call _xt_forwarding_trampoline
^
/host/spi-builder-workspace/.build/checkouts/SwiftTrace/SwiftTraceGutsD/xt_forwarding_trampoline_x86.s:46:1: note: while in macro instantiation
.rept 507
^
<instantiation>:53:1: error: unrecognized instruction mnemonic
call _xt_forwarding_trampoline
^
/host/spi-builder-workspace/.build/checkouts/SwiftTrace/SwiftTraceGutsD/xt_forwarding_trampoline_x86.s:46:1: note: while in macro instantiation
.rept 507
^
<instantiation>:57:1: error: unrecognized instruction mnemonic
call _xt_forwarding_trampoline
^
/host/spi-builder-workspace/.build/checkouts/SwiftTrace/SwiftTraceGutsD/xt_forwarding_trampoline_x86.s:46:1: note: while in macro instantiation
.rept 507
^
<instantiation>:61:1: error: unrecognized instruction mnemonic
call _xt_forwarding_trampoline
^
/host/spi-builder-workspace/.build/checkouts/SwiftTrace/SwiftTraceGutsD/xt_forwarding_trampoline_x86.s:46:1: note: while in macro instantiation
.rept 507
^
<instantiation>:65:1: error: unrecognized instruction mnemonic
call _xt_forwarding_trampoline
^
/host/spi-builder-workspace/.build/checkouts/SwiftTrace/SwiftTraceGutsD/xt_forwarding_trampoline_x86.s:46:1: note: while in macro instantiation
.rept 507
^
<instantiation>:69:1: error: unrecognized instruction mnemonic
call _xt_forwarding_trampoline
^
/host/spi-builder-workspace/.build/checkouts/SwiftTrace/SwiftTraceGutsD/xt_forwarding_trampoline_x86.s:46:1: note: while in macro instantiation
.rept 507
^
<instantiation>:73:1: error: unrecognized instruction mnemonic
call _xt_forwarding_trampoline
^
/host/spi-builder-workspace/.build/checkouts/SwiftTrace/SwiftTraceGutsD/xt_forwarding_trampoline_x86.s:46:1: note: while in macro instantiation
.rept 507
^
<instantiation>:77:1: error: unrecognized instruction mnemonic
call _xt_forwarding_trampoline
^
/host/spi-builder-workspace/.build/checkouts/SwiftTrace/SwiftTraceGutsD/xt_forwarding_trampoline_x86.s:46:1: note: while in macro instantiation
.rept 507
^
<instantiation>:81:1: error: unrecognized instruction mnemonic
call _xt_forwarding_trampoline
^
/host/spi-builder-workspace/.build/checkouts/SwiftTrace/SwiftTraceGutsD/xt_forwarding_trampoline_x86.s:46:1: note: while in macro instantiation
.rept 507
^
<instantiation>:85:1: error: unrecognized instruction mnemonic
call _xt_forwarding_trampoline
^
/host/spi-builder-workspace/.build/checkouts/SwiftTrace/SwiftTraceGutsD/xt_forwarding_trampoline_x86.s:46:1: note: while in macro instantiation
.rept 507
^
<instantiation>:89:1: error: unrecognized instruction mnemonic
call _xt_forwarding_trampoline
^
/host/spi-builder-workspace/.build/checkouts/SwiftTrace/SwiftTraceGutsD/xt_forwarding_trampoline_x86.s:46:1: note: while in macro instantiation
.rept 507
^
<instantiation>:93:1: error: unrecognized instruction mnemonic
call _xt_forwarding_trampoline
^
/host/spi-builder-workspace/.build/checkouts/SwiftTrace/SwiftTraceGutsD/xt_forwarding_trampoline_x86.s:46:1: note: while in macro instantiation
.rept 507
^
<instantiation>:97:1: error: unrecognized instruction mnemonic
call _xt_forwarding_trampoline
^
/host/spi-builder-workspace/.build/checkouts/SwiftTrace/SwiftTraceGutsD/xt_forwarding_trampoline_x86.s:46:1: note: while in macro instantiation
.rept 507
^
<instantiation>:101:1: error: unrecognized instruction mnemonic
call _xt_forwarding_trampoline
^
/host/spi-builder-workspace/.build/checkouts/SwiftTrace/SwiftTraceGutsD/xt_forwarding_trampoline_x86.s:46:1: note: while in macro instantiation
.rept 507
^
<instantiation>:105:1: error: unrecognized instruction mnemonic
call _xt_forwarding_trampoline
^
/host/spi-builder-workspace/.build/checkouts/SwiftTrace/SwiftTraceGutsD/xt_forwarding_trampoline_x86.s:46:1: note: while in macro instantiation
.rept 507
^
<instantiation>:109:1: error: unrecognized instruction mnemonic
call _xt_forwarding_trampoline
^
/host/spi-builder-workspace/.build/checkouts/SwiftTrace/SwiftTraceGutsD/xt_forwarding_trampoline_x86.s:46:1: note: while in macro instantiation
.rept 507
^
<instantiation>:113:1: error: unrecognized instruction mnemonic
call _xt_forwarding_trampoline
^
/host/spi-builder-workspace/.build/checkouts/SwiftTrace/SwiftTraceGutsD/xt_forwarding_trampoline_x86.s:46:1: note: while in macro instantiation
.rept 507
^
<instantiation>:117:1: error: unrecognized instruction mnemonic
call _xt_forwarding_trampoline
^
/host/spi-builder-workspace/.build/checkouts/SwiftTrace/SwiftTraceGutsD/xt_forwarding_trampoline_x86.s:46:1: note: while in macro instantiation
.rept 507
^
<instantiation>:121:1: error: unrecognized instruction mnemonic
call _xt_forwarding_trampoline
^
/host/spi-builder-workspace/.build/checkouts/SwiftTrace/SwiftTraceGutsD/xt_forwarding_trampoline_x86.s:46:1: note: while in macro instantiation
.rept 507
^
<instantiation>:125:1: error: unrecognized instruction mnemonic
call _xt_forwarding_trampoline
^
/host/spi-builder-workspace/.build/checkouts/SwiftTrace/SwiftTraceGutsD/xt_forwarding_trampoline_x86.s:46:1: note: while in macro instantiation
.rept 507
^
<instantiation>:129:1: error: unrecognized instruction mnemonic
call _xt_forwarding_trampoline
^
/host/spi-builder-workspace/.build/checkouts/SwiftTrace/SwiftTraceGutsD/xt_forwarding_trampoline_x86.s:46:1: note: while in macro instantiation
.rept 507
^
<instantiation>:133:1: error: unrecognized instruction mnemonic
call _xt_forwarding_trampoline
^
/host/spi-builder-workspace/.build/checkouts/SwiftTrace/SwiftTraceGutsD/xt_forwarding_trampoline_x86.s:46:1: note: while in macro instantiation
.rept 507
^
<instantiation>:137:1: error: unrecognized instruction mnemonic
call _xt_forwarding_trampoline
^
/host/spi-builder-workspace/.build/checkouts/SwiftTrace/SwiftTraceGutsD/xt_forwarding_trampoline_x86.s:46:1: note: while in macro instantiation
.rept 507
^
<instantiation>:141:1: error: unrecognized instruction mnemonic
call _xt_forwarding_trampoline
^
/host/spi-builder-workspace/.build/checkouts/SwiftTrace/SwiftTraceGutsD/xt_forwarding_trampoline_x86.s:46:1: note: while in macro instantiation
.rept 507
^
<instantiation>:145:1: error: unrecognized instruction mnemonic
call _xt_forwarding_trampoline
^
/host/spi-builder-workspace/.build/checkouts/SwiftTrace/SwiftTraceGutsD/xt_forwarding_trampoline_x86.s:46:1: note: while in macro instantiation
.rept 507
^
<instantiation>:149:1: error: unrecognized instruction mnemonic
call _xt_forwarding_trampoline
^
/host/spi-builder-workspace/.build/checkouts/SwiftTrace/SwiftTraceGutsD/xt_forwarding_trampoline_x86.s:46:1: note: while in macro instantiation
.rept 507
^
<instantiation>:153:1: error: unrecognized instruction mnemonic
call _xt_forwarding_trampoline
^
/host/spi-builder-workspace/.build/checkouts/SwiftTrace/SwiftTraceGutsD/xt_forwarding_trampoline_x86.s:46:1: note: while in macro instantiation
.rept 507
^
<instantiation>:157:1: error: unrecognized instruction mnemonic
call _xt_forwarding_trampoline
^
/host/spi-builder-workspace/.build/checkouts/SwiftTrace/SwiftTraceGutsD/xt_forwarding_trampoline_x86.s:46:1: note: while in macro instantiation
.rept 507
^
<instantiation>:161:1: error: unrecognized instruction mnemonic
call _xt_forwarding_trampoline
^
/host/spi-builder-workspace/.build/checkouts/SwiftTrace/SwiftTraceGutsD/xt_forwarding_trampoline_x86.s:46:1: note: while in macro instantiation
.rept 507
^
[5/44] Compiling SwiftTraceGutsD xt_forwarding_trampoline_x86.s
In file included from /host/spi-builder-workspace/.build/checkouts/XprobePlugin/Sources/XprobeUI/XprobeConsole.m:11:
/host/spi-builder-workspace/.build/checkouts/XprobePlugin/Sources/XprobeUI/include/XprobePluginMenuController.h:11:9: fatal error: 'Cocoa/Cocoa.h' file not found
11 | #import <Cocoa/Cocoa.h>
| ^~~~~~~~~~~~~~~
[5/44] Compiling XprobeUI XprobeConsole.m
In file included from /host/spi-builder-workspace/Sources/HotReloadingGuts/SimpleSocket.mm:17:
/host/spi-builder-workspace/Sources/HotReloadingGuts/include/SimpleSocket.h:11:9: fatal error: 'Foundation/Foundation.h' file not found
11 | #import <Foundation/Foundation.h>
| ^~~~~~~~~~~~~~~~~~~~~~~~~
[5/44] Compiling HotReloadingGuts SimpleSocket.mm
/host/spi-builder-workspace/Sources/HotReloadingGuts/Unhide.mm:14:9: fatal error: 'Foundation/Foundation.h' file not found
14 | #import <Foundation/Foundation.h>
| ^~~~~~~~~~~~~~~~~~~~~~~~~
[5/44] Compiling HotReloadingGuts Unhide.mm
In file included from /host/spi-builder-workspace/Sources/injectiondGuts/SignerService.m:11:
/host/spi-builder-workspace/Sources/injectiondGuts/include/SignerService.h:9:9: fatal error: 'Foundation/Foundation.h' file not found
9 | #import <Foundation/Foundation.h>
| ^~~~~~~~~~~~~~~~~~~~~~~~~
1 error generated.
[5/44] Compiling injectiondGuts SignerService.m
[5/44] Write swift-version-24593BA9C3E375BF.txt
Running build ...
bash -c docker run --pull=always --rm -v "checkouts-53886769-0":/host -w "$PWD" -e JAVA_HOME="/root/.sdkman/candidates/java/current" -e SPI_BUILD="1" -e SPI_PROCESSING="1" registry.gitlab.com/swiftpackageindex/spi-images:android-6.1-latest swift build --swift-sdk aarch64-unknown-linux-android24 2>&1
android-6.1-latest: Pulling from swiftpackageindex/spi-images
Digest: sha256:4a63948557d43955e4033f1b4ac1c3cc996c027258fe5b7a7e5b05518357d5f0
Status: Image is up to date for registry.gitlab.com/swiftpackageindex/spi-images:android-6.1-latest
[0/1] Planning build
Building for debugging...
[0/39] Write sources
In file included from /host/spi-builder-workspace/.build/checkouts/XprobePlugin/Sources/XprobeUI/XprobePluginMenuController.m:11:
/host/spi-builder-workspace/.build/checkouts/XprobePlugin/Sources/XprobeUI/include/XprobePluginMenuController.h:11:9: fatal error: 'Cocoa/Cocoa.h' file not found
11 | #import <Cocoa/Cocoa.h>
| ^~~~~~~~~~~~~~~
1 error generated.
[2/39] Compiling XprobeUI XprobePluginMenuController.m
[2/39] Compiling SwiftTraceGutsD xt_forwarding_trampoline_arm64.s
/host/spi-builder-workspace/.build/checkouts/SwiftTrace/SwiftTraceGutsD/xt_forwarding_trampoline_x64.s:25:13: error: unknown token in expression
popq %r11 // recover trampoline return address
^
/host/spi-builder-workspace/.build/checkouts/SwiftTrace/SwiftTraceGutsD/xt_forwarding_trampoline_x64.s:25:13: error: invalid operand
popq %r11 // recover trampoline return address
^
/host/spi-builder-workspace/.build/checkouts/SwiftTrace/SwiftTraceGutsD/xt_forwarding_trampoline_x64.s:26:13: error: unknown token in expression
pushq %rbp // save frame pointer
^
/host/spi-builder-workspace/.build/checkouts/SwiftTrace/SwiftTraceGutsD/xt_forwarding_trampoline_x64.s:26:13: error: invalid operand
pushq %rbp // save frame pointer
^
/host/spi-builder-workspace/.build/checkouts/SwiftTrace/SwiftTraceGutsD/xt_forwarding_trampoline_x64.s:27:13: error: unknown token in expression
movq %rsp, %rbp
^
/host/spi-builder-workspace/.build/checkouts/SwiftTrace/SwiftTraceGutsD/xt_forwarding_trampoline_x64.s:27:13: error: invalid operand
movq %rsp, %rbp
^
/host/spi-builder-workspace/.build/checkouts/SwiftTrace/SwiftTraceGutsD/xt_forwarding_trampoline_x64.s:28:13: error: unknown token in expression
pushq %rbp // align stack to 16 bytes
^
/host/spi-builder-workspace/.build/checkouts/SwiftTrace/SwiftTraceGutsD/xt_forwarding_trampoline_x64.s:28:13: error: invalid operand
pushq %rbp // align stack to 16 bytes
^
/host/spi-builder-workspace/.build/checkouts/SwiftTrace/SwiftTraceGutsD/xt_forwarding_trampoline_x64.s:29:13: error: unknown token in expression
pushq %rbx
^
/host/spi-builder-workspace/.build/checkouts/SwiftTrace/SwiftTraceGutsD/xt_forwarding_trampoline_x64.s:29:13: error: invalid operand
pushq %rbx
^
/host/spi-builder-workspace/.build/checkouts/SwiftTrace/SwiftTraceGutsD/xt_forwarding_trampoline_x64.s:30:13: error: unknown token in expression
pushq %rax // pointer for return of struct
^
/host/spi-builder-workspace/.build/checkouts/SwiftTrace/SwiftTraceGutsD/xt_forwarding_trampoline_x64.s:30:13: error: invalid operand
pushq %rax // pointer for return of struct
^
/host/spi-builder-workspace/.build/checkouts/SwiftTrace/SwiftTraceGutsD/xt_forwarding_trampoline_x64.s:31:13: error: unknown token in expression
pushq %r10
^
/host/spi-builder-workspace/.build/checkouts/SwiftTrace/SwiftTraceGutsD/xt_forwarding_trampoline_x64.s:31:13: error: invalid operand
pushq %r10
^
/host/spi-builder-workspace/.build/checkouts/SwiftTrace/SwiftTraceGutsD/xt_forwarding_trampoline_x64.s:32:13: error: unknown token in expression
pushq %r9 // push the 6 registers for int parameters
^
/host/spi-builder-workspace/.build/checkouts/SwiftTrace/SwiftTraceGutsD/xt_forwarding_trampoline_x64.s:32:13: error: invalid operand
pushq %r9 // push the 6 registers for int parameters
^
/host/spi-builder-workspace/.build/checkouts/SwiftTrace/SwiftTraceGutsD/xt_forwarding_trampoline_x64.s:33:13: error: unknown token in expression
pushq %r8
^
/host/spi-builder-workspace/.build/checkouts/SwiftTrace/SwiftTraceGutsD/xt_forwarding_trampoline_x64.s:33:13: error: invalid operand
pushq %r8
^
/host/spi-builder-workspace/.build/checkouts/SwiftTrace/SwiftTraceGutsD/xt_forwarding_trampoline_x64.s:34:13: error: unknown token in expression
pushq %rcx
^
/host/spi-builder-workspace/.build/checkouts/SwiftTrace/SwiftTraceGutsD/xt_forwarding_trampoline_x64.s:34:13: error: invalid operand
pushq %rcx
^
/host/spi-builder-workspace/.build/checkouts/SwiftTrace/SwiftTraceGutsD/xt_forwarding_trampoline_x64.s:35:13: error: unknown token in expression
pushq %rdx
^
/host/spi-builder-workspace/.build/checkouts/SwiftTrace/SwiftTraceGutsD/xt_forwarding_trampoline_x64.s:35:13: error: invalid operand
pushq %rdx
^
/host/spi-builder-workspace/.build/checkouts/SwiftTrace/SwiftTraceGutsD/xt_forwarding_trampoline_x64.s:36:13: error: unknown token in expression
pushq %rsi
^
/host/spi-builder-workspace/.build/checkouts/SwiftTrace/SwiftTraceGutsD/xt_forwarding_trampoline_x64.s:36:13: error: invalid operand
pushq %rsi
^
/host/spi-builder-workspace/.build/checkouts/SwiftTrace/SwiftTraceGutsD/xt_forwarding_trampoline_x64.s:37:13: error: unknown token in expression
pushq %rdi
^
/host/spi-builder-workspace/.build/checkouts/SwiftTrace/SwiftTraceGutsD/xt_forwarding_trampoline_x64.s:37:13: error: invalid operand
pushq %rdi
^
/host/spi-builder-workspace/.build/checkouts/SwiftTrace/SwiftTraceGutsD/xt_forwarding_trampoline_x64.s:38:13: error: unknown token in expression
pushq %r15
^
/host/spi-builder-workspace/.build/checkouts/SwiftTrace/SwiftTraceGutsD/xt_forwarding_trampoline_x64.s:38:13: error: invalid operand
pushq %r15
^
/host/spi-builder-workspace/.build/checkouts/SwiftTrace/SwiftTraceGutsD/xt_forwarding_trampoline_x64.s:39:13: error: unknown token in expression
pushq %r14
^
/host/spi-builder-workspace/.build/checkouts/SwiftTrace/SwiftTraceGutsD/xt_forwarding_trampoline_x64.s:39:13: error: invalid operand
pushq %r14
^
/host/spi-builder-workspace/.build/checkouts/SwiftTrace/SwiftTraceGutsD/xt_forwarding_trampoline_x64.s:40:13: error: unknown token in expression
pushq %r13 // Swift "call context" register for self
^
/host/spi-builder-workspace/.build/checkouts/SwiftTrace/SwiftTraceGutsD/xt_forwarding_trampoline_x64.s:40:13: error: invalid operand
pushq %r13 // Swift "call context" register for self
^
/host/spi-builder-workspace/.build/checkouts/SwiftTrace/SwiftTraceGutsD/xt_forwarding_trampoline_x64.s:41:13: error: unknown token in expression
pushq %r12
^
/host/spi-builder-workspace/.build/checkouts/SwiftTrace/SwiftTraceGutsD/xt_forwarding_trampoline_x64.s:41:13: error: invalid operand
pushq %r12
^
/host/spi-builder-workspace/.build/checkouts/SwiftTrace/SwiftTraceGutsD/xt_forwarding_trampoline_x64.s:42:18: error: unknown token in expression
subq $64, %rsp // make space for floating point registers and save
^
/host/spi-builder-workspace/.build/checkouts/SwiftTrace/SwiftTraceGutsD/xt_forwarding_trampoline_x64.s:42:18: error: invalid operand
subq $64, %rsp // make space for floating point registers and save
^
/host/spi-builder-workspace/.build/checkouts/SwiftTrace/SwiftTraceGutsD/xt_forwarding_trampoline_x64.s:43:13: error: unknown token in expression
movsd %xmm0, (%rsp)
^
/host/spi-builder-workspace/.build/checkouts/SwiftTrace/SwiftTraceGutsD/xt_forwarding_trampoline_x64.s:43:13: error: invalid operand
movsd %xmm0, (%rsp)
^
/host/spi-builder-workspace/.build/checkouts/SwiftTrace/SwiftTraceGutsD/xt_forwarding_trampoline_x64.s:44:13: error: unknown token in expression
movsd %xmm1, 8(%rsp)
^
/host/spi-builder-workspace/.build/checkouts/SwiftTrace/SwiftTraceGutsD/xt_forwarding_trampoline_x64.s:44:13: error: invalid operand
movsd %xmm1, 8(%rsp)
^
/host/spi-builder-workspace/.build/checkouts/SwiftTrace/SwiftTraceGutsD/xt_forwarding_trampoline_x64.s:45:13: error: unknown token in expression
movsd %xmm2, 16(%rsp)
^
/host/spi-builder-workspace/.build/checkouts/SwiftTrace/SwiftTraceGutsD/xt_forwarding_trampoline_x64.s:45:13: error: invalid operand
movsd %xmm2, 16(%rsp)
^
/host/spi-builder-workspace/.build/checkouts/SwiftTrace/SwiftTraceGutsD/xt_forwarding_trampoline_x64.s:46:13: error: unknown token in expression
movsd %xmm3, 24(%rsp)
^
/host/spi-builder-workspace/.build/checkouts/SwiftTrace/SwiftTraceGutsD/xt_forwarding_trampoline_x64.s:46:13: error: invalid operand
movsd %xmm3, 24(%rsp)
^
/host/spi-builder-workspace/.build/checkouts/SwiftTrace/SwiftTraceGutsD/xt_forwarding_trampoline_x64.s:47:13: error: unknown token in expression
movsd %xmm4, 32(%rsp)
^
/host/spi-builder-workspace/.build/checkouts/SwiftTrace/SwiftTraceGutsD/xt_forwarding_trampoline_x64.s:47:13: error: invalid operand
movsd %xmm4, 32(%rsp)
^
/host/spi-builder-workspace/.build/checkouts/SwiftTrace/SwiftTraceGutsD/xt_forwarding_trampoline_x64.s:48:13: error: unknown token in expression
movsd %xmm5, 40(%rsp)
^
/host/spi-builder-workspace/.build/checkouts/SwiftTrace/SwiftTraceGutsD/xt_forwarding_trampoline_x64.s:48:13: error: invalid operand
movsd %xmm5, 40(%rsp)
^
/host/spi-builder-workspace/.build/checkouts/SwiftTrace/SwiftTraceGutsD/xt_forwarding_trampoline_x64.s:49:13: error: unknown token in expression
movsd %xmm6, 48(%rsp)
^
/host/spi-builder-workspace/.build/checkouts/SwiftTrace/SwiftTraceGutsD/xt_forwarding_trampoline_x64.s:49:13: error: invalid operand
movsd %xmm6, 48(%rsp)
^
/host/spi-builder-workspace/.build/checkouts/SwiftTrace/SwiftTraceGutsD/xt_forwarding_trampoline_x64.s:50:13: error: unknown token in expression
movsd %xmm7, 56(%rsp)
^
/host/spi-builder-workspace/.build/checkouts/SwiftTrace/SwiftTraceGutsD/xt_forwarding_trampoline_x64.s:50:13: error: invalid operand
movsd %xmm7, 56(%rsp)
^
/host/spi-builder-workspace/.build/checkouts/SwiftTrace/SwiftTraceGutsD/xt_forwarding_trampoline_x64.s:51:22: error: unknown token in expression
subq $4096+5, %r11 // find trampoline info relative to return address
^
/host/spi-builder-workspace/.build/checkouts/SwiftTrace/SwiftTraceGutsD/xt_forwarding_trampoline_x64.s:51:22: error: invalid operand
subq $4096+5, %r11 // find trampoline info relative to return address
^
/host/spi-builder-workspace/.build/checkouts/SwiftTrace/SwiftTraceGutsD/xt_forwarding_trampoline_x64.s:52:14: error: unknown token in expression
movq (%r11), %rdi // first argument is pointer to Swizzle instance
^
/host/spi-builder-workspace/.build/checkouts/SwiftTrace/SwiftTraceGutsD/xt_forwarding_trampoline_x64.s:52:13: error: invalid operand
movq (%r11), %rdi // first argument is pointer to Swizzle instance
^
/host/spi-builder-workspace/.build/checkouts/SwiftTrace/SwiftTraceGutsD/xt_forwarding_trampoline_x64.s:53:16: error: unexpected token in argument list
movq 184(%rsp), %rsi // second argument is original return address
^
/host/spi-builder-workspace/.build/checkouts/SwiftTrace/SwiftTraceGutsD/xt_forwarding_trampoline_x64.s:54:13: error: unknown token in expression
movq %rsp, %rdx // third argument is stack pointer
^
/host/spi-builder-workspace/.build/checkouts/SwiftTrace/SwiftTraceGutsD/xt_forwarding_trampoline_x64.s:54:13: error: invalid operand
movq %rsp, %rdx // third argument is stack pointer
^
/host/spi-builder-workspace/.build/checkouts/SwiftTrace/SwiftTraceGutsD/xt_forwarding_trampoline_x64.s:55:20: error: unexpected token in argument list
leaq onEntry(%rip), %r11
^
/host/spi-builder-workspace/.build/checkouts/SwiftTrace/SwiftTraceGutsD/xt_forwarding_trampoline_x64.s:56:13: error: invalid token in expression
callq *(%r11) // call tracing entry routine (saves return address)
^
/host/spi-builder-workspace/.build/checkouts/SwiftTrace/SwiftTraceGutsD/xt_forwarding_trampoline_x64.s:56:13: error: invalid operand
callq *(%r11) // call tracing entry routine (saves return address)
^
/host/spi-builder-workspace/.build/checkouts/SwiftTrace/SwiftTraceGutsD/xt_forwarding_trampoline_x64.s:57:22: error: unexpected token in argument list
leaq returning(%rip), %r11
^
/host/spi-builder-workspace/.build/checkouts/SwiftTrace/SwiftTraceGutsD/xt_forwarding_trampoline_x64.s:58:13: error: unknown token in expression
movq %r11, 184(%rsp) // patch return address to "returning" code
^
/host/spi-builder-workspace/.build/checkouts/SwiftTrace/SwiftTraceGutsD/xt_forwarding_trampoline_x64.s:58:13: error: invalid operand
movq %r11, 184(%rsp) // patch return address to "returning" code
^
/host/spi-builder-workspace/.build/checkouts/SwiftTrace/SwiftTraceGutsD/xt_forwarding_trampoline_x64.s:59:13: error: unknown token in expression
movq %rax, %r11 // pointer to original implementation returned
^
/host/spi-builder-workspace/.build/checkouts/SwiftTrace/SwiftTraceGutsD/xt_forwarding_trampoline_x64.s:59:13: error: invalid operand
movq %rax, %r11 // pointer to original implementation returned
^
/host/spi-builder-workspace/.build/checkouts/SwiftTrace/SwiftTraceGutsD/xt_forwarding_trampoline_x64.s:60:14: error: unknown token in expression
movsd (%rsp), %xmm0 // restore all registers
^
/host/spi-builder-workspace/.build/checkouts/SwiftTrace/SwiftTraceGutsD/xt_forwarding_trampoline_x64.s:60:13: error: invalid operand
movsd (%rsp), %xmm0 // restore all registers
^
/host/spi-builder-workspace/.build/checkouts/SwiftTrace/SwiftTraceGutsD/xt_forwarding_trampoline_x64.s:61:14: error: unexpected token in argument list
movsd 8(%rsp), %xmm1
^
/host/spi-builder-workspace/.build/checkouts/SwiftTrace/SwiftTraceGutsD/xt_forwarding_trampoline_x64.s:62:15: error: unexpected token in argument list
movsd 16(%rsp), %xmm2
^
/host/spi-builder-workspace/.build/checkouts/SwiftTrace/SwiftTraceGutsD/xt_forwarding_trampoline_x64.s:63:15: error: unexpected token in argument list
movsd 24(%rsp), %xmm3
^
/host/spi-builder-workspace/.build/checkouts/SwiftTrace/SwiftTraceGutsD/xt_forwarding_trampoline_x64.s:64:15: error: unexpected token in argument list
movsd 32(%rsp), %xmm4
^
/host/spi-builder-workspace/.build/checkouts/SwiftTrace/SwiftTraceGutsD/xt_forwarding_trampoline_x64.s:65:15: error: unexpected token in argument list
movsd 40(%rsp), %xmm5
^
/host/spi-builder-workspace/.build/checkouts/SwiftTrace/SwiftTraceGutsD/xt_forwarding_trampoline_x64.s:66:15: error: unexpected token in argument list
movsd 48(%rsp), %xmm6
^
/host/spi-builder-workspace/.build/checkouts/SwiftTrace/SwiftTraceGutsD/xt_forwarding_trampoline_x64.s:67:15: error: unexpected token in argument list
movsd 56(%rsp), %xmm7
^
/host/spi-builder-workspace/.build/checkouts/SwiftTrace/SwiftTraceGutsD/xt_forwarding_trampoline_x64.s:68:18: error: unknown token in expression
addq $64, %rsp
^
/host/spi-builder-workspace/.build/checkouts/SwiftTrace/SwiftTraceGutsD/xt_forwarding_trampoline_x64.s:68:18: error: invalid operand
addq $64, %rsp
^
/host/spi-builder-workspace/.build/checkouts/SwiftTrace/SwiftTraceGutsD/xt_forwarding_trampoline_x64.s:69:13: error: unknown token in expression
popq %r12
^
/host/spi-builder-workspace/.build/checkouts/SwiftTrace/SwiftTraceGutsD/xt_forwarding_trampoline_x64.s:69:13: error: invalid operand
popq %r12
^
/host/spi-builder-workspace/.build/checkouts/SwiftTrace/SwiftTraceGutsD/xt_forwarding_trampoline_x64.s:70:13: error: unknown token in expression
popq %r13
^
/host/spi-builder-workspace/.build/checkouts/SwiftTrace/SwiftTraceGutsD/xt_forwarding_trampoline_x64.s:70:13: error: invalid operand
popq %r13
^
/host/spi-builder-workspace/.build/checkouts/SwiftTrace/SwiftTraceGutsD/xt_forwarding_trampoline_x64.s:71:13: error: unknown token in expression
popq %r14
^
/host/spi-builder-workspace/.build/checkouts/SwiftTrace/SwiftTraceGutsD/xt_forwarding_trampoline_x64.s:71:13: error: invalid operand
popq %r14
^
/host/spi-builder-workspace/.build/checkouts/SwiftTrace/SwiftTraceGutsD/xt_forwarding_trampoline_x64.s:72:13: error: unknown token in expression
popq %r15
^
/host/spi-builder-workspace/.build/checkouts/SwiftTrace/SwiftTraceGutsD/xt_forwarding_trampoline_x64.s:72:13: error: invalid operand
popq %r15
^
/host/spi-builder-workspace/.build/checkouts/SwiftTrace/SwiftTraceGutsD/xt_forwarding_trampoline_x64.s:73:13: error: unknown token in expression
popq %rdi
^
/host/spi-builder-workspace/.build/checkouts/SwiftTrace/SwiftTraceGutsD/xt_forwarding_trampoline_x64.s:73:13: error: invalid operand
popq %rdi
^
/host/spi-builder-workspace/.build/checkouts/SwiftTrace/SwiftTraceGutsD/xt_forwarding_trampoline_x64.s:74:13: error: unknown token in expression
popq %rsi
^
/host/spi-builder-workspace/.build/checkouts/SwiftTrace/SwiftTraceGutsD/xt_forwarding_trampoline_x64.s:74:13: error: invalid operand
popq %rsi
^
/host/spi-builder-workspace/.build/checkouts/SwiftTrace/SwiftTraceGutsD/xt_forwarding_trampoline_x64.s:75:13: error: unknown token in expression
popq %rdx
^
/host/spi-builder-workspace/.build/checkouts/SwiftTrace/SwiftTraceGutsD/xt_forwarding_trampoline_x64.s:75:13: error: invalid operand
popq %rdx
^
/host/spi-builder-workspace/.build/checkouts/SwiftTrace/SwiftTraceGutsD/xt_forwarding_trampoline_x64.s:76:13: error: unknown token in expression
popq %rcx
^
/host/spi-builder-workspace/.build/checkouts/SwiftTrace/SwiftTraceGutsD/xt_forwarding_trampoline_x64.s:76:13: error: invalid operand
popq %rcx
^
/host/spi-builder-workspace/.build/checkouts/SwiftTrace/SwiftTraceGutsD/xt_forwarding_trampoline_x64.s:77:13: error: unknown token in expression
popq %r8
^
/host/spi-builder-workspace/.build/checkouts/SwiftTrace/SwiftTraceGutsD/xt_forwarding_trampoline_x64.s:77:13: error: invalid operand
popq %r8
^
/host/spi-builder-workspace/.build/checkouts/SwiftTrace/SwiftTraceGutsD/xt_forwarding_trampoline_x64.s:78:13: error: unknown token in expression
popq %r9
^
/host/spi-builder-workspace/.build/checkouts/SwiftTrace/SwiftTraceGutsD/xt_forwarding_trampoline_x64.s:78:13: error: invalid operand
popq %r9
^
/host/spi-builder-workspace/.build/checkouts/SwiftTrace/SwiftTraceGutsD/xt_forwarding_trampoline_x64.s:79:13: error: unknown token in expression
popq %r10
^
/host/spi-builder-workspace/.build/checkouts/SwiftTrace/SwiftTraceGutsD/xt_forwarding_trampoline_x64.s:79:13: error: invalid operand
popq %r10
^
/host/spi-builder-workspace/.build/checkouts/SwiftTrace/SwiftTraceGutsD/xt_forwarding_trampoline_x64.s:80:13: error: unknown token in expression
popq %rax
^
/host/spi-builder-workspace/.build/checkouts/SwiftTrace/SwiftTraceGutsD/xt_forwarding_trampoline_x64.s:80:13: error: invalid operand
popq %rax
^
/host/spi-builder-workspace/.build/checkouts/SwiftTrace/SwiftTraceGutsD/xt_forwarding_trampoline_x64.s:81:13: error: unknown token in expression
popq %rbx
^
/host/spi-builder-workspace/.build/checkouts/SwiftTrace/SwiftTraceGutsD/xt_forwarding_trampoline_x64.s:81:13: error: invalid operand
popq %rbx
^
/host/spi-builder-workspace/.build/checkouts/SwiftTrace/SwiftTraceGutsD/xt_forwarding_trampoline_x64.s:82:13: error: unknown token in expression
popq %rbp
^
/host/spi-builder-workspace/.build/checkouts/SwiftTrace/SwiftTraceGutsD/xt_forwarding_trampoline_x64.s:82:13: error: invalid operand
popq %rbp
^
/host/spi-builder-workspace/.build/checkouts/SwiftTrace/SwiftTraceGutsD/xt_forwarding_trampoline_x64.s:83:13: error: unknown token in expression
popq %rbp // restore frame pointer
^
/host/spi-builder-workspace/.build/checkouts/SwiftTrace/SwiftTraceGutsD/xt_forwarding_trampoline_x64.s:83:13: error: invalid operand
popq %rbp // restore frame pointer
^
/host/spi-builder-workspace/.build/checkouts/SwiftTrace/SwiftTraceGutsD/xt_forwarding_trampoline_x64.s:84:13: error: invalid token in expression
jmpq *%r11 // forward onto original implementation
^
/host/spi-builder-workspace/.build/checkouts/SwiftTrace/SwiftTraceGutsD/xt_forwarding_trampoline_x64.s:84:13: error: invalid operand
jmpq *%r11 // forward onto original implementation
^
/host/spi-builder-workspace/.build/checkouts/SwiftTrace/SwiftTraceGutsD/xt_forwarding_trampoline_x64.s:87:13: error: unknown token in expression
pushq %rbp // make space for real return address
^
/host/spi-builder-workspace/.build/checkouts/SwiftTrace/SwiftTraceGutsD/xt_forwarding_trampoline_x64.s:87:13: error: invalid operand
pushq %rbp // make space for real return address
^
/host/spi-builder-workspace/.build/checkouts/SwiftTrace/SwiftTraceGutsD/xt_forwarding_trampoline_x64.s:88:13: error: unknown token in expression
pushq %rbp // bump frame
^
/host/spi-builder-workspace/.build/checkouts/SwiftTrace/SwiftTraceGutsD/xt_forwarding_trampoline_x64.s:88:13: error: invalid operand
pushq %rbp // bump frame
^
/host/spi-builder-workspace/.build/checkouts/SwiftTrace/SwiftTraceGutsD/xt_forwarding_trampoline_x64.s:89:13: error: unknown token in expression
movq %rsp, %rbp
^
/host/spi-builder-workspace/.build/checkouts/SwiftTrace/SwiftTraceGutsD/xt_forwarding_trampoline_x64.s:89:13: error: invalid operand
movq %rsp, %rbp
^
/host/spi-builder-workspace/.build/checkouts/SwiftTrace/SwiftTraceGutsD/xt_forwarding_trampoline_x64.s:90:13: error: unknown token in expression
pushq %rbp // align stack to 16 bytes
^
/host/spi-builder-workspace/.build/checkouts/SwiftTrace/SwiftTraceGutsD/xt_forwarding_trampoline_x64.s:90:13: error: invalid operand
pushq %rbp // align stack to 16 bytes
^
/host/spi-builder-workspace/.build/checkouts/SwiftTrace/SwiftTraceGutsD/xt_forwarding_trampoline_x64.s:91:13: error: unknown token in expression
pushq %rbx
^
/host/spi-builder-workspace/.build/checkouts/SwiftTrace/SwiftTraceGutsD/xt_forwarding_trampoline_x64.s:91:13: error: invalid operand
pushq %rbx
^
/host/spi-builder-workspace/.build/checkouts/SwiftTrace/SwiftTraceGutsD/xt_forwarding_trampoline_x64.s:92:13: error: unknown token in expression
pushq %r10
^
/host/spi-builder-workspace/.build/checkouts/SwiftTrace/SwiftTraceGutsD/xt_forwarding_trampoline_x64.s:92:13: error: invalid operand
pushq %r10
^
/host/spi-builder-workspace/.build/checkouts/SwiftTrace/SwiftTraceGutsD/xt_forwarding_trampoline_x64.s:93:13: error: unknown token in expression
pushq %r9
^
/host/spi-builder-workspace/.build/checkouts/SwiftTrace/SwiftTraceGutsD/xt_forwarding_trampoline_x64.s:93:13: error: invalid operand
pushq %r9
^
/host/spi-builder-workspace/.build/checkouts/SwiftTrace/SwiftTraceGutsD/xt_forwarding_trampoline_x64.s:94:13: error: unknown token in expression
pushq %r8 // push the 4 regs used for int returns
^
/host/spi-builder-workspace/.build/checkouts/SwiftTrace/SwiftTraceGutsD/xt_forwarding_trampoline_x64.s:94:13: error: invalid operand
pushq %r8 // push the 4 regs used for int returns
^
/host/spi-builder-workspace/.build/checkouts/SwiftTrace/SwiftTraceGutsD/xt_forwarding_trampoline_x64.s:95:13: error: unknown token in expression
pushq %rcx
^
/host/spi-builder-workspace/.build/checkouts/SwiftTrace/SwiftTraceGutsD/xt_forwarding_trampoline_x64.s:95:13: error: invalid operand
pushq %rcx
^
/host/spi-builder-workspace/.build/checkouts/SwiftTrace/SwiftTraceGutsD/xt_forwarding_trampoline_x64.s:96:13: error: unknown token in expression
pushq %rdx
^
/host/spi-builder-workspace/.build/checkouts/SwiftTrace/SwiftTraceGutsD/xt_forwarding_trampoline_x64.s:96:13: error: invalid operand
pushq %rdx
^
/host/spi-builder-workspace/.build/checkouts/SwiftTrace/SwiftTraceGutsD/xt_forwarding_trampoline_x64.s:97:13: error: unknown token in expression
pushq %rax
^
/host/spi-builder-workspace/.build/checkouts/SwiftTrace/SwiftTraceGutsD/xt_forwarding_trampoline_x64.s:97:13: error: invalid operand
pushq %rax
^
/host/spi-builder-workspace/.build/checkouts/SwiftTrace/SwiftTraceGutsD/xt_forwarding_trampoline_x64.s:98:13: error: unknown token in expression
pushq %rsi
^
/host/spi-builder-workspace/.build/checkouts/SwiftTrace/SwiftTraceGutsD/xt_forwarding_trampoline_x64.s:98:13: error: invalid operand
pushq %rsi
^
/host/spi-builder-workspace/.build/checkouts/SwiftTrace/SwiftTraceGutsD/xt_forwarding_trampoline_x64.s:99:13: error: unknown token in expression
pushq %rdi
^
/host/spi-builder-workspace/.build/checkouts/SwiftTrace/SwiftTraceGutsD/xt_forwarding_trampoline_x64.s:99:13: error: invalid operand
pushq %rdi
^
/host/spi-builder-workspace/.build/checkouts/SwiftTrace/SwiftTraceGutsD/xt_forwarding_trampoline_x64.s:100:13: error: unknown token in expression
pushq %r15
^
/host/spi-builder-workspace/.build/checkouts/SwiftTrace/SwiftTraceGutsD/xt_forwarding_trampoline_x64.s:100:13: error: invalid operand
pushq %r15
^
/host/spi-builder-workspace/.build/checkouts/SwiftTrace/SwiftTraceGutsD/xt_forwarding_trampoline_x64.s:101:13: error: unknown token in expression
pushq %r14
^
/host/spi-builder-workspace/.build/checkouts/SwiftTrace/SwiftTraceGutsD/xt_forwarding_trampoline_x64.s:101:13: error: invalid operand
pushq %r14
^
/host/spi-builder-workspace/.build/checkouts/SwiftTrace/SwiftTraceGutsD/xt_forwarding_trampoline_x64.s:102:13: error: unknown token in expression
pushq %r13 // Swift "call context" register for self
^
/host/spi-builder-workspace/.build/checkouts/SwiftTrace/SwiftTraceGutsD/xt_forwarding_trampoline_x64.s:102:13: error: invalid operand
pushq %r13 // Swift "call context" register for self
^
/host/spi-builder-workspace/.build/checkouts/SwiftTrace/SwiftTraceGutsD/xt_forwarding_trampoline_x64.s:103:13: error: unknown token in expression
pushq %r12
^
/host/spi-builder-workspace/.build/checkouts/SwiftTrace/SwiftTraceGutsD/xt_forwarding_trampoline_x64.s:103:13: error: invalid operand
pushq %r12
^
/host/spi-builder-workspace/.build/checkouts/SwiftTrace/SwiftTraceGutsD/xt_forwarding_trampoline_x64.s:104:18: error: unknown token in expression
subq $64, %rsp // make space for floating point regeisters and save
^
/host/spi-builder-workspace/.build/checkouts/SwiftTrace/SwiftTraceGutsD/xt_forwarding_trampoline_x64.s:104:18: error: invalid operand
subq $64, %rsp // make space for floating point regeisters and save
^
/host/spi-builder-workspace/.build/checkouts/SwiftTrace/SwiftTraceGutsD/xt_forwarding_trampoline_x64.s:105:13: error: unknown token in expression
movsd %xmm0, (%rsp)
^
/host/spi-builder-workspace/.build/checkouts/SwiftTrace/SwiftTraceGutsD/xt_forwarding_trampoline_x64.s:105:13: error: invalid operand
movsd %xmm0, (%rsp)
^
/host/spi-builder-workspace/.build/checkouts/SwiftTrace/SwiftTraceGutsD/xt_forwarding_trampoline_x64.s:106:13: error: unknown token in expression
movsd %xmm1, 8(%rsp)
^
/host/spi-builder-workspace/.build/checkouts/SwiftTrace/SwiftTraceGutsD/xt_forwarding_trampoline_x64.s:106:13: error: invalid operand
movsd %xmm1, 8(%rsp)
^
/host/spi-builder-workspace/.build/checkouts/SwiftTrace/SwiftTraceGutsD/xt_forwarding_trampoline_x64.s:107:13: error: unknown token in expression
movsd %xmm2, 16(%rsp)
^
/host/spi-builder-workspace/.build/checkouts/SwiftTrace/SwiftTraceGutsD/xt_forwarding_trampoline_x64.s:107:13: error: invalid operand
movsd %xmm2, 16(%rsp)
^
/host/spi-builder-workspace/.build/checkouts/SwiftTrace/SwiftTraceGutsD/xt_forwarding_trampoline_x64.s:108:13: error: unknown token in expression
movsd %xmm3, 24(%rsp)
^
/host/spi-builder-workspace/.build/checkouts/SwiftTrace/SwiftTraceGutsD/xt_forwarding_trampoline_x64.s:108:13: error: invalid operand
movsd %xmm3, 24(%rsp)
^
/host/spi-builder-workspace/.build/checkouts/SwiftTrace/SwiftTraceGutsD/xt_forwarding_trampoline_x64.s:109:13: error: unknown token in expression
movsd %xmm4, 32(%rsp)
^
/host/spi-builder-workspace/.build/checkouts/SwiftTrace/SwiftTraceGutsD/xt_forwarding_trampoline_x64.s:109:13: error: invalid operand
movsd %xmm4, 32(%rsp)
^
/host/spi-builder-workspace/.build/checkouts/SwiftTrace/SwiftTraceGutsD/xt_forwarding_trampoline_x64.s:110:13: error: unknown token in expression
movsd %xmm5, 40(%rsp)
^
/host/spi-builder-workspace/.build/checkouts/SwiftTrace/SwiftTraceGutsD/xt_forwarding_trampoline_x64.s:110:13: error: invalid operand
movsd %xmm5, 40(%rsp)
^
/host/spi-builder-workspace/.build/checkouts/SwiftTrace/SwiftTraceGutsD/xt_forwarding_trampoline_x64.s:111:13: error: unknown token in expression
movsd %xmm6, 48(%rsp)
^
/host/spi-builder-workspace/.build/checkouts/SwiftTrace/SwiftTraceGutsD/xt_forwarding_trampoline_x64.s:111:13: error: invalid operand
movsd %xmm6, 48(%rsp)
^
/host/spi-builder-workspace/.build/checkouts/SwiftTrace/SwiftTraceGutsD/xt_forwarding_trampoline_x64.s:112:13: error: unknown token in expression
movsd %xmm7, 56(%rsp)
^
/host/spi-builder-workspace/.build/checkouts/SwiftTrace/SwiftTraceGutsD/xt_forwarding_trampoline_x64.s:112:13: error: invalid operand
movsd %xmm7, 56(%rsp)
^
/host/spi-builder-workspace/.build/checkouts/SwiftTrace/SwiftTraceGutsD/xt_forwarding_trampoline_x64.s:113:19: error: unexpected token in argument list
leaq onExit(%rip), %r11
^
/host/spi-builder-workspace/.build/checkouts/SwiftTrace/SwiftTraceGutsD/xt_forwarding_trampoline_x64.s:114:13: error: invalid token in expression
callq *(%r11) // call tracing exit routine
^
/host/spi-builder-workspace/.build/checkouts/SwiftTrace/SwiftTraceGutsD/xt_forwarding_trampoline_x64.s:114:13: error: invalid operand
callq *(%r11) // call tracing exit routine
^
/host/spi-builder-workspace/.build/checkouts/SwiftTrace/SwiftTraceGutsD/xt_forwarding_trampoline_x64.s:115:14: error: unknown token in expression
movsd (%rsp), %xmm0 // restore all registers
^
/host/spi-builder-workspace/.build/checkouts/SwiftTrace/SwiftTraceGutsD/xt_forwarding_trampoline_x64.s:115:13: error: invalid operand
movsd (%rsp), %xmm0 // restore all registers
^
/host/spi-builder-workspace/.build/checkouts/SwiftTrace/SwiftTraceGutsD/xt_forwarding_trampoline_x64.s:116:14: error: unexpected token in argument list
movsd 8(%rsp), %xmm1
^
/host/spi-builder-workspace/.build/checkouts/SwiftTrace/SwiftTraceGutsD/xt_forwarding_trampoline_x64.s:117:15: error: unexpected token in argument list
movsd 16(%rsp), %xmm2
^
/host/spi-builder-workspace/.build/checkouts/SwiftTrace/SwiftTraceGutsD/xt_forwarding_trampoline_x64.s:118:15: error: unexpected token in argument list
movsd 24(%rsp), %xmm3
^
/host/spi-builder-workspace/.build/checkouts/SwiftTrace/SwiftTraceGutsD/xt_forwarding_trampoline_x64.s:119:15: error: unexpected token in argument list
movsd 32(%rsp), %xmm4
^
/host/spi-builder-workspace/.build/checkouts/SwiftTrace/SwiftTraceGutsD/xt_forwarding_trampoline_x64.s:120:15: error: unexpected token in argument list
movsd 40(%rsp), %xmm5
^
/host/spi-builder-workspace/.build/checkouts/SwiftTrace/SwiftTraceGutsD/xt_forwarding_trampoline_x64.s:121:15: error: unexpected token in argument list
movsd 48(%rsp), %xmm6
^
/host/spi-builder-workspace/.build/checkouts/SwiftTrace/SwiftTraceGutsD/xt_forwarding_trampoline_x64.s:122:15: error: unexpected token in argument list
movsd 56(%rsp), %xmm7
^
/host/spi-builder-workspace/.build/checkouts/SwiftTrace/SwiftTraceGutsD/xt_forwarding_trampoline_x64.s:123:18: error: unknown token in expression
addq $64, %rsp
^
/host/spi-builder-workspace/.build/checkouts/SwiftTrace/SwiftTraceGutsD/xt_forwarding_trampoline_x64.s:123:18: error: invalid operand
addq $64, %rsp
^
/host/spi-builder-workspace/.build/checkouts/SwiftTrace/SwiftTraceGutsD/xt_forwarding_trampoline_x64.s:124:13: error: unknown token in expression
popq %r12
^
/host/spi-builder-workspace/.build/checkouts/SwiftTrace/SwiftTraceGutsD/xt_forwarding_trampoline_x64.s:124:13: error: invalid operand
popq %r12
^
/host/spi-builder-workspace/.build/checkouts/SwiftTrace/SwiftTraceGutsD/xt_forwarding_trampoline_x64.s:125:13: error: unknown token in expression
popq %r13
^
/host/spi-builder-workspace/.build/checkouts/SwiftTrace/SwiftTraceGutsD/xt_forwarding_trampoline_x64.s:125:13: error: invalid operand
popq %r13
^
/host/spi-builder-workspace/.build/checkouts/SwiftTrace/SwiftTraceGutsD/xt_forwarding_trampoline_x64.s:126:13: error: unknown token in expression
popq %r14
^
/host/spi-builder-workspace/.build/checkouts/SwiftTrace/SwiftTraceGutsD/xt_forwarding_trampoline_x64.s:126:13: error: invalid operand
popq %r14
^
/host/spi-builder-workspace/.build/checkouts/SwiftTrace/SwiftTraceGutsD/xt_forwarding_trampoline_x64.s:127:13: error: unknown token in expression
popq %r15
^
/host/spi-builder-workspace/.build/checkouts/SwiftTrace/SwiftTraceGutsD/xt_forwarding_trampoline_x64.s:127:13: error: invalid operand
popq %r15
^
/host/spi-builder-workspace/.build/checkouts/SwiftTrace/SwiftTraceGutsD/xt_forwarding_trampoline_x64.s:128:13: error: unknown token in expression
popq %rdi
^
/host/spi-builder-workspace/.build/checkouts/SwiftTrace/SwiftTraceGutsD/xt_forwarding_trampoline_x64.s:128:13: error: invalid operand
popq %rdi
^
/host/spi-builder-workspace/.build/checkouts/SwiftTrace/SwiftTraceGutsD/xt_forwarding_trampoline_x64.s:129:13: error: unknown token in expression
popq %rsi
^
/host/spi-builder-workspace/.build/checkouts/SwiftTrace/SwiftTraceGutsD/xt_forwarding_trampoline_x64.s:129:13: error: invalid operand
popq %rsi
^
/host/spi-builder-workspace/.build/checkouts/SwiftTrace/SwiftTraceGutsD/xt_forwarding_trampoline_x64.s:130:13: error: unknown token in expression
popq %rax
^
/host/spi-builder-workspace/.build/checkouts/SwiftTrace/SwiftTraceGutsD/xt_forwarding_trampoline_x64.s:130:13: error: invalid operand
popq %rax
^
/host/spi-builder-workspace/.build/checkouts/SwiftTrace/SwiftTraceGutsD/xt_forwarding_trampoline_x64.s:131:13: error: unknown token in expression
popq %rdx
^
/host/spi-builder-workspace/.build/checkouts/SwiftTrace/SwiftTraceGutsD/xt_forwarding_trampoline_x64.s:131:13: error: invalid operand
popq %rdx
^
/host/spi-builder-workspace/.build/checkouts/SwiftTrace/SwiftTraceGutsD/xt_forwarding_trampoline_x64.s:132:13: error: unknown token in expression
popq %rcx
^
/host/spi-builder-workspace/.build/checkouts/SwiftTrace/SwiftTraceGutsD/xt_forwarding_trampoline_x64.s:132:13: error: invalid operand
popq %rcx
^
/host/spi-builder-workspace/.build/checkouts/SwiftTrace/SwiftTraceGutsD/xt_forwarding_trampoline_x64.s:133:13: error: unknown token in expression
popq %r8
^
/host/spi-builder-workspace/.build/checkouts/SwiftTrace/SwiftTraceGutsD/xt_forwarding_trampoline_x64.s:133:13: error: invalid operand
popq %r8
^
/host/spi-builder-workspace/.build/checkouts/SwiftTrace/SwiftTraceGutsD/xt_forwarding_trampoline_x64.s:134:13: error: unknown token in expression
popq %r9
^
/host/spi-builder-workspace/.build/checkouts/SwiftTrace/SwiftTraceGutsD/xt_forwarding_trampoline_x64.s:134:13: error: invalid operand
popq %r9
^
/host/spi-builder-workspace/.build/checkouts/SwiftTrace/SwiftTraceGutsD/xt_forwarding_trampoline_x64.s:135:13: error: unknown token in expression
popq %r10
^
/host/spi-builder-workspace/.build/checkouts/SwiftTrace/SwiftTraceGutsD/xt_forwarding_trampoline_x64.s:135:13: error: invalid operand
popq %r10
^
/host/spi-builder-workspace/.build/checkouts/SwiftTrace/SwiftTraceGutsD/xt_forwarding_trampoline_x64.s:136:13: error: unknown token in expression
popq %rbx
^
/host/spi-builder-workspace/.build/checkouts/SwiftTrace/SwiftTraceGutsD/xt_forwarding_trampoline_x64.s:136:13: error: invalid operand
popq %rbx
^
/host/spi-builder-workspace/.build/checkouts/SwiftTrace/SwiftTraceGutsD/xt_forwarding_trampoline_x64.s:137:13: error: unknown token in expression
popq %rbp
^
/host/spi-builder-workspace/.build/checkouts/SwiftTrace/SwiftTraceGutsD/xt_forwarding_trampoline_x64.s:137:13: error: invalid operand
popq %rbp
^
/host/spi-builder-workspace/.build/checkouts/SwiftTrace/SwiftTraceGutsD/xt_forwarding_trampoline_x64.s:138:13: error: unknown token in expression
popq %rbp
^
/host/spi-builder-workspace/.build/checkouts/SwiftTrace/SwiftTraceGutsD/xt_forwarding_trampoline_x64.s:138:13: error: invalid operand
popq %rbp
^
/host/spi-builder-workspace/.build/checkouts/SwiftTrace/SwiftTraceGutsD/xt_forwarding_trampoline_x64.s:146:5: error: unrecognized instruction mnemonic
callq _xt_forwarding_trampoline
^
<instantiation>:1:1: error: unrecognized instruction mnemonic
callq _xt_forwarding_trampoline
^
/host/spi-builder-workspace/.build/checkouts/SwiftTrace/SwiftTraceGutsD/xt_forwarding_trampoline_x64.s:153:1: note: while in macro instantiation
.rept 465
^
<instantiation>:5:1: error: unrecognized instruction mnemonic
callq _xt_forwarding_trampoline
^
/host/spi-builder-workspace/.build/checkouts/SwiftTrace/SwiftTraceGutsD/xt_forwarding_trampoline_x64.s:153:1: note: while in macro instantiation
.rept 465
^
<instantiation>:9:1: error: unrecognized instruction mnemonic
callq _xt_forwarding_trampoline
^
/host/spi-builder-workspace/.build/checkouts/SwiftTrace/SwiftTraceGutsD/xt_forwarding_trampoline_x64.s:153:1: note: while in macro instantiation
.rept 465
^
<instantiation>:13:1: error: unrecognized instruction mnemonic
callq _xt_forwarding_trampoline
^
/host/spi-builder-workspace/.build/checkouts/SwiftTrace/SwiftTraceGutsD/xt_forwarding_trampoline_x64.s:153:1: note: while in macro instantiation
.rept 465
^
<instantiation>:17:1: error: unrecognized instruction mnemonic
callq _xt_forwarding_trampoline
^
/host/spi-builder-workspace/.build/checkouts/SwiftTrace/SwiftTraceGutsD/xt_forwarding_trampoline_x64.s:153:1: note: while in macro instantiation
.rept 465
^
<instantiation>:21:1: error: unrecognized instruction mnemonic
callq _xt_forwarding_trampoline
^
/host/spi-builder-workspace/.build/checkouts/SwiftTrace/SwiftTraceGutsD/xt_forwarding_trampoline_x64.s:153:1: note: while in macro instantiation
.rept 465
^
<instantiation>:25:1: error: unrecognized instruction mnemonic
callq _xt_forwarding_trampoline
^
/host/spi-builder-workspace/.build/checkouts/SwiftTrace/SwiftTraceGutsD/xt_forwarding_trampoline_x64.s:153:1: note: while in macro instantiation
.rept 465
^
<instantiation>:29:1: error: unrecognized instruction mnemonic
callq _xt_forwarding_trampoline
^
/host/spi-builder-workspace/.build/checkouts/SwiftTrace/SwiftTraceGutsD/xt_forwarding_trampoline_x64.s:153:1: note: while in macro instantiation
.rept 465
^
<instantiation>:33:1: error: unrecognized instruction mnemonic
callq _xt_forwarding_trampoline
^
/host/spi-builder-workspace/.build/checkouts/SwiftTrace/SwiftTraceGutsD/xt_forwarding_trampoline_x64.s:153:1: note: while in macro instantiation
.rept 465
^
<instantiation>:37:1: error: unrecognized instruction mnemonic
callq _xt_forwarding_trampoline
^
/host/spi-builder-workspace/.build/checkouts/SwiftTrace/SwiftTraceGutsD/xt_forwarding_trampoline_x64.s:153:1: note: while in macro instantiation
.rept 465
^
<instantiation>:41:1: error: unrecognized instruction mnemonic
callq _xt_forwarding_trampoline
^
/host/spi-builder-workspace/.build/checkouts/SwiftTrace/SwiftTraceGutsD/xt_forwarding_trampoline_x64.s:153:1: note: while in macro instantiation
.rept 465
^
<instantiation>:45:1: error: unrecognized instruction mnemonic
callq _xt_forwarding_trampoline
^
/host/spi-builder-workspace/.build/checkouts/SwiftTrace/SwiftTraceGutsD/xt_forwarding_trampoline_x64.s:153:1: note: while in macro instantiation
.rept 465
^
<instantiation>:49:1: error: unrecognized instruction mnemonic
callq _xt_forwarding_trampoline
^
/host/spi-builder-workspace/.build/checkouts/SwiftTrace/SwiftTraceGutsD/xt_forwarding_trampoline_x64.s:153:1: note: while in macro instantiation
.rept 465
^
<instantiation>:53:1: error: unrecognized instruction mnemonic
callq _xt_forwarding_trampoline
^
/host/spi-builder-workspace/.build/checkouts/SwiftTrace/SwiftTraceGutsD/xt_forwarding_trampoline_x64.s:153:1: note: while in macro instantiation
.rept 465
^
<instantiation>:57:1: error: unrecognized instruction mnemonic
callq _xt_forwarding_trampoline
^
/host/spi-builder-workspace/.build/checkouts/SwiftTrace/SwiftTraceGutsD/xt_forwarding_trampoline_x64.s:153:1: note: while in macro instantiation
.rept 465
^
<instantiation>:61:1: error: unrecognized instruction mnemonic
callq _xt_forwarding_trampoline
^
/host/spi-builder-workspace/.build/checkouts/SwiftTrace/SwiftTraceGutsD/xt_forwarding_trampoline_x64.s:153:1: note: while in macro instantiation
.rept 465
^
<instantiation>:65:1: error: unrecognized instruction mnemonic
callq _xt_forwarding_trampoline
^
/host/spi-builder-workspace/.build/checkouts/SwiftTrace/SwiftTraceGutsD/xt_forwarding_trampoline_x64.s:153:1: note: while in macro instantiation
.rept 465
^
<instantiation>:69:1: error: unrecognized instruction mnemonic
callq _xt_forwarding_trampoline
^
/host/spi-builder-workspace/.build/checkouts/SwiftTrace/SwiftTraceGutsD/xt_forwarding_trampoline_x64.s:153:1: note: while in macro instantiation
.rept 465
^
<instantiation>:73:1: error: unrecognized instruction mnemonic
callq _xt_forwarding_trampoline
^
/host/spi-builder-workspace/.build/checkouts/SwiftTrace/SwiftTraceGutsD/xt_forwarding_trampoline_x64.s:153:1: note: while in macro instantiation
.rept 465
^
<instantiation>:77:1: error: unrecognized instruction mnemonic
callq _xt_forwarding_trampoline
^
/host/spi-builder-workspace/.build/checkouts/SwiftTrace/SwiftTraceGutsD/xt_forwarding_trampoline_x64.s:153:1: note: while in macro instantiation
.rept 465
^
<instantiation>:81:1: error: unrecognized instruction mnemonic
callq _xt_forwarding_trampoline
^
/host/spi-builder-workspace/.build/checkouts/SwiftTrace/SwiftTraceGutsD/xt_forwarding_trampoline_x64.s:153:1: note: while in macro instantiation
.rept 465
^
<instantiation>:85:1: error: unrecognized instruction mnemonic
callq _xt_forwarding_trampoline
^
/host/spi-builder-workspace/.build/checkouts/SwiftTrace/SwiftTraceGutsD/xt_forwarding_trampoline_x64.s:153:1: note: while in macro instantiation
.rept 465
^
<instantiation>:89:1: error: unrecognized instruction mnemonic
callq _xt_forwarding_trampoline
^
/host/spi-builder-workspace/.build/checkouts/SwiftTrace/SwiftTraceGutsD/xt_forwarding_trampoline_x64.s:153:1: note: while in macro instantiation
.rept 465
^
<instantiation>:93:1: error: unrecognized instruction mnemonic
callq _xt_forwarding_trampoline
^
/host/spi-builder-workspace/.build/checkouts/SwiftTrace/SwiftTraceGutsD/xt_forwarding_trampoline_x64.s:153:1: note: while in macro instantiation
.rept 465
^
<instantiation>:97:1: error: unrecognized instruction mnemonic
callq _xt_forwarding_trampoline
^
/host/spi-builder-workspace/.build/checkouts/SwiftTrace/SwiftTraceGutsD/xt_forwarding_trampoline_x64.s:153:1: note: while in macro instantiation
.rept 465
^
<instantiation>:101:1: error: unrecognized instruction mnemonic
callq _xt_forwarding_trampoline
^
/host/spi-builder-workspace/.build/checkouts/SwiftTrace/SwiftTraceGutsD/xt_forwarding_trampoline_x64.s:153:1: note: while in macro instantiation
.rept 465
^
<instantiation>:105:1: error: unrecognized instruction mnemonic
callq _xt_forwarding_trampoline
^
/host/spi-builder-workspace/.build/checkouts/SwiftTrace/SwiftTraceGutsD/xt_forwarding_trampoline_x64.s:153:1: note: while in macro instantiation
.rept 465
^
<instantiation>:109:1: error: unrecognized instruction mnemonic
callq _xt_forwarding_trampoline
^
/host/spi-builder-workspace/.build/checkouts/SwiftTrace/SwiftTraceGutsD/xt_forwarding_trampoline_x64.s:153:1: note: while in macro instantiation
.rept 465
^
<instantiation>:113:1: error: unrecognized instruction mnemonic
callq _xt_forwarding_trampoline
^
/host/spi-builder-workspace/.build/checkouts/SwiftTrace/SwiftTraceGutsD/xt_forwarding_trampoline_x64.s:153:1: note: while in macro instantiation
.rept 465
^
<instantiation>:117:1: error: unrecognized instruction mnemonic
callq _xt_forwarding_trampoline
^
/host/spi-builder-workspace/.build/checkouts/SwiftTrace/SwiftTraceGutsD/xt_forwarding_trampoline_x64.s:153:1: note: while in macro instantiation
.rept 465
^
<instantiation>:121:1: error: unrecognized instruction mnemonic
callq _xt_forwarding_trampoline
^
/host/spi-builder-workspace/.build/checkouts/SwiftTrace/SwiftTraceGutsD/xt_forwarding_trampoline_x64.s:153:1: note: while in macro instantiation
.rept 465
^
<instantiation>:125:1: error: unrecognized instruction mnemonic
callq _xt_forwarding_trampoline
^
/host/spi-builder-workspace/.build/checkouts/SwiftTrace/SwiftTraceGutsD/xt_forwarding_trampoline_x64.s:153:1: note: while in macro instantiation
.rept 465
^
<instantiation>:129:1: error: unrecognized instruction mnemonic
callq _xt_forwarding_trampoline
^
/host/spi-builder-workspace/.build/checkouts/SwiftTrace/SwiftTraceGutsD/xt_forwarding_trampoline_x64.s:153:1: note: while in macro instantiation
.rept 465
^
<instantiation>:133:1: error: unrecognized instruction mnemonic
callq _xt_forwarding_trampoline
^
/host/spi-builder-workspace/.build/checkouts/SwiftTrace/SwiftTraceGutsD/xt_forwarding_trampoline_x64.s:153:1: note: while in macro instantiation
.rept 465
^
<instantiation>:137:1: error: unrecognized instruction mnemonic
callq _xt_forwarding_trampoline
^
/host/spi-builder-workspace/.build/checkouts/SwiftTrace/SwiftTraceGutsD/xt_forwarding_trampoline_x64.s:153:1: note: while in macro instantiation
.rept 465
^
<instantiation>:141:1: error: unrecognized instruction mnemonic
callq _xt_forwarding_trampoline
^
/host/spi-builder-workspace/.build/checkouts/SwiftTrace/SwiftTraceGutsD/xt_forwarding_trampoline_x64.s:153:1: note: while in macro instantiation
.rept 465
^
<instantiation>:145:1: error: unrecognized instruction mnemonic
callq _xt_forwarding_trampoline
^
/host/spi-builder-workspace/.build/checkouts/SwiftTrace/SwiftTraceGutsD/xt_forwarding_trampoline_x64.s:153:1: note: while in macro instantiation
.rept 465
^
<instantiation>:149:1: error: unrecognized instruction mnemonic
callq _xt_forwarding_trampoline
^
/host/spi-builder-workspace/.build/checkouts/SwiftTrace/SwiftTraceGutsD/xt_forwarding_trampoline_x64.s:153:1: note: while in macro instantiation
.rept 465
^
<instantiation>:153:1: error: unrecognized instruction mnemonic
callq _xt_forwarding_trampoline
^
/host/spi-builder-workspace/.build/checkouts/SwiftTrace/SwiftTraceGutsD/xt_forwarding_trampoline_x64.s:153:1: note: while in macro instantiation
.rept 465
^
<instantiation>:157:1: error: unrecognized instruction mnemonic
callq _xt_forwarding_trampoline
^
/host/spi-builder-workspace/.build/checkouts/SwiftTrace/SwiftTraceGutsD/xt_forwarding_trampoline_x64.s:153:1: note: while in macro instantiation
.rept 465
^
<instantiation>:161:1: error: unrecognized instruction mnemonic
callq _xt_forwarding_trampoline
^
/host/spi-builder-workspace/.build/checkouts/SwiftTrace/SwiftTraceGutsD/xt_forwarding_trampoline_x64.s:153:1: note: while in macro instantiation
.rept 465
^
<instantiation>:165:1: error: unrecognized instruction mnemonic
callq _xt_forwarding_trampoline
^
/host/spi-builder-workspace/.build/checkouts/SwiftTrace/SwiftTraceGutsD/xt_forwarding_trampoline_x64.s:153:1: note: while in macro instantiation
.rept 465
^
<instantiation>:169:1: error: unrecognized instruction mnemonic
callq _xt_forwarding_trampoline
^
/host/spi-builder-workspace/.build/checkouts/SwiftTrace/SwiftTraceGutsD/xt_forwarding_trampoline_x64.s:153:1: note: while in macro instantiation
.rept 465
^
<instantiation>:173:1: error: unrecognized instruction mnemonic
callq _xt_forwarding_trampoline
^
/host/spi-builder-workspace/.build/checkouts/SwiftTrace/SwiftTraceGutsD/xt_forwarding_trampoline_x64.s:153:1: note: while in macro instantiation
.rept 465
^
<instantiation>:177:1: error: unrecognized instruction mnemonic
callq _xt_forwarding_trampoline
^
/host/spi-builder-workspace/.build/checkouts/SwiftTrace/SwiftTraceGutsD/xt_forwarding_trampoline_x64.s:153:1: note: while in macro instantiation
.rept 465
^
<instantiation>:181:1: error: unrecognized instruction mnemonic
callq _xt_forwarding_trampoline
^
/host/spi-builder-workspace/.build/checkouts/SwiftTrace/SwiftTraceGutsD/xt_forwarding_trampoline_x64.s:153:1: note: while in macro instantiation
.rept 465
^
<instantiation>:185:1: error: unrecognized instruction mnemonic
callq _xt_forwarding_trampoline
^
/host/spi-builder-workspace/.build/checkouts/SwiftTrace/SwiftTraceGutsD/xt_forwarding_trampoline_x64.s:153:1: note: while in macro instantiation
.rept 465
^
<instantiation>:189:1: error: unrecognized instruction mnemonic
callq _xt_forwarding_trampoline
^
/host/spi-builder-workspace/.build/checkouts/SwiftTrace/SwiftTraceGutsD/xt_forwarding_trampoline_x64.s:153:1: note: while in macro instantiation
.rept 465
^
<instantiation>:193:1: error: unrecognized instruction mnemonic
callq _xt_forwarding_trampoline
^
/host/spi-builder-workspace/.build/checkouts/SwiftTrace/SwiftTraceGutsD/xt_forwarding_trampoline_x64.s:153:1: note: while in macro instantiation
.rept 465
^
<instantiation>:197:1: error: unrecognized instruction mnemonic
callq _xt_forwarding_trampoline
^
/host/spi-builder-workspace/.build/checkouts/SwiftTrace/SwiftTraceGutsD/xt_forwarding_trampoline_x64.s:153:1: note: while in macro instantiation
.rept 465
^
<instantiation>:201:1: error: unrecognized instruction mnemonic
callq _xt_forwarding_trampoline
^
/host/spi-builder-workspace/.build/checkouts/SwiftTrace/SwiftTraceGutsD/xt_forwarding_trampoline_x64.s:153:1: note: while in macro instantiation
.rept 465
^
<instantiation>:205:1: error: unrecognized instruction mnemonic
callq _xt_forwarding_trampoline
^
/host/spi-builder-workspace/.build/checkouts/SwiftTrace/SwiftTraceGutsD/xt_forwarding_trampoline_x64.s:153:1: note: while in macro instantiation
.rept 465
^
<instantiation>:209:1: error: unrecognized instruction mnemonic
callq _xt_forwarding_trampoline
^
/host/spi-builder-workspace/.build/checkouts/SwiftTrace/SwiftTraceGutsD/xt_forwarding_trampoline_x64.s:153:1: note: while in macro instantiation
.rept 465
^
<instantiation>:213:1: error: unrecognized instruction mnemonic
callq _xt_forwarding_trampoline
^
/host/spi-builder-workspace/.build/checkouts/SwiftTrace/SwiftTraceGutsD/xt_forwarding_trampoline_x64.s:153:1: note: while in macro instantiation
.rept 465
^
<instantiation>:217:1: error: unrecognized instruction mnemonic
callq _xt_forwarding_trampoline
^
/host/spi-builder-workspace/.build/checkouts/SwiftTrace/SwiftTraceGutsD/xt_forwarding_trampoline_x64.s:153:1: note: while in macro instantiation
.rept 465
^
<instantiation>:221:1: error: unrecognized instruction mnemonic
callq _xt_forwarding_trampoline
^
/host/spi-builder-workspace/.build/checkouts/SwiftTrace/SwiftTraceGutsD/xt_forwarding_trampoline_x64.s:153:1: note: while in macro instantiation
.rept 465
^
<instantiation>:225:1: error: unrecognized instruction mnemonic
callq _xt_forwarding_trampoline
^
/host/spi-builder-workspace/.build/checkouts/SwiftTrace/SwiftTraceGutsD/xt_forwarding_trampoline_x64.s:153:1: note: while in macro instantiation
.rept 465
^
<instantiation>:229:1: error: unrecognized instruction mnemonic
callq _xt_forwarding_trampoline
^
/host/spi-builder-workspace/.build/checkouts/SwiftTrace/SwiftTraceGutsD/xt_forwarding_trampoline_x64.s:153:1: note: while in macro instantiation
.rept 465
^
<instantiation>:233:1: error: unrecognized instruction mnemonic
callq _xt_forwarding_trampoline
^
/host/spi-builder-workspace/.build/checkouts/SwiftTrace/SwiftTraceGutsD/xt_forwarding_trampoline_x64.s:153:1: note: while in macro instantiation
.rept 465
^
<instantiation>:237:1: error: unrecognized instruction mnemonic
callq _xt_forwarding_trampoline
^
/host/spi-builder-workspace/.build/checkouts/SwiftTrace/SwiftTraceGutsD/xt_forwarding_trampoline_x64.s:153:1: note: while in macro instantiation
.rept 465
^
<instantiation>:241:1: error: unrecognized instruction mnemonic
callq _xt_forwarding_trampoline
^
/host/spi-builder-workspace/.build/checkouts/SwiftTrace/SwiftTraceGutsD/xt_forwarding_trampoline_x64.s:153:1: note: while in macro instantiation
.rept 465
^
<instantiation>:245:1: error: unrecognized instruction mnemonic
callq _xt_forwarding_trampoline
^
/host/spi-builder-workspace/.build/checkouts/SwiftTrace/SwiftTraceGutsD/xt_forwarding_trampoline_x64.s:153:1: note: while in macro instantiation
.rept 465
^
<instantiation>:249:1: error: unrecognized instruction mnemonic
callq _xt_forwarding_trampoline
^
/host/spi-builder-workspace/.build/checkouts/SwiftTrace/SwiftTraceGutsD/xt_forwarding_trampoline_x64.s:153:1: note: while in macro instantiation
.rept 465
^
<instantiation>:253:1: error: unrecognized instruction mnemonic
callq _xt_forwarding_trampoline
^
/host/spi-builder-workspace/.build/checkouts/SwiftTrace/SwiftTraceGutsD/xt_forwarding_trampoline_x64.s:153:1: note: while in macro instantiation
.rept 465
^
<instantiation>:257:1: error: unrecognized instruction mnemonic
callq _xt_forwarding_trampoline
^
/host/spi-builder-workspace/.build/checkouts/SwiftTrace/SwiftTraceGutsD/xt_forwarding_trampoline_x64.s:153:1: note: while in macro instantiation
.rept 465
^
<instantiation>:261:1: error: unrecognized instruction mnemonic
callq _xt_forwarding_trampoline
^
/host/spi-builder-workspace/.build/checkouts/SwiftTrace/SwiftTraceGutsD/xt_forwarding_trampoline_x64.s:153:1: note: while in macro instantiation
.rept 465
^
[2/39] Compiling SwiftTraceGutsD xt_forwarding_trampoline_x64.s
/host/spi-builder-workspace/.build/checkouts/SwiftTrace/SwiftTraceGutsD/xt_forwarding_trampoline_x86.s:17:10: error: unknown token in expression
popl %eax // pop saved pc (address of first of the three nops)
^
/host/spi-builder-workspace/.build/checkouts/SwiftTrace/SwiftTraceGutsD/xt_forwarding_trampoline_x86.s:17:10: error: invalid operand
popl %eax // pop saved pc (address of first of the three nops)
^
/host/spi-builder-workspace/.build/checkouts/SwiftTrace/SwiftTraceGutsD/xt_forwarding_trampoline_x86.s:18:11: error: unknown token in expression
pushl %ebp // save frame pointer
^
/host/spi-builder-workspace/.build/checkouts/SwiftTrace/SwiftTraceGutsD/xt_forwarding_trampoline_x86.s:18:11: error: invalid operand
pushl %ebp // save frame pointer
^
/host/spi-builder-workspace/.build/checkouts/SwiftTrace/SwiftTraceGutsD/xt_forwarding_trampoline_x86.s:19:10: error: unknown token in expression
movl %esp, %ebp // set up new frame
^
/host/spi-builder-workspace/.build/checkouts/SwiftTrace/SwiftTraceGutsD/xt_forwarding_trampoline_x86.s:19:10: error: invalid operand
movl %esp, %ebp // set up new frame
^
/host/spi-builder-workspace/.build/checkouts/SwiftTrace/SwiftTraceGutsD/xt_forwarding_trampoline_x86.s:20:19: error: unknown token in expression
subl $4096+5, %eax // offset address by one page and the length of the call instrux
^
/host/spi-builder-workspace/.build/checkouts/SwiftTrace/SwiftTraceGutsD/xt_forwarding_trampoline_x86.s:20:19: error: invalid operand
subl $4096+5, %eax // offset address by one page and the length of the call instrux
^
/host/spi-builder-workspace/.build/checkouts/SwiftTrace/SwiftTraceGutsD/xt_forwarding_trampoline_x86.s:21:11: error: unknown token in expression
pushl %eax // save pointer to trampoline data (func+data)
^
/host/spi-builder-workspace/.build/checkouts/SwiftTrace/SwiftTraceGutsD/xt_forwarding_trampoline_x86.s:21:11: error: invalid operand
pushl %eax // save pointer to trampoline data (func+data)
^
/host/spi-builder-workspace/.build/checkouts/SwiftTrace/SwiftTraceGutsD/xt_forwarding_trampoline_x86.s:22:11: error: unexpected token in argument list
movl 4(%eax), %eax
^
/host/spi-builder-workspace/.build/checkouts/SwiftTrace/SwiftTraceGutsD/xt_forwarding_trampoline_x86.s:23:11: error: unknown token in expression
pushl %eax // save pointer to user data
^
/host/spi-builder-workspace/.build/checkouts/SwiftTrace/SwiftTraceGutsD/xt_forwarding_trampoline_x86.s:23:11: error: invalid operand
pushl %eax // save pointer to user data
^
/host/spi-builder-workspace/.build/checkouts/SwiftTrace/SwiftTraceGutsD/xt_forwarding_trampoline_x86.s:24:11: error: unexpected token in argument list
movl 4(%esp), %eax // fetch pointer to C aspect handler
^
/host/spi-builder-workspace/.build/checkouts/SwiftTrace/SwiftTraceGutsD/xt_forwarding_trampoline_x86.s:25:10: error: invalid token in expression
call *(%eax) // call trace handler
^
/host/spi-builder-workspace/.build/checkouts/SwiftTrace/SwiftTraceGutsD/xt_forwarding_trampoline_x86.s:25:10: error: invalid operand
call *(%eax) // call trace handler
^
/host/spi-builder-workspace/.build/checkouts/SwiftTrace/SwiftTraceGutsD/xt_forwarding_trampoline_x86.s:26:10: error: unknown token in expression
popl %ebp
^
/host/spi-builder-workspace/.build/checkouts/SwiftTrace/SwiftTraceGutsD/xt_forwarding_trampoline_x86.s:26:10: error: invalid operand
popl %ebp
^
/host/spi-builder-workspace/.build/checkouts/SwiftTrace/SwiftTraceGutsD/xt_forwarding_trampoline_x86.s:27:10: error: unknown token in expression
popl %ebp
^
/host/spi-builder-workspace/.build/checkouts/SwiftTrace/SwiftTraceGutsD/xt_forwarding_trampoline_x86.s:27:10: error: invalid operand
popl %ebp
^
/host/spi-builder-workspace/.build/checkouts/SwiftTrace/SwiftTraceGutsD/xt_forwarding_trampoline_x86.s:28:10: error: unknown token in expression
popl %ebp // restore frame pointer
^
/host/spi-builder-workspace/.build/checkouts/SwiftTrace/SwiftTraceGutsD/xt_forwarding_trampoline_x86.s:28:10: error: invalid operand
popl %ebp // restore frame pointer
^
/host/spi-builder-workspace/.build/checkouts/SwiftTrace/SwiftTraceGutsD/xt_forwarding_trampoline_x86.s:29:10: error: invalid token in expression
jmpl *%eax // pass on to original implementation
^
/host/spi-builder-workspace/.build/checkouts/SwiftTrace/SwiftTraceGutsD/xt_forwarding_trampoline_x86.s:29:10: error: invalid operand
jmpl *%eax // pass on to original implementation
^
/host/spi-builder-workspace/.build/checkouts/SwiftTrace/SwiftTraceGutsD/xt_forwarding_trampoline_x86.s:40:5: error: unrecognized instruction mnemonic
call _xt_forwarding_trampoline
^
<instantiation>:1:1: error: unrecognized instruction mnemonic
call _xt_forwarding_trampoline
^
/host/spi-builder-workspace/.build/checkouts/SwiftTrace/SwiftTraceGutsD/xt_forwarding_trampoline_x86.s:46:1: note: while in macro instantiation
.rept 507
^
<instantiation>:5:1: error: unrecognized instruction mnemonic
call _xt_forwarding_trampoline
^
/host/spi-builder-workspace/.build/checkouts/SwiftTrace/SwiftTraceGutsD/xt_forwarding_trampoline_x86.s:46:1: note: while in macro instantiation
.rept 507
^
<instantiation>:9:1: error: unrecognized instruction mnemonic
call _xt_forwarding_trampoline
^
/host/spi-builder-workspace/.build/checkouts/SwiftTrace/SwiftTraceGutsD/xt_forwarding_trampoline_x86.s:46:1: note: while in macro instantiation
.rept 507
^
<instantiation>:13:1: error: unrecognized instruction mnemonic
call _xt_forwarding_trampoline
^
/host/spi-builder-workspace/.build/checkouts/SwiftTrace/SwiftTraceGutsD/xt_forwarding_trampoline_x86.s:46:1: note: while in macro instantiation
.rept 507
^
<instantiation>:17:1: error: unrecognized instruction mnemonic
call _xt_forwarding_trampoline
^
/host/spi-builder-workspace/.build/checkouts/SwiftTrace/SwiftTraceGutsD/xt_forwarding_trampoline_x86.s:46:1: note: while in macro instantiation
.rept 507
^
<instantiation>:21:1: error: unrecognized instruction mnemonic
call _xt_forwarding_trampoline
^
/host/spi-builder-workspace/.build/checkouts/SwiftTrace/SwiftTraceGutsD/xt_forwarding_trampoline_x86.s:46:1: note: while in macro instantiation
.rept 507
^
<instantiation>:25:1: error: unrecognized instruction mnemonic
call _xt_forwarding_trampoline
^
/host/spi-builder-workspace/.build/checkouts/SwiftTrace/SwiftTraceGutsD/xt_forwarding_trampoline_x86.s:46:1: note: while in macro instantiation
.rept 507
^
<instantiation>:29:1: error: unrecognized instruction mnemonic
call _xt_forwarding_trampoline
^
/host/spi-builder-workspace/.build/checkouts/SwiftTrace/SwiftTraceGutsD/xt_forwarding_trampoline_x86.s:46:1: note: while in macro instantiation
.rept 507
^
<instantiation>:33:1: error: unrecognized instruction mnemonic
call _xt_forwarding_trampoline
^
/host/spi-builder-workspace/.build/checkouts/SwiftTrace/SwiftTraceGutsD/xt_forwarding_trampoline_x86.s:46:1: note: while in macro instantiation
.rept 507
^
<instantiation>:37:1: error: unrecognized instruction mnemonic
call _xt_forwarding_trampoline
^
/host/spi-builder-workspace/.build/checkouts/SwiftTrace/SwiftTraceGutsD/xt_forwarding_trampoline_x86.s:46:1: note: while in macro instantiation
.rept 507
^
<instantiation>:41:1: error: unrecognized instruction mnemonic
call _xt_forwarding_trampoline
^
/host/spi-builder-workspace/.build/checkouts/SwiftTrace/SwiftTraceGutsD/xt_forwarding_trampoline_x86.s:46:1: note: while in macro instantiation
.rept 507
^
<instantiation>:45:1: error: unrecognized instruction mnemonic
call _xt_forwarding_trampoline
^
/host/spi-builder-workspace/.build/checkouts/SwiftTrace/SwiftTraceGutsD/xt_forwarding_trampoline_x86.s:46:1: note: while in macro instantiation
.rept 507
^
<instantiation>:49:1: error: unrecognized instruction mnemonic
call _xt_forwarding_trampoline
^
/host/spi-builder-workspace/.build/checkouts/SwiftTrace/SwiftTraceGutsD/xt_forwarding_trampoline_x86.s:46:1: note: while in macro instantiation
.rept 507
^
<instantiation>:53:1: error: unrecognized instruction mnemonic
call _xt_forwarding_trampoline
^
/host/spi-builder-workspace/.build/checkouts/SwiftTrace/SwiftTraceGutsD/xt_forwarding_trampoline_x86.s:46:1: note: while in macro instantiation
.rept 507
^
<instantiation>:57:1: error: unrecognized instruction mnemonic
call _xt_forwarding_trampoline
^
/host/spi-builder-workspace/.build/checkouts/SwiftTrace/SwiftTraceGutsD/xt_forwarding_trampoline_x86.s:46:1: note: while in macro instantiation
.rept 507
^
<instantiation>:61:1: error: unrecognized instruction mnemonic
call _xt_forwarding_trampoline
^
/host/spi-builder-workspace/.build/checkouts/SwiftTrace/SwiftTraceGutsD/xt_forwarding_trampoline_x86.s:46:1: note: while in macro instantiation
.rept 507
^
<instantiation>:65:1: error: unrecognized instruction mnemonic
call _xt_forwarding_trampoline
^
/host/spi-builder-workspace/.build/checkouts/SwiftTrace/SwiftTraceGutsD/xt_forwarding_trampoline_x86.s:46:1: note: while in macro instantiation
.rept 507
^
<instantiation>:69:1: error: unrecognized instruction mnemonic
call _xt_forwarding_trampoline
^
/host/spi-builder-workspace/.build/checkouts/SwiftTrace/SwiftTraceGutsD/xt_forwarding_trampoline_x86.s:46:1: note: while in macro instantiation
.rept 507
^
<instantiation>:73:1: error: unrecognized instruction mnemonic
call _xt_forwarding_trampoline
^
/host/spi-builder-workspace/.build/checkouts/SwiftTrace/SwiftTraceGutsD/xt_forwarding_trampoline_x86.s:46:1: note: while in macro instantiation
.rept 507
^
<instantiation>:77:1: error: unrecognized instruction mnemonic
call _xt_forwarding_trampoline
^
/host/spi-builder-workspace/.build/checkouts/SwiftTrace/SwiftTraceGutsD/xt_forwarding_trampoline_x86.s:46:1: note: while in macro instantiation
.rept 507
^
<instantiation>:81:1: error: unrecognized instruction mnemonic
call _xt_forwarding_trampoline
^
/host/spi-builder-workspace/.build/checkouts/SwiftTrace/SwiftTraceGutsD/xt_forwarding_trampoline_x86.s:46:1: note: while in macro instantiation
.rept 507
^
<instantiation>:85:1: error: unrecognized instruction mnemonic
call _xt_forwarding_trampoline
^
/host/spi-builder-workspace/.build/checkouts/SwiftTrace/SwiftTraceGutsD/xt_forwarding_trampoline_x86.s:46:1: note: while in macro instantiation
.rept 507
^
<instantiation>:89:1: error: unrecognized instruction mnemonic
call _xt_forwarding_trampoline
^
/host/spi-builder-workspace/.build/checkouts/SwiftTrace/SwiftTraceGutsD/xt_forwarding_trampoline_x86.s:46:1: note: while in macro instantiation
.rept 507
^
<instantiation>:93:1: error: unrecognized instruction mnemonic
call _xt_forwarding_trampoline
^
/host/spi-builder-workspace/.build/checkouts/SwiftTrace/SwiftTraceGutsD/xt_forwarding_trampoline_x86.s:46:1: note: while in macro instantiation
.rept 507
^
<instantiation>:97:1: error: unrecognized instruction mnemonic
call _xt_forwarding_trampoline
^
/host/spi-builder-workspace/.build/checkouts/SwiftTrace/SwiftTraceGutsD/xt_forwarding_trampoline_x86.s:46:1: note: while in macro instantiation
.rept 507
^
<instantiation>:101:1: error: unrecognized instruction mnemonic
call _xt_forwarding_trampoline
^
/host/spi-builder-workspace/.build/checkouts/SwiftTrace/SwiftTraceGutsD/xt_forwarding_trampoline_x86.s:46:1: note: while in macro instantiation
.rept 507
^
<instantiation>:105:1: error: unrecognized instruction mnemonic
call _xt_forwarding_trampoline
^
/host/spi-builder-workspace/.build/checkouts/SwiftTrace/SwiftTraceGutsD/xt_forwarding_trampoline_x86.s:46:1: note: while in macro instantiation
.rept 507
^
[2/39] Compiling SwiftTraceGutsD xt_forwarding_trampoline_x86.s
In file included from /host/spi-builder-workspace/.build/checkouts/XprobePlugin/Sources/XprobeUI/XprobeConsole.m:11:
/host/spi-builder-workspace/.build/checkouts/XprobePlugin/Sources/XprobeUI/include/XprobePluginMenuController.h:11:9: fatal error: 'Cocoa/Cocoa.h' file not found
11 | #import <Cocoa/Cocoa.h>
| ^~~~~~~~~~~~~~~
[2/39] Compiling XprobeUI XprobeConsole.m
[2/39] Compiling SwiftTraceGutsD xt_forwarding_trampoline_arm7.s
[2/39] Write swift-version-24593BA9C3E375BF.txt
In file included from /host/spi-builder-workspace/Sources/injectiondGuts/SignerService.m:11:
/host/spi-builder-workspace/Sources/injectiondGuts/include/SignerService.h:9:9: fatal error: 'Foundation/Foundation.h' file not found
9 | #import <Foundation/Foundation.h>
| ^~~~~~~~~~~~~~~~~~~~~~~~~
1 error generated.
[2/39] Compiling injectiondGuts SignerService.m
BUILD FAILURE 6.1 android