The Swift Package Index logo.Swift Package Index

Build Information

Failed to build SafeDI, reference main (10b101), with Swift 6.3 for Wasm on 29 Oct 2026 18:45:58 UTC.

Build Command

bash -c docker run --pull=always --rm -v "checkouts-53886769-0":/host -w "$PWD" -e JAVA_HOME="/root/.sdkman/candidates/java/current" -e SPI_BUILD="1" -e SPI_PROCESSING="1" registry.gitlab.com/saguaro1/spi-images:wasm-6.3-latest swift build --swift-sdk swift-6.3.2-RELEASE_wasm 2>&1

Build Log

========================================
RunAll
========================================
Builder version: 5.1.4
Interrupt handler set up.
========================================
Checkout
========================================
Clone URL: https://github.com/dfed/SafeDI.git
Reference: main
Initialized empty Git repository in /host/spi-builder-workspace/.git/
hint: Using 'master' as the name for the initial branch. This default branch name
hint: is subject to change. To configure the initial branch name to use in all
hint: of your new repositories, which will suppress this warning, call:
hint:
hint: 	git config --global init.defaultBranch <name>
hint:
hint: Names commonly chosen instead of 'master' are 'main', 'trunk' and
hint: 'development'. The just-created branch can be renamed via this command:
hint:
hint: 	git branch -m <name>
From https://github.com/dfed/SafeDI
 * branch            main       -> FETCH_HEAD
 * [new branch]      main       -> origin/main
HEAD is now at 10b101a Move type names across wrapper names in the graph fuzzer's rename-invariance oracle (#476)
Cloned https://github.com/dfed/SafeDI.git
Revision (git rev-parse @):
10b101a40f39e8f4929221b3ccac6862d91a4303
SPI manifest file found: $PWD/.spi.yml
SUCCESS checkout https://github.com/dfed/SafeDI.git at main
========================================
Build
========================================
Selected platform:         wasm
Swift version:             6.3
Building package at path:  $PWD
https://github.com/dfed/SafeDI.git
Running build ...
bash -c docker run --pull=always --rm -v "checkouts-53886769-0":/host -w "$PWD" -e JAVA_HOME="/root/.sdkman/candidates/java/current" -e SPI_BUILD="1" -e SPI_PROCESSING="1" registry.gitlab.com/saguaro1/spi-images:wasm-6.3-latest swift build --swift-sdk swift-6.3.2-RELEASE_wasm 2>&1
wasm-6.3-latest: Pulling from saguaro1/spi-images
Digest: sha256:eea66feda95ad8894091082dbcb77ec1fc917891d37888fd1938b0b68455d992
Status: Image is up to date for registry.gitlab.com/saguaro1/spi-images:wasm-6.3-latest
Fetching https://github.com/swiftlang/swift-docc-plugin
Fetching https://github.com/apple/swift-argument-parser.git
Fetching https://github.com/swiftlang/swift-syntax.git
[1/2345] Fetching swift-docc-plugin
[2346/21658] Fetching swift-docc-plugin, swift-argument-parser
[21659/103007] Fetching swift-docc-plugin, swift-argument-parser, swift-syntax
Fetched https://github.com/swiftlang/swift-docc-plugin from cache (3.55s)
Fetched https://github.com/apple/swift-argument-parser.git from cache (3.55s)
Fetched https://github.com/swiftlang/swift-syntax.git from cache (3.57s)
Computing version for https://github.com/swiftlang/swift-syntax.git
Computed https://github.com/swiftlang/swift-syntax.git at 604.0.0 (4.56s)
Computing version for https://github.com/swiftlang/swift-docc-plugin
Computed https://github.com/swiftlang/swift-docc-plugin at 1.5.0 (0.17s)
Fetching https://github.com/swiftlang/swift-docc-symbolkit
[1/3850] Fetching swift-docc-symbolkit
Fetched https://github.com/swiftlang/swift-docc-symbolkit from cache (0.55s)
Computing version for https://github.com/swiftlang/swift-docc-symbolkit
Computed https://github.com/swiftlang/swift-docc-symbolkit at 1.0.0 (0.75s)
Computing version for https://github.com/apple/swift-argument-parser.git
Computed https://github.com/apple/swift-argument-parser.git at 1.8.2 (0.15s)
Creating working copy for https://github.com/swiftlang/swift-docc-symbolkit
Working copy of https://github.com/swiftlang/swift-docc-symbolkit resolved at 1.0.0
Creating working copy for https://github.com/apple/swift-argument-parser.git
Working copy of https://github.com/apple/swift-argument-parser.git resolved at 1.8.2
Creating working copy for https://github.com/swiftlang/swift-docc-plugin
Working copy of https://github.com/swiftlang/swift-docc-plugin resolved at 1.5.0
Creating working copy for https://github.com/swiftlang/swift-syntax.git
Working copy of https://github.com/swiftlang/swift-syntax.git resolved at 604.0.0
Downloading binary artifact https://github.com/dfed/SafeDI/releases/download/2.2.0-beta-1/SafeDITool.artifactbundle.zip
[16375/58447998] Downloading https://github.com/dfed/SafeDI/releases/download/2.2.0-beta-1/SafeDITool.artifactbundle.zip
Downloaded https://github.com/dfed/SafeDI/releases/download/2.2.0-beta-1/SafeDITool.artifactbundle.zip (2.85s)
warning: 'spi-builder-workspace': found 1 file(s) which are unhandled; explicitly declare them as resources or exclude from the target
    /host/spi-builder-workspace/Sources/SafeDI/BUILD.bazel
warning: 'spi-builder-workspace': found 1 file(s) which are unhandled; explicitly declare them as resources or exclude from the target
    /host/spi-builder-workspace/Sources/SafeDITool/BUILD.bazel
warning: 'spi-builder-workspace': found 2 file(s) which are unhandled; explicitly declare them as resources or exclude from the target
    /host/spi-builder-workspace/Sources/SafeDIMacros/BUILD.bazel
    /host/spi-builder-workspace/Sources/SafeDIMacros/SafeDICore/BUILD.bazel
warning: 'spi-builder-workspace': found 1 file(s) which are unhandled; explicitly declare them as resources or exclude from the target
    /host/spi-builder-workspace/Sources/SafeDICore/BUILD.bazel
[1/1] Compiling plugin InstallSafeDITool
[2/2] Compiling plugin MigrateSafeDIFromVersionOne
[3/3] Compiling plugin SafeDIGenerator
[4/4] Compiling plugin Swift-DocC Preview
[5/5] Compiling plugin Swift-DocC
[6/6] Compiling plugin GenerateManual
[7/7] Compiling plugin GenerateDoccReference
Building for debugging...
[7/94] Write sources
[50/94] Compiling _SwiftSyntaxCShims PlatformMutex.c
[52/94] Write swift-version-24593BA9C3E375BF.txt
[54/110] Emitting module SwiftSyntax603
[55/110] Emitting module SwiftSyntax602
[56/110] Emitting module SwiftSyntax510
[57/110] Emitting module SwiftSyntax604
[58/110] Compiling SwiftSyntax604 Empty.swift
[59/111] Emitting module SwiftSyntax509
[60/111] Compiling SwiftSyntax509 Empty.swift
[63/112] Compiling SwiftSyntax510 Empty.swift
[64/115] Emitting module SwiftSyntax600
[65/115] Compiling SwiftSyntax600 Empty.swift
[67/118] Emitting module SwiftSyntax603
[68/118] Compiling SwiftSyntax603 Empty.swift
[70/119] Emitting module SwiftSyntax602
[71/119] Compiling SwiftSyntax602 Empty.swift
[74/126] Emitting module SwiftSyntax601
[75/126] Compiling SwiftSyntax601 Empty.swift
[77/129] Emitting module SwiftSyntax600
[78/129] Compiling SwiftSyntax600 Empty.swift
[79/129] Compiling SwiftSyntax510 Empty.swift
[80/130] Emitting module SwiftSyntax510
[83/131] Compiling SwiftSyntax509 Empty.swift
[84/131] Emitting module SwiftSyntax509
[85/134] Wrapping AST for SwiftSyntax604 for debugging
[86/136] Wrapping AST for SwiftSyntax603 for debugging
[87/136] Wrapping AST for SwiftSyntax602 for debugging
[88/136] Wrapping AST for SwiftSyntax601 for debugging
[90/137] Emitting module SwiftSyntax604
[91/137] Compiling SwiftSyntax604 Empty.swift
[91/137] Wrapping AST for SwiftSyntax600 for debugging
[93/176] Wrapping AST for SwiftSyntax510 for debugging
[94/201] Wrapping AST for SwiftSyntax509 for debugging
[95/201] Wrapping AST for SwiftSyntax600 for debugging
[97/201] Compiling SwiftSyntax603 Empty.swift
[97/201] Wrapping AST for SwiftSyntax510 for debugging
[99/201] Emitting module SwiftSyntax601
[100/201] Compiling SwiftSyntax601 Empty.swift
[100/203] Wrapping AST for SwiftSyntax604 for debugging
[102/203] Wrapping AST for SwiftSyntax509 for debugging
[104/203] Wrapping AST for SwiftSyntax603 for debugging
[105/203] Wrapping AST for SwiftSyntax601 for debugging
[107/203] Compiling SwiftSyntax602 Empty.swift
[108/204] Wrapping AST for SwiftSyntax602 for debugging
[110/268] Compiling ArgumentParserToolInfo ToolInfo.swift
[111/268] Emitting module ArgumentParserToolInfo
[114/316] Compiling ArgumentParserToolInfo ToolInfo.swift
[115/317] Wrapping AST for ArgumentParserToolInfo for debugging
[117/364] Compiling ArgumentParser BashCompletionsGenerator.swift
[118/364] Compiling ArgumentParser CompletionsGenerator.swift
[119/364] Compiling ArgumentParser FishCompletionsGenerator.swift
[120/364] Compiling ArgumentParser ZshCompletionsGenerator.swift
[121/364] Compiling ArgumentParser Argument.swift
[122/364] Compiling ArgumentParser ArgumentDiscussion.swift
[123/364] Compiling ArgumentParser ArgumentHelp.swift
[124/364] Compiling ArgumentParser ArgumentVisibility.swift
[125/364] Compiling ArgumentParser CompletionKind.swift
[126/372] Emitting module ArgumentParser
[134/384] Compiling ArgumentParser SplitArguments.swift
[135/384] Compiling ArgumentParser DumpHelpGenerator.swift
[136/384] Compiling ArgumentParser HelpCommand.swift
[137/384] Compiling ArgumentParser HelpGenerator.swift
[138/384] Compiling ArgumentParser MessageInfo.swift
[139/384] Compiling ArgumentParser UsageGenerator.swift
[140/384] Compiling ArgumentParser CollectionExtensions.swift
[141/384] Compiling ArgumentParser Foundation.swift
[142/384] Compiling ArgumentParser ParentCommand.swift
[143/384] Compiling ArgumentParser Errors.swift
[144/384] Compiling ArgumentParser Flag.swift
[145/384] Compiling ArgumentParser NameSpecification.swift
[146/384] Compiling ArgumentParser Option.swift
[147/384] Compiling ArgumentParser OptionGroup.swift
[148/384] Compiling ArgumentParser Name.swift
[149/384] Compiling ArgumentParser Parsed.swift
[150/384] Compiling ArgumentParser ParsedValues.swift
[151/384] Compiling ArgumentParser ParserError.swift
[161/392] Compiling ArgumentParser Mutex.swift
[162/392] Compiling ArgumentParser Platform.swift
[163/392] Compiling ArgumentParser SequenceExtensions.swift
[164/392] Compiling ArgumentParser StringExtensions.swift
[165/392] Compiling ArgumentParser SwiftExtensions.swift
[166/392] Compiling ArgumentParser Tree.swift
[170/392] Compiling ArgumentParser ParsableCommand.swift
[171/392] Compiling ArgumentParser ArgumentDecoder.swift
[172/392] Compiling ArgumentParser ArgumentDefinition.swift
[173/392] Compiling ArgumentParser ArgumentSet.swift
[174/392] Compiling ArgumentParser CommandParser.swift
[175/392] Compiling ArgumentParser InputKey.swift
[185/392] Compiling ArgumentParser AsyncParsableCommand.swift
[186/392] Compiling ArgumentParser CommandConfiguration.swift
[187/392] Compiling ArgumentParser CommandGroup.swift
[188/392] Compiling ArgumentParser EnumerableFlag.swift
[189/392] Compiling ArgumentParser ExpressibleByArgument.swift
[190/392] Compiling ArgumentParser ParsableArguments.swift
[207/392] Compiling ArgumentParser AsyncCompletionsValidator.swift
[208/392] Compiling ArgumentParser CodingKeyValidator.swift
[209/392] Compiling ArgumentParser NonsenseFlagsValidator.swift
[210/392] Compiling ArgumentParser ParsableArgumentsValidation.swift
[211/392] Compiling ArgumentParser PositionalArgumentsValidator.swift
[212/392] Compiling ArgumentParser UniqueNamesValidator.swift
[220/392] Emitting module ArgumentParser
[271/392] Compiling ArgumentParser InputOrigin.swift
[287/394] Wrapping AST for ArgumentParser for debugging
[289/394] Emitting module SwiftSyntax
[307/394] Compiling SwiftSyntax Trivia+commentValue.swift
[308/394] Compiling SwiftSyntax Trivia.swift
[309/394] Compiling SwiftSyntax Utils.swift
[310/394] Compiling SwiftSyntax ChildNameForKeyPath.swift
[311/394] Compiling SwiftSyntax Keyword.swift
[312/394] Compiling SwiftSyntax RenamedChildrenCompatibility.swift
[313/394] Compiling SwiftSyntax RenamedNodesCompatibility.swift
[314/394] Compiling SwiftSyntax SyntaxAnyVisitor.swift
[315/394] Compiling SwiftSyntax SyntaxBaseNodes.swift
[316/394] Compiling SwiftSyntax SyntaxCollections.swift
[317/394] Compiling SwiftSyntax SyntaxEnum.swift
[354/394] Compiling SwiftSyntax SyntaxNodesC.swift
[355/394] Compiling SwiftSyntax SyntaxNodesD.swift
[356/394] Compiling SwiftSyntax SyntaxNodesEF.swift
[357/394] Compiling SwiftSyntax SyntaxNodesGHI.swift
[358/394] Compiling SwiftSyntax SyntaxNodesJKLMN.swift
[359/394] Compiling SwiftSyntax SyntaxNodesOP.swift
[360/394] Compiling SwiftSyntax SyntaxNodesQRS.swift
[361/394] Compiling SwiftSyntax SyntaxNodesTUVWXYZ.swift
[371/405] Wrapping AST for SwiftSyntax for debugging
[373/455] Compiling SwiftDiagnostics DiagnosticDecorator.swift
[374/456] Compiling SwiftBasicFormat SyntaxProtocol+Formatted.swift
[375/456] Compiling SwiftDiagnostics Message.swift
[376/456] Compiling SwiftBasicFormat Trivia+FormatExtensions.swift
[377/457] Compiling SwiftDiagnostics Note.swift
[378/486] Compiling SwiftBasicFormat Syntax+Extensions.swift
[378/502] Wrapping AST for SwiftSyntax for debugging
[380/515] Emitting module SwiftBasicFormat
[381/515] Compiling SwiftBasicFormat Syntax+Extensions.swift
[382/515] Emitting module SwiftDiagnostics
[383/515] Compiling SwiftDiagnostics Convenience.swift
[384/515] Compiling SwiftDiagnostics Diagnostic.swift
[385/515] Emitting module SwiftBasicFormat
[386/515] Compiling SwiftDiagnostics ANSIDiagnosticDecorator.swift
[387/515] Compiling SwiftDiagnostics BasicDiagnosticDecorator.swift
[388/515] Compiling SwiftBasicFormat SyntaxProtocol+Formatted.swift
[389/515] Compiling SwiftBasicFormat Trivia+FormatExtensions.swift
[390/515] Compiling SwiftDiagnostics FixIt.swift
[391/515] Compiling SwiftDiagnostics GroupedDiagnostics.swift
[392/515] Compiling SwiftBasicFormat InferIndentation.swift
[393/515] Compiling SwiftDiagnostics FixIt.swift
[394/516] Compiling SwiftDiagnostics DiagnosticsFormatter.swift
[396/517] Compiling SwiftDiagnostics Note.swift
[397/517] Compiling SwiftBasicFormat InferIndentation.swift
[398/517] Compiling SwiftDiagnostics DiagnosticDecorator.swift
[399/517] Compiling SwiftDiagnostics DiagnosticsFormatter.swift
[400/517] Compiling SwiftBasicFormat Indenter.swift
[405/517] Emitting module SwiftDiagnostics
[405/517] Wrapping AST for SwiftDiagnostics for debugging
[407/517] Compiling SwiftDiagnostics GroupedDiagnostics.swift
[408/517] Compiling SwiftDiagnostics Message.swift
[410/518] Compiling SwiftBasicFormat Indenter.swift
[411/518] Compiling SwiftBasicFormat BasicFormat.swift
[412/519] Wrapping AST for SwiftDiagnostics for debugging
[414/519] Compiling SwiftBasicFormat BasicFormat.swift
[414/519] Wrapping AST for SwiftBasicFormat for debugging
[417/520] Compiling SwiftParser LoopProgressCondition.swift
[418/520] Compiling SwiftParser Modifiers.swift
[419/520] Compiling SwiftParser Names.swift
[420/520] Compiling SwiftParser Nominals.swift
[421/520] Compiling SwiftParser Parameters.swift
[422/520] Compiling SwiftParser ParseSourceFile.swift
[422/525] Wrapping AST for SwiftBasicFormat for debugging
[424/525] Compiling SwiftParser StringLiterals.swift
[425/525] Compiling SwiftParser SwiftParserCompatibility.swift
[426/525] Compiling SwiftParser SwiftVersion.swift
[427/525] Compiling SwiftParser SyntaxUtils.swift
[428/525] Compiling SwiftParser TokenConsumer.swift
[429/525] Compiling SwiftParser TokenPrecedence.swift
[430/525] Emitting module SwiftParser
[431/530] Compiling SwiftParser Lookahead.swift
[437/530] Compiling SwiftParser Lexeme.swift
[438/530] Compiling SwiftParser LexemeSequence.swift
[439/530] Compiling SwiftParser Lexer.swift
[440/530] Compiling SwiftParser RegexLiteralLexer.swift
[441/530] Compiling SwiftParser UnicodeScalarExtensions.swift
[452/530] Compiling SwiftParser CompilerFiles.swift
[453/530] Compiling SwiftParser Declarations.swift
[454/530] Emitting module SwiftParser
[455/530] Compiling SwiftParser TokenSpec.swift
[456/530] Compiling SwiftParser TokenSpecSet.swift
[457/530] Compiling SwiftParser TopLevel.swift
[458/530] Compiling SwiftParser TriviaParser.swift
[459/530] Compiling SwiftParser Types.swift
[466/530] Compiling SwiftParser Parser.swift
[467/530] Compiling SwiftParser Patterns.swift
[468/530] Compiling SwiftParser Recovery.swift
[469/530] Compiling SwiftParser Specifiers.swift
[470/530] Compiling SwiftParser Statements.swift
[471/530] Compiling SwiftParser StringLiteralRepresentedLiteralValue.swift
[484/530] Compiling SwiftParser Directives.swift
[485/530] Compiling SwiftParser ExpressionInterpretedAsVersionTuple.swift
[486/530] Compiling SwiftParser Expressions.swift
[487/530] Compiling SwiftParser IncrementalParseTransition.swift
[488/530] Compiling SwiftParser IsValidIdentifier.swift
[489/530] Compiling SwiftParser Cursor.swift
[502/530] Compiling SwiftParser ExperimentalFeatures.swift
[503/530] Compiling SwiftParser IsLexerClassified.swift
[504/530] Compiling SwiftParser LayoutNodes+Parsable.swift
[505/530] Compiling SwiftParser Parser+TokenSpecSet.swift
[506/530] Compiling SwiftParser TokenSpecStaticMembers.swift
[507/531] Wrapping AST for SwiftParser for debugging
[514/545] Compiling SwiftParserDiagnostics SyntaxKindNameForDiagnostics.swift
[516/546] Compiling SwiftParserDiagnostics TokenNameForDiagnostics.swift
[517/546] Compiling SwiftParserDiagnostics SyntaxExtensions.swift
[518/546] Compiling SwiftParserDiagnostics Utils.swift
[518/555] Wrapping AST for SwiftParser for debugging
[520/569] Compiling SwiftParserDiagnostics SyntaxKindNameForDiagnostics.swift
[521/570] Compiling SwiftOperators PrecedenceGroup.swift
[522/571] Compiling SwiftOperators PrecedenceGraph.swift
[523/571] Compiling SwiftParserDiagnostics DiagnosticExtensions.swift
[524/571] Compiling SwiftParserDiagnostics LexerDiagnosticMessages.swift
[525/571] Compiling SwiftParserDiagnostics TokenNameForDiagnostics.swift
[526/571] Emitting module SwiftOperators
[527/571] Compiling SwiftOperators OperatorTable.swift
[528/571] Compiling SwiftOperators OperatorTable+Semantics.swift
[529/571] Compiling SwiftParserDiagnostics ChildNameForDiagnostics.swift
[530/571] Compiling SwiftOperators SyntaxSynthesis.swift
[531/571] Compiling SwiftOperators OperatorTable+Folding.swift
[532/571] Compiling SwiftParserDiagnostics MissingNodesError.swift
[533/571] Compiling SwiftParserDiagnostics MissingTokenError.swift
[534/572] Wrapping AST for SwiftOperators for debugging
[536/572] Emitting module SwiftParserDiagnostics
[539/572] Compiling SwiftParserDiagnostics ChildNameForDiagnostics.swift
[540/572] Compiling SwiftParserDiagnostics SyntaxExtensions.swift
[541/572] Compiling SwiftParserDiagnostics Utils.swift
[542/572] Compiling SwiftParserDiagnostics MultiLineStringLiteralDiagnosticsGenerator.swift
[543/572] Compiling SwiftParserDiagnostics ParseDiagnosticsGenerator.swift
[544/572] Compiling SwiftParserDiagnostics ParserDiagnosticMessages.swift
[545/572] Compiling SwiftParserDiagnostics PresenceUtils.swift
[548/572] Emitting module SwiftParserDiagnostics
[553/573] Wrapping AST for SwiftParserDiagnostics for debugging
[555/588] Compiling SwiftSyntaxBuilder ResultBuilderExtensions.swift
[556/588] Compiling SwiftSyntaxBuilder SwiftSyntaxBuilderCompatibility.swift
[557/588] Compiling SwiftSyntaxBuilder ConvenienceInitializers.swift
[558/588] Compiling SwiftSyntaxBuilder DeclSyntaxParseable.swift
[559/590] Wrapping AST for SwiftParserDiagnostics for debugging
[561/604] Compiling SwiftSyntaxBuilder Indenter.swift
[562/604] Compiling SwiftSyntaxBuilder ListBuilder.swift
[563/605] Compiling SwiftSyntaxBuilder ConvenienceInitializers.swift
[564/605] Compiling SwiftSyntaxBuilder DeclSyntaxParseable.swift
[565/605] Compiling SwiftSyntaxBuilder WithTrailingCommaSyntax+EnsuringTrailingComma.swift
[566/605] Compiling SwiftSyntaxBuilder BuildableNodes.swift
[567/605] Compiling SwiftSyntaxBuilder RenamedChildrenBuilderCompatibility.swift
[568/605] Compiling SwiftSyntaxBuilder ResultBuilders.swift
[569/606] Compiling SwiftSyntaxBuilder Syntax+StringInterpolation.swift
[570/606] Compiling SwiftSyntaxBuilder SyntaxNodeWithBody.swift
[571/606] Compiling SwiftSyntaxBuilder SyntaxParsable+ExpressibleByStringInterpolation.swift
[572/606] Compiling SwiftSyntaxBuilder ValidatingSyntaxNodes.swift
[575/606] Compiling SwiftSyntaxBuilder ResultBuilderExtensions.swift
[576/606] Compiling SwiftSyntaxBuilder SwiftSyntaxBuilderCompatibility.swift
[577/606] Emitting module SwiftSyntaxBuilder
[585/606] Compiling SwiftSyntaxBuilder SyntaxExpressibleByStringInterpolationConformances.swift
[587/607] Wrapping AST for SwiftSyntaxBuilder for debugging
[589/643] Compiling SafeDICore UnorderedEquatingCollection.swift
[590/643] Compiling SafeDICore DeferredRelease.swift
[591/643] Compiling SafeDICore FilePathSpelling.swift
[592/643] Compiling SafeDICore OutputFileNaming.swift
[593/643] Compiling SafeDICore ImportStatement.swift
[594/643] Compiling SafeDICore Initializer.swift
[595/644] Wrapping AST for SwiftSyntaxBuilder for debugging
[597/695] Compiling SafeDICore DeclModifierListSyntaxExtensions.swift
[598/695] Compiling SafeDICore DiagnosticExtensions.swift
[599/696] Compiling SafeDICore AliasDeclarationReferences.swift
[600/696] Compiling SafeDICore ConcreteDeclSyntaxProtocol.swift
[601/696] Compiling SafeDICore SafeDIToolManifest.swift
[602/696] Compiling SafeDICore Scope.swift
[603/696] Compiling SafeDICore SourceDiagnostic.swift
[604/696] Compiling SafeDICore TypeDescription.swift
[605/696] Compiling SafeDICore TypeRequirements.swift
[606/700] Compiling SwiftIfConfig VersionTuple.swift
[607/700] Compiling SafeDICore AttributeSyntaxExtensions.swift
[608/700] Compiling SafeDICore CollectionExtensions.swift
[609/700] Compiling SafeDICore AttributeListSyntaxExtensions.swift
[610/700] Compiling SafeDICore PatternBindingSyntaxExtensions.swift
[611/700] Compiling SafeDICore FixableInstantiableError.swift
[612/700] Compiling SafeDICore AttributeListSyntaxElementExtensions.swift
[613/700] Emitting module SwiftIfConfig
/host/spi-builder-workspace/Sources/SafeDICore/Utilities/DeferredRelease.swift:69:41: error: cannot find type 'pthread_key_t' in scope
67 |
68 | 	/// The key under which each thread keeps its `PendingReleases` while it releases.
69 | 	private static let pendingReleasesKey: pthread_key_t = {
   |                                         `- error: cannot find type 'pthread_key_t' in scope
70 | 		var key = pthread_key_t()
71 | 		pthread_key_create(&key, nil)
/host/spi-builder-workspace/Sources/SafeDICore/Utilities/DeferredRelease.swift:70:13: error: cannot find 'pthread_key_t' in scope
68 | 	/// The key under which each thread keeps its `PendingReleases` while it releases.
69 | 	private static let pendingReleasesKey: pthread_key_t = {
70 | 		var key = pthread_key_t()
   |             `- error: cannot find 'pthread_key_t' in scope
71 | 		pthread_key_create(&key, nil)
72 | 		return key
/host/spi-builder-workspace/Sources/SafeDICore/Utilities/DeferredRelease.swift:71:3: error: cannot find 'pthread_key_create' in scope
69 | 	private static let pendingReleasesKey: pthread_key_t = {
70 | 		var key = pthread_key_t()
71 | 		pthread_key_create(&key, nil)
   |   `- error: cannot find 'pthread_key_create' in scope
72 | 		return key
73 | 	}()
/host/spi-builder-workspace/Sources/SafeDICore/Utilities/DeferredRelease.swift:49:4: error: cannot find 'pthread_setspecific' in scope
47 | 			let pendingReleases = PendingReleases()
48 | 			pendingReleases.values.append(consume ownedValues)
49 | 			pthread_setspecific(pendingReleasesKey, Unmanaged.passUnretained(pendingReleases).toOpaque())
   |    `- error: cannot find 'pthread_setspecific' in scope
50 | 			// Each value released here can hand values over, which this loop releases in turn.
51 | 			while pendingReleases.values.popLast() != nil {}
/host/spi-builder-workspace/Sources/SafeDICore/Utilities/DeferredRelease.swift:52:4: error: cannot find 'pthread_setspecific' in scope
50 | 			// Each value released here can hand values over, which this loop releases in turn.
51 | 			while pendingReleases.values.popLast() != nil {}
52 | 			pthread_setspecific(pendingReleasesKey, nil)
   |    `- error: cannot find 'pthread_setspecific' in scope
53 | 		}
54 | 	}
/host/spi-builder-workspace/Sources/SafeDICore/Utilities/DeferredRelease.swift:52:44: error: 'nil' requires a contextual type
50 | 			// Each value released here can hand values over, which this loop releases in turn.
51 | 			while pendingReleases.values.popLast() != nil {}
52 | 			pthread_setspecific(pendingReleasesKey, nil)
   |                                            `- error: 'nil' requires a contextual type
53 | 		}
54 | 	}
/host/spi-builder-workspace/Sources/SafeDICore/Utilities/DeferredRelease.swift:63:3: error: cannot find 'pthread_getspecific' in scope
61 | 	/// The values the current thread is releasing, or `nil` when it is not releasing any.
62 | 	private static var pendingReleasesOfCurrentThread: PendingReleases? {
63 | 		pthread_getspecific(pendingReleasesKey).map {
   |   `- error: cannot find 'pthread_getspecific' in scope
64 | 			Unmanaged<PendingReleases>.fromOpaque($0).takeUnretainedValue()
65 | 		}
/host/spi-builder-workspace/Sources/SafeDICore/Utilities/DeferredRelease.swift:69:41: error: cannot find type 'pthread_key_t' in scope
67 |
68 | 	/// The key under which each thread keeps its `PendingReleases` while it releases.
69 | 	private static let pendingReleasesKey: pthread_key_t = {
   |                                         `- error: cannot find type 'pthread_key_t' in scope
70 | 		var key = pthread_key_t()
71 | 		pthread_key_create(&key, nil)
/host/spi-builder-workspace/Sources/SafeDICore/Utilities/DeferredRelease.swift:70:13: error: cannot find 'pthread_key_t' in scope
68 | 	/// The key under which each thread keeps its `PendingReleases` while it releases.
69 | 	private static let pendingReleasesKey: pthread_key_t = {
70 | 		var key = pthread_key_t()
   |             `- error: cannot find 'pthread_key_t' in scope
71 | 		pthread_key_create(&key, nil)
72 | 		return key
/host/spi-builder-workspace/Sources/SafeDICore/Utilities/DeferredRelease.swift:71:3: error: cannot find 'pthread_key_create' in scope
69 | 	private static let pendingReleasesKey: pthread_key_t = {
70 | 		var key = pthread_key_t()
71 | 		pthread_key_create(&key, nil)
   |   `- error: cannot find 'pthread_key_create' in scope
72 | 		return key
73 | 	}()
/host/spi-builder-workspace/Sources/SafeDICore/Utilities/DeferredRelease.swift:49:4: error: cannot find 'pthread_setspecific' in scope
47 | 			let pendingReleases = PendingReleases()
48 | 			pendingReleases.values.append(consume ownedValues)
49 | 			pthread_setspecific(pendingReleasesKey, Unmanaged.passUnretained(pendingReleases).toOpaque())
   |    `- error: cannot find 'pthread_setspecific' in scope
50 | 			// Each value released here can hand values over, which this loop releases in turn.
51 | 			while pendingReleases.values.popLast() != nil {}
/host/spi-builder-workspace/Sources/SafeDICore/Utilities/DeferredRelease.swift:52:4: error: cannot find 'pthread_setspecific' in scope
50 | 			// Each value released here can hand values over, which this loop releases in turn.
51 | 			while pendingReleases.values.popLast() != nil {}
52 | 			pthread_setspecific(pendingReleasesKey, nil)
   |    `- error: cannot find 'pthread_setspecific' in scope
53 | 		}
54 | 	}
/host/spi-builder-workspace/Sources/SafeDICore/Utilities/DeferredRelease.swift:52:44: error: 'nil' requires a contextual type
50 | 			// Each value released here can hand values over, which this loop releases in turn.
51 | 			while pendingReleases.values.popLast() != nil {}
52 | 			pthread_setspecific(pendingReleasesKey, nil)
   |                                            `- error: 'nil' requires a contextual type
53 | 		}
54 | 	}
/host/spi-builder-workspace/Sources/SafeDICore/Utilities/DeferredRelease.swift:63:3: error: cannot find 'pthread_getspecific' in scope
61 | 	/// The values the current thread is releasing, or `nil` when it is not releasing any.
62 | 	private static var pendingReleasesOfCurrentThread: PendingReleases? {
63 | 		pthread_getspecific(pendingReleasesKey).map {
   |   `- error: cannot find 'pthread_getspecific' in scope
64 | 			Unmanaged<PendingReleases>.fromOpaque($0).takeUnretainedValue()
65 | 		}
/host/spi-builder-workspace/Sources/SafeDICore/Utilities/DeferredRelease.swift:69:41: error: cannot find type 'pthread_key_t' in scope
67 |
68 | 	/// The key under which each thread keeps its `PendingReleases` while it releases.
69 | 	private static let pendingReleasesKey: pthread_key_t = {
   |                                         `- error: cannot find type 'pthread_key_t' in scope
70 | 		var key = pthread_key_t()
71 | 		pthread_key_create(&key, nil)
/host/spi-builder-workspace/Sources/SafeDICore/Utilities/DeferredRelease.swift:70:13: error: cannot find 'pthread_key_t' in scope
68 | 	/// The key under which each thread keeps its `PendingReleases` while it releases.
69 | 	private static let pendingReleasesKey: pthread_key_t = {
70 | 		var key = pthread_key_t()
   |             `- error: cannot find 'pthread_key_t' in scope
71 | 		pthread_key_create(&key, nil)
72 | 		return key
/host/spi-builder-workspace/Sources/SafeDICore/Utilities/DeferredRelease.swift:71:3: error: cannot find 'pthread_key_create' in scope
69 | 	private static let pendingReleasesKey: pthread_key_t = {
70 | 		var key = pthread_key_t()
71 | 		pthread_key_create(&key, nil)
   |   `- error: cannot find 'pthread_key_create' in scope
72 | 		return key
73 | 	}()
/host/spi-builder-workspace/Sources/SafeDICore/Utilities/DeferredRelease.swift:49:4: error: cannot find 'pthread_setspecific' in scope
47 | 			let pendingReleases = PendingReleases()
48 | 			pendingReleases.values.append(consume ownedValues)
49 | 			pthread_setspecific(pendingReleasesKey, Unmanaged.passUnretained(pendingReleases).toOpaque())
   |    `- error: cannot find 'pthread_setspecific' in scope
50 | 			// Each value released here can hand values over, which this loop releases in turn.
51 | 			while pendingReleases.values.popLast() != nil {}
/host/spi-builder-workspace/Sources/SafeDICore/Utilities/DeferredRelease.swift:52:4: error: cannot find 'pthread_setspecific' in scope
50 | 			// Each value released here can hand values over, which this loop releases in turn.
51 | 			while pendingReleases.values.popLast() != nil {}
52 | 			pthread_setspecific(pendingReleasesKey, nil)
   |    `- error: cannot find 'pthread_setspecific' in scope
53 | 		}
54 | 	}
/host/spi-builder-workspace/Sources/SafeDICore/Utilities/DeferredRelease.swift:52:44: error: 'nil' requires a contextual type
50 | 			// Each value released here can hand values over, which this loop releases in turn.
51 | 			while pendingReleases.values.popLast() != nil {}
52 | 			pthread_setspecific(pendingReleasesKey, nil)
   |                                            `- error: 'nil' requires a contextual type
53 | 		}
54 | 	}
/host/spi-builder-workspace/Sources/SafeDICore/Utilities/DeferredRelease.swift:63:3: error: cannot find 'pthread_getspecific' in scope
61 | 	/// The values the current thread is releasing, or `nil` when it is not releasing any.
62 | 	private static var pendingReleasesOfCurrentThread: PendingReleases? {
63 | 		pthread_getspecific(pendingReleasesKey).map {
   |   `- error: cannot find 'pthread_getspecific' in scope
64 | 			Unmanaged<PendingReleases>.fromOpaque($0).takeUnretainedValue()
65 | 		}
/host/spi-builder-workspace/Sources/SafeDICore/Utilities/DeferredRelease.swift:69:41: error: cannot find type 'pthread_key_t' in scope
67 |
68 | 	/// The key under which each thread keeps its `PendingReleases` while it releases.
69 | 	private static let pendingReleasesKey: pthread_key_t = {
   |                                         `- error: cannot find type 'pthread_key_t' in scope
70 | 		var key = pthread_key_t()
71 | 		pthread_key_create(&key, nil)
/host/spi-builder-workspace/Sources/SafeDICore/Utilities/DeferredRelease.swift:70:13: error: cannot find 'pthread_key_t' in scope
68 | 	/// The key under which each thread keeps its `PendingReleases` while it releases.
69 | 	private static let pendingReleasesKey: pthread_key_t = {
70 | 		var key = pthread_key_t()
   |             `- error: cannot find 'pthread_key_t' in scope
71 | 		pthread_key_create(&key, nil)
72 | 		return key
/host/spi-builder-workspace/Sources/SafeDICore/Utilities/DeferredRelease.swift:71:3: error: cannot find 'pthread_key_create' in scope
69 | 	private static let pendingReleasesKey: pthread_key_t = {
70 | 		var key = pthread_key_t()
71 | 		pthread_key_create(&key, nil)
   |   `- error: cannot find 'pthread_key_create' in scope
72 | 		return key
73 | 	}()
/host/spi-builder-workspace/Sources/SafeDICore/Utilities/DeferredRelease.swift:49:4: error: cannot find 'pthread_setspecific' in scope
47 | 			let pendingReleases = PendingReleases()
48 | 			pendingReleases.values.append(consume ownedValues)
49 | 			pthread_setspecific(pendingReleasesKey, Unmanaged.passUnretained(pendingReleases).toOpaque())
   |    `- error: cannot find 'pthread_setspecific' in scope
50 | 			// Each value released here can hand values over, which this loop releases in turn.
51 | 			while pendingReleases.values.popLast() != nil {}
/host/spi-builder-workspace/Sources/SafeDICore/Utilities/DeferredRelease.swift:52:4: error: cannot find 'pthread_setspecific' in scope
50 | 			// Each value released here can hand values over, which this loop releases in turn.
51 | 			while pendingReleases.values.popLast() != nil {}
52 | 			pthread_setspecific(pendingReleasesKey, nil)
   |    `- error: cannot find 'pthread_setspecific' in scope
53 | 		}
54 | 	}
/host/spi-builder-workspace/Sources/SafeDICore/Utilities/DeferredRelease.swift:52:44: error: 'nil' requires a contextual type
50 | 			// Each value released here can hand values over, which this loop releases in turn.
51 | 			while pendingReleases.values.popLast() != nil {}
52 | 			pthread_setspecific(pendingReleasesKey, nil)
   |                                            `- error: 'nil' requires a contextual type
53 | 		}
54 | 	}
/host/spi-builder-workspace/Sources/SafeDICore/Utilities/DeferredRelease.swift:63:3: error: cannot find 'pthread_getspecific' in scope
61 | 	/// The values the current thread is releasing, or `nil` when it is not releasing any.
62 | 	private static var pendingReleasesOfCurrentThread: PendingReleases? {
63 | 		pthread_getspecific(pendingReleasesKey).map {
   |   `- error: cannot find 'pthread_getspecific' in scope
64 | 			Unmanaged<PendingReleases>.fromOpaque($0).takeUnretainedValue()
65 | 		}
[618/700] Compiling SafeDICore ImportDeclSyntaxExtensions.swift
/host/spi-builder-workspace/Sources/SafeDICore/Utilities/DeferredRelease.swift:69:41: error: cannot find type 'pthread_key_t' in scope
67 |
68 | 	/// The key under which each thread keeps its `PendingReleases` while it releases.
69 | 	private static let pendingReleasesKey: pthread_key_t = {
   |                                         `- error: cannot find type 'pthread_key_t' in scope
70 | 		var key = pthread_key_t()
71 | 		pthread_key_create(&key, nil)
/host/spi-builder-workspace/Sources/SafeDICore/Utilities/DeferredRelease.swift:70:13: error: cannot find 'pthread_key_t' in scope
68 | 	/// The key under which each thread keeps its `PendingReleases` while it releases.
69 | 	private static let pendingReleasesKey: pthread_key_t = {
70 | 		var key = pthread_key_t()
   |             `- error: cannot find 'pthread_key_t' in scope
71 | 		pthread_key_create(&key, nil)
72 | 		return key
/host/spi-builder-workspace/Sources/SafeDICore/Utilities/DeferredRelease.swift:71:3: error: cannot find 'pthread_key_create' in scope
69 | 	private static let pendingReleasesKey: pthread_key_t = {
70 | 		var key = pthread_key_t()
71 | 		pthread_key_create(&key, nil)
   |   `- error: cannot find 'pthread_key_create' in scope
72 | 		return key
73 | 	}()
/host/spi-builder-workspace/Sources/SafeDICore/Utilities/DeferredRelease.swift:49:4: error: cannot find 'pthread_setspecific' in scope
47 | 			let pendingReleases = PendingReleases()
48 | 			pendingReleases.values.append(consume ownedValues)
49 | 			pthread_setspecific(pendingReleasesKey, Unmanaged.passUnretained(pendingReleases).toOpaque())
   |    `- error: cannot find 'pthread_setspecific' in scope
50 | 			// Each value released here can hand values over, which this loop releases in turn.
51 | 			while pendingReleases.values.popLast() != nil {}
/host/spi-builder-workspace/Sources/SafeDICore/Utilities/DeferredRelease.swift:52:4: error: cannot find 'pthread_setspecific' in scope
50 | 			// Each value released here can hand values over, which this loop releases in turn.
51 | 			while pendingReleases.values.popLast() != nil {}
52 | 			pthread_setspecific(pendingReleasesKey, nil)
   |    `- error: cannot find 'pthread_setspecific' in scope
53 | 		}
54 | 	}
/host/spi-builder-workspace/Sources/SafeDICore/Utilities/DeferredRelease.swift:52:44: error: 'nil' requires a contextual type
50 | 			// Each value released here can hand values over, which this loop releases in turn.
51 | 			while pendingReleases.values.popLast() != nil {}
52 | 			pthread_setspecific(pendingReleasesKey, nil)
   |                                            `- error: 'nil' requires a contextual type
53 | 		}
54 | 	}
/host/spi-builder-workspace/Sources/SafeDICore/Utilities/DeferredRelease.swift:63:3: error: cannot find 'pthread_getspecific' in scope
61 | 	/// The values the current thread is releasing, or `nil` when it is not releasing any.
62 | 	private static var pendingReleasesOfCurrentThread: PendingReleases? {
63 | 		pthread_getspecific(pendingReleasesKey).map {
   |   `- error: cannot find 'pthread_getspecific' in scope
64 | 			Unmanaged<PendingReleases>.fromOpaque($0).takeUnretainedValue()
65 | 		}
[619/700] Compiling SafeDICore DependencyTreeGenerator.swift
[620/700] Compiling SafeDICore ScopeGenerator.swift
[621/700] Compiling SafeDICore DiagnosticError.swift
[622/700] Compiling SafeDICore FixableInjectableError.swift
error: emit-module command failed with exit code 1 (use -v to see invocation)
[626/700] Emitting module SafeDICore
/host/spi-builder-workspace/Sources/SafeDICore/Utilities/DeferredRelease.swift:69:41: error: cannot find type 'pthread_key_t' in scope
67 |
68 | 	/// The key under which each thread keeps its `PendingReleases` while it releases.
69 | 	private static let pendingReleasesKey: pthread_key_t = {
   |                                         `- error: cannot find type 'pthread_key_t' in scope
70 | 		var key = pthread_key_t()
71 | 		pthread_key_create(&key, nil)
/host/spi-builder-workspace/Sources/SafeDICore/Utilities/DeferredRelease.swift:70:13: error: cannot find 'pthread_key_t' in scope
68 | 	/// The key under which each thread keeps its `PendingReleases` while it releases.
69 | 	private static let pendingReleasesKey: pthread_key_t = {
70 | 		var key = pthread_key_t()
   |             `- error: cannot find 'pthread_key_t' in scope
71 | 		pthread_key_create(&key, nil)
72 | 		return key
/host/spi-builder-workspace/Sources/SafeDICore/Utilities/DeferredRelease.swift:71:3: error: cannot find 'pthread_key_create' in scope
69 | 	private static let pendingReleasesKey: pthread_key_t = {
70 | 		var key = pthread_key_t()
71 | 		pthread_key_create(&key, nil)
   |   `- error: cannot find 'pthread_key_create' in scope
72 | 		return key
73 | 	}()
[629/701] Wrapping AST for SwiftIfConfig for debugging
[631/718] Compiling SwiftSyntaxMacros FreestandingMacro.swift
[632/718] Compiling SwiftSyntaxMacros Macro+Format.swift
[633/720] Compiling SwiftSyntaxMacros ExpressionMacro.swift
[634/720] Compiling SwiftSyntaxMacros ExtensionMacro.swift
[635/720] Compiling SwiftSyntaxMacros Macro.swift
[636/720] Compiling SwiftSyntaxMacros MemberAttributeMacro.swift
[637/720] Compiling SwiftSyntaxMacros AccessorMacro.swift
[638/720] Compiling SwiftSyntaxMacros AttachedMacro.swift
[639/720] Compiling SwiftSyntaxMacros BodyMacro.swift
[640/720] Compiling SwiftSyntaxMacros MemberMacro.swift
[641/720] Compiling SwiftSyntaxMacros PeerMacro.swift
[642/720] Compiling SwiftSyntaxMacros CodeItemMacro.swift
[643/720] Compiling SwiftSyntaxMacros DeclarationMacro.swift
[644/720] Compiling SafeDICore UnorderedEquatingCollection.swift
[645/720] Compiling SafeDICore DeferredRelease.swift
[646/720] Compiling SafeDICore FilePathSpelling.swift
[647/720] Compiling SafeDICore OutputFileNaming.swift
[648/720] Compiling SafeDICore ConditionalCompilationEvaluator.swift
[649/720] Compiling SwiftSyntaxMacros PreambleMacro.swift
[650/720] Compiling SwiftSyntaxMacros Syntax+LexicalContext.swift
[651/720] Compiling SwiftSyntaxMacros AbstractSourceLocation.swift
[652/720] Compiling SwiftSyntaxMacros MacroExpansionContext.swift
[653/720] Compiling SwiftSyntaxMacros MacroExpansionDiagnosticMessages.swift
[654/720] Emitting module SwiftSyntaxMacros
[660/721] Wrapping AST for SwiftSyntaxMacros for debugging
[662/730] Compiling SwiftSyntaxMacroExpansion MacroExpansionDiagnosticMessages.swift
[668/735] Compiling SwiftSyntaxMacroExpansion MacroSpec.swift
[669/735] Compiling SwiftSyntaxMacroExpansion IndentationUtils.swift
[670/735] Compiling SwiftSyntaxMacroExpansion BasicMacroExpansionContext.swift
[671/735] Compiling SwiftSyntaxMacroExpansion FunctionParameterUtils.swift
[675/735] Compiling SafeDICore ImportStatement.swift
[676/735] Compiling SafeDICore Initializer.swift
[677/735] Compiling SwiftSyntaxMacroExpansion MacroExpansion.swift
[678/735] Emitting module SafeDICore
[679/735] Emitting module SwiftSyntaxMacroExpansion
[680/735] Compiling SafeDICore FileVisitor.swift
[681/735] Compiling SafeDICore InstantiableVisitor.swift
[682/735] Compiling SafeDICore SafeDIConfigurationVisitor.swift
[683/735] Compiling SafeDICore SafeDIContentDetector.swift
[684/735] Compiling SwiftSyntaxMacroExpansion MacroArgument.swift
[685/735] Compiling SwiftSyntaxMacroExpansion MacroReplacement.swift
[691/735] Compiling SwiftSyntaxMacroExpansion MacroSystem.swift
[692/736] Wrapping AST for SwiftSyntaxMacroExpansion for debugging
[699/748] Compiling SafeDICore InstantiableStruct.swift
[700/748] Compiling SafeDICore OutputFileDeclarations.swift
[701/748] Compiling SafeDICore Property.swift
[702/748] Compiling SafeDICore ReservedName.swift
[703/748] Compiling SafeDICore SafeDIConfiguration.swift
[708/748] Compiling SwiftCompilerPluginMessageHandling PluginMacroExpansionContext.swift
[709/749] Compiling SwiftCompilerPluginMessageHandling StandardIOMessageConnection.swift
[710/749] Compiling SwiftCompilerPluginMessageHandling LRUCache.swift
[711/749] Compiling SwiftCompilerPluginMessageHandling Macros.swift
[712/749] Compiling SwiftCompilerPluginMessageHandling PluginMessages.swift
[713/749] Compiling SwiftCompilerPluginMessageHandling PluginMessageCompatibility.swift
[714/749] Compiling SwiftCompilerPluginMessageHandling CodingUtilities.swift
[715/749] Compiling SwiftCompilerPluginMessageHandling JSON.swift
[716/749] Emitting module SwiftCompilerPluginMessageHandling
[717/749] Compiling SwiftCompilerPluginMessageHandling JSONDecoding.swift
[718/749] Compiling SwiftCompilerPluginMessageHandling JSONEncoding.swift
[719/749] Compiling SwiftCompilerPluginMessageHandling CompilerPluginMessageHandler.swift
[720/749] Compiling SwiftCompilerPluginMessageHandling Diagnostics.swift
[721/750] Wrapping AST for SwiftCompilerPluginMessageHandling for debugging
[723/752] Compiling SwiftCompilerPlugin CompilerPlugin.swift
[724/752] Emitting module SwiftCompilerPlugin
[725/753] Wrapping AST for SwiftCompilerPlugin for debugging
[727/792] Compiling SafeDIMacros AttributeListSyntaxElementExtensions.swift
[728/792] Compiling SafeDIMacros AttributeListSyntaxExtensions.swift
[729/792] Compiling SafeDIMacros AttributeSyntaxExtensions.swift
[730/792] Compiling SafeDIMacros CollectionExtensions.swift
[731/792] Compiling SafeDIMacros DeclModifierListSyntaxExtensions.swift
[732/792] Compiling SafeDIMacros DiagnosticExtensions.swift
[733/797] Compiling SafeDIMacros UnorderedEquatingCollection.swift
[734/797] Compiling SafeDIMacros DeferredRelease.swift
[735/797] Compiling SafeDIMacros FilePathSpelling.swift
[736/797] Compiling SafeDIMacros OutputFileNaming.swift
[737/797] Compiling SafeDIMacros ConditionalCompilationEvaluator.swift
[738/797] Compiling SafeDIMacros InjectableMacro.swift
[739/797] Compiling SafeDIMacros InstantiableMacro.swift
[740/797] Compiling SafeDIMacros SafeDIConfigurationMacro.swift
[741/797] Compiling SafeDIMacros DiagnosticError.swift
[742/797] Compiling SafeDIMacros FixableInjectableError.swift
[743/797] Compiling SafeDIMacros FixableInstantiableError.swift
[744/797] Compiling SafeDIMacros FileVisitor.swift
[745/797] Compiling SafeDIMacros InstantiableVisitor.swift
[746/797] Compiling SafeDIMacros SafeDIConfigurationVisitor.swift
[747/797] Compiling SafeDIMacros SafeDIContentDetector.swift
[748/797] Compiling SafeDIMacros SafeDIMacroPlugin.swift
[749/797] Emitting module SafeDIMacros
[750/797] Compiling SafeDIMacros ConcreteDeclType.swift
[751/797] Compiling SafeDIMacros ConditionalCompilationDecision.swift
[752/797] Compiling SafeDIMacros Dependency.swift
[753/797] Compiling SafeDIMacros ImportStatement.swift
[754/797] Compiling SafeDIMacros Initializer.swift
[755/797] Compiling SafeDIMacros SafeDIToolManifest.swift
[756/797] Compiling SafeDIMacros Scope.swift
[757/797] Compiling SafeDIMacros SourceDiagnostic.swift
[758/797] Compiling SafeDIMacros TypeDescription.swift
[759/797] Compiling SafeDIMacros TypeRequirements.swift
[776/810] Compiling SafeDITool SafeDITool.swift
[782/811] Compiling SafeDIMacros InstantiableStruct.swift
[783/811] Compiling SafeDIMacros OutputFileDeclarations.swift
[784/811] Compiling SafeDIMacros Property.swift
[785/811] Compiling SafeDIMacros ReservedName.swift
[786/811] Compiling SafeDIMacros SafeDIConfiguration.swift
BUILD FAILURE 6.3 wasm