Build Information
Failed to build SwiftCOSE, reference main (e85535), with Swift 6.2 for Wasm on 10 Oct 2026 04:13:11 UTC.
Build Command
bash -c docker run --pull=always --rm -v "checkouts-54344847-2":/host -w "$PWD" -e JAVA_HOME="/root/.sdkman/candidates/java/current" -e SPI_BUILD="1" -e SPI_PROCESSING="1" registry.gitlab.com/saguaro1/spi-images:wasm-6.2-latest swift build --swift-sdk swift-6.2-RELEASE_wasm 2>&1Build Log
========================================
RunAll
========================================
Builder version: 5.1.1
Interrupt handler set up.
========================================
Checkout
========================================
Clone URL: https://github.com/Kingpin-Apps/swift-cose.git
Reference: main
Initialized empty Git repository in /host/spi-builder-workspace/.git/
hint: Using 'master' as the name for the initial branch. This default branch name
hint: is subject to change. To configure the initial branch name to use in all
hint: of your new repositories, which will suppress this warning, call:
hint:
hint: git config --global init.defaultBranch <name>
hint:
hint: Names commonly chosen instead of 'master' are 'main', 'trunk' and
hint: 'development'. The just-created branch can be renamed via this command:
hint:
hint: git branch -m <name>
From https://github.com/Kingpin-Apps/swift-cose
* branch main -> FETCH_HEAD
* [new branch] main -> origin/main
HEAD is now at e85535e bump: version 1.3.2 → 1.3.3
Cloned https://github.com/Kingpin-Apps/swift-cose.git
Revision (git rev-parse @):
e85535e86aae58323c5e11c771fe925033a4857c
SUCCESS checkout https://github.com/Kingpin-Apps/swift-cose.git at main
========================================
Build
========================================
Selected platform: wasm
Swift version: 6.2
Building package at path: $PWD
https://github.com/Kingpin-Apps/swift-cose.git
Running build ...
bash -c docker run --pull=always --rm -v "checkouts-54344847-2":/host -w "$PWD" -e JAVA_HOME="/root/.sdkman/candidates/java/current" -e SPI_BUILD="1" -e SPI_PROCESSING="1" registry.gitlab.com/saguaro1/spi-images:wasm-6.2-latest swift build --swift-sdk swift-6.2-RELEASE_wasm 2>&1
wasm-6.2-latest: Pulling from saguaro1/spi-images
Digest: sha256:c092ff8dc506a2a30e6239b6992792fd4f7dfaaa46cac3b3c48d8fe35e954282
Status: Image is up to date for registry.gitlab.com/saguaro1/spi-images:wasm-6.2-latest
Fetching https://github.com/Kingpin-Apps/swift-goldilocks.git
Fetching https://github.com/attaswift/BigInt.git
Fetching https://github.com/21-DOT-DEV/swift-secp256k1
Fetching https://github.com/Kingpin-Apps/swift-curve448.git
Fetching https://github.com/krzyzanowskim/CryptoSwift.git
[1/88] Fetching swift-goldilocks
[46/5031] Fetching swift-goldilocks, bigint
[386/5322] Fetching swift-goldilocks, bigint, swift-curve448
Fetched https://github.com/Kingpin-Apps/swift-curve448.git from cache (0.42s)
[1769/5031] Fetching swift-goldilocks, bigint
Fetching https://github.com/apple/swift-certificates.git
[4093/18470] Fetching swift-goldilocks, bigint, cryptoswift
Fetching https://github.com/Kingpin-Apps/swift-cbor-codable.git
Fetched https://github.com/Kingpin-Apps/swift-goldilocks.git from cache (0.55s)
Fetched https://github.com/attaswift/BigInt.git from cache (0.55s)
Fetching https://github.com/apple/swift-crypto.git
[2016/13439] Fetching cryptoswift
[13440/21048] Fetching cryptoswift, swift-certificates
[13517/39668] Fetching cryptoswift, swift-certificates, swift-crypto
[13890/51105] Fetching cryptoswift, swift-certificates, swift-crypto, swift-secp256k1
[14191/51422] Fetching cryptoswift, swift-certificates, swift-crypto, swift-secp256k1, swift-cbor-codable
Fetched https://github.com/Kingpin-Apps/swift-cbor-codable.git from cache (0.45s)
[14977/51105] Fetching cryptoswift, swift-certificates, swift-crypto, swift-secp256k1
Fetched https://github.com/krzyzanowskim/CryptoSwift.git from cache (1.20s)
[10307/37666] Fetching swift-certificates, swift-crypto, swift-secp256k1
Fetched https://github.com/apple/swift-certificates.git from cache (0.98s)
[12135/30057] Fetching swift-crypto, swift-secp256k1
Fetched https://github.com/21-DOT-DEV/swift-secp256k1 from cache (2.00s)
Fetched https://github.com/apple/swift-crypto.git from cache (1.60s)
Computing version for https://github.com/Kingpin-Apps/swift-goldilocks.git
Computed https://github.com/Kingpin-Apps/swift-goldilocks.git at 0.1.1 (2.33s)
Computing version for https://github.com/krzyzanowskim/CryptoSwift.git
Computed https://github.com/krzyzanowskim/CryptoSwift.git at 1.10.0 (0.88s)
Computing version for https://github.com/Kingpin-Apps/swift-curve448.git
Computed https://github.com/Kingpin-Apps/swift-curve448.git at 0.3.1 (0.15s)
Computing version for https://github.com/attaswift/BigInt.git
Computed https://github.com/attaswift/BigInt.git at 6.0.1 (0.14s)
Computing version for https://github.com/apple/swift-crypto.git
Computed https://github.com/apple/swift-crypto.git at 4.5.2 (1.17s)
Fetching https://github.com/apple/swift-asn1.git
[1/2009] Fetching swift-asn1
Fetched https://github.com/apple/swift-asn1.git from cache (0.47s)
Computing version for https://github.com/21-DOT-DEV/swift-secp256k1
Computed https://github.com/21-DOT-DEV/swift-secp256k1 at 0.23.2 (0.70s)
Computing version for https://github.com/Kingpin-Apps/swift-cbor-codable.git
Computed https://github.com/Kingpin-Apps/swift-cbor-codable.git at 0.3.4 (0.14s)
Fetching https://github.com/SusanDoggie/Float16.git
Fetching https://github.com/apple/swift-collections.git
[1/310] Fetching float16
[311/29005] Fetching float16, swift-collections
Fetched https://github.com/SusanDoggie/Float16.git from cache (1.33s)
Fetched https://github.com/apple/swift-collections.git from cache (1.34s)
Computing version for https://github.com/SusanDoggie/Float16.git
Computed https://github.com/SusanDoggie/Float16.git at 1.1.1 (1.52s)
Fetching https://github.com/apple/swift-numerics
[1/6721] Fetching swift-numerics
Fetched https://github.com/apple/swift-numerics from cache (0.55s)
Computing version for https://github.com/apple/swift-numerics
Computed https://github.com/apple/swift-numerics at 1.1.1 (0.70s)
Computing version for https://github.com/apple/swift-asn1.git
Computed https://github.com/apple/swift-asn1.git at 1.7.3 (0.18s)
Computing version for https://github.com/apple/swift-collections.git
Computed https://github.com/apple/swift-collections.git at 1.7.2 (0.24s)
Computing version for https://github.com/apple/swift-certificates.git
Computed https://github.com/apple/swift-certificates.git at 1.21.0 (0.21s)
Creating working copy for https://github.com/krzyzanowskim/CryptoSwift.git
Working copy of https://github.com/krzyzanowskim/CryptoSwift.git resolved at 1.10.0
Creating working copy for https://github.com/SusanDoggie/Float16.git
Working copy of https://github.com/SusanDoggie/Float16.git resolved at 1.1.1
Creating working copy for https://github.com/Kingpin-Apps/swift-curve448.git
Working copy of https://github.com/Kingpin-Apps/swift-curve448.git resolved at 0.3.1
Creating working copy for https://github.com/Kingpin-Apps/swift-cbor-codable.git
Working copy of https://github.com/Kingpin-Apps/swift-cbor-codable.git resolved at 0.3.4
Creating working copy for https://github.com/apple/swift-certificates.git
Working copy of https://github.com/apple/swift-certificates.git resolved at 1.21.0
Creating working copy for https://github.com/apple/swift-crypto.git
Working copy of https://github.com/apple/swift-crypto.git resolved at 4.5.2
Creating working copy for https://github.com/attaswift/BigInt.git
Working copy of https://github.com/attaswift/BigInt.git resolved at 6.0.1
Creating working copy for https://github.com/apple/swift-asn1.git
Working copy of https://github.com/apple/swift-asn1.git resolved at 1.7.3
Creating working copy for https://github.com/Kingpin-Apps/swift-goldilocks.git
Working copy of https://github.com/Kingpin-Apps/swift-goldilocks.git resolved at 0.1.1
Creating working copy for https://github.com/apple/swift-collections.git
Working copy of https://github.com/apple/swift-collections.git resolved at 1.7.2
Creating working copy for https://github.com/apple/swift-numerics
Working copy of https://github.com/apple/swift-numerics resolved at 1.1.1
Creating working copy for https://github.com/21-DOT-DEV/swift-secp256k1
Working copy of https://github.com/21-DOT-DEV/swift-secp256k1 resolved at 0.23.2
[1/1] Compiling plugin SharedSourcesPlugin
Building for debugging...
[1/406] Write sources
[13/406] Compiling f_impl.c
[14/406] Compiling CGoldilocks utils.c
[15/406] Compiling f_impl.c
[16/406] Compiling CGoldilocks scalar.c
[17/406] Write sources
[20/406] Write swift-version-24593BA9C3E375BF.txt
[21/406] Compiling CXKCPShims shims.c
[22/406] Compiling CGoldilocks goldilocks_tables.c
[23/406] Compiling SimpleFIPS202.c
[24/408] Compiling Utility.c
[25/408] Compiling precomputed_ecmult_gen.c
[26/412] Compiling CGoldilocks shake.c
[27/453] Compiling KeccakSponge.c
[28/574] Compiling secp256k1.c
[29/574] Compiling KeccakHash.c
[30/574] Compiling CGoldilocks goldilocks.c
[31/574] Compiling CGoldilocks f_generic.c
[32/574] Compiling CGoldilocks f_arithmetic.c
[33/574] Compiling CGoldilocks eddsa.c
[34/574] Compiling CGoldilocks cgoldilocks_shake.c
[35/574] Compiling CGoldilocks ce_ed448.c
[36/574] Compiling CCryptoBoringSSLShims shims.c
[38/579] Emitting module BigInt
[38/581] Compiling precomputed_ecmult.c
[39/581] Compiling fiat_p256_adx_sqr.S
[41/638] Emitting module SwiftASN1
[42/640] Compiling P256K ASN1Any.swift
[43/640] Compiling P256K ASN1BitString.swift
[44/640] Compiling P256K ASN1OctetString.swift
[45/640] Compiling P256K ASN1Strings.swift
[46/640] Compiling P256K ArraySliceBigint.swift
[47/640] Compiling P256K Combine.swift
[48/643] Emitting module InternalCollectionsUtilities
[49/643] Compiling P256K Context.swift
[50/643] Compiling P256K CryptoKitErrors.swift
[51/643] Compiling P256K DH.swift
[52/643] Compiling P256K Digest.swift
[53/643] Compiling InternalCollectionsUtilities UnsafeRawBufferPointer+Extras.swift
[54/643] Compiling InternalCollectionsUtilities _SortedCollection.swift
[55/643] Compiling InternalCollectionsUtilities _UniqueCollection.swift
[56/643] Compiling P256K Placeholder.swift
[57/643] Compiling P256K ASN1.swift
[62/643] Compiling P256K ASN1Boolean.swift
[63/643] Compiling P256K ASN1Identifier.swift
[64/643] Compiling P256K ASN1Integer.swift
[65/643] Compiling P256K ASN1Null.swift
[66/643] Compiling SwiftASN1 DER.swift
[67/643] Compiling SwiftASN1 Errors.swift
[68/643] Compiling P256K P256K.swift
[69/643] Compiling P256K PEMDocument.swift
[73/643] Compiling P256K ECDH.swift
[74/643] Compiling P256K ECDSA+PrivateKey.swift
[75/643] Compiling P256K ECDSA+PublicKey.swift
[86/643] Compiling P256K PKCS8PrivateKey.swift
[87/643] Compiling P256K PrettyBytes.swift
[90/643] Compiling P256K PrivateKeyImplementation.swift
[91/643] Compiling P256K PublicKeyImplementation.swift
[98/644] Compiling fiat_p256_adx_mul.S
[100/644] Emitting module _CertificateInternals
[101/644] Compiling _CertificateInternals _TinyArray.swift
[102/645] Compiling fiat_curve25519_adx_square.S
[103/702] Compiling fiat_curve25519_adx_mul.S
[104/702] Compiling md5-x86_64-linux.S
[105/702] Compiling md5-x86_64-apple.S
[106/702] Compiling md5-586-linux.S
[107/702] Compiling md5-586-apple.S
[109/702] Compiling OrderedCollections OrderedDictionary+Sendable.swift
[110/702] Compiling OrderedCollections OrderedDictionary+Sequence.swift
[111/702] Compiling OrderedCollections _HashTable+Testing.swift
[112/702] Compiling OrderedCollections _HashTable+UnsafeHandle.swift
[113/702] Compiling OrderedCollections _HashTable.swift
[114/702] Compiling OrderedCollections _Hashtable+Header.swift
[115/703] Compiling CryptoSwift Collection+Extension.swift
[116/703] Compiling CryptoSwift CompactMap.swift
[117/703] Compiling CryptoSwift Cryptor.swift
[118/703] Compiling CryptoSwift Cryptors.swift
[119/703] Compiling CryptoSwift Digest.swift
[120/703] Compiling CryptoSwift DigestType.swift
[121/703] Compiling CryptoSwift AES+Foundation.swift
[122/703] Compiling CryptoSwift Array+Foundation.swift
[123/703] Compiling CryptoSwift Blowfish+Foundation.swift
[124/703] Compiling CryptoSwift ChaCha20+Foundation.swift
[125/703] Compiling CryptoSwift Data+Extension.swift
[126/703] Compiling CryptoSwift HMAC+Foundation.swift
[127/703] Compiling CryptoSwift Rabbit+Foundation.swift
[128/703] Compiling CryptoSwift String+FoundationExtension.swift
[129/703] Compiling CryptoSwift Utils+Foundation.swift
[130/703] Compiling CryptoSwift XChaCha20+Foundation.swift
[131/703] Compiling CryptoSwift Generics.swift
[132/703] Compiling CryptoSwift HKDF.swift
[133/703] Compiling CryptoSwift HMAC.swift
[134/703] Compiling CryptoSwift ISO10126Padding.swift
[135/703] Compiling CryptoSwift ISO78164Padding.swift
[136/703] Compiling CryptoSwift Int+Extension.swift
[137/703] Compiling CryptoSwift MD5.swift
[138/703] Compiling CryptoSwift NoPadding.swift
[139/703] Compiling CryptoSwift Operators.swift
[140/703] Compiling CryptoSwift DER.swift
[141/703] Compiling CryptoSwift PBKDF1.swift
[142/703] Compiling CryptoSwift PBKDF2.swift
[142/703] Compiling KeccakP-1600-opt64.c
[145/717] Compiling OrderedCollections OrderedSet+Partial SetAlgebra formSymmetricDifference.swift
[146/717] Compiling OrderedCollections OrderedSet+Partial SetAlgebra formUnion.swift
[147/717] Compiling OrderedCollections OrderedSet+Partial SetAlgebra intersection.swift
[148/717] Compiling OrderedCollections OrderedSet+Partial SetAlgebra isDisjoint.swift
[149/717] Compiling OrderedCollections OrderedSet+Partial SetAlgebra isEqualSet.swift
[150/717] Compiling OrderedCollections OrderedSet+Partial SetAlgebra isStrictSubset.swift
[151/717] Compiling OrderedCollections OrderedSet+Partial SetAlgebra isStrictSuperset.swift
[152/717] Compiling OrderedCollections OrderedSet+Partial SetAlgebra isSubset.swift
[152/717] Compiling chacha20_poly1305_x86_64-linux.S
[153/724] Compiling chacha20_poly1305_x86_64-apple.S
[154/724] Compiling chacha20_poly1305_armv8-linux.S
[156/724] Compiling OrderedCollections _HashTable+BucketIterator.swift
[157/724] Compiling OrderedCollections _HashTable+Constants.swift
[158/724] Compiling OrderedCollections _HashTable+CustomStringConvertible.swift
[158/724] Compiling chacha20_poly1305_armv8-win.S
[159/724] Compiling chacha20_poly1305_armv8-apple.S
[163/724] Compiling OrderedCollections _HashTable+Bucket.swift
[164/724] Compiling OrderedCollections OrderedDictionary+Values.swift
[165/724] Compiling OrderedCollections OrderedDictionary.swift
[166/724] Compiling OrderedCollections OrderedSet+Codable.swift
[167/724] Compiling OrderedCollections OrderedSet+CustomReflectable.swift
[168/724] Compiling OrderedCollections OrderedSet+Descriptions.swift
[169/724] Compiling OrderedCollections OrderedSet+Diffing.swift
[170/724] Compiling OrderedCollections OrderedSet+Equatable.swift
[171/724] Compiling OrderedCollections OrderedSet+ExpressibleByArrayLiteral.swift
[172/728] Compiling OrderedCollections OrderedDictionary+Hashable.swift
[173/728] Compiling OrderedCollections OrderedDictionary+Initializers.swift
[174/728] Compiling OrderedCollections OrderedDictionary+Invariants.swift
[175/733] Compiling OrderedCollections OrderedSet+Partial SetAlgebra isSuperset.swift
[176/733] Compiling OrderedCollections OrderedSet+Partial SetAlgebra subtract.swift
[177/733] Compiling OrderedCollections OrderedSet+Partial SetAlgebra subtracting.swift
[178/733] Compiling OrderedCollections OrderedSet+Partial SetAlgebra symmetricDifference.swift
[179/733] Compiling OrderedCollections OrderedSet+Partial SetAlgebra union.swift
[180/733] Compiling OrderedCollections OrderedSet+Partial SetAlgebra+Basics.swift
[181/733] Compiling OrderedCollections OrderedSet+RandomAccessCollection.swift
[182/733] Compiling OrderedCollections OrderedSet+ReserveCapacity.swift
[183/733] Compiling Goldilocks Ed448.swift
[183/733] Compiling chacha-x86_64-linux.S
[185/733] Emitting module Goldilocks
[187/733] Compiling Goldilocks SHAKE.swift
[188/733] Compiling Goldilocks X448.swift
[189/733] Compiling Goldilocks Goldilocks.swift
[189/733] Compiling chacha-x86_64-apple.S
[194/734] Compiling OrderedCollections OrderedDictionary+Move.swift
[195/734] Compiling OrderedCollections OrderedDictionary+Partial MutableCollection.swift
[196/734] Compiling OrderedCollections OrderedDictionary+Partial RangeReplaceableCollection.swift
[199/734] Emitting module P256K
[207/734] Compiling chacha-x86-linux.S
[217/734] Compiling OrderedCollections OrderedDictionary+Codable.swift
[218/734] Compiling OrderedCollections OrderedDictionary+CustomReflectable.swift
[219/734] Compiling OrderedCollections OrderedDictionary+Deprecations.swift
[220/734] Compiling OrderedCollections OrderedDictionary+Descriptions.swift
[220/734] Compiling chacha-x86-apple.S
[222/734] Compiling OrderedCollections OrderedDictionary+Elements.SubSequence.swift
[223/734] Compiling OrderedCollections OrderedDictionary+Elements.swift
[224/734] Compiling OrderedCollections OrderedDictionary+Equatable.swift
[225/734] Compiling OrderedCollections OrderedDictionary+ExpressibleByDictionaryLiteral.swift
[234/734] Compiling OrderedCollections OrderedSet+Hashable.swift
[235/734] Compiling OrderedCollections OrderedSet+Initializers.swift
[236/734] Compiling OrderedCollections OrderedSet+Insertions.swift
[237/734] Compiling OrderedCollections OrderedSet+Invariants.swift
[238/734] Compiling OrderedCollections OrderedSet+Move.swift
[239/734] Compiling OrderedCollections OrderedSet+Partial MutableCollection.swift
[240/734] Compiling OrderedCollections OrderedSet+Partial RangeReplaceableCollection.swift
[241/734] Compiling OrderedCollections OrderedSet+Partial SetAlgebra formIntersection.swift
[242/734] Compiling chacha-armv8-win.S
[243/734] Compiling chacha-armv8-linux.S
[244/734] Compiling chacha-armv8-apple.S
[245/734] Compiling chacha-armv4-linux.S
[246/734] Compiling aes128gcmsiv-x86_64-linux.S
[247/734] Compiling x86_64-mont5-linux.S
[248/734] Compiling aes128gcmsiv-x86_64-apple.S
[249/734] Compiling x86_64-mont5-apple.S
[250/734] Compiling x86_64-mont-linux.S
[259/734] Compiling x86_64-mont-apple.S
[260/734] Compiling x86-mont-linux.S
[261/734] Compiling x86-mont-apple.S
[262/734] Compiling vpaes-x86_64-linux.S
[263/734] Compiling err_data.cc
[264/734] Compiling vpaes-x86_64-apple.S
[265/734] Compiling vpaes-x86-linux.S
[266/734] Compiling vpaes-armv8-win.S
[267/734] Compiling vpaes-x86-apple.S
[268/734] Compiling vpaes-armv8-linux.S
[285/734] Compiling vpaes-armv8-apple.S
[300/734] Compiling P256K UInt256+Arithmetic.swift
[300/734] Compiling sha512-x86_64-apple.S
[315/734] Compiling vpaes-armv7-linux.S
[316/734] Compiling sha512-x86_64-linux.S
[317/734] Compiling sha512-armv8-win.S
[318/734] Compiling sha512-armv4-linux.S
[319/734] Compiling sha512-armv8-apple.S
[320/734] Compiling sha512-armv8-linux.S
[321/734] Compiling sha512-586-linux.S
[322/734] Compiling sha512-586-apple.S
[323/734] Compiling sha256-x86_64-linux.S
[324/734] Compiling sha256-x86_64-apple.S
[325/734] Compiling sha256-armv8-win.S
[325/734] Compiling sha256-armv8-linux.S
[327/734] Compiling sha256-armv4-linux.S
[328/734] Compiling sha256-armv8-apple.S
[329/734] Compiling sha256-586-linux.S
[330/734] Compiling sha256-586-apple.S
[331/734] Compiling sha1-x86_64-linux.S
[332/734] Compiling sha1-armv8-win.S
[333/734] Compiling sha1-x86_64-apple.S
[334/734] Compiling sha1-armv4-large-linux.S
[335/734] Compiling sha1-armv8-apple.S
[336/734] Compiling sha1-armv8-linux.S
[351/734] Compiling sha1-586-apple.S
[352/734] Compiling sha1-586-linux.S
[353/734] Compiling rsaz-avx2-apple.S
[354/734] Compiling rsaz-avx2-linux.S
[355/734] Compiling rdrand-x86_64-linux.S
[356/734] Compiling rdrand-x86_64-apple.S
[357/734] Compiling p256_beeu-x86_64-asm-apple.S
[358/734] Compiling p256_beeu-x86_64-asm-linux.S
[359/734] Compiling p256_beeu-armv8-asm-win.S
[360/734] Compiling p256_beeu-armv8-asm-linux.S
[361/734] Compiling p256_beeu-armv8-asm-apple.S
[362/734] Compiling p256-x86_64-asm-linux.S
[363/734] Compiling p256-x86_64-asm-apple.S
[364/734] Compiling p256-armv8-asm-win.S
[365/734] Compiling p256-armv8-asm-apple.S
[366/734] Compiling p256-armv8-asm-linux.S
[367/734] Compiling ghashv8-armv8-win.S
[368/734] Compiling ghashv8-armv8-linux.S
[371/734] Compiling P256K UInt256+FixedWidthInteger.swift
[372/734] Compiling P256K UInt256+Modular.swift
[373/734] Compiling P256K UInt256+Representation.swift
[374/734] Compiling P256K UInt256.swift
[375/734] Compiling P256K Utility.swift
[376/734] Compiling P256K XonlyKeyImplementation.swift
[377/734] Compiling P256K Zeroization.swift
[385/734] Compiling ghashv8-armv8-apple.S
[386/735] Compiling ghash-x86-linux.S
[387/735] Compiling ghashv8-armv7-linux.S
[389/735] Compiling ghash-x86_64-linux.S
[390/735] Compiling ghash-x86_64-apple.S
[391/735] Compiling ghash-x86-apple.S
[392/735] Compiling ghash-ssse3-x86_64-linux.S
[393/735] Compiling ghash-ssse3-x86_64-apple.S
[394/735] Compiling ghash-ssse3-x86-linux.S
[395/735] Compiling ghash-neon-armv8-win.S
[396/735] Compiling ghash-neon-armv8-linux.S
[397/735] Compiling ghash-ssse3-x86-apple.S
[398/735] Compiling ghash-neon-armv8-apple.S
[399/735] Compiling ghash-armv4-linux.S
[400/735] Compiling bn-armv8-win.S
[401/735] Compiling bsaes-armv7-linux.S
[404/735] Compiling co-586-linux.S
[411/735] Compiling co-586-apple.S
[412/735] Compiling bn-armv8-linux.S
[413/735] Compiling bn-586-apple.S
[414/735] Compiling bn-armv8-apple.S
[415/735] Compiling bn-586-linux.S
[416/735] Compiling armv8-mont-linux.S
[417/735] Compiling aesv8-gcm-armv8-win.S
[418/735] Compiling armv8-mont-win.S
[419/735] Compiling aesv8-gcm-armv8-linux.S
[420/735] Compiling armv8-mont-apple.S
[420/735] Compiling armv4-mont-linux.S
[422/735] Compiling aesv8-gcm-armv8-apple.S
[423/735] Compiling aesv8-armv8-win.S
[424/735] Compiling aesv8-armv7-linux.S
[425/735] Compiling aesni-x86_64-linux.S
[426/735] Compiling aesv8-armv8-linux.S
[427/735] Compiling aesv8-armv8-apple.S
[428/735] Compiling aesni-x86_64-apple.S
[429/735] Compiling aesni-gcm-x86_64-linux.S
[430/735] Compiling aesni-x86-linux.S
[431/735] Compiling aesni-x86-apple.S
[432/735] Compiling aesni-gcm-x86_64-apple.S
[433/735] Compiling aes-gcm-avx512-x86_64-linux.S
[434/735] Compiling aes-gcm-avx512-x86_64-apple.S
[435/735] Compiling aes-gcm-avx2-x86_64-apple.S
[436/735] Compiling aes-gcm-avx2-x86_64-linux.S
[444/735] Compiling xwing.cc
[445/735] Compiling x_req.cc
[446/735] Compiling x_sig.cc
[448/735] Emitting module CryptoSwift
[463/735] Compiling x_spki.cc
[464/735] Compiling x_x509a.cc
[466/735] Emitting module OrderedCollections
[467/736] Compiling x_x509.cc
[468/736] Compiling x_pubkey.cc
[470/736] Compiling CryptoSwift SecureBytes.swift
[471/736] Compiling CryptoSwift Signature.swift
[472/736] Compiling CryptoSwift StreamDecryptor.swift
[473/736] Compiling CryptoSwift StreamEncryptor.swift
[474/736] Compiling CryptoSwift String+Extension.swift
[475/736] Compiling CryptoSwift UInt128.swift
[476/736] Compiling CryptoSwift UInt16+Extension.swift
[477/736] Compiling CryptoSwift UInt32+Extension.swift
[478/736] Compiling CryptoSwift UInt64+Extension.swift
[479/736] Compiling CryptoSwift UInt8+Extension.swift
[480/736] Compiling CryptoSwift Updatable.swift
[481/736] Compiling CryptoSwift Utils.swift
[482/736] Compiling CryptoSwift XChaCha20.swift
[483/736] Compiling CryptoSwift ZeroPadding.swift
[483/736] Compiling x_attrib.cc
[484/736] Compiling x_exten.cc
[485/736] Compiling x_name.cc
[486/736] Compiling x_all.cc
[487/736] Compiling x_crl.cc
[488/736] Compiling x_algor.cc
[489/736] Compiling x509spki.cc
[491/736] Compiling CryptoSwift PKCS1v15.swift
[492/736] Compiling CryptoSwift PKCS5.swift
[493/736] Compiling CryptoSwift PKCS7.swift
[494/736] Compiling CryptoSwift PKCS7Padding.swift
[495/736] Compiling CryptoSwift Padding.swift
[496/736] Compiling CryptoSwift Poly1305.swift
[497/736] Compiling CryptoSwift RSA+Cipher.swift
[498/736] Compiling CryptoSwift RSA+Signature.swift
[499/736] Compiling CryptoSwift RSA.swift
[500/736] Compiling CryptoSwift Rabbit.swift
[501/736] Compiling CryptoSwift SHA1.swift
[502/736] Compiling CryptoSwift SHA2.swift
[503/736] Compiling CryptoSwift SHA3.swift
[504/736] Compiling CryptoSwift Scrypt.swift
[505/737] Compiling x509_txt.cc
[506/737] Compiling x509name.cc
[507/737] Compiling x509rset.cc
[508/737] Compiling x509cset.cc
[509/737] Compiling x509_vpm.cc
[510/737] Compiling x509_set.cc
[511/737] Compiling x509_vfy.cc
[512/737] Compiling x509_v3.cc
[513/737] Compiling x509_trs.cc
[514/737] Compiling x509_obj.cc
[515/737] Compiling x509_req.cc
[516/737] Compiling x509_def.cc
[517/737] Compiling x509_d2.cc
[518/737] Compiling x509_ext.cc
[519/737] Compiling x509_lu.cc
[520/737] Compiling x509_cmp.cc
[521/737] Compiling x509.cc
[522/737] Compiling x509_att.cc
[523/737] Compiling v3_skey.cc
[524/737] Compiling v3_utl.cc
[525/737] Compiling v3_pmaps.cc
[526/737] Compiling v3_ocsp.cc
[527/737] Compiling v3_prn.cc
[528/737] Compiling v3_purp.cc
[529/737] Compiling v3_pcons.cc
[530/737] Compiling v3_ncons.cc
[531/737] Compiling v3_lib.cc
[532/737] Compiling v3_ia5.cc
[533/737] Compiling v3_int.cc
[534/737] Compiling v3_extku.cc
[535/737] Compiling v3_crld.cc
[536/737] Compiling v3_enum.cc
[537/737] Compiling v3_genn.cc
[538/737] Compiling v3_info.cc
[539/737] Compiling v3_cpols.cc
[540/737] Compiling v3_conf.cc
[541/737] Compiling v3_alt.cc
[542/737] Compiling v3_bitst.cc
[543/737] Compiling v3_akey.cc
[544/737] Compiling v3_bcons.cc
[545/737] Compiling t_x509a.cc
[546/737] Compiling v3_akeya.cc
[547/737] Compiling by_file.cc
[548/737] Compiling i2d_pr.cc
[549/737] Compiling name_print.cc
[550/737] Compiling t_req.cc
[551/737] Compiling t_x509.cc
[552/737] Compiling policy.cc
[553/737] Compiling t_crl.cc
[554/737] Compiling rsa_pss.cc
[555/737] Compiling asn1_gen.cc
[556/737] Compiling voprf.cc
[557/737] Compiling a_digest.cc
[558/737] Compiling trust_token.cc
[559/737] Compiling a_verify.cc
[560/737] Compiling algorithm.cc
[561/737] Compiling by_dir.cc
[562/737] Compiling a_sign.cc
[563/737] Compiling thread_pthread.cc
[564/737] Compiling thread_none.cc
[565/737] Compiling thread_win.cc
[566/737] Compiling pmbtoken.cc
[567/737] Compiling thread.cc
[568/737] Compiling siphash.cc
[569/737] Compiling stack.cc
[570/737] Compiling sha512.cc
[571/737] Compiling sha1.cc
[572/737] Compiling slhdsa.cc
[573/737] Compiling sha256.cc
[574/737] Compiling spake2plus.cc
[575/737] Compiling rsa_print.cc
[576/737] Compiling refcount.cc
[577/737] Compiling rsa_extra.cc
[578/737] Compiling rc4.cc
[579/737] Compiling rsa_crypt.cc
[580/737] Compiling urandom.cc
[581/737] Compiling windows.cc
[582/737] Compiling getentropy.cc
[583/737] Compiling rsa_asn1.cc
[584/737] Compiling trusty.cc
[585/737] Compiling ios.cc
[586/737] Compiling passive.cc
[587/737] Compiling poly1305_arm_asm.S
[588/737] Compiling rand.cc
[589/737] Compiling fork_detect.cc
[590/737] Compiling deterministic.cc
[591/737] Compiling poly1305_vec.cc
[592/737] Compiling forkunsafe.cc
[593/737] Compiling poly1305_arm.cc
[594/737] Compiling poly1305.cc
[595/737] Compiling pool.cc
[596/737] Compiling pkcs8.cc
[597/737] Compiling pkcs8_x509.cc
[598/737] Compiling pkcs7.cc
[599/737] Compiling p5_pbev2.cc
[600/737] Compiling pem_pk8.cc
[601/737] Compiling pem_xaux.cc
[602/737] Compiling pem_x509.cc
[603/737] Compiling pkcs7_x509.cc
[604/737] Compiling pem_pkey.cc
[605/737] Compiling pem_oth.cc
[606/737] Compiling mlkem.cc
[607/737] Compiling mldsa.cc
[608/737] Compiling pem_lib.cc
[609/737] Compiling pem_info.cc
[610/737] Compiling mem.cc
[611/737] Compiling obj_xref.cc
[612/737] Compiling lhash.cc
[613/737] Compiling poly_rq_mul.S
[614/737] Compiling obj.cc
[615/737] Compiling fips_shared_support.cc
[616/737] Compiling md4.cc
[617/737] Compiling md5.cc
[618/737] Compiling pem_all.cc
[619/737] Compiling hrss.cc
[620/737] Compiling fuzzer_mode.cc
[621/737] Compiling kyber.cc
[622/737] Compiling ex_data.cc
[623/737] Compiling scrypt.cc
[624/737] Compiling hpke.cc
[625/737] Compiling sign.cc
[626/737] Compiling print.cc
[627/737] Compiling pbkdf.cc
[628/737] Compiling p_x25519_asn1.cc
[629/737] Compiling p_rsa_asn1.cc
[630/737] Compiling p_x25519.cc
[631/737] Compiling p_hkdf.cc
[632/737] Compiling p_rsa.cc
[633/737] Compiling p_ed25519_asn1.cc
[634/737] Compiling p_ed25519.cc
[635/737] Compiling p_ec_asn1.cc
[636/737] Compiling p_ec.cc
[637/737] Compiling p_dh_asn1.cc
[638/737] Compiling p_dsa_asn1.cc
[639/737] Compiling p_dh.cc
[640/737] Compiling evp_ctx.cc
[641/737] Compiling err.cc
[642/737] Compiling engine.cc
[643/737] Compiling ecdsa_p1363.cc
[644/737] Compiling evp_asn1.cc
[645/737] Compiling ecdh.cc
[646/737] Compiling evp.cc
[647/737] Compiling ec_derive.cc
[648/737] Compiling ecdsa_asn1.cc
[649/737] Compiling hash_to_curve.cc
[650/737] Compiling dsa_asn1.cc
[651/737] Compiling ec_asn1.cc
[652/737] Compiling dsa.cc
[653/737] Compiling bcm.cc
[654/737] Compiling x25519-asm-arm.S
[655/737] Compiling curve25519_64_adx.cc
[656/737] Compiling digest_extra.cc
[657/737] Compiling des.cc
[658/737] Compiling params.cc
[659/737] Compiling dh_asn1.cc
[660/737] Compiling crypto.cc
[661/737] Compiling cpu_arm_freebsd.cc
[662/737] Compiling spake25519.cc
[663/737] Compiling cpu_intel.cc
[664/737] Compiling curve25519.cc
[665/737] Compiling cpu_arm_linux.cc
[666/737] Compiling cpu_aarch64_sysreg.cc
[667/737] Compiling cpu_aarch64_win.cc
[668/737] Compiling cpu_aarch64_linux.cc
[669/737] Compiling cpu_aarch64_openbsd.cc
[670/737] Compiling conf.cc
[671/737] Compiling cpu_aarch64_fuchsia.cc
[672/737] Compiling cpu_aarch64_apple.cc
[673/737] Compiling cms.cc
[674/737] Compiling e_rc4.cc
[675/737] Compiling tls_cbc.cc
[676/737] Compiling get_cipher.cc
[677/737] Compiling e_tls.cc
[678/737] Compiling e_rc2.cc
[679/737] Compiling e_des.cc
[680/737] Compiling e_null.cc
[681/737] Compiling e_chacha20poly1305.cc
[682/737] Compiling e_aesgcmsiv.cc
[683/737] Compiling e_aeseax.cc
[684/737] Compiling e_aesctrhmac.cc
[685/737] Compiling derive_key.cc
[686/737] Compiling chacha.cc
[687/737] Compiling unicode.cc
[688/737] Compiling cbs.cc
[689/737] Compiling cbb.cc
[690/737] Compiling sqrt.cc
[691/737] Compiling buf.cc
[692/737] Compiling exponentiation.cc
[693/737] Compiling ber.cc
[694/737] Compiling asn1_compat.cc
[695/737] Compiling div.cc
[696/737] Compiling bn_asn1.cc
[697/737] Compiling pair.cc
[698/737] Compiling blake2.cc
[699/737] Compiling printf.cc
[700/737] Compiling file.cc
[701/737] Compiling hexdump.cc
[702/737] Compiling convert.cc
[703/737] Compiling fd.cc
[704/737] Compiling errno.cc
[705/737] Compiling bio_mem.cc
[706/737] Compiling base64.cc
[707/737] Compiling bio.cc
[708/737] Compiling tasn_typ.cc
[709/737] Compiling tasn_new.cc
[710/737] Compiling tasn_utl.cc
[711/737] Compiling tasn_enc.cc
[712/737] Compiling tasn_fre.cc
[713/737] Compiling posix_time.cc
[714/737] Compiling f_int.cc
[715/737] Compiling f_string.cc
[716/737] Compiling tasn_dec.cc
[717/737] Compiling asn_pack.cc
[718/737] Compiling asn1_par.cc
[719/737] Compiling a_utctm.cc
[720/737] Compiling asn1_lib.cc
[721/737] Compiling a_time.cc
[722/737] Compiling a_type.cc
[723/737] Compiling a_octet.cc
[724/737] Compiling a_strnid.cc
[725/737] Compiling a_strex.cc
[726/737] Compiling a_i2d_fp.cc
[727/737] Compiling a_d2i_fp.cc
[728/737] Compiling a_object.cc
[728/737] Write sources
[730/759] Compiling a_int.cc
[731/759] Compiling a_dup.cc
[732/759] Compiling a_mbstr.cc
[733/759] Compiling a_gentm.cc
[734/759] Compiling aes.cc
[735/759] Compiling a_bool.cc
[736/759] Compiling a_bitstr.cc
[738/767] Compiling CBORCodable CBORError.swift
[739/767] Compiling CBORCodable CBORLiterals.swift
[740/767] Compiling CBORCodable CBORDecoder.swift
[741/769] Compiling CBORCodable CBOR.swift
[742/769] Compiling CBORCodable CBORConvenience.swift
[743/769] Compiling CBORCodable CBORDiagnostic.swift
[744/769] Compiling CBORCodable CBORReader.swift
[745/769] Compiling CBORCodable CBORWriter.swift
[746/769] Compiling CBORCodable Major.swift
[747/769] Compiling CBORCodable CBORTag.swift
[748/769] Compiling CBORCodable Tagged.swift
[749/769] Compiling CryptoBoringWrapper EllipticCurvePoint.swift
[750/769] Compiling CryptoBoringWrapper EllipticCurve.swift
[751/769] Compiling CBORCodable CBOREncoder.swift
[752/769] Compiling CBORCodable CodingKey+CBOR.swift
[753/769] Compiling CBORCodable DecodingContainers.swift
[754/769] Compiling CBORCodable DeterministicEncoding.swift
[755/769] Compiling CBORCodable DeterministicValidation.swift
[756/769] Compiling CBORCodable Float16.swift
[757/769] Compiling CBORCodable EncodingContainers.swift
[758/769] Compiling CBORCodable _CBORDecoder.swift
[759/769] Compiling CBORCodable _CBOREncoder.swift
[760/769] Compiling CryptoBoringWrapper BoringSSLAEAD.swift
[761/769] Emitting module CryptoBoringWrapper
[762/769] Compiling CryptoBoringWrapper FiniteFieldArithmeticContext.swift
[763/769] Compiling CryptoBoringWrapper ArbitraryPrecisionInteger.swift
[764/769] Compiling CryptoBoringWrapper RandomBytes.swift
[765/769] Compiling CryptoBoringWrapper CryptoKitErrors_boring.swift
[767/849] Compiling Crypto ChaChaPoly.swift
[768/849] Compiling Crypto Cipher.swift
[769/849] Compiling Crypto Nonces.swift
[770/852] Emitting module CBORCodable
[772/855] Compiling Crypto HPKE-LabeledExtract.swift
[773/855] Compiling Crypto HPKE-Utils.swift
[774/855] Compiling Crypto DHKEM.swift
[775/855] Compiling Crypto HPKE-KEM-Curve25519.swift
[776/855] Compiling Crypto HPKE-NIST-EC-KEMs.swift
[777/855] Compiling Crypto HPKE-KEM.swift
[778/855] Compiling Crypto HPKE-Errors.swift
[779/855] Compiling Crypto HPKE.swift
[780/855] Compiling Crypto HPKE-Context.swift
[781/855] Compiling Crypto HPKE-KeySchedule.swift
[782/855] Compiling Crypto HPKE-Modes.swift
[783/855] Compiling Crypto Insecure.swift
[784/855] Compiling Crypto CryptoKitErrors.swift
[785/855] Compiling Crypto Digest_boring.swift
[786/855] Compiling Crypto Digest.swift
[787/855] Compiling Crypto Digests.swift
[788/855] Compiling Crypto HashFunctions.swift
[789/855] Compiling Crypto HashFunctions_SHA2.swift
[790/855] Compiling Crypto HashFunctions_SHA3.swift
[791/855] Compiling Crypto Digest_xkcp.swift
[792/855] Compiling Crypto HPKE-AEAD.swift
[793/855] Compiling Crypto HPKE-Ciphersuite.swift
[794/855] Compiling Crypto HPKE-KDF.swift
[795/855] Compiling Crypto HPKE-KexKeyDerivation.swift
[796/866] Compiling Crypto AES-GCM.swift
[797/866] Compiling Crypto AES-GCM_boring.swift
[798/866] Compiling Crypto ChaChaPoly_boring.swift
[802/866] Compiling Crypto ASN1.swift
[803/866] Compiling Crypto ASN1Any.swift
[804/866] Compiling Crypto ASN1BitString.swift
[805/866] Compiling Crypto ASN1Boolean.swift
[806/866] Compiling Crypto ASN1Identifier.swift
[807/866] Compiling Crypto ASN1Integer.swift
[808/866] Emitting module Crypto
[809/866] Compiling Crypto Insecure_HashFunctions.swift
[810/866] Compiling Crypto MLKEM_boring.swift
[811/866] Compiling Crypto MLKEM_wrapper.swift
[812/866] Compiling Crypto XWing_boring.swift
[813/866] Compiling Crypto KEM-Errors.swift
[814/866] Compiling Crypto KEM.swift
[815/866] Compiling Crypto MLKEM.swift
[816/866] Compiling Crypto XWing.swift
[817/866] Compiling Crypto ECDH_boring.swift
[818/866] Compiling Crypto DH.swift
[819/866] Compiling Crypto ECDH.swift
[820/866] Compiling Crypto ANSIx963.swift
[821/866] Compiling Crypto ASN1Null.swift
[822/866] Compiling Crypto ASN1OctetString.swift
[823/866] Compiling Crypto ASN1Strings.swift
[824/866] Compiling Crypto ArraySliceBigint.swift
[825/866] Compiling Crypto GeneralizedTime.swift
[826/866] Compiling Crypto ObjectIdentifier.swift
[827/866] Compiling Crypto ECDSASignature.swift
[828/866] Compiling Crypto PEMDocument.swift
[829/866] Compiling Crypto PKCS8PrivateKey.swift
[830/866] Compiling Crypto SEC1PrivateKey.swift
[831/866] Compiling Crypto SubjectPublicKeyInfo.swift
[832/866] Compiling Crypto CryptoError_boring.swift
[833/866] Compiling Crypto MACFunctions.swift
[834/866] Compiling Crypto MessageAuthenticationCode.swift
[835/866] Compiling Crypto AES.swift
[836/866] Compiling Crypto ECDSASignature_boring.swift
[837/866] Compiling Crypto ECDSA_boring.swift
[838/866] Compiling Crypto EdDSA_boring.swift
[839/866] Compiling Crypto MLDSA_boring.swift
[840/866] Compiling Crypto MLDSA_wrapper.swift
[841/866] Compiling Crypto ECDSA.swift
[842/866] Compiling Crypto Ed25519.swift
[843/866] Compiling Crypto MLDSA.swift
[844/866] Compiling Crypto HKDF.swift
[845/866] Compiling Crypto AESWrap.swift
[846/866] Compiling Crypto AESWrap_boring.swift
[847/866] Compiling Crypto Ed25519_boring.swift
[848/866] Compiling Crypto NISTCurvesKeys_boring.swift
[849/866] Compiling Crypto X25519Keys_boring.swift
[850/866] Compiling Crypto Curve25519.swift
[851/866] Compiling Crypto Ed25519Keys.swift
[852/866] Compiling Crypto NISTCurvesKeys.swift
[853/866] Compiling Crypto X25519Keys.swift
[854/866] Compiling Crypto SymmetricKeys.swift
[855/866] Compiling Crypto HMAC.swift
[856/866] Compiling Crypto Signature.swift
[857/866] Compiling Crypto CryptoKitErrors_boring.swift
[858/866] Compiling Crypto Optional+withUnsafeBytes_boring.swift
[859/866] Compiling Crypto RNG_boring.swift
[860/866] Compiling Crypto SafeCompare_boring.swift
[861/866] Compiling Crypto Zeroization_boring.swift
[862/866] Compiling Crypto _CryptoModuleAnchor.swift
[863/866] Compiling Crypto PrettyBytes.swift
[864/866] Compiling Crypto SafeCompare.swift
[865/866] Compiling Crypto SecureBytes.swift
[866/866] Compiling Crypto Zeroization.swift
[868/944] Compiling CryptoExtras RFC8410AlgorithmIdentifier.swift
[869/944] Compiling CryptoExtras ECToolbox_boring.swift
[870/945] Compiling CryptoExtras ARC+API.swift
[871/945] Compiling CryptoExtras ARC.swift
[872/945] Emitting module SwiftCurve448
[873/945] Compiling CryptoExtras PKCS8DERRepresentation.swift
[874/945] Compiling CryptoExtras PKCS8PrivateKey.swift
[875/945] Compiling CryptoExtras PBKDF2_commoncrypto.swift
[876/945] Compiling CryptoExtras CMAC.swift
[877/945] Compiling CryptoExtras ECToolbox.swift
[878/945] Compiling CryptoExtras HashToField.swift
[879/945] Compiling CryptoExtras KDF.swift
[880/945] Compiling CryptoExtras PBKDF2_boring.swift
[881/945] Compiling CryptoExtras ARCCredential.swift
[882/945] Compiling CryptoExtras ARCEncoding.swift
[883/945] Compiling SwiftCurve448 SecureBytes.swift
[894/954] Compiling CryptoExtras ThreadOps.swift
/host/spi-builder-workspace/.build/checkouts/swift-crypto/Sources/CryptoExtras/Util/ThreadSpecific/ThreadSpecific.swift:33:36: error: cannot find type 'ThreadOpsSystem' in scope
31 |
32 | private class Key {
33 | private var underlyingKey: ThreadOpsSystem.ThreadSpecificKey
| `- error: cannot find type 'ThreadOpsSystem' in scope
34 |
35 | internal init(destructor: @escaping ThreadOpsSystem.ThreadSpecificKeyDestructor) {
/host/spi-builder-workspace/.build/checkouts/swift-crypto/Sources/CryptoExtras/Util/ThreadSpecific/ThreadSpecific.swift:35:45: error: cannot find type 'ThreadOpsSystem' in scope
33 | private var underlyingKey: ThreadOpsSystem.ThreadSpecificKey
34 |
35 | internal init(destructor: @escaping ThreadOpsSystem.ThreadSpecificKeyDestructor) {
| `- error: cannot find type 'ThreadOpsSystem' in scope
36 | self.underlyingKey = ThreadOpsSystem.allocateThreadSpecificValue(destructor: destructor)
37 | }
/host/spi-builder-workspace/.build/checkouts/swift-crypto/Sources/CryptoExtras/Util/ThreadSpecific/ThreadSpecific.swift:35:35: error: @escaping attribute only applies to function types
33 | private var underlyingKey: ThreadOpsSystem.ThreadSpecificKey
34 |
35 | internal init(destructor: @escaping ThreadOpsSystem.ThreadSpecificKeyDestructor) {
| `- error: @escaping attribute only applies to function types
36 | self.underlyingKey = ThreadOpsSystem.allocateThreadSpecificValue(destructor: destructor)
37 | }
/host/spi-builder-workspace/.build/checkouts/swift-crypto/Sources/CryptoExtras/Util/ThreadSpecific/ThreadSpecific.swift:36:34: error: cannot find 'ThreadOpsSystem' in scope
34 |
35 | internal init(destructor: @escaping ThreadOpsSystem.ThreadSpecificKeyDestructor) {
36 | self.underlyingKey = ThreadOpsSystem.allocateThreadSpecificValue(destructor: destructor)
| `- error: cannot find 'ThreadOpsSystem' in scope
37 | }
38 |
/host/spi-builder-workspace/.build/checkouts/swift-crypto/Sources/CryptoExtras/Util/ThreadSpecific/ThreadSpecific.swift:40:13: error: cannot find 'ThreadOpsSystem' in scope
38 |
39 | deinit {
40 | ThreadOpsSystem.deallocateThreadSpecificValue(self.underlyingKey)
| `- error: cannot find 'ThreadOpsSystem' in scope
41 | }
42 |
/host/spi-builder-workspace/.build/checkouts/swift-crypto/Sources/CryptoExtras/Util/ThreadSpecific/ThreadSpecific.swift:44:13: error: cannot find 'ThreadOpsSystem' in scope
42 |
43 | func get() -> UnsafeMutableRawPointer? {
44 | ThreadOpsSystem.getThreadSpecificValue(self.underlyingKey)
| `- error: cannot find 'ThreadOpsSystem' in scope
45 | }
46 |
/host/spi-builder-workspace/.build/checkouts/swift-crypto/Sources/CryptoExtras/Util/ThreadSpecific/ThreadSpecific.swift:48:13: error: cannot find 'ThreadOpsSystem' in scope
46 |
47 | func set(value: UnsafeMutableRawPointer?) {
48 | ThreadOpsSystem.setThreadSpecificValue(key: self.underlyingKey, value: value)
| `- error: cannot find 'ThreadOpsSystem' in scope
49 | }
50 | }
[895/954] Compiling CryptoExtras ThreadPosix.swift
/host/spi-builder-workspace/.build/checkouts/swift-crypto/Sources/CryptoExtras/Util/ThreadSpecific/ThreadSpecific.swift:33:36: error: cannot find type 'ThreadOpsSystem' in scope
31 |
32 | private class Key {
33 | private var underlyingKey: ThreadOpsSystem.ThreadSpecificKey
| `- error: cannot find type 'ThreadOpsSystem' in scope
34 |
35 | internal init(destructor: @escaping ThreadOpsSystem.ThreadSpecificKeyDestructor) {
/host/spi-builder-workspace/.build/checkouts/swift-crypto/Sources/CryptoExtras/Util/ThreadSpecific/ThreadSpecific.swift:35:45: error: cannot find type 'ThreadOpsSystem' in scope
33 | private var underlyingKey: ThreadOpsSystem.ThreadSpecificKey
34 |
35 | internal init(destructor: @escaping ThreadOpsSystem.ThreadSpecificKeyDestructor) {
| `- error: cannot find type 'ThreadOpsSystem' in scope
36 | self.underlyingKey = ThreadOpsSystem.allocateThreadSpecificValue(destructor: destructor)
37 | }
/host/spi-builder-workspace/.build/checkouts/swift-crypto/Sources/CryptoExtras/Util/ThreadSpecific/ThreadSpecific.swift:35:35: error: @escaping attribute only applies to function types
33 | private var underlyingKey: ThreadOpsSystem.ThreadSpecificKey
34 |
35 | internal init(destructor: @escaping ThreadOpsSystem.ThreadSpecificKeyDestructor) {
| `- error: @escaping attribute only applies to function types
36 | self.underlyingKey = ThreadOpsSystem.allocateThreadSpecificValue(destructor: destructor)
37 | }
/host/spi-builder-workspace/.build/checkouts/swift-crypto/Sources/CryptoExtras/Util/ThreadSpecific/ThreadSpecific.swift:36:34: error: cannot find 'ThreadOpsSystem' in scope
34 |
35 | internal init(destructor: @escaping ThreadOpsSystem.ThreadSpecificKeyDestructor) {
36 | self.underlyingKey = ThreadOpsSystem.allocateThreadSpecificValue(destructor: destructor)
| `- error: cannot find 'ThreadOpsSystem' in scope
37 | }
38 |
/host/spi-builder-workspace/.build/checkouts/swift-crypto/Sources/CryptoExtras/Util/ThreadSpecific/ThreadSpecific.swift:40:13: error: cannot find 'ThreadOpsSystem' in scope
38 |
39 | deinit {
40 | ThreadOpsSystem.deallocateThreadSpecificValue(self.underlyingKey)
| `- error: cannot find 'ThreadOpsSystem' in scope
41 | }
42 |
/host/spi-builder-workspace/.build/checkouts/swift-crypto/Sources/CryptoExtras/Util/ThreadSpecific/ThreadSpecific.swift:44:13: error: cannot find 'ThreadOpsSystem' in scope
42 |
43 | func get() -> UnsafeMutableRawPointer? {
44 | ThreadOpsSystem.getThreadSpecificValue(self.underlyingKey)
| `- error: cannot find 'ThreadOpsSystem' in scope
45 | }
46 |
/host/spi-builder-workspace/.build/checkouts/swift-crypto/Sources/CryptoExtras/Util/ThreadSpecific/ThreadSpecific.swift:48:13: error: cannot find 'ThreadOpsSystem' in scope
46 |
47 | func set(value: UnsafeMutableRawPointer?) {
48 | ThreadOpsSystem.setThreadSpecificValue(key: self.underlyingKey, value: value)
| `- error: cannot find 'ThreadOpsSystem' in scope
49 | }
50 | }
[896/954] Compiling CryptoExtras ThreadSpecific.swift
/host/spi-builder-workspace/.build/checkouts/swift-crypto/Sources/CryptoExtras/Util/ThreadSpecific/ThreadSpecific.swift:33:36: error: cannot find type 'ThreadOpsSystem' in scope
31 |
32 | private class Key {
33 | private var underlyingKey: ThreadOpsSystem.ThreadSpecificKey
| `- error: cannot find type 'ThreadOpsSystem' in scope
34 |
35 | internal init(destructor: @escaping ThreadOpsSystem.ThreadSpecificKeyDestructor) {
/host/spi-builder-workspace/.build/checkouts/swift-crypto/Sources/CryptoExtras/Util/ThreadSpecific/ThreadSpecific.swift:35:45: error: cannot find type 'ThreadOpsSystem' in scope
33 | private var underlyingKey: ThreadOpsSystem.ThreadSpecificKey
34 |
35 | internal init(destructor: @escaping ThreadOpsSystem.ThreadSpecificKeyDestructor) {
| `- error: cannot find type 'ThreadOpsSystem' in scope
36 | self.underlyingKey = ThreadOpsSystem.allocateThreadSpecificValue(destructor: destructor)
37 | }
/host/spi-builder-workspace/.build/checkouts/swift-crypto/Sources/CryptoExtras/Util/ThreadSpecific/ThreadSpecific.swift:35:35: error: @escaping attribute only applies to function types
33 | private var underlyingKey: ThreadOpsSystem.ThreadSpecificKey
34 |
35 | internal init(destructor: @escaping ThreadOpsSystem.ThreadSpecificKeyDestructor) {
| `- error: @escaping attribute only applies to function types
36 | self.underlyingKey = ThreadOpsSystem.allocateThreadSpecificValue(destructor: destructor)
37 | }
/host/spi-builder-workspace/.build/checkouts/swift-crypto/Sources/CryptoExtras/Util/ThreadSpecific/ThreadSpecific.swift:36:34: error: cannot find 'ThreadOpsSystem' in scope
34 |
35 | internal init(destructor: @escaping ThreadOpsSystem.ThreadSpecificKeyDestructor) {
36 | self.underlyingKey = ThreadOpsSystem.allocateThreadSpecificValue(destructor: destructor)
| `- error: cannot find 'ThreadOpsSystem' in scope
37 | }
38 |
/host/spi-builder-workspace/.build/checkouts/swift-crypto/Sources/CryptoExtras/Util/ThreadSpecific/ThreadSpecific.swift:40:13: error: cannot find 'ThreadOpsSystem' in scope
38 |
39 | deinit {
40 | ThreadOpsSystem.deallocateThreadSpecificValue(self.underlyingKey)
| `- error: cannot find 'ThreadOpsSystem' in scope
41 | }
42 |
/host/spi-builder-workspace/.build/checkouts/swift-crypto/Sources/CryptoExtras/Util/ThreadSpecific/ThreadSpecific.swift:44:13: error: cannot find 'ThreadOpsSystem' in scope
42 |
43 | func get() -> UnsafeMutableRawPointer? {
44 | ThreadOpsSystem.getThreadSpecificValue(self.underlyingKey)
| `- error: cannot find 'ThreadOpsSystem' in scope
45 | }
46 |
/host/spi-builder-workspace/.build/checkouts/swift-crypto/Sources/CryptoExtras/Util/ThreadSpecific/ThreadSpecific.swift:48:13: error: cannot find 'ThreadOpsSystem' in scope
46 |
47 | func set(value: UnsafeMutableRawPointer?) {
48 | ThreadOpsSystem.setThreadSpecificValue(key: self.underlyingKey, value: value)
| `- error: cannot find 'ThreadOpsSystem' in scope
49 | }
50 | }
[897/954] Compiling CryptoExtras ThreadWindows.swift
/host/spi-builder-workspace/.build/checkouts/swift-crypto/Sources/CryptoExtras/Util/ThreadSpecific/ThreadSpecific.swift:33:36: error: cannot find type 'ThreadOpsSystem' in scope
31 |
32 | private class Key {
33 | private var underlyingKey: ThreadOpsSystem.ThreadSpecificKey
| `- error: cannot find type 'ThreadOpsSystem' in scope
34 |
35 | internal init(destructor: @escaping ThreadOpsSystem.ThreadSpecificKeyDestructor) {
/host/spi-builder-workspace/.build/checkouts/swift-crypto/Sources/CryptoExtras/Util/ThreadSpecific/ThreadSpecific.swift:35:45: error: cannot find type 'ThreadOpsSystem' in scope
33 | private var underlyingKey: ThreadOpsSystem.ThreadSpecificKey
34 |
35 | internal init(destructor: @escaping ThreadOpsSystem.ThreadSpecificKeyDestructor) {
| `- error: cannot find type 'ThreadOpsSystem' in scope
36 | self.underlyingKey = ThreadOpsSystem.allocateThreadSpecificValue(destructor: destructor)
37 | }
/host/spi-builder-workspace/.build/checkouts/swift-crypto/Sources/CryptoExtras/Util/ThreadSpecific/ThreadSpecific.swift:35:35: error: @escaping attribute only applies to function types
33 | private var underlyingKey: ThreadOpsSystem.ThreadSpecificKey
34 |
35 | internal init(destructor: @escaping ThreadOpsSystem.ThreadSpecificKeyDestructor) {
| `- error: @escaping attribute only applies to function types
36 | self.underlyingKey = ThreadOpsSystem.allocateThreadSpecificValue(destructor: destructor)
37 | }
/host/spi-builder-workspace/.build/checkouts/swift-crypto/Sources/CryptoExtras/Util/ThreadSpecific/ThreadSpecific.swift:36:34: error: cannot find 'ThreadOpsSystem' in scope
34 |
35 | internal init(destructor: @escaping ThreadOpsSystem.ThreadSpecificKeyDestructor) {
36 | self.underlyingKey = ThreadOpsSystem.allocateThreadSpecificValue(destructor: destructor)
| `- error: cannot find 'ThreadOpsSystem' in scope
37 | }
38 |
/host/spi-builder-workspace/.build/checkouts/swift-crypto/Sources/CryptoExtras/Util/ThreadSpecific/ThreadSpecific.swift:40:13: error: cannot find 'ThreadOpsSystem' in scope
38 |
39 | deinit {
40 | ThreadOpsSystem.deallocateThreadSpecificValue(self.underlyingKey)
| `- error: cannot find 'ThreadOpsSystem' in scope
41 | }
42 |
/host/spi-builder-workspace/.build/checkouts/swift-crypto/Sources/CryptoExtras/Util/ThreadSpecific/ThreadSpecific.swift:44:13: error: cannot find 'ThreadOpsSystem' in scope
42 |
43 | func get() -> UnsafeMutableRawPointer? {
44 | ThreadOpsSystem.getThreadSpecificValue(self.underlyingKey)
| `- error: cannot find 'ThreadOpsSystem' in scope
45 | }
46 |
/host/spi-builder-workspace/.build/checkouts/swift-crypto/Sources/CryptoExtras/Util/ThreadSpecific/ThreadSpecific.swift:48:13: error: cannot find 'ThreadOpsSystem' in scope
46 |
47 | func set(value: UnsafeMutableRawPointer?) {
48 | ThreadOpsSystem.setThreadSpecificValue(key: self.underlyingKey, value: value)
| `- error: cannot find 'ThreadOpsSystem' in scope
49 | }
50 | }
[898/954] Compiling CryptoExtras DLEQ.swift
/host/spi-builder-workspace/.build/checkouts/swift-crypto/Sources/CryptoExtras/Util/ThreadSpecific/ThreadSpecific.swift:33:36: error: cannot find type 'ThreadOpsSystem' in scope
31 |
32 | private class Key {
33 | private var underlyingKey: ThreadOpsSystem.ThreadSpecificKey
| `- error: cannot find type 'ThreadOpsSystem' in scope
34 |
35 | internal init(destructor: @escaping ThreadOpsSystem.ThreadSpecificKeyDestructor) {
/host/spi-builder-workspace/.build/checkouts/swift-crypto/Sources/CryptoExtras/Util/ThreadSpecific/ThreadSpecific.swift:35:45: error: cannot find type 'ThreadOpsSystem' in scope
33 | private var underlyingKey: ThreadOpsSystem.ThreadSpecificKey
34 |
35 | internal init(destructor: @escaping ThreadOpsSystem.ThreadSpecificKeyDestructor) {
| `- error: cannot find type 'ThreadOpsSystem' in scope
36 | self.underlyingKey = ThreadOpsSystem.allocateThreadSpecificValue(destructor: destructor)
37 | }
/host/spi-builder-workspace/.build/checkouts/swift-crypto/Sources/CryptoExtras/Util/ThreadSpecific/ThreadSpecific.swift:35:35: error: @escaping attribute only applies to function types
33 | private var underlyingKey: ThreadOpsSystem.ThreadSpecificKey
34 |
35 | internal init(destructor: @escaping ThreadOpsSystem.ThreadSpecificKeyDestructor) {
| `- error: @escaping attribute only applies to function types
36 | self.underlyingKey = ThreadOpsSystem.allocateThreadSpecificValue(destructor: destructor)
37 | }
/host/spi-builder-workspace/.build/checkouts/swift-crypto/Sources/CryptoExtras/Util/ThreadSpecific/ThreadSpecific.swift:36:34: error: cannot find 'ThreadOpsSystem' in scope
34 |
35 | internal init(destructor: @escaping ThreadOpsSystem.ThreadSpecificKeyDestructor) {
36 | self.underlyingKey = ThreadOpsSystem.allocateThreadSpecificValue(destructor: destructor)
| `- error: cannot find 'ThreadOpsSystem' in scope
37 | }
38 |
/host/spi-builder-workspace/.build/checkouts/swift-crypto/Sources/CryptoExtras/Util/ThreadSpecific/ThreadSpecific.swift:40:13: error: cannot find 'ThreadOpsSystem' in scope
38 |
39 | deinit {
40 | ThreadOpsSystem.deallocateThreadSpecificValue(self.underlyingKey)
| `- error: cannot find 'ThreadOpsSystem' in scope
41 | }
42 |
/host/spi-builder-workspace/.build/checkouts/swift-crypto/Sources/CryptoExtras/Util/ThreadSpecific/ThreadSpecific.swift:44:13: error: cannot find 'ThreadOpsSystem' in scope
42 |
43 | func get() -> UnsafeMutableRawPointer? {
44 | ThreadOpsSystem.getThreadSpecificValue(self.underlyingKey)
| `- error: cannot find 'ThreadOpsSystem' in scope
45 | }
46 |
/host/spi-builder-workspace/.build/checkouts/swift-crypto/Sources/CryptoExtras/Util/ThreadSpecific/ThreadSpecific.swift:48:13: error: cannot find 'ThreadOpsSystem' in scope
46 |
47 | func set(value: UnsafeMutableRawPointer?) {
48 | ThreadOpsSystem.setThreadSpecificValue(key: self.underlyingKey, value: value)
| `- error: cannot find 'ThreadOpsSystem' in scope
49 | }
50 | }
[899/954] Compiling CryptoExtras Prover.swift
/host/spi-builder-workspace/.build/checkouts/swift-crypto/Sources/CryptoExtras/Util/ThreadSpecific/ThreadSpecific.swift:33:36: error: cannot find type 'ThreadOpsSystem' in scope
31 |
32 | private class Key {
33 | private var underlyingKey: ThreadOpsSystem.ThreadSpecificKey
| `- error: cannot find type 'ThreadOpsSystem' in scope
34 |
35 | internal init(destructor: @escaping ThreadOpsSystem.ThreadSpecificKeyDestructor) {
/host/spi-builder-workspace/.build/checkouts/swift-crypto/Sources/CryptoExtras/Util/ThreadSpecific/ThreadSpecific.swift:35:45: error: cannot find type 'ThreadOpsSystem' in scope
33 | private var underlyingKey: ThreadOpsSystem.ThreadSpecificKey
34 |
35 | internal init(destructor: @escaping ThreadOpsSystem.ThreadSpecificKeyDestructor) {
| `- error: cannot find type 'ThreadOpsSystem' in scope
36 | self.underlyingKey = ThreadOpsSystem.allocateThreadSpecificValue(destructor: destructor)
37 | }
/host/spi-builder-workspace/.build/checkouts/swift-crypto/Sources/CryptoExtras/Util/ThreadSpecific/ThreadSpecific.swift:35:35: error: @escaping attribute only applies to function types
33 | private var underlyingKey: ThreadOpsSystem.ThreadSpecificKey
34 |
35 | internal init(destructor: @escaping ThreadOpsSystem.ThreadSpecificKeyDestructor) {
| `- error: @escaping attribute only applies to function types
36 | self.underlyingKey = ThreadOpsSystem.allocateThreadSpecificValue(destructor: destructor)
37 | }
/host/spi-builder-workspace/.build/checkouts/swift-crypto/Sources/CryptoExtras/Util/ThreadSpecific/ThreadSpecific.swift:36:34: error: cannot find 'ThreadOpsSystem' in scope
34 |
35 | internal init(destructor: @escaping ThreadOpsSystem.ThreadSpecificKeyDestructor) {
36 | self.underlyingKey = ThreadOpsSystem.allocateThreadSpecificValue(destructor: destructor)
| `- error: cannot find 'ThreadOpsSystem' in scope
37 | }
38 |
/host/spi-builder-workspace/.build/checkouts/swift-crypto/Sources/CryptoExtras/Util/ThreadSpecific/ThreadSpecific.swift:40:13: error: cannot find 'ThreadOpsSystem' in scope
38 |
39 | deinit {
40 | ThreadOpsSystem.deallocateThreadSpecificValue(self.underlyingKey)
| `- error: cannot find 'ThreadOpsSystem' in scope
41 | }
42 |
/host/spi-builder-workspace/.build/checkouts/swift-crypto/Sources/CryptoExtras/Util/ThreadSpecific/ThreadSpecific.swift:44:13: error: cannot find 'ThreadOpsSystem' in scope
42 |
43 | func get() -> UnsafeMutableRawPointer? {
44 | ThreadOpsSystem.getThreadSpecificValue(self.underlyingKey)
| `- error: cannot find 'ThreadOpsSystem' in scope
45 | }
46 |
/host/spi-builder-workspace/.build/checkouts/swift-crypto/Sources/CryptoExtras/Util/ThreadSpecific/ThreadSpecific.swift:48:13: error: cannot find 'ThreadOpsSystem' in scope
46 |
47 | func set(value: UnsafeMutableRawPointer?) {
48 | ThreadOpsSystem.setThreadSpecificValue(key: self.underlyingKey, value: value)
| `- error: cannot find 'ThreadOpsSystem' in scope
49 | }
50 | }
[900/954] Compiling CryptoExtras Verifier.swift
/host/spi-builder-workspace/.build/checkouts/swift-crypto/Sources/CryptoExtras/Util/ThreadSpecific/ThreadSpecific.swift:33:36: error: cannot find type 'ThreadOpsSystem' in scope
31 |
32 | private class Key {
33 | private var underlyingKey: ThreadOpsSystem.ThreadSpecificKey
| `- error: cannot find type 'ThreadOpsSystem' in scope
34 |
35 | internal init(destructor: @escaping ThreadOpsSystem.ThreadSpecificKeyDestructor) {
/host/spi-builder-workspace/.build/checkouts/swift-crypto/Sources/CryptoExtras/Util/ThreadSpecific/ThreadSpecific.swift:35:45: error: cannot find type 'ThreadOpsSystem' in scope
33 | private var underlyingKey: ThreadOpsSystem.ThreadSpecificKey
34 |
35 | internal init(destructor: @escaping ThreadOpsSystem.ThreadSpecificKeyDestructor) {
| `- error: cannot find type 'ThreadOpsSystem' in scope
36 | self.underlyingKey = ThreadOpsSystem.allocateThreadSpecificValue(destructor: destructor)
37 | }
/host/spi-builder-workspace/.build/checkouts/swift-crypto/Sources/CryptoExtras/Util/ThreadSpecific/ThreadSpecific.swift:35:35: error: @escaping attribute only applies to function types
33 | private var underlyingKey: ThreadOpsSystem.ThreadSpecificKey
34 |
35 | internal init(destructor: @escaping ThreadOpsSystem.ThreadSpecificKeyDestructor) {
| `- error: @escaping attribute only applies to function types
36 | self.underlyingKey = ThreadOpsSystem.allocateThreadSpecificValue(destructor: destructor)
37 | }
/host/spi-builder-workspace/.build/checkouts/swift-crypto/Sources/CryptoExtras/Util/ThreadSpecific/ThreadSpecific.swift:36:34: error: cannot find 'ThreadOpsSystem' in scope
34 |
35 | internal init(destructor: @escaping ThreadOpsSystem.ThreadSpecificKeyDestructor) {
36 | self.underlyingKey = ThreadOpsSystem.allocateThreadSpecificValue(destructor: destructor)
| `- error: cannot find 'ThreadOpsSystem' in scope
37 | }
38 |
/host/spi-builder-workspace/.build/checkouts/swift-crypto/Sources/CryptoExtras/Util/ThreadSpecific/ThreadSpecific.swift:40:13: error: cannot find 'ThreadOpsSystem' in scope
38 |
39 | deinit {
40 | ThreadOpsSystem.deallocateThreadSpecificValue(self.underlyingKey)
| `- error: cannot find 'ThreadOpsSystem' in scope
41 | }
42 |
/host/spi-builder-workspace/.build/checkouts/swift-crypto/Sources/CryptoExtras/Util/ThreadSpecific/ThreadSpecific.swift:44:13: error: cannot find 'ThreadOpsSystem' in scope
42 |
43 | func get() -> UnsafeMutableRawPointer? {
44 | ThreadOpsSystem.getThreadSpecificValue(self.underlyingKey)
| `- error: cannot find 'ThreadOpsSystem' in scope
45 | }
46 |
/host/spi-builder-workspace/.build/checkouts/swift-crypto/Sources/CryptoExtras/Util/ThreadSpecific/ThreadSpecific.swift:48:13: error: cannot find 'ThreadOpsSystem' in scope
46 |
47 | func set(value: UnsafeMutableRawPointer?) {
48 | ThreadOpsSystem.setThreadSpecificValue(key: self.underlyingKey, value: value)
| `- error: cannot find 'ThreadOpsSystem' in scope
49 | }
50 | }
[901/954] Compiling CryptoExtras ZKPToolbox.swift
/host/spi-builder-workspace/.build/checkouts/swift-crypto/Sources/CryptoExtras/Util/ThreadSpecific/ThreadSpecific.swift:33:36: error: cannot find type 'ThreadOpsSystem' in scope
31 |
32 | private class Key {
33 | private var underlyingKey: ThreadOpsSystem.ThreadSpecificKey
| `- error: cannot find type 'ThreadOpsSystem' in scope
34 |
35 | internal init(destructor: @escaping ThreadOpsSystem.ThreadSpecificKeyDestructor) {
/host/spi-builder-workspace/.build/checkouts/swift-crypto/Sources/CryptoExtras/Util/ThreadSpecific/ThreadSpecific.swift:35:45: error: cannot find type 'ThreadOpsSystem' in scope
33 | private var underlyingKey: ThreadOpsSystem.ThreadSpecificKey
34 |
35 | internal init(destructor: @escaping ThreadOpsSystem.ThreadSpecificKeyDestructor) {
| `- error: cannot find type 'ThreadOpsSystem' in scope
36 | self.underlyingKey = ThreadOpsSystem.allocateThreadSpecificValue(destructor: destructor)
37 | }
/host/spi-builder-workspace/.build/checkouts/swift-crypto/Sources/CryptoExtras/Util/ThreadSpecific/ThreadSpecific.swift:35:35: error: @escaping attribute only applies to function types
33 | private var underlyingKey: ThreadOpsSystem.ThreadSpecificKey
34 |
35 | internal init(destructor: @escaping ThreadOpsSystem.ThreadSpecificKeyDestructor) {
| `- error: @escaping attribute only applies to function types
36 | self.underlyingKey = ThreadOpsSystem.allocateThreadSpecificValue(destructor: destructor)
37 | }
/host/spi-builder-workspace/.build/checkouts/swift-crypto/Sources/CryptoExtras/Util/ThreadSpecific/ThreadSpecific.swift:36:34: error: cannot find 'ThreadOpsSystem' in scope
34 |
35 | internal init(destructor: @escaping ThreadOpsSystem.ThreadSpecificKeyDestructor) {
36 | self.underlyingKey = ThreadOpsSystem.allocateThreadSpecificValue(destructor: destructor)
| `- error: cannot find 'ThreadOpsSystem' in scope
37 | }
38 |
/host/spi-builder-workspace/.build/checkouts/swift-crypto/Sources/CryptoExtras/Util/ThreadSpecific/ThreadSpecific.swift:40:13: error: cannot find 'ThreadOpsSystem' in scope
38 |
39 | deinit {
40 | ThreadOpsSystem.deallocateThreadSpecificValue(self.underlyingKey)
| `- error: cannot find 'ThreadOpsSystem' in scope
41 | }
42 |
/host/spi-builder-workspace/.build/checkouts/swift-crypto/Sources/CryptoExtras/Util/ThreadSpecific/ThreadSpecific.swift:44:13: error: cannot find 'ThreadOpsSystem' in scope
42 |
43 | func get() -> UnsafeMutableRawPointer? {
44 | ThreadOpsSystem.getThreadSpecificValue(self.underlyingKey)
| `- error: cannot find 'ThreadOpsSystem' in scope
45 | }
46 |
/host/spi-builder-workspace/.build/checkouts/swift-crypto/Sources/CryptoExtras/Util/ThreadSpecific/ThreadSpecific.swift:48:13: error: cannot find 'ThreadOpsSystem' in scope
46 |
47 | func set(value: UnsafeMutableRawPointer?) {
48 | ThreadOpsSystem.setThreadSpecificValue(key: self.underlyingKey, value: value)
| `- error: cannot find 'ThreadOpsSystem' in scope
49 | }
50 | }
[902/954] Compiling CryptoExtras Data+Extensions.swift
[903/954] Compiling CryptoExtras DigestType.swift
[904/954] Compiling CryptoExtras Error.swift
[905/954] Compiling CryptoExtras I2OSP.swift
[906/954] Compiling CryptoExtras IntegerEncoding.swift
[907/954] Compiling CryptoExtras PEMDocument.swift
[908/954] Compiling CryptoExtras PrettyBytes.swift
[909/954] Compiling CryptoExtras SubjectPublicKeyInfo.swift
[910/954] Compiling CryptoExtras PBKDF2.swift
[911/954] Compiling CryptoExtras Scrypt_boring.swift
[912/954] Compiling CryptoExtras Scrypt.swift
[913/954] Compiling CryptoExtras OPRF.swift
[914/954] Compiling CryptoExtras OPRFClient.swift
[915/954] Compiling CryptoExtras OPRFServer.swift
[916/954] Compiling CryptoExtras VOPRF+API.swift
[917/954] Compiling CryptoExtras VOPRFClient.swift
[918/954] Compiling CryptoExtras VOPRFServer.swift
[924/954] Compiling CryptoExtras ARCPrecredential.swift
[925/954] Compiling CryptoExtras ARCPresentation.swift
[926/954] Compiling CryptoExtras ARCRequest.swift
[927/954] Compiling CryptoExtras ARCResponse.swift
[928/954] Compiling CryptoExtras AES_CBC.swift
[929/954] Compiling CryptoExtras AES_CFB.swift
[930/954] Compiling CryptoExtras AES_CTR.swift
[931/954] Compiling CryptoExtras AES_GCM_SIV.swift
[932/954] Compiling CryptoExtras Block Function.swift
[933/954] Compiling CryptoExtras AES_CBC_boring.swift
[934/954] Compiling CryptoExtras AES_CFB_boring.swift
[935/954] Compiling CryptoExtras AES_CTR_boring.swift
[936/954] Compiling CryptoExtras AES_GCM_SIV_boring.swift
error: emit-module command failed with exit code 1 (use -v to see invocation)
[937/954] Compiling CryptoExtras BoringSSLPassphraseCallbackManager.swift
[938/954] Compiling CryptoExtras RSA+BlindSigning.swift
[939/954] Compiling CryptoExtras RSA.swift
[940/954] Compiling CryptoExtras RSA_boring.swift
[941/954] Compiling CryptoExtras Reexport.swift
[942/954] Compiling CryptoExtras Zeroization_boring.swift
[943/954] Compiling CryptoExtras BoringSSLHelpers.swift
[944/954] Compiling CryptoExtras CryptoKitErrors_boring.swift
[945/954] Emitting module CryptoExtras
/host/spi-builder-workspace/.build/checkouts/swift-crypto/Sources/CryptoExtras/Util/ThreadSpecific/ThreadSpecific.swift:33:36: error: cannot find type 'ThreadOpsSystem' in scope
31 |
32 | private class Key {
33 | private var underlyingKey: ThreadOpsSystem.ThreadSpecificKey
| `- error: cannot find type 'ThreadOpsSystem' in scope
34 |
35 | internal init(destructor: @escaping ThreadOpsSystem.ThreadSpecificKeyDestructor) {
/host/spi-builder-workspace/.build/checkouts/swift-crypto/Sources/CryptoExtras/Util/ThreadSpecific/ThreadSpecific.swift:35:45: error: cannot find type 'ThreadOpsSystem' in scope
33 | private var underlyingKey: ThreadOpsSystem.ThreadSpecificKey
34 |
35 | internal init(destructor: @escaping ThreadOpsSystem.ThreadSpecificKeyDestructor) {
| `- error: cannot find type 'ThreadOpsSystem' in scope
36 | self.underlyingKey = ThreadOpsSystem.allocateThreadSpecificValue(destructor: destructor)
37 | }
/host/spi-builder-workspace/.build/checkouts/swift-crypto/Sources/CryptoExtras/Util/ThreadSpecific/ThreadSpecific.swift:35:35: error: @escaping attribute only applies to function types
33 | private var underlyingKey: ThreadOpsSystem.ThreadSpecificKey
34 |
35 | internal init(destructor: @escaping ThreadOpsSystem.ThreadSpecificKeyDestructor) {
| `- error: @escaping attribute only applies to function types
36 | self.underlyingKey = ThreadOpsSystem.allocateThreadSpecificValue(destructor: destructor)
37 | }
[946/954] Compiling CryptoExtras ARCServer.swift
[947/954] Compiling CryptoExtras ChaCha20CTR_boring.swift
[948/954] Compiling CryptoExtras ChaCha20CTR.swift
[949/954] Compiling CryptoExtras BoringSSLSHA512256Context.swift
[950/954] Compiling CryptoExtras BoringSSLSHA512256HashFunction.swift
[951/954] Compiling CryptoExtras SHA512256.swift
[952/954] Compiling CryptoExtras SHA512256Digest.swift
[953/954] Compiling CryptoExtras Curve25519+PEM.swift
[954/954] Compiling CryptoExtras ObjectIdentifier.swift
BUILD FAILURE 6.2 wasm