Build Information
Failed to build KitoScreens, reference main (054aa5), with Swift 6.1 for visionOS using Xcode 16.3 on 29 Sep 2026 07:46:20 UTC.
Build Command
env DEVELOPER_DIR=/Applications/Xcode-16.3.0.app xcrun xcodebuild -IDEClonedSourcePackagesDirPathOverride=$PWD/.dependencies -skipMacroValidation -skipPackagePluginValidation -derivedDataPath $PWD/.derivedData build -scheme KitoScreens -destination generic/platform=xrOSBuild Log
SwiftCompile normal arm64 Compiling\ KitoAccessibilitySupport.swift /Users/admin/builder/spi-builder-workspace/.dependencies/checkouts/KitoButtons/Sources/KitoButtons/KitoAccessibilitySupport.swift (in target 'KitoButtons' from project 'KitoButtons')
SwiftCompile normal arm64 /Users/admin/builder/spi-builder-workspace/.dependencies/checkouts/KitoButtons/Sources/KitoButtons/KitoAccessibilitySupport.swift (in target 'KitoButtons' from project 'KitoButtons')
cd /Users/admin/builder/spi-builder-workspace/.swiftpm/xcode
SwiftCompile normal arm64 Compiling\ resource_bundle_accessor.swift /Users/admin/builder/spi-builder-workspace/.derivedData/Build/Intermediates.noindex/KitoButtons.build/Debug-xros/KitoButtons.build/DerivedSources/resource_bundle_accessor.swift (in target 'KitoButtons' from project 'KitoButtons')
SwiftCompile normal arm64 /Users/admin/builder/spi-builder-workspace/.derivedData/Build/Intermediates.noindex/KitoButtons.build/Debug-xros/KitoButtons.build/DerivedSources/resource_bundle_accessor.swift (in target 'KitoButtons' from project 'KitoButtons')
cd /Users/admin/builder/spi-builder-workspace/.swiftpm/xcode
SwiftCompile normal arm64 Compiling\ KitoButtonTheme.swift /Users/admin/builder/spi-builder-workspace/.dependencies/checkouts/KitoButtons/Sources/KitoButtons/KitoButtonTheme.swift (in target 'KitoButtons' from project 'KitoButtons')
SwiftCompile normal arm64 /Users/admin/builder/spi-builder-workspace/.dependencies/checkouts/KitoButtons/Sources/KitoButtons/KitoButtonTheme.swift (in target 'KitoButtons' from project 'KitoButtons')
cd /Users/admin/builder/spi-builder-workspace/.swiftpm/xcode
SwiftCompile normal arm64 Compiling\ KitoButtonsLocalization.swift /Users/admin/builder/spi-builder-workspace/.dependencies/checkouts/KitoButtons/Sources/KitoButtons/KitoButtonsLocalization.swift (in target 'KitoButtons' from project 'KitoButtons')
SwiftCompile normal arm64 /Users/admin/builder/spi-builder-workspace/.dependencies/checkouts/KitoButtons/Sources/KitoButtons/KitoButtonsLocalization.swift (in target 'KitoButtons' from project 'KitoButtons')
cd /Users/admin/builder/spi-builder-workspace/.swiftpm/xcode
SwiftCompile normal arm64 Compiling\ KitoButtonMotion.swift /Users/admin/builder/spi-builder-workspace/.dependencies/checkouts/KitoButtons/Sources/KitoButtons/KitoButtonMotion.swift (in target 'KitoButtons' from project 'KitoButtons')
SwiftCompile normal arm64 /Users/admin/builder/spi-builder-workspace/.dependencies/checkouts/KitoButtons/Sources/KitoButtons/KitoButtonMotion.swift (in target 'KitoButtons' from project 'KitoButtons')
cd /Users/admin/builder/spi-builder-workspace/.swiftpm/xcode
SwiftCompile normal arm64 Compiling\ KitoCartButton.swift /Users/admin/builder/spi-builder-workspace/.dependencies/checkouts/KitoButtons/Sources/KitoButtons/KitoCartButton.swift (in target 'KitoButtons' from project 'KitoButtons')
SwiftCompile normal arm64 /Users/admin/builder/spi-builder-workspace/.dependencies/checkouts/KitoButtons/Sources/KitoButtons/KitoCartButton.swift (in target 'KitoButtons' from project 'KitoButtons')
cd /Users/admin/builder/spi-builder-workspace/.swiftpm/xcode
SwiftEmitModule normal arm64 Emitting\ module\ for\ KitoButtons (in target 'KitoButtons' from project 'KitoButtons')
EmitSwiftModule normal arm64 (in target 'KitoButtons' from project 'KitoButtons')
cd /Users/admin/builder/spi-builder-workspace/.swiftpm/xcode
SwiftCompile normal arm64 Compiling\ KitoFlight.swift /Users/admin/builder/spi-builder-workspace/.dependencies/checkouts/KitoButtons/Sources/KitoButtons/KitoFlight.swift (in target 'KitoButtons' from project 'KitoButtons')
SwiftCompile normal arm64 /Users/admin/builder/spi-builder-workspace/.dependencies/checkouts/KitoButtons/Sources/KitoButtons/KitoFlight.swift (in target 'KitoButtons' from project 'KitoButtons')
cd /Users/admin/builder/spi-builder-workspace/.swiftpm/xcode
SwiftCompile normal arm64 Compiling\ KitoFontFamily.swift /Users/admin/builder/spi-builder-workspace/.dependencies/checkouts/KitoButtons/Sources/KitoButtons/KitoFontFamily.swift (in target 'KitoButtons' from project 'KitoButtons')
SwiftCompile normal arm64 /Users/admin/builder/spi-builder-workspace/.dependencies/checkouts/KitoButtons/Sources/KitoButtons/KitoFontFamily.swift (in target 'KitoButtons' from project 'KitoButtons')
cd /Users/admin/builder/spi-builder-workspace/.swiftpm/xcode
SwiftCompile normal arm64 Compiling\ KitoButtonShape.swift /Users/admin/builder/spi-builder-workspace/.dependencies/checkouts/KitoButtons/Sources/KitoButtons/KitoButtonShape.swift (in target 'KitoButtons' from project 'KitoButtons')
SwiftCompile normal arm64 /Users/admin/builder/spi-builder-workspace/.dependencies/checkouts/KitoButtons/Sources/KitoButtons/KitoButtonShape.swift (in target 'KitoButtons' from project 'KitoButtons')
cd /Users/admin/builder/spi-builder-workspace/.swiftpm/xcode
SwiftEmitModule normal arm64 Emitting\ module\ for\ KitoFields (in target 'KitoFields' from project 'KitoFields')
EmitSwiftModule normal arm64 (in target 'KitoFields' from project 'KitoFields')
cd /Users/admin/builder/spi-builder-workspace/.swiftpm/xcode
SwiftDriverJobDiscovery normal arm64 Emitting module for KitoButtons (in target 'KitoButtons' from project 'KitoButtons')
SwiftDriver\ Compilation\ Requirements KitoButtons normal arm64 com.apple.xcode.tools.swift.compiler (in target 'KitoButtons' from project 'KitoButtons')
cd /Users/admin/builder/spi-builder-workspace/.swiftpm/xcode
builtin-Swift-Compilation-Requirements -- /Applications/Xcode-16.3.0.app/Contents/Developer/Toolchains/XcodeDefault.xctoolchain/usr/bin/swiftc -module-name KitoButtons -Onone -enforce-exclusivity\=checked @/Users/admin/builder/spi-builder-workspace/.derivedData/Build/Intermediates.noindex/KitoButtons.build/Debug-xros/KitoButtons.build/Objects-normal/arm64/KitoButtons.SwiftFileList -DSWIFT_PACKAGE -DDEBUG -stats-output-dir .stats -strict-concurrency\=complete -enable-upcoming-feature StrictConcurrency -enable-upcoming-feature DisableOutwardActorInference -enable-upcoming-feature GlobalActorIsolatedTypesUsability -enable-upcoming-feature InferSendableFromCaptures -plugin-path /Applications/Xcode-16.3.0.app/Contents/Developer/Toolchains/XcodeDefault.xctoolchain/usr/lib/swift/host/plugins/testing -enable-experimental-feature DebugDescriptionMacro -sdk /Applications/Xcode-16.3.0.app/Contents/Developer/Platforms/XROS.platform/Developer/SDKs/XROS2.4.sdk -target arm64-apple-xros1.0 -g -module-cache-path /Users/admin/builder/spi-builder-workspace/.derivedData/ModuleCache.noindex -Xfrontend -serialize-debugging-options -profile-coverage-mapping -profile-generate -enable-testing -suppress-warnings -index-store-path /Users/admin/builder/spi-builder-workspace/.derivedData/Index.noindex/DataStore -swift-version 5 -I /Users/admin/builder/spi-builder-workspace/.derivedData/Build/Products/Debug-xros -I /Applications/Xcode-16.3.0.app/Contents/Developer/Platforms/XROS.platform/Developer/usr/lib -F /Users/admin/builder/spi-builder-workspace/.derivedData/Build/Products/Debug-xros -F /Applications/Xcode-16.3.0.app/Contents/Developer/Platforms/XROS.platform/Developer/Library/Frameworks -F /Applications/Xcode-16.3.0.app/Contents/Developer/Platforms/XROS.platform/Developer/SDKs/XROS2.4.sdk/Developer/Library/Frameworks -emit-localized-strings -emit-localized-strings-path /Users/admin/builder/spi-builder-workspace/.derivedData/Build/Intermediates.noindex/KitoButtons.build/Debug-xros/KitoButtons.build/Objects-normal/arm64 -c -j10 -enable-batch-mode -incremental -Xcc -ivfsstatcache -Xcc /Users/admin/builder/spi-builder-workspace/.derivedData/SDKStatCaches.noindex/xros2.4-22O233-407b76dbb837030756cbe1ab3f0b01b6.sdkstatcache -output-file-map /Users/admin/builder/spi-builder-workspace/.derivedData/Build/Intermediates.noindex/KitoButtons.build/Debug-xros/KitoButtons.build/Objects-normal/arm64/KitoButtons-OutputFileMap.json -use-frontend-parseable-output -save-temps -no-color-diagnostics -serialize-diagnostics -emit-dependencies -emit-module -emit-module-path /Users/admin/builder/spi-builder-workspace/.derivedData/Build/Intermediates.noindex/KitoButtons.build/Debug-xros/KitoButtons.build/Objects-normal/arm64/KitoButtons.swiftmodule -validate-clang-modules-once -clang-build-session-file /Users/admin/builder/spi-builder-workspace/.derivedData/ModuleCache.noindex/Session.modulevalidation -package-name kitobuttons -Xcc -I/Users/admin/builder/spi-builder-workspace/.derivedData/Build/Intermediates.noindex/KitoButtons.build/Debug-xros/KitoButtons.build/swift-overrides.hmap -emit-const-values -Xfrontend -const-gather-protocols-file -Xfrontend /Users/admin/builder/spi-builder-workspace/.derivedData/Build/Intermediates.noindex/KitoButtons.build/Debug-xros/KitoButtons.build/Objects-normal/arm64/KitoButtons_const_extract_protocols.json -Xcc -I/Users/admin/builder/spi-builder-workspace/.derivedData/Build/Products/Debug-xros/include -Xcc -I/Users/admin/builder/spi-builder-workspace/.derivedData/Build/Intermediates.noindex/KitoButtons.build/Debug-xros/KitoButtons.build/DerivedSources-normal/arm64 -Xcc -I/Users/admin/builder/spi-builder-workspace/.derivedData/Build/Intermediates.noindex/KitoButtons.build/Debug-xros/KitoButtons.build/DerivedSources/arm64 -Xcc -I/Users/admin/builder/spi-builder-workspace/.derivedData/Build/Intermediates.noindex/KitoButtons.build/Debug-xros/KitoButtons.build/DerivedSources -Xcc -DSWIFT_PACKAGE -Xcc -DDEBUG\=1 -emit-objc-header -emit-objc-header-path /Users/admin/builder/spi-builder-workspace/.derivedData/Build/Intermediates.noindex/KitoButtons.build/Debug-xros/KitoButtons.build/Objects-normal/arm64/KitoButtons-Swift.h -working-directory /Users/admin/builder/spi-builder-workspace/.swiftpm/xcode -experimental-emit-module-separately -disable-cmo
SwiftDriverJobDiscovery normal arm64 Compiling KitoButtonsLocalization.swift (in target 'KitoButtons' from project 'KitoButtons')
SwiftCompile normal arm64 Compiling\ KitoCodeFieldStyle.swift,\ KitoCountryField.swift,\ KitoDateField.swift,\ KitoEmailField.swift /Users/admin/builder/spi-builder-workspace/.dependencies/checkouts/KitoFields/Sources/KitoFields/Fields/KitoCodeFieldStyle.swift /Users/admin/builder/spi-builder-workspace/.dependencies/checkouts/KitoFields/Sources/KitoFields/Fields/KitoCountryField.swift /Users/admin/builder/spi-builder-workspace/.dependencies/checkouts/KitoFields/Sources/KitoFields/Fields/KitoDateField.swift /Users/admin/builder/spi-builder-workspace/.dependencies/checkouts/KitoFields/Sources/KitoFields/Fields/KitoEmailField.swift (in target 'KitoFields' from project 'KitoFields')
SwiftCompile normal arm64 /Users/admin/builder/spi-builder-workspace/.dependencies/checkouts/KitoFields/Sources/KitoFields/Fields/KitoCodeFieldStyle.swift (in target 'KitoFields' from project 'KitoFields')
cd /Users/admin/builder/spi-builder-workspace/.swiftpm/xcode
SwiftCompile normal arm64 /Users/admin/builder/spi-builder-workspace/.dependencies/checkouts/KitoFields/Sources/KitoFields/Fields/KitoCountryField.swift (in target 'KitoFields' from project 'KitoFields')
cd /Users/admin/builder/spi-builder-workspace/.swiftpm/xcode
SwiftCompile normal arm64 /Users/admin/builder/spi-builder-workspace/.dependencies/checkouts/KitoFields/Sources/KitoFields/Fields/KitoDateField.swift (in target 'KitoFields' from project 'KitoFields')
cd /Users/admin/builder/spi-builder-workspace/.swiftpm/xcode
SwiftCompile normal arm64 /Users/admin/builder/spi-builder-workspace/.dependencies/checkouts/KitoFields/Sources/KitoFields/Fields/KitoEmailField.swift (in target 'KitoFields' from project 'KitoFields')
cd /Users/admin/builder/spi-builder-workspace/.swiftpm/xcode
SwiftCompile normal arm64 Compiling\ KitoSelectField.swift,\ KitoTextField.swift,\ KitoCountry.swift,\ KitoCountryDatabase.swift /Users/admin/builder/spi-builder-workspace/.dependencies/checkouts/KitoFields/Sources/KitoFields/Fields/KitoSelectField.swift /Users/admin/builder/spi-builder-workspace/.dependencies/checkouts/KitoFields/Sources/KitoFields/Fields/KitoTextField.swift /Users/admin/builder/spi-builder-workspace/.dependencies/checkouts/KitoFields/Sources/KitoFields/Phone/KitoCountry.swift /Users/admin/builder/spi-builder-workspace/.dependencies/checkouts/KitoFields/Sources/KitoFields/Phone/KitoCountryDatabase.swift (in target 'KitoFields' from project 'KitoFields')
SwiftCompile normal arm64 /Users/admin/builder/spi-builder-workspace/.dependencies/checkouts/KitoFields/Sources/KitoFields/Fields/KitoSelectField.swift (in target 'KitoFields' from project 'KitoFields')
cd /Users/admin/builder/spi-builder-workspace/.swiftpm/xcode
SwiftCompile normal arm64 /Users/admin/builder/spi-builder-workspace/.dependencies/checkouts/KitoFields/Sources/KitoFields/Fields/KitoTextField.swift (in target 'KitoFields' from project 'KitoFields')
cd /Users/admin/builder/spi-builder-workspace/.swiftpm/xcode
/Users/admin/builder/spi-builder-workspace/.dependencies/checkouts/KitoFields/Sources/KitoFields/Fields/KitoTextField.swift:101:32: error: the compiler is unable to type-check this expression in reasonable time; try breaking up the expression into distinct sub-expressions
public var body: some View {
^
SwiftCompile normal arm64 /Users/admin/builder/spi-builder-workspace/.dependencies/checkouts/KitoFields/Sources/KitoFields/Phone/KitoCountry.swift (in target 'KitoFields' from project 'KitoFields')
cd /Users/admin/builder/spi-builder-workspace/.swiftpm/xcode
SwiftCompile normal arm64 /Users/admin/builder/spi-builder-workspace/.dependencies/checkouts/KitoFields/Sources/KitoFields/Phone/KitoCountryDatabase.swift (in target 'KitoFields' from project 'KitoFields')
cd /Users/admin/builder/spi-builder-workspace/.swiftpm/xcode
Failed frontend command:
/Applications/Xcode-16.3.0.app/Contents/Developer/Toolchains/XcodeDefault.xctoolchain/usr/bin/swift-frontend -frontend -c /Users/admin/builder/spi-builder-workspace/.derivedData/Build/Intermediates.noindex/KitoFields.build/Debug-xros/KitoFields.build/DerivedSources/resource_bundle_accessor.swift /Users/admin/builder/spi-builder-workspace/.dependencies/checkouts/KitoFields/Sources/KitoFields/Core/KitoAccessory.swift /Users/admin/builder/spi-builder-workspace/.dependencies/checkouts/KitoFields/Sources/KitoFields/Core/KitoErrorPresentation.swift /Users/admin/builder/spi-builder-workspace/.dependencies/checkouts/KitoFields/Sources/KitoFields/Core/KitoFieldCore.swift /Users/admin/builder/spi-builder-workspace/.dependencies/checkouts/KitoFields/Sources/KitoFields/Core/KitoFieldMotion.swift /Users/admin/builder/spi-builder-workspace/.dependencies/checkouts/KitoFields/Sources/KitoFields/Core/KitoFieldOptions.swift /Users/admin/builder/spi-builder-workspace/.dependencies/checkouts/KitoFields/Sources/KitoFields/Core/KitoFieldShape.swift /Users/admin/builder/spi-builder-workspace/.dependencies/checkouts/KitoFields/Sources/KitoFields/Core/KitoFieldStyle.swift /Users/admin/builder/spi-builder-workspace/.dependencies/checkouts/KitoFields/Sources/KitoFields/Core/KitoFieldStyles.swift /Users/admin/builder/spi-builder-workspace/.dependencies/checkouts/KitoFields/Sources/KitoFields/Core/KitoFieldTheme.swift /Users/admin/builder/spi-builder-workspace/.dependencies/checkouts/KitoFields/Sources/KitoFields/Core/KitoFontFamily.swift /Users/admin/builder/spi-builder-workspace/.dependencies/checkouts/KitoFields/Sources/KitoFields/Core/KitoForm.swift /Users/admin/builder/spi-builder-workspace/.dependencies/checkouts/KitoFields/Sources/KitoFields/Core/KitoLocalization.swift /Users/admin/builder/spi-builder-workspace/.dependencies/checkouts/KitoFields/Sources/KitoFields/Core/KitoValidationState.swift /Users/admin/builder/spi-builder-workspace/.dependencies/checkouts/KitoFields/Sources/KitoFields/Fields/KitoCardFields.swift /Users/admin/builder/spi-builder-workspace/.dependencies/checkouts/KitoFields/Sources/KitoFields/Fields/KitoCodeField.swift /Users/admin/builder/spi-builder-workspace/.dependencies/checkouts/KitoFields/Sources/KitoFields/Fields/KitoCodeFieldStyle.swift /Users/admin/builder/spi-builder-workspace/.dependencies/checkouts/KitoFields/Sources/KitoFields/Fields/KitoCountryField.swift /Users/admin/builder/spi-builder-workspace/.dependencies/checkouts/KitoFields/Sources/KitoFields/Fields/KitoDateField.swift /Users/admin/builder/spi-builder-workspace/.dependencies/checkouts/KitoFields/Sources/KitoFields/Fields/KitoEmailField.swift /Users/admin/builder/spi-builder-workspace/.dependencies/checkouts/KitoFields/Sources/KitoFields/Fields/KitoNumberField.swift /Users/admin/builder/spi-builder-workspace/.dependencies/checkouts/KitoFields/Sources/KitoFields/Fields/KitoPasswordField.swift /Users/admin/builder/spi-builder-workspace/.dependencies/checkouts/KitoFields/Sources/KitoFields/Fields/KitoPresetFields.swift /Users/admin/builder/spi-builder-workspace/.dependencies/checkouts/KitoFields/Sources/KitoFields/Fields/KitoResendCodeButton.swift -primary-file /Users/admin/builder/spi-builder-workspace/.dependencies/checkouts/KitoFields/Sources/KitoFields/Fields/KitoSelectField.swift -primary-file /Users/admin/builder/spi-builder-workspace/.dependencies/checkouts/KitoFields/Sources/KitoFields/Fields/KitoTextField.swift -primary-file /Users/admin/builder/spi-builder-workspace/.dependencies/checkouts/KitoFields/Sources/KitoFields/Phone/KitoCountry.swift -primary-file /Users/admin/builder/spi-builder-workspace/.dependencies/checkouts/KitoFields/Sources/KitoFields/Phone/KitoCountryDatabase.swift /Users/admin/builder/spi-builder-workspace/.dependencies/checkouts/KitoFields/Sources/KitoFields/Phone/KitoCountryPicker.swift /Users/admin/builder/spi-builder-workspace/.dependencies/checkouts/KitoFields/Sources/KitoFields/Phone/KitoFlag.swift /Users/admin/builder/spi-builder-workspace/.dependencies/checkouts/KitoFields/Sources/KitoFields/Phone/KitoNativeTextField.swift /Users/admin/builder/spi-builder-workspace/.dependencies/checkouts/KitoFields/Sources/KitoFields/Phone/KitoPhoneField.swift /Users/admin/builder/spi-builder-workspace/.dependencies/checkouts/KitoFields/Sources/KitoFields/Phone/KitoPhoneFormatter.swift /Users/admin/builder/spi-builder-workspace/.dependencies/checkouts/KitoFields/Sources/KitoFields/Phone/KitoPhoneNumber.swift /Users/admin/builder/spi-builder-workspace/.dependencies/checkouts/KitoFields/Sources/KitoFields/Phone/KitoPhoneParser.swift /Users/admin/builder/spi-builder-workspace/.dependencies/checkouts/KitoFields/Sources/KitoFields/Phone/KitoPhoneValidator.swift /Users/admin/builder/spi-builder-workspace/.dependencies/checkouts/KitoFields/Sources/KitoFields/Validation/KitoPasswordStrength.swift /Users/admin/builder/spi-builder-workspace/.dependencies/checkouts/KitoFields/Sources/KitoFields/Validation/KitoPasswordUI.swift /Users/admin/builder/spi-builder-workspace/.dependencies/checkouts/KitoFields/Sources/KitoFields/Validation/KitoRule+Formats.swift /Users/admin/builder/spi-builder-workspace/.dependencies/checkouts/KitoFields/Sources/KitoFields/Validation/KitoRule.swift -supplementary-output-file-map /Users/admin/builder/spi-builder-workspace/.derivedData/Build/Intermediates.noindex/KitoFields.build/Debug-xros/KitoFields.build/Objects-normal/arm64/supplementaryOutputs-7 -emit-localized-strings -emit-localized-strings-path /Users/admin/builder/spi-builder-workspace/.derivedData/Build/Intermediates.noindex/KitoFields.build/Debug-xros/KitoFields.build/Objects-normal/arm64 -target arm64-apple-xros1.0 -Xllvm -aarch64-use-tbi -enable-objc-interop -stack-check -sdk /Applications/Xcode-16.3.0.app/Contents/Developer/Platforms/XROS.platform/Developer/SDKs/XROS2.4.sdk -I /Users/admin/builder/spi-builder-workspace/.derivedData/Build/Products/Debug-xros -I /Applications/Xcode-16.3.0.app/Contents/Developer/Platforms/XROS.platform/Developer/usr/lib -F /Users/admin/builder/spi-builder-workspace/.derivedData/Build/Products/Debug-xros -F /Applications/Xcode-16.3.0.app/Contents/Developer/Platforms/XROS.platform/Developer/Library/Frameworks -F /Applications/Xcode-16.3.0.app/Contents/Developer/Platforms/XROS.platform/Developer/SDKs/XROS2.4.sdk/Developer/Library/Frameworks -no-color-diagnostics -enable-testing -g -debug-info-format\=dwarf -dwarf-version\=4 -module-cache-path /Users/admin/builder/spi-builder-workspace/.derivedData/ModuleCache.noindex -suppress-warnings -profile-generate -profile-coverage-mapping -swift-version 5 -enforce-exclusivity\=checked -stats-output-dir /Users/admin/builder/spi-builder-workspace/.swiftpm/xcode/.stats -Onone -D SWIFT_PACKAGE -D DEBUG -serialize-debugging-options -const-gather-protocols-file /Users/admin/builder/spi-builder-workspace/.derivedData/Build/Intermediates.noindex/KitoFields.build/Debug-xros/KitoFields.build/Objects-normal/arm64/KitoFields_const_extract_protocols.json -enable-upcoming-feature StrictConcurrency -enable-upcoming-feature DisableOutwardActorInference -enable-upcoming-feature GlobalActorIsolatedTypesUsability -enable-upcoming-feature InferSendableFromCaptures -enable-experimental-feature DebugDescriptionMacro -strict-concurrency\=complete -empty-abi-descriptor -plugin-path /Applications/Xcode-16.3.0.app/Contents/Developer/Toolchains/XcodeDefault.xctoolchain/usr/lib/swift/host/plugins/testing -validate-clang-modules-once -clang-build-session-file /Users/admin/builder/spi-builder-workspace/.derivedData/ModuleCache.noindex/Session.modulevalidation -Xcc -working-directory -Xcc /Users/admin/builder/spi-builder-workspace/.swiftpm/xcode -resource-dir /Applications/Xcode-16.3.0.app/Contents/Developer/Toolchains/XcodeDefault.xctoolchain/usr/lib/swift -enable-anonymous-context-mangled-names -file-compilation-dir /Users/admin/builder/spi-builder-workspace/.swiftpm/xcode -Xcc -ivfsstatcache -Xcc /Users/admin/builder/spi-builder-workspace/.derivedData/SDKStatCaches.noindex/xros2.4-22O233-407b76dbb837030756cbe1ab3f0b01b6.sdkstatcache -Xcc -I/Users/admin/builder/spi-builder-workspace/.derivedData/Build/Intermediates.noindex/KitoFields.build/Debug-xros/KitoFields.build/swift-overrides.hmap -Xcc -I/Users/admin/builder/spi-builder-workspace/.derivedData/Build/Products/Debug-xros/include -Xcc -I/Users/admin/builder/spi-builder-workspace/.derivedData/Build/Intermediates.noindex/KitoFields.build/Debug-xros/KitoFields.build/DerivedSources-normal/arm64 -Xcc -I/Users/admin/builder/spi-builder-workspace/.derivedData/Build/Intermediates.noindex/KitoFields.build/Debug-xros/KitoFields.build/DerivedSources/arm64 -Xcc -I/Users/admin/builder/spi-builder-workspace/.derivedData/Build/Intermediates.noindex/KitoFields.build/Debug-xros/KitoFields.build/DerivedSources -Xcc -DSWIFT_PACKAGE -Xcc -DDEBUG\=1 -module-name KitoFields -package-name kitofields -frontend-parseable-output -disable-clang-spi -target-sdk-version 2.4 -target-sdk-name xros2.4 -external-plugin-path /Applications/Xcode-16.3.0.app/Contents/Developer/Platforms/XROS.platform/Developer/usr/lib/swift/host/plugins\#/Applications/Xcode-16.3.0.app/Contents/Developer/Platforms/XROS.platform/Developer/usr/bin/swift-plugin-server -external-plugin-path /Applications/Xcode-16.3.0.app/Contents/Developer/Platforms/XROS.platform/Developer/usr/local/lib/swift/host/plugins\#/Applications/Xcode-16.3.0.app/Contents/Developer/Platforms/XROS.platform/Developer/usr/bin/swift-plugin-server -in-process-plugin-server-path /Applications/Xcode-16.3.0.app/Contents/Developer/Toolchains/XcodeDefault.xctoolchain/usr/lib/swift/host/libSwiftInProcPluginServer.dylib -plugin-path /Applications/Xcode-16.3.0.app/Contents/Developer/Toolchains/XcodeDefault.xctoolchain/usr/lib/swift/host/plugins -plugin-path /Applications/Xcode-16.3.0.app/Contents/Developer/Toolchains/XcodeDefault.xctoolchain/usr/local/lib/swift/host/plugins -o /Users/admin/builder/spi-builder-workspace/.derivedData/Build/Intermediates.noindex/KitoFields.build/Debug-xros/KitoFields.build/Objects-normal/arm64/KitoSelectField.o -o /Users/admin/builder/spi-builder-workspace/.derivedData/Build/Intermediates.noindex/KitoFields.build/Debug-xros/KitoFields.build/Objects-normal/arm64/KitoTextField.o -o /Users/admin/builder/spi-builder-workspace/.derivedData/Build/Intermediates.noindex/KitoFields.build/Debug-xros/KitoFields.build/Objects-normal/arm64/KitoCountry.o -o /Users/admin/builder/spi-builder-workspace/.derivedData/Build/Intermediates.noindex/KitoFields.build/Debug-xros/KitoFields.build/Objects-normal/arm64/KitoCountryDatabase.o -index-unit-output-path /KitoFields.build/Debug-xros/KitoFields.build/Objects-normal/arm64/KitoSelectField.o -index-unit-output-path /KitoFields.build/Debug-xros/KitoFields.build/Objects-normal/arm64/KitoTextField.o -index-unit-output-path /KitoFields.build/Debug-xros/KitoFields.build/Objects-normal/arm64/KitoCountry.o -index-unit-output-path /KitoFields.build/Debug-xros/KitoFields.build/Objects-normal/arm64/KitoCountryDatabase.o -index-store-path /Users/admin/builder/spi-builder-workspace/.derivedData/Index.noindex/DataStore -index-system-modules
SwiftDriverJobDiscovery normal arm64 Compiling resource_bundle_accessor.swift (in target 'KitoButtons' from project 'KitoButtons')
SwiftMergeGeneratedHeaders /Users/admin/builder/spi-builder-workspace/.derivedData/Build/Intermediates.noindex/GeneratedModuleMaps-xros/KitoButtons-Swift.h /Users/admin/builder/spi-builder-workspace/.derivedData/Build/Intermediates.noindex/KitoButtons.build/Debug-xros/KitoButtons.build/Objects-normal/arm64/KitoButtons-Swift.h (in target 'KitoButtons' from project 'KitoButtons')
cd /Users/admin/builder/spi-builder-workspace/.dependencies/checkouts/KitoButtons
builtin-swiftHeaderTool -arch arm64 /Users/admin/builder/spi-builder-workspace/.derivedData/Build/Intermediates.noindex/KitoButtons.build/Debug-xros/KitoButtons.build/Objects-normal/arm64/KitoButtons-Swift.h -o /Users/admin/builder/spi-builder-workspace/.derivedData/Build/Intermediates.noindex/GeneratedModuleMaps-xros/KitoButtons-Swift.h
SwiftDriverJobDiscovery normal arm64 Emitting module for KitoFields (in target 'KitoFields' from project 'KitoFields')
Copy /Users/admin/builder/spi-builder-workspace/.derivedData/Build/Products/Debug-xros/KitoButtons.swiftmodule/arm64-apple-xros.swiftmodule /Users/admin/builder/spi-builder-workspace/.derivedData/Build/Intermediates.noindex/KitoButtons.build/Debug-xros/KitoButtons.build/Objects-normal/arm64/KitoButtons.swiftmodule (in target 'KitoButtons' from project 'KitoButtons')
cd /Users/admin/builder/spi-builder-workspace/.dependencies/checkouts/KitoButtons
builtin-copy -exclude .DS_Store -exclude CVS -exclude .svn -exclude .git -exclude .hg -resolve-src-symlinks -rename /Users/admin/builder/spi-builder-workspace/.derivedData/Build/Intermediates.noindex/KitoButtons.build/Debug-xros/KitoButtons.build/Objects-normal/arm64/KitoButtons.swiftmodule /Users/admin/builder/spi-builder-workspace/.derivedData/Build/Products/Debug-xros/KitoButtons.swiftmodule/arm64-apple-xros.swiftmodule
SwiftDriver\ Compilation\ Requirements KitoFields normal arm64 com.apple.xcode.tools.swift.compiler (in target 'KitoFields' from project 'KitoFields')
cd /Users/admin/builder/spi-builder-workspace/.swiftpm/xcode
builtin-Swift-Compilation-Requirements -- /Applications/Xcode-16.3.0.app/Contents/Developer/Toolchains/XcodeDefault.xctoolchain/usr/bin/swiftc -module-name KitoFields -Onone -enforce-exclusivity\=checked @/Users/admin/builder/spi-builder-workspace/.derivedData/Build/Intermediates.noindex/KitoFields.build/Debug-xros/KitoFields.build/Objects-normal/arm64/KitoFields.SwiftFileList -DSWIFT_PACKAGE -DDEBUG -stats-output-dir .stats -strict-concurrency\=complete -enable-upcoming-feature StrictConcurrency -enable-upcoming-feature DisableOutwardActorInference -enable-upcoming-feature GlobalActorIsolatedTypesUsability -enable-upcoming-feature InferSendableFromCaptures -plugin-path /Applications/Xcode-16.3.0.app/Contents/Developer/Toolchains/XcodeDefault.xctoolchain/usr/lib/swift/host/plugins/testing -enable-experimental-feature DebugDescriptionMacro -sdk /Applications/Xcode-16.3.0.app/Contents/Developer/Platforms/XROS.platform/Developer/SDKs/XROS2.4.sdk -target arm64-apple-xros1.0 -g -module-cache-path /Users/admin/builder/spi-builder-workspace/.derivedData/ModuleCache.noindex -Xfrontend -serialize-debugging-options -profile-coverage-mapping -profile-generate -enable-testing -suppress-warnings -index-store-path /Users/admin/builder/spi-builder-workspace/.derivedData/Index.noindex/DataStore -swift-version 5 -I /Users/admin/builder/spi-builder-workspace/.derivedData/Build/Products/Debug-xros -I /Applications/Xcode-16.3.0.app/Contents/Developer/Platforms/XROS.platform/Developer/usr/lib -F /Users/admin/builder/spi-builder-workspace/.derivedData/Build/Products/Debug-xros -F /Applications/Xcode-16.3.0.app/Contents/Developer/Platforms/XROS.platform/Developer/Library/Frameworks -F /Applications/Xcode-16.3.0.app/Contents/Developer/Platforms/XROS.platform/Developer/SDKs/XROS2.4.sdk/Developer/Library/Frameworks -emit-localized-strings -emit-localized-strings-path /Users/admin/builder/spi-builder-workspace/.derivedData/Build/Intermediates.noindex/KitoFields.build/Debug-xros/KitoFields.build/Objects-normal/arm64 -c -j10 -enable-batch-mode -incremental -Xcc -ivfsstatcache -Xcc /Users/admin/builder/spi-builder-workspace/.derivedData/SDKStatCaches.noindex/xros2.4-22O233-407b76dbb837030756cbe1ab3f0b01b6.sdkstatcache -output-file-map /Users/admin/builder/spi-builder-workspace/.derivedData/Build/Intermediates.noindex/KitoFields.build/Debug-xros/KitoFields.build/Objects-normal/arm64/KitoFields-OutputFileMap.json -use-frontend-parseable-output -save-temps -no-color-diagnostics -serialize-diagnostics -emit-dependencies -emit-module -emit-module-path /Users/admin/builder/spi-builder-workspace/.derivedData/Build/Intermediates.noindex/KitoFields.build/Debug-xros/KitoFields.build/Objects-normal/arm64/KitoFields.swiftmodule -validate-clang-modules-once -clang-build-session-file /Users/admin/builder/spi-builder-workspace/.derivedData/ModuleCache.noindex/Session.modulevalidation -package-name kitofields -Xcc -I/Users/admin/builder/spi-builder-workspace/.derivedData/Build/Intermediates.noindex/KitoFields.build/Debug-xros/KitoFields.build/swift-overrides.hmap -emit-const-values -Xfrontend -const-gather-protocols-file -Xfrontend /Users/admin/builder/spi-builder-workspace/.derivedData/Build/Intermediates.noindex/KitoFields.build/Debug-xros/KitoFields.build/Objects-normal/arm64/KitoFields_const_extract_protocols.json -Xcc -I/Users/admin/builder/spi-builder-workspace/.derivedData/Build/Products/Debug-xros/include -Xcc -I/Users/admin/builder/spi-builder-workspace/.derivedData/Build/Intermediates.noindex/KitoFields.build/Debug-xros/KitoFields.build/DerivedSources-normal/arm64 -Xcc -I/Users/admin/builder/spi-builder-workspace/.derivedData/Build/Intermediates.noindex/KitoFields.build/Debug-xros/KitoFields.build/DerivedSources/arm64 -Xcc -I/Users/admin/builder/spi-builder-workspace/.derivedData/Build/Intermediates.noindex/KitoFields.build/Debug-xros/KitoFields.build/DerivedSources -Xcc -DSWIFT_PACKAGE -Xcc -DDEBUG\=1 -emit-objc-header -emit-objc-header-path /Users/admin/builder/spi-builder-workspace/.derivedData/Build/Intermediates.noindex/KitoFields.build/Debug-xros/KitoFields.build/Objects-normal/arm64/KitoFields-Swift.h -working-directory /Users/admin/builder/spi-builder-workspace/.swiftpm/xcode -experimental-emit-module-separately -disable-cmo
Copy /Users/admin/builder/spi-builder-workspace/.derivedData/Build/Products/Debug-xros/KitoButtons.swiftmodule/arm64-apple-xros.swiftdoc /Users/admin/builder/spi-builder-workspace/.derivedData/Build/Intermediates.noindex/KitoButtons.build/Debug-xros/KitoButtons.build/Objects-normal/arm64/KitoButtons.swiftdoc (in target 'KitoButtons' from project 'KitoButtons')
cd /Users/admin/builder/spi-builder-workspace/.dependencies/checkouts/KitoButtons
builtin-copy -exclude .DS_Store -exclude CVS -exclude .svn -exclude .git -exclude .hg -resolve-src-symlinks -rename /Users/admin/builder/spi-builder-workspace/.derivedData/Build/Intermediates.noindex/KitoButtons.build/Debug-xros/KitoButtons.build/Objects-normal/arm64/KitoButtons.swiftdoc /Users/admin/builder/spi-builder-workspace/.derivedData/Build/Products/Debug-xros/KitoButtons.swiftmodule/arm64-apple-xros.swiftdoc
SwiftMergeGeneratedHeaders /Users/admin/builder/spi-builder-workspace/.derivedData/Build/Intermediates.noindex/GeneratedModuleMaps-xros/KitoFields-Swift.h /Users/admin/builder/spi-builder-workspace/.derivedData/Build/Intermediates.noindex/KitoFields.build/Debug-xros/KitoFields.build/Objects-normal/arm64/KitoFields-Swift.h (in target 'KitoFields' from project 'KitoFields')
cd /Users/admin/builder/spi-builder-workspace/.dependencies/checkouts/KitoFields
builtin-swiftHeaderTool -arch arm64 /Users/admin/builder/spi-builder-workspace/.derivedData/Build/Intermediates.noindex/KitoFields.build/Debug-xros/KitoFields.build/Objects-normal/arm64/KitoFields-Swift.h -o /Users/admin/builder/spi-builder-workspace/.derivedData/Build/Intermediates.noindex/GeneratedModuleMaps-xros/KitoFields-Swift.h
Copy /Users/admin/builder/spi-builder-workspace/.derivedData/Build/Products/Debug-xros/KitoFields.swiftmodule/arm64-apple-xros.swiftmodule /Users/admin/builder/spi-builder-workspace/.derivedData/Build/Intermediates.noindex/KitoFields.build/Debug-xros/KitoFields.build/Objects-normal/arm64/KitoFields.swiftmodule (in target 'KitoFields' from project 'KitoFields')
cd /Users/admin/builder/spi-builder-workspace/.dependencies/checkouts/KitoFields
builtin-copy -exclude .DS_Store -exclude CVS -exclude .svn -exclude .git -exclude .hg -resolve-src-symlinks -rename /Users/admin/builder/spi-builder-workspace/.derivedData/Build/Intermediates.noindex/KitoFields.build/Debug-xros/KitoFields.build/Objects-normal/arm64/KitoFields.swiftmodule /Users/admin/builder/spi-builder-workspace/.derivedData/Build/Products/Debug-xros/KitoFields.swiftmodule/arm64-apple-xros.swiftmodule
Copy /Users/admin/builder/spi-builder-workspace/.derivedData/Build/Products/Debug-xros/KitoFields.swiftmodule/arm64-apple-xros.swiftdoc /Users/admin/builder/spi-builder-workspace/.derivedData/Build/Intermediates.noindex/KitoFields.build/Debug-xros/KitoFields.build/Objects-normal/arm64/KitoFields.swiftdoc (in target 'KitoFields' from project 'KitoFields')
cd /Users/admin/builder/spi-builder-workspace/.dependencies/checkouts/KitoFields
builtin-copy -exclude .DS_Store -exclude CVS -exclude .svn -exclude .git -exclude .hg -resolve-src-symlinks -rename /Users/admin/builder/spi-builder-workspace/.derivedData/Build/Intermediates.noindex/KitoFields.build/Debug-xros/KitoFields.build/Objects-normal/arm64/KitoFields.swiftdoc /Users/admin/builder/spi-builder-workspace/.derivedData/Build/Products/Debug-xros/KitoFields.swiftmodule/arm64-apple-xros.swiftdoc
Copy /Users/admin/builder/spi-builder-workspace/.derivedData/Build/Products/Debug-xros/KitoFields.swiftmodule/arm64-apple-xros.abi.json /Users/admin/builder/spi-builder-workspace/.derivedData/Build/Intermediates.noindex/KitoFields.build/Debug-xros/KitoFields.build/Objects-normal/arm64/KitoFields.abi.json (in target 'KitoFields' from project 'KitoFields')
cd /Users/admin/builder/spi-builder-workspace/.dependencies/checkouts/KitoFields
builtin-copy -exclude .DS_Store -exclude CVS -exclude .svn -exclude .git -exclude .hg -resolve-src-symlinks -rename /Users/admin/builder/spi-builder-workspace/.derivedData/Build/Intermediates.noindex/KitoFields.build/Debug-xros/KitoFields.build/Objects-normal/arm64/KitoFields.abi.json /Users/admin/builder/spi-builder-workspace/.derivedData/Build/Products/Debug-xros/KitoFields.swiftmodule/arm64-apple-xros.abi.json
Copy /Users/admin/builder/spi-builder-workspace/.derivedData/Build/Products/Debug-xros/KitoFields.swiftmodule/Project/arm64-apple-xros.swiftsourceinfo /Users/admin/builder/spi-builder-workspace/.derivedData/Build/Intermediates.noindex/KitoFields.build/Debug-xros/KitoFields.build/Objects-normal/arm64/KitoFields.swiftsourceinfo (in target 'KitoFields' from project 'KitoFields')
cd /Users/admin/builder/spi-builder-workspace/.dependencies/checkouts/KitoFields
builtin-copy -exclude .DS_Store -exclude CVS -exclude .svn -exclude .git -exclude .hg -resolve-src-symlinks -rename /Users/admin/builder/spi-builder-workspace/.derivedData/Build/Intermediates.noindex/KitoFields.build/Debug-xros/KitoFields.build/Objects-normal/arm64/KitoFields.swiftsourceinfo /Users/admin/builder/spi-builder-workspace/.derivedData/Build/Products/Debug-xros/KitoFields.swiftmodule/Project/arm64-apple-xros.swiftsourceinfo
Copy /Users/admin/builder/spi-builder-workspace/.derivedData/Build/Products/Debug-xros/KitoButtons.swiftmodule/arm64-apple-xros.abi.json /Users/admin/builder/spi-builder-workspace/.derivedData/Build/Intermediates.noindex/KitoButtons.build/Debug-xros/KitoButtons.build/Objects-normal/arm64/KitoButtons.abi.json (in target 'KitoButtons' from project 'KitoButtons')
cd /Users/admin/builder/spi-builder-workspace/.dependencies/checkouts/KitoButtons
builtin-copy -exclude .DS_Store -exclude CVS -exclude .svn -exclude .git -exclude .hg -resolve-src-symlinks -rename /Users/admin/builder/spi-builder-workspace/.derivedData/Build/Intermediates.noindex/KitoButtons.build/Debug-xros/KitoButtons.build/Objects-normal/arm64/KitoButtons.abi.json /Users/admin/builder/spi-builder-workspace/.derivedData/Build/Products/Debug-xros/KitoButtons.swiftmodule/arm64-apple-xros.abi.json
Copy /Users/admin/builder/spi-builder-workspace/.derivedData/Build/Products/Debug-xros/KitoButtons.swiftmodule/Project/arm64-apple-xros.swiftsourceinfo /Users/admin/builder/spi-builder-workspace/.derivedData/Build/Intermediates.noindex/KitoButtons.build/Debug-xros/KitoButtons.build/Objects-normal/arm64/KitoButtons.swiftsourceinfo (in target 'KitoButtons' from project 'KitoButtons')
cd /Users/admin/builder/spi-builder-workspace/.dependencies/checkouts/KitoButtons
builtin-copy -exclude .DS_Store -exclude CVS -exclude .svn -exclude .git -exclude .hg -resolve-src-symlinks -rename /Users/admin/builder/spi-builder-workspace/.derivedData/Build/Intermediates.noindex/KitoButtons.build/Debug-xros/KitoButtons.build/Objects-normal/arm64/KitoButtons.swiftsourceinfo /Users/admin/builder/spi-builder-workspace/.derivedData/Build/Products/Debug-xros/KitoButtons.swiftmodule/Project/arm64-apple-xros.swiftsourceinfo
SwiftCompile normal arm64 Compiling\ resource_bundle_accessor.swift,\ KitoAccessory.swift,\ KitoErrorPresentation.swift,\ KitoFieldCore.swift /Users/admin/builder/spi-builder-workspace/.derivedData/Build/Intermediates.noindex/KitoFields.build/Debug-xros/KitoFields.build/DerivedSources/resource_bundle_accessor.swift /Users/admin/builder/spi-builder-workspace/.dependencies/checkouts/KitoFields/Sources/KitoFields/Core/KitoAccessory.swift /Users/admin/builder/spi-builder-workspace/.dependencies/checkouts/KitoFields/Sources/KitoFields/Core/KitoErrorPresentation.swift /Users/admin/builder/spi-builder-workspace/.dependencies/checkouts/KitoFields/Sources/KitoFields/Core/KitoFieldCore.swift (in target 'KitoFields' from project 'KitoFields')
SwiftCompile normal arm64 /Users/admin/builder/spi-builder-workspace/.derivedData/Build/Intermediates.noindex/KitoFields.build/Debug-xros/KitoFields.build/DerivedSources/resource_bundle_accessor.swift (in target 'KitoFields' from project 'KitoFields')
cd /Users/admin/builder/spi-builder-workspace/.swiftpm/xcode
SwiftCompile normal arm64 /Users/admin/builder/spi-builder-workspace/.dependencies/checkouts/KitoFields/Sources/KitoFields/Core/KitoAccessory.swift (in target 'KitoFields' from project 'KitoFields')
cd /Users/admin/builder/spi-builder-workspace/.swiftpm/xcode
SwiftCompile normal arm64 /Users/admin/builder/spi-builder-workspace/.dependencies/checkouts/KitoFields/Sources/KitoFields/Core/KitoErrorPresentation.swift (in target 'KitoFields' from project 'KitoFields')
cd /Users/admin/builder/spi-builder-workspace/.swiftpm/xcode
SwiftCompile normal arm64 /Users/admin/builder/spi-builder-workspace/.dependencies/checkouts/KitoFields/Sources/KitoFields/Core/KitoFieldCore.swift (in target 'KitoFields' from project 'KitoFields')
cd /Users/admin/builder/spi-builder-workspace/.swiftpm/xcode
SwiftCompile normal arm64 Compiling\ KitoNumberField.swift,\ KitoPasswordField.swift,\ KitoPresetFields.swift,\ KitoResendCodeButton.swift /Users/admin/builder/spi-builder-workspace/.dependencies/checkouts/KitoFields/Sources/KitoFields/Fields/KitoNumberField.swift /Users/admin/builder/spi-builder-workspace/.dependencies/checkouts/KitoFields/Sources/KitoFields/Fields/KitoPasswordField.swift /Users/admin/builder/spi-builder-workspace/.dependencies/checkouts/KitoFields/Sources/KitoFields/Fields/KitoPresetFields.swift /Users/admin/builder/spi-builder-workspace/.dependencies/checkouts/KitoFields/Sources/KitoFields/Fields/KitoResendCodeButton.swift (in target 'KitoFields' from project 'KitoFields')
SwiftCompile normal arm64 /Users/admin/builder/spi-builder-workspace/.dependencies/checkouts/KitoFields/Sources/KitoFields/Fields/KitoNumberField.swift (in target 'KitoFields' from project 'KitoFields')
cd /Users/admin/builder/spi-builder-workspace/.swiftpm/xcode
SwiftCompile normal arm64 /Users/admin/builder/spi-builder-workspace/.dependencies/checkouts/KitoFields/Sources/KitoFields/Fields/KitoPasswordField.swift (in target 'KitoFields' from project 'KitoFields')
cd /Users/admin/builder/spi-builder-workspace/.swiftpm/xcode
SwiftCompile normal arm64 /Users/admin/builder/spi-builder-workspace/.dependencies/checkouts/KitoFields/Sources/KitoFields/Fields/KitoPresetFields.swift (in target 'KitoFields' from project 'KitoFields')
cd /Users/admin/builder/spi-builder-workspace/.swiftpm/xcode
SwiftCompile normal arm64 /Users/admin/builder/spi-builder-workspace/.dependencies/checkouts/KitoFields/Sources/KitoFields/Fields/KitoResendCodeButton.swift (in target 'KitoFields' from project 'KitoFields')
cd /Users/admin/builder/spi-builder-workspace/.swiftpm/xcode
SwiftDriverJobDiscovery normal arm64 Compiling KitoFontFamily.swift (in target 'KitoButtons' from project 'KitoButtons')
SwiftCompile normal arm64 Compiling\ KitoFieldMotion.swift,\ KitoFieldOptions.swift,\ KitoFieldShape.swift,\ KitoFieldStyle.swift /Users/admin/builder/spi-builder-workspace/.dependencies/checkouts/KitoFields/Sources/KitoFields/Core/KitoFieldMotion.swift /Users/admin/builder/spi-builder-workspace/.dependencies/checkouts/KitoFields/Sources/KitoFields/Core/KitoFieldOptions.swift /Users/admin/builder/spi-builder-workspace/.dependencies/checkouts/KitoFields/Sources/KitoFields/Core/KitoFieldShape.swift /Users/admin/builder/spi-builder-workspace/.dependencies/checkouts/KitoFields/Sources/KitoFields/Core/KitoFieldStyle.swift (in target 'KitoFields' from project 'KitoFields')
SwiftCompile normal arm64 /Users/admin/builder/spi-builder-workspace/.dependencies/checkouts/KitoFields/Sources/KitoFields/Core/KitoFieldMotion.swift (in target 'KitoFields' from project 'KitoFields')
cd /Users/admin/builder/spi-builder-workspace/.swiftpm/xcode
SwiftCompile normal arm64 /Users/admin/builder/spi-builder-workspace/.dependencies/checkouts/KitoFields/Sources/KitoFields/Core/KitoFieldOptions.swift (in target 'KitoFields' from project 'KitoFields')
cd /Users/admin/builder/spi-builder-workspace/.swiftpm/xcode
SwiftCompile normal arm64 /Users/admin/builder/spi-builder-workspace/.dependencies/checkouts/KitoFields/Sources/KitoFields/Core/KitoFieldShape.swift (in target 'KitoFields' from project 'KitoFields')
cd /Users/admin/builder/spi-builder-workspace/.swiftpm/xcode
SwiftCompile normal arm64 /Users/admin/builder/spi-builder-workspace/.dependencies/checkouts/KitoFields/Sources/KitoFields/Core/KitoFieldStyle.swift (in target 'KitoFields' from project 'KitoFields')
cd /Users/admin/builder/spi-builder-workspace/.swiftpm/xcode
SwiftCompile normal arm64 Compiling\ KitoFieldStyles.swift,\ KitoFieldTheme.swift,\ KitoFontFamily.swift,\ KitoForm.swift /Users/admin/builder/spi-builder-workspace/.dependencies/checkouts/KitoFields/Sources/KitoFields/Core/KitoFieldStyles.swift /Users/admin/builder/spi-builder-workspace/.dependencies/checkouts/KitoFields/Sources/KitoFields/Core/KitoFieldTheme.swift /Users/admin/builder/spi-builder-workspace/.dependencies/checkouts/KitoFields/Sources/KitoFields/Core/KitoFontFamily.swift /Users/admin/builder/spi-builder-workspace/.dependencies/checkouts/KitoFields/Sources/KitoFields/Core/KitoForm.swift (in target 'KitoFields' from project 'KitoFields')
SwiftCompile normal arm64 /Users/admin/builder/spi-builder-workspace/.dependencies/checkouts/KitoFields/Sources/KitoFields/Core/KitoFieldStyles.swift (in target 'KitoFields' from project 'KitoFields')
cd /Users/admin/builder/spi-builder-workspace/.swiftpm/xcode
SwiftCompile normal arm64 /Users/admin/builder/spi-builder-workspace/.dependencies/checkouts/KitoFields/Sources/KitoFields/Core/KitoFieldTheme.swift (in target 'KitoFields' from project 'KitoFields')
cd /Users/admin/builder/spi-builder-workspace/.swiftpm/xcode
SwiftCompile normal arm64 /Users/admin/builder/spi-builder-workspace/.dependencies/checkouts/KitoFields/Sources/KitoFields/Core/KitoFontFamily.swift (in target 'KitoFields' from project 'KitoFields')
cd /Users/admin/builder/spi-builder-workspace/.swiftpm/xcode
SwiftCompile normal arm64 /Users/admin/builder/spi-builder-workspace/.dependencies/checkouts/KitoFields/Sources/KitoFields/Core/KitoForm.swift (in target 'KitoFields' from project 'KitoFields')
cd /Users/admin/builder/spi-builder-workspace/.swiftpm/xcode
SwiftDriverJobDiscovery normal arm64 Compiling KitoAccessibilitySupport.swift (in target 'KitoButtons' from project 'KitoButtons')
SwiftDriverJobDiscovery normal arm64 Compiling KitoButtonShape.swift (in target 'KitoButtons' from project 'KitoButtons')
SwiftCompile normal arm64 Compiling\ KitoLocalization.swift,\ KitoValidationState.swift,\ KitoCardFields.swift,\ KitoCodeField.swift /Users/admin/builder/spi-builder-workspace/.dependencies/checkouts/KitoFields/Sources/KitoFields/Core/KitoLocalization.swift /Users/admin/builder/spi-builder-workspace/.dependencies/checkouts/KitoFields/Sources/KitoFields/Core/KitoValidationState.swift /Users/admin/builder/spi-builder-workspace/.dependencies/checkouts/KitoFields/Sources/KitoFields/Fields/KitoCardFields.swift /Users/admin/builder/spi-builder-workspace/.dependencies/checkouts/KitoFields/Sources/KitoFields/Fields/KitoCodeField.swift (in target 'KitoFields' from project 'KitoFields')
SwiftCompile normal arm64 /Users/admin/builder/spi-builder-workspace/.dependencies/checkouts/KitoFields/Sources/KitoFields/Core/KitoLocalization.swift (in target 'KitoFields' from project 'KitoFields')
cd /Users/admin/builder/spi-builder-workspace/.swiftpm/xcode
SwiftCompile normal arm64 /Users/admin/builder/spi-builder-workspace/.dependencies/checkouts/KitoFields/Sources/KitoFields/Core/KitoValidationState.swift (in target 'KitoFields' from project 'KitoFields')
cd /Users/admin/builder/spi-builder-workspace/.swiftpm/xcode
SwiftCompile normal arm64 /Users/admin/builder/spi-builder-workspace/.dependencies/checkouts/KitoFields/Sources/KitoFields/Fields/KitoCardFields.swift (in target 'KitoFields' from project 'KitoFields')
cd /Users/admin/builder/spi-builder-workspace/.swiftpm/xcode
SwiftCompile normal arm64 /Users/admin/builder/spi-builder-workspace/.dependencies/checkouts/KitoFields/Sources/KitoFields/Fields/KitoCodeField.swift (in target 'KitoFields' from project 'KitoFields')
cd /Users/admin/builder/spi-builder-workspace/.swiftpm/xcode
SwiftDriverJobDiscovery normal arm64 Compiling KitoButtonMotion.swift (in target 'KitoButtons' from project 'KitoButtons')
SwiftCompile normal arm64 Compiling\ KitoPasswordStrength.swift,\ KitoPasswordUI.swift,\ KitoRule+Formats.swift,\ KitoRule.swift /Users/admin/builder/spi-builder-workspace/.dependencies/checkouts/KitoFields/Sources/KitoFields/Validation/KitoPasswordStrength.swift /Users/admin/builder/spi-builder-workspace/.dependencies/checkouts/KitoFields/Sources/KitoFields/Validation/KitoPasswordUI.swift /Users/admin/builder/spi-builder-workspace/.dependencies/checkouts/KitoFields/Sources/KitoFields/Validation/KitoRule+Formats.swift /Users/admin/builder/spi-builder-workspace/.dependencies/checkouts/KitoFields/Sources/KitoFields/Validation/KitoRule.swift (in target 'KitoFields' from project 'KitoFields')
SwiftCompile normal arm64 /Users/admin/builder/spi-builder-workspace/.dependencies/checkouts/KitoFields/Sources/KitoFields/Validation/KitoPasswordStrength.swift (in target 'KitoFields' from project 'KitoFields')
cd /Users/admin/builder/spi-builder-workspace/.swiftpm/xcode
SwiftCompile normal arm64 /Users/admin/builder/spi-builder-workspace/.dependencies/checkouts/KitoFields/Sources/KitoFields/Validation/KitoPasswordUI.swift (in target 'KitoFields' from project 'KitoFields')
cd /Users/admin/builder/spi-builder-workspace/.swiftpm/xcode
SwiftCompile normal arm64 /Users/admin/builder/spi-builder-workspace/.dependencies/checkouts/KitoFields/Sources/KitoFields/Validation/KitoRule+Formats.swift (in target 'KitoFields' from project 'KitoFields')
cd /Users/admin/builder/spi-builder-workspace/.swiftpm/xcode
SwiftCompile normal arm64 /Users/admin/builder/spi-builder-workspace/.dependencies/checkouts/KitoFields/Sources/KitoFields/Validation/KitoRule.swift (in target 'KitoFields' from project 'KitoFields')
cd /Users/admin/builder/spi-builder-workspace/.swiftpm/xcode
SwiftCompile normal arm64 Compiling\ KitoCountryPicker.swift,\ KitoFlag.swift,\ KitoNativeTextField.swift,\ KitoPhoneField.swift /Users/admin/builder/spi-builder-workspace/.dependencies/checkouts/KitoFields/Sources/KitoFields/Phone/KitoCountryPicker.swift /Users/admin/builder/spi-builder-workspace/.dependencies/checkouts/KitoFields/Sources/KitoFields/Phone/KitoFlag.swift /Users/admin/builder/spi-builder-workspace/.dependencies/checkouts/KitoFields/Sources/KitoFields/Phone/KitoNativeTextField.swift /Users/admin/builder/spi-builder-workspace/.dependencies/checkouts/KitoFields/Sources/KitoFields/Phone/KitoPhoneField.swift (in target 'KitoFields' from project 'KitoFields')
SwiftCompile normal arm64 /Users/admin/builder/spi-builder-workspace/.dependencies/checkouts/KitoFields/Sources/KitoFields/Phone/KitoCountryPicker.swift (in target 'KitoFields' from project 'KitoFields')
cd /Users/admin/builder/spi-builder-workspace/.swiftpm/xcode
SwiftCompile normal arm64 /Users/admin/builder/spi-builder-workspace/.dependencies/checkouts/KitoFields/Sources/KitoFields/Phone/KitoFlag.swift (in target 'KitoFields' from project 'KitoFields')
cd /Users/admin/builder/spi-builder-workspace/.swiftpm/xcode
SwiftCompile normal arm64 /Users/admin/builder/spi-builder-workspace/.dependencies/checkouts/KitoFields/Sources/KitoFields/Phone/KitoNativeTextField.swift (in target 'KitoFields' from project 'KitoFields')
cd /Users/admin/builder/spi-builder-workspace/.swiftpm/xcode
SwiftCompile normal arm64 /Users/admin/builder/spi-builder-workspace/.dependencies/checkouts/KitoFields/Sources/KitoFields/Phone/KitoPhoneField.swift (in target 'KitoFields' from project 'KitoFields')
cd /Users/admin/builder/spi-builder-workspace/.swiftpm/xcode
SwiftCompile normal arm64 Compiling\ KitoPhoneFormatter.swift,\ KitoPhoneNumber.swift,\ KitoPhoneParser.swift,\ KitoPhoneValidator.swift /Users/admin/builder/spi-builder-workspace/.dependencies/checkouts/KitoFields/Sources/KitoFields/Phone/KitoPhoneFormatter.swift /Users/admin/builder/spi-builder-workspace/.dependencies/checkouts/KitoFields/Sources/KitoFields/Phone/KitoPhoneNumber.swift /Users/admin/builder/spi-builder-workspace/.dependencies/checkouts/KitoFields/Sources/KitoFields/Phone/KitoPhoneParser.swift /Users/admin/builder/spi-builder-workspace/.dependencies/checkouts/KitoFields/Sources/KitoFields/Phone/KitoPhoneValidator.swift (in target 'KitoFields' from project 'KitoFields')
SwiftCompile normal arm64 /Users/admin/builder/spi-builder-workspace/.dependencies/checkouts/KitoFields/Sources/KitoFields/Phone/KitoPhoneFormatter.swift (in target 'KitoFields' from project 'KitoFields')
cd /Users/admin/builder/spi-builder-workspace/.swiftpm/xcode
SwiftCompile normal arm64 /Users/admin/builder/spi-builder-workspace/.dependencies/checkouts/KitoFields/Sources/KitoFields/Phone/KitoPhoneNumber.swift (in target 'KitoFields' from project 'KitoFields')
cd /Users/admin/builder/spi-builder-workspace/.swiftpm/xcode
SwiftCompile normal arm64 /Users/admin/builder/spi-builder-workspace/.dependencies/checkouts/KitoFields/Sources/KitoFields/Phone/KitoPhoneParser.swift (in target 'KitoFields' from project 'KitoFields')
cd /Users/admin/builder/spi-builder-workspace/.swiftpm/xcode
SwiftCompile normal arm64 /Users/admin/builder/spi-builder-workspace/.dependencies/checkouts/KitoFields/Sources/KitoFields/Phone/KitoPhoneValidator.swift (in target 'KitoFields' from project 'KitoFields')
cd /Users/admin/builder/spi-builder-workspace/.swiftpm/xcode
SwiftDriverJobDiscovery normal arm64 Compiling KitoCartButton.swift (in target 'KitoButtons' from project 'KitoButtons')
SwiftDriverJobDiscovery normal arm64 Compiling KitoFlight.swift (in target 'KitoButtons' from project 'KitoButtons')
SwiftDriverJobDiscovery normal arm64 Compiling KitoButtonTheme.swift (in target 'KitoButtons' from project 'KitoButtons')
SwiftCompile normal arm64 Compiling\ KitoButton.swift /Users/admin/builder/spi-builder-workspace/.dependencies/checkouts/KitoButtons/Sources/KitoButtons/KitoButton.swift (in target 'KitoButtons' from project 'KitoButtons')
SwiftCompile normal arm64 /Users/admin/builder/spi-builder-workspace/.dependencies/checkouts/KitoButtons/Sources/KitoButtons/KitoButton.swift (in target 'KitoButtons' from project 'KitoButtons')
cd /Users/admin/builder/spi-builder-workspace/.swiftpm/xcode
SwiftDriverJobDiscovery normal arm64 Compiling resource_bundle_accessor.swift, KitoAccessory.swift, KitoErrorPresentation.swift, KitoFieldCore.swift (in target 'KitoFields' from project 'KitoFields')
SwiftDriverJobDiscovery normal arm64 Compiling KitoPhoneFormatter.swift, KitoPhoneNumber.swift, KitoPhoneParser.swift, KitoPhoneValidator.swift (in target 'KitoFields' from project 'KitoFields')
SwiftDriver KitoScreens normal arm64 com.apple.xcode.tools.swift.compiler (in target 'KitoScreens' from project 'KitoScreens')
cd /Users/admin/builder/spi-builder-workspace/.swiftpm/xcode
builtin-SwiftDriver -- /Applications/Xcode-16.3.0.app/Contents/Developer/Toolchains/XcodeDefault.xctoolchain/usr/bin/swiftc -module-name KitoScreens -Onone -enforce-exclusivity\=checked @/Users/admin/builder/spi-builder-workspace/.derivedData/Build/Intermediates.noindex/KitoScreens.build/Debug-xros/KitoScreens.build/Objects-normal/arm64/KitoScreens.SwiftFileList -DSWIFT_PACKAGE -DDEBUG -stats-output-dir .stats -strict-concurrency\=complete -enable-upcoming-feature StrictConcurrency -enable-upcoming-feature DisableOutwardActorInference -enable-upcoming-feature GlobalActorIsolatedTypesUsability -enable-upcoming-feature InferSendableFromCaptures -plugin-path /Applications/Xcode-16.3.0.app/Contents/Developer/Toolchains/XcodeDefault.xctoolchain/usr/lib/swift/host/plugins/testing -enable-experimental-feature DebugDescriptionMacro -sdk /Applications/Xcode-16.3.0.app/Contents/Developer/Platforms/XROS.platform/Developer/SDKs/XROS2.4.sdk -target arm64-apple-xros1.0 -g -module-cache-path /Users/admin/builder/spi-builder-workspace/.derivedData/ModuleCache.noindex -Xfrontend -serialize-debugging-options -profile-coverage-mapping -profile-generate -enable-testing -index-store-path /Users/admin/builder/spi-builder-workspace/.derivedData/Index.noindex/DataStore -swift-version 5 -I /Users/admin/builder/spi-builder-workspace/.derivedData/Build/Products/Debug-xros -I /Applications/Xcode-16.3.0.app/Contents/Developer/Platforms/XROS.platform/Developer/usr/lib -F /Users/admin/builder/spi-builder-workspace/.derivedData/Build/Products/Debug-xros/PackageFrameworks -F /Users/admin/builder/spi-builder-workspace/.derivedData/Build/Products/Debug-xros/PackageFrameworks -F /Users/admin/builder/spi-builder-workspace/.derivedData/Build/Products/Debug-xros -F /Applications/Xcode-16.3.0.app/Contents/Developer/Platforms/XROS.platform/Developer/Library/Frameworks -F /Applications/Xcode-16.3.0.app/Contents/Developer/Platforms/XROS.platform/Developer/SDKs/XROS2.4.sdk/Developer/Library/Frameworks -emit-localized-strings -emit-localized-strings-path /Users/admin/builder/spi-builder-workspace/.derivedData/Build/Intermediates.noindex/KitoScreens.build/Debug-xros/KitoScreens.build/Objects-normal/arm64 -c -j10 -enable-batch-mode -incremental -Xcc -ivfsstatcache -Xcc /Users/admin/builder/spi-builder-workspace/.derivedData/SDKStatCaches.noindex/xros2.4-22O233-407b76dbb837030756cbe1ab3f0b01b6.sdkstatcache -output-file-map /Users/admin/builder/spi-builder-workspace/.derivedData/Build/Intermediates.noindex/KitoScreens.build/Debug-xros/KitoScreens.build/Objects-normal/arm64/KitoScreens-OutputFileMap.json -use-frontend-parseable-output -save-temps -no-color-diagnostics -serialize-diagnostics -emit-dependencies -emit-module -emit-module-path /Users/admin/builder/spi-builder-workspace/.derivedData/Build/Intermediates.noindex/KitoScreens.build/Debug-xros/KitoScreens.build/Objects-normal/arm64/KitoScreens.swiftmodule -validate-clang-modules-once -clang-build-session-file /Users/admin/builder/spi-builder-workspace/.derivedData/ModuleCache.noindex/Session.modulevalidation -package-name spi_builder_workspace -Xcc -I/Users/admin/builder/spi-builder-workspace/.derivedData/Build/Intermediates.noindex/KitoScreens.build/Debug-xros/KitoScreens.build/swift-overrides.hmap -emit-const-values -Xfrontend -const-gather-protocols-file -Xfrontend /Users/admin/builder/spi-builder-workspace/.derivedData/Build/Intermediates.noindex/KitoScreens.build/Debug-xros/KitoScreens.build/Objects-normal/arm64/KitoScreens_const_extract_protocols.json -Xcc -I/Users/admin/builder/spi-builder-workspace/.derivedData/Build/Products/Debug-xros/include -Xcc -I/Users/admin/builder/spi-builder-workspace/.derivedData/Build/Intermediates.noindex/KitoScreens.build/Debug-xros/KitoScreens.build/DerivedSources-normal/arm64 -Xcc -I/Users/admin/builder/spi-builder-workspace/.derivedData/Build/Intermediates.noindex/KitoScreens.build/Debug-xros/KitoScreens.build/DerivedSources/arm64 -Xcc -I/Users/admin/builder/spi-builder-workspace/.derivedData/Build/Intermediates.noindex/KitoScreens.build/Debug-xros/KitoScreens.build/DerivedSources -Xcc -DSWIFT_PACKAGE -Xcc -DDEBUG\=1 -emit-objc-header -emit-objc-header-path /Users/admin/builder/spi-builder-workspace/.derivedData/Build/Intermediates.noindex/KitoScreens.build/Debug-xros/KitoScreens.build/Objects-normal/arm64/KitoScreens-Swift.h -working-directory /Users/admin/builder/spi-builder-workspace/.swiftpm/xcode -experimental-emit-module-separately -disable-cmo
SwiftEmitModule normal arm64 Emitting\ module\ for\ KitoScreens (in target 'KitoScreens' from project 'KitoScreens')
EmitSwiftModule normal arm64 (in target 'KitoScreens' from project 'KitoScreens')
cd /Users/admin/builder/spi-builder-workspace/.swiftpm/xcode
/Users/admin/builder/spi-builder-workspace/Sources/KitoScreens/Support/KitoScreenTheme.swift:41:23: warning: static property 'default' is not concurrency-safe because it is nonisolated global shared mutable state; this is an error in the Swift 6 language mode
public static var `default` = KitoScreenTheme()
^
/Users/admin/builder/spi-builder-workspace/Sources/KitoScreens/Support/KitoScreenTheme.swift:41:23: note: convert 'default' to a 'let' constant to make 'Sendable' shared state immutable
public static var `default` = KitoScreenTheme()
~~~ ^
let
/Users/admin/builder/spi-builder-workspace/Sources/KitoScreens/Support/KitoScreenTheme.swift:41:23: note: add '@MainActor' to make static property 'default' part of global actor 'MainActor'
public static var `default` = KitoScreenTheme()
^
@MainActor
/Users/admin/builder/spi-builder-workspace/Sources/KitoScreens/Support/KitoScreenTheme.swift:41:23: note: disable concurrency-safety checks if accesses are protected by an external synchronization mechanism
public static var `default` = KitoScreenTheme()
^
nonisolated(unsafe)
/Users/admin/builder/spi-builder-workspace/Sources/KitoScreens/Support/KitoScreensLocalization.swift:16:23: warning: static property 'provider' is not concurrency-safe because it is nonisolated global shared mutable state; this is an error in the Swift 6 language mode
public static var provider: ((_ key: String, _ fallback: String) -> String?)?
^
/Users/admin/builder/spi-builder-workspace/Sources/KitoScreens/Support/KitoScreensLocalization.swift:16:23: note: convert 'provider' to a 'let' constant to make 'Sendable' shared state immutable
public static var provider: ((_ key: String, _ fallback: String) -> String?)?
~~~ ^
let
/Users/admin/builder/spi-builder-workspace/Sources/KitoScreens/Support/KitoScreensLocalization.swift:16:23: note: add '@MainActor' to make static property 'provider' part of global actor 'MainActor'
public static var provider: ((_ key: String, _ fallback: String) -> String?)?
^
@MainActor
/Users/admin/builder/spi-builder-workspace/Sources/KitoScreens/Support/KitoScreensLocalization.swift:16:23: note: disable concurrency-safety checks if accesses are protected by an external synchronization mechanism
public static var provider: ((_ key: String, _ fallback: String) -> String?)?
^
nonisolated(unsafe)
SwiftCompile normal arm64 Compiling\ KitoCardCheckoutScreen.swift /Users/admin/builder/spi-builder-workspace/Sources/KitoScreens/Payments/KitoCardCheckoutScreen.swift (in target 'KitoScreens' from project 'KitoScreens')
SwiftCompile normal arm64 /Users/admin/builder/spi-builder-workspace/Sources/KitoScreens/Payments/KitoCardCheckoutScreen.swift (in target 'KitoScreens' from project 'KitoScreens')
cd /Users/admin/builder/spi-builder-workspace/.swiftpm/xcode
SwiftDriverJobDiscovery normal arm64 Compiling KitoFieldMotion.swift, KitoFieldOptions.swift, KitoFieldShape.swift, KitoFieldStyle.swift (in target 'KitoFields' from project 'KitoFields')
SwiftCompile normal arm64 Compiling\ KitoEditProfileScreen.swift /Users/admin/builder/spi-builder-workspace/Sources/KitoScreens/Profile/KitoEditProfileScreen.swift (in target 'KitoScreens' from project 'KitoScreens')
SwiftCompile normal arm64 /Users/admin/builder/spi-builder-workspace/Sources/KitoScreens/Profile/KitoEditProfileScreen.swift (in target 'KitoScreens' from project 'KitoScreens')
cd /Users/admin/builder/spi-builder-workspace/.swiftpm/xcode
SwiftDriverJobDiscovery normal arm64 Emitting module for KitoScreens (in target 'KitoScreens' from project 'KitoScreens')
SwiftDriver\ Compilation\ Requirements KitoScreens normal arm64 com.apple.xcode.tools.swift.compiler (in target 'KitoScreens' from project 'KitoScreens')
cd /Users/admin/builder/spi-builder-workspace/.swiftpm/xcode
builtin-Swift-Compilation-Requirements -- /Applications/Xcode-16.3.0.app/Contents/Developer/Toolchains/XcodeDefault.xctoolchain/usr/bin/swiftc -module-name KitoScreens -Onone -enforce-exclusivity\=checked @/Users/admin/builder/spi-builder-workspace/.derivedData/Build/Intermediates.noindex/KitoScreens.build/Debug-xros/KitoScreens.build/Objects-normal/arm64/KitoScreens.SwiftFileList -DSWIFT_PACKAGE -DDEBUG -stats-output-dir .stats -strict-concurrency\=complete -enable-upcoming-feature StrictConcurrency -enable-upcoming-feature DisableOutwardActorInference -enable-upcoming-feature GlobalActorIsolatedTypesUsability -enable-upcoming-feature InferSendableFromCaptures -plugin-path /Applications/Xcode-16.3.0.app/Contents/Developer/Toolchains/XcodeDefault.xctoolchain/usr/lib/swift/host/plugins/testing -enable-experimental-feature DebugDescriptionMacro -sdk /Applications/Xcode-16.3.0.app/Contents/Developer/Platforms/XROS.platform/Developer/SDKs/XROS2.4.sdk -target arm64-apple-xros1.0 -g -module-cache-path /Users/admin/builder/spi-builder-workspace/.derivedData/ModuleCache.noindex -Xfrontend -serialize-debugging-options -profile-coverage-mapping -profile-generate -enable-testing -index-store-path /Users/admin/builder/spi-builder-workspace/.derivedData/Index.noindex/DataStore -swift-version 5 -I /Users/admin/builder/spi-builder-workspace/.derivedData/Build/Products/Debug-xros -I /Applications/Xcode-16.3.0.app/Contents/Developer/Platforms/XROS.platform/Developer/usr/lib -F /Users/admin/builder/spi-builder-workspace/.derivedData/Build/Products/Debug-xros/PackageFrameworks -F /Users/admin/builder/spi-builder-workspace/.derivedData/Build/Products/Debug-xros/PackageFrameworks -F /Users/admin/builder/spi-builder-workspace/.derivedData/Build/Products/Debug-xros -F /Applications/Xcode-16.3.0.app/Contents/Developer/Platforms/XROS.platform/Developer/Library/Frameworks -F /Applications/Xcode-16.3.0.app/Contents/Developer/Platforms/XROS.platform/Developer/SDKs/XROS2.4.sdk/Developer/Library/Frameworks -emit-localized-strings -emit-localized-strings-path /Users/admin/builder/spi-builder-workspace/.derivedData/Build/Intermediates.noindex/KitoScreens.build/Debug-xros/KitoScreens.build/Objects-normal/arm64 -c -j10 -enable-batch-mode -incremental -Xcc -ivfsstatcache -Xcc /Users/admin/builder/spi-builder-workspace/.derivedData/SDKStatCaches.noindex/xros2.4-22O233-407b76dbb837030756cbe1ab3f0b01b6.sdkstatcache -output-file-map /Users/admin/builder/spi-builder-workspace/.derivedData/Build/Intermediates.noindex/KitoScreens.build/Debug-xros/KitoScreens.build/Objects-normal/arm64/KitoScreens-OutputFileMap.json -use-frontend-parseable-output -save-temps -no-color-diagnostics -serialize-diagnostics -emit-dependencies -emit-module -emit-module-path /Users/admin/builder/spi-builder-workspace/.derivedData/Build/Intermediates.noindex/KitoScreens.build/Debug-xros/KitoScreens.build/Objects-normal/arm64/KitoScreens.swiftmodule -validate-clang-modules-once -clang-build-session-file /Users/admin/builder/spi-builder-workspace/.derivedData/ModuleCache.noindex/Session.modulevalidation -package-name spi_builder_workspace -Xcc -I/Users/admin/builder/spi-builder-workspace/.derivedData/Build/Intermediates.noindex/KitoScreens.build/Debug-xros/KitoScreens.build/swift-overrides.hmap -emit-const-values -Xfrontend -const-gather-protocols-file -Xfrontend /Users/admin/builder/spi-builder-workspace/.derivedData/Build/Intermediates.noindex/KitoScreens.build/Debug-xros/KitoScreens.build/Objects-normal/arm64/KitoScreens_const_extract_protocols.json -Xcc -I/Users/admin/builder/spi-builder-workspace/.derivedData/Build/Products/Debug-xros/include -Xcc -I/Users/admin/builder/spi-builder-workspace/.derivedData/Build/Intermediates.noindex/KitoScreens.build/Debug-xros/KitoScreens.build/DerivedSources-normal/arm64 -Xcc -I/Users/admin/builder/spi-builder-workspace/.derivedData/Build/Intermediates.noindex/KitoScreens.build/Debug-xros/KitoScreens.build/DerivedSources/arm64 -Xcc -I/Users/admin/builder/spi-builder-workspace/.derivedData/Build/Intermediates.noindex/KitoScreens.build/Debug-xros/KitoScreens.build/DerivedSources -Xcc -DSWIFT_PACKAGE -Xcc -DDEBUG\=1 -emit-objc-header -emit-objc-header-path /Users/admin/builder/spi-builder-workspace/.derivedData/Build/Intermediates.noindex/KitoScreens.build/Debug-xros/KitoScreens.build/Objects-normal/arm64/KitoScreens-Swift.h -working-directory /Users/admin/builder/spi-builder-workspace/.swiftpm/xcode -experimental-emit-module-separately -disable-cmo
SwiftDriverJobDiscovery normal arm64 Compiling KitoCodeFieldStyle.swift, KitoCountryField.swift, KitoDateField.swift, KitoEmailField.swift (in target 'KitoFields' from project 'KitoFields')
SwiftCompile normal arm64 Compiling\ resource_bundle_accessor.swift /Users/admin/builder/spi-builder-workspace/.derivedData/Build/Intermediates.noindex/KitoScreens.build/Debug-xros/KitoScreens.build/DerivedSources/resource_bundle_accessor.swift (in target 'KitoScreens' from project 'KitoScreens')
SwiftCompile normal arm64 /Users/admin/builder/spi-builder-workspace/.derivedData/Build/Intermediates.noindex/KitoScreens.build/Debug-xros/KitoScreens.build/DerivedSources/resource_bundle_accessor.swift (in target 'KitoScreens' from project 'KitoScreens')
cd /Users/admin/builder/spi-builder-workspace/.swiftpm/xcode
SwiftMergeGeneratedHeaders /Users/admin/builder/spi-builder-workspace/.derivedData/Build/Intermediates.noindex/GeneratedModuleMaps-xros/KitoScreens-Swift.h /Users/admin/builder/spi-builder-workspace/.derivedData/Build/Intermediates.noindex/KitoScreens.build/Debug-xros/KitoScreens.build/Objects-normal/arm64/KitoScreens-Swift.h (in target 'KitoScreens' from project 'KitoScreens')
cd /Users/admin/builder/spi-builder-workspace
builtin-swiftHeaderTool -arch arm64 /Users/admin/builder/spi-builder-workspace/.derivedData/Build/Intermediates.noindex/KitoScreens.build/Debug-xros/KitoScreens.build/Objects-normal/arm64/KitoScreens-Swift.h -o /Users/admin/builder/spi-builder-workspace/.derivedData/Build/Intermediates.noindex/GeneratedModuleMaps-xros/KitoScreens-Swift.h
SwiftDriverJobDiscovery normal arm64 Compiling KitoFieldStyles.swift, KitoFieldTheme.swift, KitoFontFamily.swift, KitoForm.swift (in target 'KitoFields' from project 'KitoFields')
Copy /Users/admin/builder/spi-builder-workspace/.derivedData/Build/Products/Debug-xros/KitoScreens.swiftmodule/arm64-apple-xros.swiftmodule /Users/admin/builder/spi-builder-workspace/.derivedData/Build/Intermediates.noindex/KitoScreens.build/Debug-xros/KitoScreens.build/Objects-normal/arm64/KitoScreens.swiftmodule (in target 'KitoScreens' from project 'KitoScreens')
cd /Users/admin/builder/spi-builder-workspace
builtin-copy -exclude .DS_Store -exclude CVS -exclude .svn -exclude .git -exclude .hg -resolve-src-symlinks -rename /Users/admin/builder/spi-builder-workspace/.derivedData/Build/Intermediates.noindex/KitoScreens.build/Debug-xros/KitoScreens.build/Objects-normal/arm64/KitoScreens.swiftmodule /Users/admin/builder/spi-builder-workspace/.derivedData/Build/Products/Debug-xros/KitoScreens.swiftmodule/arm64-apple-xros.swiftmodule
Copy /Users/admin/builder/spi-builder-workspace/.derivedData/Build/Products/Debug-xros/KitoScreens.swiftmodule/arm64-apple-xros.swiftdoc /Users/admin/builder/spi-builder-workspace/.derivedData/Build/Intermediates.noindex/KitoScreens.build/Debug-xros/KitoScreens.build/Objects-normal/arm64/KitoScreens.swiftdoc (in target 'KitoScreens' from project 'KitoScreens')
cd /Users/admin/builder/spi-builder-workspace
builtin-copy -exclude .DS_Store -exclude CVS -exclude .svn -exclude .git -exclude .hg -resolve-src-symlinks -rename /Users/admin/builder/spi-builder-workspace/.derivedData/Build/Intermediates.noindex/KitoScreens.build/Debug-xros/KitoScreens.build/Objects-normal/arm64/KitoScreens.swiftdoc /Users/admin/builder/spi-builder-workspace/.derivedData/Build/Products/Debug-xros/KitoScreens.swiftmodule/arm64-apple-xros.swiftdoc
Copy /Users/admin/builder/spi-builder-workspace/.derivedData/Build/Products/Debug-xros/KitoScreens.swiftmodule/arm64-apple-xros.abi.json /Users/admin/builder/spi-builder-workspace/.derivedData/Build/Intermediates.noindex/KitoScreens.build/Debug-xros/KitoScreens.build/Objects-normal/arm64/KitoScreens.abi.json (in target 'KitoScreens' from project 'KitoScreens')
cd /Users/admin/builder/spi-builder-workspace
builtin-copy -exclude .DS_Store -exclude CVS -exclude .svn -exclude .git -exclude .hg -resolve-src-symlinks -rename /Users/admin/builder/spi-builder-workspace/.derivedData/Build/Intermediates.noindex/KitoScreens.build/Debug-xros/KitoScreens.build/Objects-normal/arm64/KitoScreens.abi.json /Users/admin/builder/spi-builder-workspace/.derivedData/Build/Products/Debug-xros/KitoScreens.swiftmodule/arm64-apple-xros.abi.json
Copy /Users/admin/builder/spi-builder-workspace/.derivedData/Build/Products/Debug-xros/KitoScreens.swiftmodule/Project/arm64-apple-xros.swiftsourceinfo /Users/admin/builder/spi-builder-workspace/.derivedData/Build/Intermediates.noindex/KitoScreens.build/Debug-xros/KitoScreens.build/Objects-normal/arm64/KitoScreens.swiftsourceinfo (in target 'KitoScreens' from project 'KitoScreens')
cd /Users/admin/builder/spi-builder-workspace
builtin-copy -exclude .DS_Store -exclude CVS -exclude .svn -exclude .git -exclude .hg -resolve-src-symlinks -rename /Users/admin/builder/spi-builder-workspace/.derivedData/Build/Intermediates.noindex/KitoScreens.build/Debug-xros/KitoScreens.build/Objects-normal/arm64/KitoScreens.swiftsourceinfo /Users/admin/builder/spi-builder-workspace/.derivedData/Build/Products/Debug-xros/KitoScreens.swiftmodule/Project/arm64-apple-xros.swiftsourceinfo
SwiftCompile normal arm64 Compiling\ KitoMpesaScreen.swift /Users/admin/builder/spi-builder-workspace/Sources/KitoScreens/Payments/KitoMpesaScreen.swift (in target 'KitoScreens' from project 'KitoScreens')
SwiftCompile normal arm64 /Users/admin/builder/spi-builder-workspace/Sources/KitoScreens/Payments/KitoMpesaScreen.swift (in target 'KitoScreens' from project 'KitoScreens')
cd /Users/admin/builder/spi-builder-workspace/.swiftpm/xcode
SwiftCompile normal arm64 Compiling\ KitoOTPVerificationScreen.swift /Users/admin/builder/spi-builder-workspace/Sources/KitoScreens/Verification/KitoOTPVerificationScreen.swift (in target 'KitoScreens' from project 'KitoScreens')
SwiftCompile normal arm64 /Users/admin/builder/spi-builder-workspace/Sources/KitoScreens/Verification/KitoOTPVerificationScreen.swift (in target 'KitoScreens' from project 'KitoScreens')
cd /Users/admin/builder/spi-builder-workspace/.swiftpm/xcode
SwiftDriverJobDiscovery normal arm64 Compiling resource_bundle_accessor.swift (in target 'KitoScreens' from project 'KitoScreens')
SwiftCompile normal arm64 Compiling\ KitoScreensLocalization.swift /Users/admin/builder/spi-builder-workspace/Sources/KitoScreens/Support/KitoScreensLocalization.swift (in target 'KitoScreens' from project 'KitoScreens')
SwiftCompile normal arm64 /Users/admin/builder/spi-builder-workspace/Sources/KitoScreens/Support/KitoScreensLocalization.swift (in target 'KitoScreens' from project 'KitoScreens')
cd /Users/admin/builder/spi-builder-workspace/.swiftpm/xcode
/Users/admin/builder/spi-builder-workspace/Sources/KitoScreens/Support/KitoScreensLocalization.swift:16:23: warning: static property 'provider' is not concurrency-safe because it is nonisolated global shared mutable state; this is an error in the Swift 6 language mode
public static var provider: ((_ key: String, _ fallback: String) -> String?)?
^
/Users/admin/builder/spi-builder-workspace/Sources/KitoScreens/Support/KitoScreensLocalization.swift:16:23: note: convert 'provider' to a 'let' constant to make 'Sendable' shared state immutable
public static var provider: ((_ key: String, _ fallback: String) -> String?)?
~~~ ^
let
/Users/admin/builder/spi-builder-workspace/Sources/KitoScreens/Support/KitoScreensLocalization.swift:16:23: note: add '@MainActor' to make static property 'provider' part of global actor 'MainActor'
public static var provider: ((_ key: String, _ fallback: String) -> String?)?
^
@MainActor
/Users/admin/builder/spi-builder-workspace/Sources/KitoScreens/Support/KitoScreensLocalization.swift:16:23: note: disable concurrency-safety checks if accesses are protected by an external synchronization mechanism
public static var provider: ((_ key: String, _ fallback: String) -> String?)?
^
nonisolated(unsafe)
SwiftDriverJobDiscovery normal arm64 Compiling KitoCardCheckoutScreen.swift (in target 'KitoScreens' from project 'KitoScreens')
SwiftCompile normal arm64 Compiling\ KitoScreenTheme.swift /Users/admin/builder/spi-builder-workspace/Sources/KitoScreens/Support/KitoScreenTheme.swift (in target 'KitoScreens' from project 'KitoScreens')
SwiftCompile normal arm64 /Users/admin/builder/spi-builder-workspace/Sources/KitoScreens/Support/KitoScreenTheme.swift (in target 'KitoScreens' from project 'KitoScreens')
cd /Users/admin/builder/spi-builder-workspace/.swiftpm/xcode
/Users/admin/builder/spi-builder-workspace/Sources/KitoScreens/Support/KitoScreenTheme.swift:41:23: warning: static property 'default' is not concurrency-safe because it is nonisolated global shared mutable state; this is an error in the Swift 6 language mode
public static var `default` = KitoScreenTheme()
^
/Users/admin/builder/spi-builder-workspace/Sources/KitoScreens/Support/KitoScreenTheme.swift:41:23: note: convert 'default' to a 'let' constant to make 'Sendable' shared state immutable
public static var `default` = KitoScreenTheme()
~~~ ^
let
/Users/admin/builder/spi-builder-workspace/Sources/KitoScreens/Support/KitoScreenTheme.swift:41:23: note: add '@MainActor' to make static property 'default' part of global actor 'MainActor'
public static var `default` = KitoScreenTheme()
^
@MainActor
/Users/admin/builder/spi-builder-workspace/Sources/KitoScreens/Support/KitoScreenTheme.swift:41:23: note: disable concurrency-safety checks if accesses are protected by an external synchronization mechanism
public static var `default` = KitoScreenTheme()
^
nonisolated(unsafe)
SwiftDriverJobDiscovery normal arm64 Compiling KitoButton.swift (in target 'KitoButtons' from project 'KitoButtons')
SwiftCompile normal arm64 Compiling\ KitoSignUpScreen.swift /Users/admin/builder/spi-builder-workspace/Sources/KitoScreens/Auth/KitoSignUpScreen.swift (in target 'KitoScreens' from project 'KitoScreens')
SwiftCompile normal arm64 /Users/admin/builder/spi-builder-workspace/Sources/KitoScreens/Auth/KitoSignUpScreen.swift (in target 'KitoScreens' from project 'KitoScreens')
cd /Users/admin/builder/spi-builder-workspace/.swiftpm/xcode
SwiftDriverJobDiscovery normal arm64 Compiling KitoEditProfileScreen.swift (in target 'KitoScreens' from project 'KitoScreens')
SwiftCompile normal arm64 Compiling\ KitoTypography.swift /Users/admin/builder/spi-builder-workspace/Sources/KitoScreens/Support/KitoTypography.swift (in target 'KitoScreens' from project 'KitoScreens')
SwiftCompile normal arm64 /Users/admin/builder/spi-builder-workspace/Sources/KitoScreens/Support/KitoTypography.swift (in target 'KitoScreens' from project 'KitoScreens')
cd /Users/admin/builder/spi-builder-workspace/.swiftpm/xcode
/Users/admin/builder/spi-builder-workspace/Sources/KitoScreens/Support/KitoTypography.swift:51:24: warning: reference to static property 'default' is not concurrency-safe because it involves shared mutable state; this is an error in the Swift 6 language mode
KitoFieldTheme.default = .custom(fieldsFamily)
^
/Users/admin/builder/spi-builder-workspace/.dependencies/checkouts/KitoFields/Sources/KitoFields/Core/KitoFieldTheme.swift:142:23: note: static property declared here
public static var `default` = KitoFieldTheme()
^
/Users/admin/builder/spi-builder-workspace/Sources/KitoScreens/Support/KitoTypography.swift:52:25: warning: reference to static property 'default' is not concurrency-safe because it involves shared mutable state; this is an error in the Swift 6 language mode
KitoButtonTheme.default = .custom(buttonsFamily)
^
/Users/admin/builder/spi-builder-workspace/.dependencies/checkouts/KitoButtons/Sources/KitoButtons/KitoButtonTheme.swift:166:23: note: static property declared here
public static var `default` = KitoButtonTheme()
^
SwiftDriverJobDiscovery normal arm64 Compiling KitoScreensLocalization.swift (in target 'KitoScreens' from project 'KitoScreens')
SwiftCompile normal arm64 Compiling\ KitoLoginScreen.swift /Users/admin/builder/spi-builder-workspace/Sources/KitoScreens/Auth/KitoLoginScreen.swift (in target 'KitoScreens' from project 'KitoScreens')
SwiftCompile normal arm64 /Users/admin/builder/spi-builder-workspace/Sources/KitoScreens/Auth/KitoLoginScreen.swift (in target 'KitoScreens' from project 'KitoScreens')
cd /Users/admin/builder/spi-builder-workspace/.swiftpm/xcode
SwiftDriverJobDiscovery normal arm64 Compiling KitoNumberField.swift, KitoPasswordField.swift, KitoPresetFields.swift, KitoResendCodeButton.swift (in target 'KitoFields' from project 'KitoFields')
SwiftDriver\ Compilation KitoButtons normal arm64 com.apple.xcode.tools.swift.compiler (in target 'KitoButtons' from project 'KitoButtons')
cd /Users/admin/builder/spi-builder-workspace/.swiftpm/xcode
builtin-Swift-Compilation -- /Applications/Xcode-16.3.0.app/Contents/Developer/Toolchains/XcodeDefault.xctoolchain/usr/bin/swiftc -module-name KitoButtons -Onone -enforce-exclusivity\=checked @/Users/admin/builder/spi-builder-workspace/.derivedData/Build/Intermediates.noindex/KitoButtons.build/Debug-xros/KitoButtons.build/Objects-normal/arm64/KitoButtons.SwiftFileList -DSWIFT_PACKAGE -DDEBUG -stats-output-dir .stats -strict-concurrency\=complete -enable-upcoming-feature StrictConcurrency -enable-upcoming-feature DisableOutwardActorInference -enable-upcoming-feature GlobalActorIsolatedTypesUsability -enable-upcoming-feature InferSendableFromCaptures -plugin-path /Applications/Xcode-16.3.0.app/Contents/Developer/Toolchains/XcodeDefault.xctoolchain/usr/lib/swift/host/plugins/testing -enable-experimental-feature DebugDescriptionMacro -sdk /Applications/Xcode-16.3.0.app/Contents/Developer/Platforms/XROS.platform/Developer/SDKs/XROS2.4.sdk -target arm64-apple-xros1.0 -g -module-cache-path /Users/admin/builder/spi-builder-workspace/.derivedData/ModuleCache.noindex -Xfrontend -serialize-debugging-options -profile-coverage-mapping -profile-generate -enable-testing -suppress-warnings -index-store-path /Users/admin/builder/spi-builder-workspace/.derivedData/Index.noindex/DataStore -swift-version 5 -I /Users/admin/builder/spi-builder-workspace/.derivedData/Build/Products/Debug-xros -I /Applications/Xcode-16.3.0.app/Contents/Developer/Platforms/XROS.platform/Developer/usr/lib -F /Users/admin/builder/spi-builder-workspace/.derivedData/Build/Products/Debug-xros -F /Applications/Xcode-16.3.0.app/Contents/Developer/Platforms/XROS.platform/Developer/Library/Frameworks -F /Applications/Xcode-16.3.0.app/Contents/Developer/Platforms/XROS.platform/Developer/SDKs/XROS2.4.sdk/Developer/Library/Frameworks -emit-localized-strings -emit-localized-strings-path /Users/admin/builder/spi-builder-workspace/.derivedData/Build/Intermediates.noindex/KitoButtons.build/Debug-xros/KitoButtons.build/Objects-normal/arm64 -c -j10 -enable-batch-mode -incremental -Xcc -ivfsstatcache -Xcc /Users/admin/builder/spi-builder-workspace/.derivedData/SDKStatCaches.noindex/xros2.4-22O233-407b76dbb837030756cbe1ab3f0b01b6.sdkstatcache -output-file-map /Users/admin/builder/spi-builder-workspace/.derivedData/Build/Intermediates.noindex/KitoButtons.build/Debug-xros/KitoButtons.build/Objects-normal/arm64/KitoButtons-OutputFileMap.json -use-frontend-parseable-output -save-temps -no-color-diagnostics -serialize-diagnostics -emit-dependencies -emit-module -emit-module-path /Users/admin/builder/spi-builder-workspace/.derivedData/Build/Intermediates.noindex/KitoButtons.build/Debug-xros/KitoButtons.build/Objects-normal/arm64/KitoButtons.swiftmodule -validate-clang-modules-once -clang-build-session-file /Users/admin/builder/spi-builder-workspace/.derivedData/ModuleCache.noindex/Session.modulevalidation -package-name kitobuttons -Xcc -I/Users/admin/builder/spi-builder-workspace/.derivedData/Build/Intermediates.noindex/KitoButtons.build/Debug-xros/KitoButtons.build/swift-overrides.hmap -emit-const-values -Xfrontend -const-gather-protocols-file -Xfrontend /Users/admin/builder/spi-builder-workspace/.derivedData/Build/Intermediates.noindex/KitoButtons.build/Debug-xros/KitoButtons.build/Objects-normal/arm64/KitoButtons_const_extract_protocols.json -Xcc -I/Users/admin/builder/spi-builder-workspace/.derivedData/Build/Products/Debug-xros/include -Xcc -I/Users/admin/builder/spi-builder-workspace/.derivedData/Build/Intermediates.noindex/KitoButtons.build/Debug-xros/KitoButtons.build/DerivedSources-normal/arm64 -Xcc -I/Users/admin/builder/spi-builder-workspace/.derivedData/Build/Intermediates.noindex/KitoButtons.build/Debug-xros/KitoButtons.build/DerivedSources/arm64 -Xcc -I/Users/admin/builder/spi-builder-workspace/.derivedData/Build/Intermediates.noindex/KitoButtons.build/Debug-xros/KitoButtons.build/DerivedSources -Xcc -DSWIFT_PACKAGE -Xcc -DDEBUG\=1 -emit-objc-header -emit-objc-header-path /Users/admin/builder/spi-builder-workspace/.derivedData/Build/Intermediates.noindex/KitoButtons.build/Debug-xros/KitoButtons.build/Objects-normal/arm64/KitoButtons-Swift.h -working-directory /Users/admin/builder/spi-builder-workspace/.swiftpm/xcode -experimental-emit-module-separately -disable-cmo
SwiftDriverJobDiscovery normal arm64 Compiling KitoPasswordStrength.swift, KitoPasswordUI.swift, KitoRule+Formats.swift, KitoRule.swift (in target 'KitoFields' from project 'KitoFields')
SwiftDriverJobDiscovery normal arm64 Compiling KitoOTPVerificationScreen.swift (in target 'KitoScreens' from project 'KitoScreens')
Ld /Users/admin/builder/spi-builder-workspace/.derivedData/Build/Products/Debug-xros/KitoButtons.o normal (in target 'KitoButtons' from project 'KitoButtons')
cd /Users/admin/builder/spi-builder-workspace/.dependencies/checkouts/KitoButtons
/Applications/Xcode-16.3.0.app/Contents/Developer/Toolchains/XcodeDefault.xctoolchain/usr/bin/clang -Xlinker -reproducible -target arm64-apple-xros1.0 -r -isysroot /Applications/Xcode-16.3.0.app/Contents/Developer/Platforms/XROS.platform/Developer/SDKs/XROS2.4.sdk -O0 -w -L/Users/admin/builder/spi-builder-workspace/.derivedData/Build/Intermediates.noindex/EagerLinkingTBDs/Debug-xros -L/Users/admin/builder/spi-builder-workspace/.derivedData/Build/Products/Debug-xros -L/Applications/Xcode-16.3.0.app/Contents/Developer/Platforms/XROS.platform/Developer/usr/lib -F/Users/admin/builder/spi-builder-workspace/.derivedData/Build/Intermediates.noindex/EagerLinkingTBDs/Debug-xros -F/Users/admin/builder/spi-builder-workspace/.derivedData/Build/Products/Debug-xros -iframework /Applications/Xcode-16.3.0.app/Contents/Developer/Platforms/XROS.platform/Developer/Library/Frameworks -iframework /Applications/Xcode-16.3.0.app/Contents/Developer/Platforms/XROS.platform/Developer/SDKs/XROS2.4.sdk/Developer/Library/Frameworks -filelist /Users/admin/builder/spi-builder-workspace/.derivedData/Build/Intermediates.noindex/KitoButtons.build/Debug-xros/KitoButtons.build/Objects-normal/arm64/KitoButtons.LinkFileList -nostdlib -Xlinker -object_path_lto -Xlinker /Users/admin/builder/spi-builder-workspace/.derivedData/Build/Intermediates.noindex/KitoButtons.build/Debug-xros/KitoButtons.build/Objects-normal/arm64/KitoButtons_lto.o -rdynamic -Xlinker -no_deduplicate -Xlinker -debug_variant -Xlinker -dependency_info -Xlinker /Users/admin/builder/spi-builder-workspace/.derivedData/Build/Intermediates.noindex/KitoButtons.build/Debug-xros/KitoButtons.build/Objects-normal/arm64/KitoButtons_dependency_info.dat -fobjc-link-runtime -L/Applications/Xcode-16.3.0.app/Contents/Developer/Toolchains/XcodeDefault.xctoolchain/usr/lib/swift/xros -L/usr/lib/swift -Xlinker -add_ast_path -Xlinker /Users/admin/builder/spi-builder-workspace/.derivedData/Build/Intermediates.noindex/KitoButtons.build/Debug-xros/KitoButtons.build/Objects-normal/arm64/KitoButtons.swiftmodule -o /Users/admin/builder/spi-builder-workspace/.derivedData/Build/Products/Debug-xros/KitoButtons.o
ExtractAppIntentsMetadata (in target 'KitoButtons' from project 'KitoButtons')
cd /Users/admin/builder/spi-builder-workspace/.dependencies/checkouts/KitoButtons
/Applications/Xcode-16.3.0.app/Contents/Developer/Toolchains/XcodeDefault.xctoolchain/usr/bin/appintentsmetadataprocessor --toolchain-dir /Applications/Xcode-16.3.0.app/Contents/Developer/Toolchains/XcodeDefault.xctoolchain --module-name KitoButtons --sdk-root /Applications/Xcode-16.3.0.app/Contents/Developer/Platforms/XROS.platform/Developer/SDKs/XROS2.4.sdk --xcode-version 16E140 --platform-family xrOS --deployment-target 1.0 --bundle-identifier kitobuttons.KitoButtons --output /Users/admin/builder/spi-builder-workspace/.derivedData/Build/Products/Debug-xros/KitoButtons.appintents --target-triple arm64-apple-xros1.0 --binary-file /Users/admin/builder/spi-builder-workspace/.derivedData/Build/Products/Debug-xros/KitoButtons.o --dependency-file /Users/admin/builder/spi-builder-workspace/.derivedData/Build/Intermediates.noindex/KitoButtons.build/Debug-xros/KitoButtons.build/Objects-normal/arm64/KitoButtons_dependency_info.dat --stringsdata-file /Users/admin/builder/spi-builder-workspace/.derivedData/Build/Intermediates.noindex/KitoButtons.build/Debug-xros/KitoButtons.build/Objects-normal/arm64/ExtractedAppShortcutsMetadata.stringsdata --source-file-list /Users/admin/builder/spi-builder-workspace/.derivedData/Build/Intermediates.noindex/KitoButtons.build/Debug-xros/KitoButtons.build/Objects-normal/arm64/KitoButtons.SwiftFileList --metadata-file-list /Users/admin/builder/spi-builder-workspace/.derivedData/Build/Intermediates.noindex/KitoButtons.build/Debug-xros/KitoButtons.build/KitoButtons.DependencyMetadataFileList --static-metadata-file-list /Users/admin/builder/spi-builder-workspace/.derivedData/Build/Intermediates.noindex/KitoButtons.build/Debug-xros/KitoButtons.build/KitoButtons.DependencyStaticMetadataFileList --swift-const-vals-list /Users/admin/builder/spi-builder-workspace/.derivedData/Build/Intermediates.noindex/KitoButtons.build/Debug-xros/KitoButtons.build/Objects-normal/arm64/KitoButtons.SwiftConstValuesFileList --force --compile-time-extraction --deployment-aware-processing --validate-assistant-intents --no-app-shortcuts-localization
2026-09-29 00:45:59.364 appintentsmetadataprocessor[879:4695] Starting appintentsmetadataprocessor export
2026-09-29 00:45:59.411 appintentsmetadataprocessor[879:4695] Extracted no relevant App Intents symbols, skipping writing output
SwiftDriverJobDiscovery normal arm64 Compiling KitoMpesaScreen.swift (in target 'KitoScreens' from project 'KitoScreens')
SwiftDriverJobDiscovery normal arm64 Compiling KitoScreenTheme.swift (in target 'KitoScreens' from project 'KitoScreens')
SwiftDriverJobDiscovery normal arm64 Compiling KitoTypography.swift (in target 'KitoScreens' from project 'KitoScreens')
RegisterExecutionPolicyException /Users/admin/builder/spi-builder-workspace/.derivedData/Build/Products/Debug-xros/KitoButtons.o (in target 'KitoButtons' from project 'KitoButtons')
cd /Users/admin/builder/spi-builder-workspace/.dependencies/checkouts/KitoButtons
builtin-RegisterExecutionPolicyException /Users/admin/builder/spi-builder-workspace/.derivedData/Build/Products/Debug-xros/KitoButtons.o
SwiftDriverJobDiscovery normal arm64 Compiling KitoSignUpScreen.swift (in target 'KitoScreens' from project 'KitoScreens')
SwiftDriverJobDiscovery normal arm64 Compiling KitoLoginScreen.swift (in target 'KitoScreens' from project 'KitoScreens')
SwiftDriver\ Compilation KitoScreens normal arm64 com.apple.xcode.tools.swift.compiler (in target 'KitoScreens' from project 'KitoScreens')
cd /Users/admin/builder/spi-builder-workspace/.swiftpm/xcode
builtin-Swift-Compilation -- /Applications/Xcode-16.3.0.app/Contents/Developer/Toolchains/XcodeDefault.xctoolchain/usr/bin/swiftc -module-name KitoScreens -Onone -enforce-exclusivity\=checked @/Users/admin/builder/spi-builder-workspace/.derivedData/Build/Intermediates.noindex/KitoScreens.build/Debug-xros/KitoScreens.build/Objects-normal/arm64/KitoScreens.SwiftFileList -DSWIFT_PACKAGE -DDEBUG -stats-output-dir .stats -strict-concurrency\=complete -enable-upcoming-feature StrictConcurrency -enable-upcoming-feature DisableOutwardActorInference -enable-upcoming-feature GlobalActorIsolatedTypesUsability -enable-upcoming-feature InferSendableFromCaptures -plugin-path /Applications/Xcode-16.3.0.app/Contents/Developer/Toolchains/XcodeDefault.xctoolchain/usr/lib/swift/host/plugins/testing -enable-experimental-feature DebugDescriptionMacro -sdk /Applications/Xcode-16.3.0.app/Contents/Developer/Platforms/XROS.platform/Developer/SDKs/XROS2.4.sdk -target arm64-apple-xros1.0 -g -module-cache-path /Users/admin/builder/spi-builder-workspace/.derivedData/ModuleCache.noindex -Xfrontend -serialize-debugging-options -profile-coverage-mapping -profile-generate -enable-testing -index-store-path /Users/admin/builder/spi-builder-workspace/.derivedData/Index.noindex/DataStore -swift-version 5 -I /Users/admin/builder/spi-builder-workspace/.derivedData/Build/Products/Debug-xros -I /Applications/Xcode-16.3.0.app/Contents/Developer/Platforms/XROS.platform/Developer/usr/lib -F /Users/admin/builder/spi-builder-workspace/.derivedData/Build/Products/Debug-xros/PackageFrameworks -F /Users/admin/builder/spi-builder-workspace/.derivedData/Build/Products/Debug-xros/PackageFrameworks -F /Users/admin/builder/spi-builder-workspace/.derivedData/Build/Products/Debug-xros -F /Applications/Xcode-16.3.0.app/Contents/Developer/Platforms/XROS.platform/Developer/Library/Frameworks -F /Applications/Xcode-16.3.0.app/Contents/Developer/Platforms/XROS.platform/Developer/SDKs/XROS2.4.sdk/Developer/Library/Frameworks -emit-localized-strings -emit-localized-strings-path /Users/admin/builder/spi-builder-workspace/.derivedData/Build/Intermediates.noindex/KitoScreens.build/Debug-xros/KitoScreens.build/Objects-normal/arm64 -c -j10 -enable-batch-mode -incremental -Xcc -ivfsstatcache -Xcc /Users/admin/builder/spi-builder-workspace/.derivedData/SDKStatCaches.noindex/xros2.4-22O233-407b76dbb837030756cbe1ab3f0b01b6.sdkstatcache -output-file-map /Users/admin/builder/spi-builder-workspace/.derivedData/Build/Intermediates.noindex/KitoScreens.build/Debug-xros/KitoScreens.build/Objects-normal/arm64/KitoScreens-OutputFileMap.json -use-frontend-parseable-output -save-temps -no-color-diagnostics -serialize-diagnostics -emit-dependencies -emit-module -emit-module-path /Users/admin/builder/spi-builder-workspace/.derivedData/Build/Intermediates.noindex/KitoScreens.build/Debug-xros/KitoScreens.build/Objects-normal/arm64/KitoScreens.swiftmodule -validate-clang-modules-once -clang-build-session-file /Users/admin/builder/spi-builder-workspace/.derivedData/ModuleCache.noindex/Session.modulevalidation -package-name spi_builder_workspace -Xcc -I/Users/admin/builder/spi-builder-workspace/.derivedData/Build/Intermediates.noindex/KitoScreens.build/Debug-xros/KitoScreens.build/swift-overrides.hmap -emit-const-values -Xfrontend -const-gather-protocols-file -Xfrontend /Users/admin/builder/spi-builder-workspace/.derivedData/Build/Intermediates.noindex/KitoScreens.build/Debug-xros/KitoScreens.build/Objects-normal/arm64/KitoScreens_const_extract_protocols.json -Xcc -I/Users/admin/builder/spi-builder-workspace/.derivedData/Build/Products/Debug-xros/include -Xcc -I/Users/admin/builder/spi-builder-workspace/.derivedData/Build/Intermediates.noindex/KitoScreens.build/Debug-xros/KitoScreens.build/DerivedSources-normal/arm64 -Xcc -I/Users/admin/builder/spi-builder-workspace/.derivedData/Build/Intermediates.noindex/KitoScreens.build/Debug-xros/KitoScreens.build/DerivedSources/arm64 -Xcc -I/Users/admin/builder/spi-builder-workspace/.derivedData/Build/Intermediates.noindex/KitoScreens.build/Debug-xros/KitoScreens.build/DerivedSources -Xcc -DSWIFT_PACKAGE -Xcc -DDEBUG\=1 -emit-objc-header -emit-objc-header-path /Users/admin/builder/spi-builder-workspace/.derivedData/Build/Intermediates.noindex/KitoScreens.build/Debug-xros/KitoScreens.build/Objects-normal/arm64/KitoScreens-Swift.h -working-directory /Users/admin/builder/spi-builder-workspace/.swiftpm/xcode -experimental-emit-module-separately -disable-cmo
SwiftDriverJobDiscovery normal arm64 Compiling KitoCountryPicker.swift, KitoFlag.swift, KitoNativeTextField.swift, KitoPhoneField.swift (in target 'KitoFields' from project 'KitoFields')
SwiftDriverJobDiscovery normal arm64 Compiling KitoLocalization.swift, KitoValidationState.swift, KitoCardFields.swift, KitoCodeField.swift (in target 'KitoFields' from project 'KitoFields')
** BUILD FAILED **
The following build commands failed:
SwiftCompile normal arm64 /Users/admin/builder/spi-builder-workspace/.dependencies/checkouts/KitoFields/Sources/KitoFields/Fields/KitoTextField.swift (in target 'KitoFields' from project 'KitoFields')
SwiftCompile normal arm64 Compiling\ KitoSelectField.swift,\ KitoTextField.swift,\ KitoCountry.swift,\ KitoCountryDatabase.swift /Users/admin/builder/spi-builder-workspace/.dependencies/checkouts/KitoFields/Sources/KitoFields/Fields/KitoSelectField.swift /Users/admin/builder/spi-builder-workspace/.dependencies/checkouts/KitoFields/Sources/KitoFields/Fields/KitoTextField.swift /Users/admin/builder/spi-builder-workspace/.dependencies/checkouts/KitoFields/Sources/KitoFields/Phone/KitoCountry.swift /Users/admin/builder/spi-builder-workspace/.dependencies/checkouts/KitoFields/Sources/KitoFields/Phone/KitoCountryDatabase.swift (in target 'KitoFields' from project 'KitoFields')
Building workspace spi-builder-workspace with scheme KitoScreens
(3 failures)
Command line invocation:
/Applications/Xcode-16.3.0.app/Contents/Developer/usr/bin/xcodebuild -IDEClonedSourcePackagesDirPathOverride=/Users/admin/builder/spi-builder-workspace/.dependencies -resolvePackageDependencies
Resolve Package Graph
Resolved source packages:
KitoScreens: /Users/admin/builder/spi-builder-workspace
KitoFields: https://github.com/wykeenjenga/KitoFields.git @ 1.9.3
KitoButtons: https://github.com/wykeenjenga/KitoButtons.git @ 1.8.2
resolved source packages: KitoScreens, KitoFields, KitoButtons
{
"default_localization" : "en",
"dependencies" : [
{
"identity" : "kitofields",
"requirement" : {
"range" : [
{
"lower_bound" : "1.9.2",
"upper_bound" : "2.0.0"
}
]
},
"type" : "sourceControl",
"url" : "https://github.com/wykeenjenga/KitoFields.git"
},
{
"identity" : "kitobuttons",
"requirement" : {
"range" : [
{
"lower_bound" : "1.8.1",
"upper_bound" : "2.0.0"
}
]
},
"type" : "sourceControl",
"url" : "https://github.com/wykeenjenga/KitoButtons.git"
}
],
"manifest_display_name" : "KitoScreens",
"name" : "KitoScreens",
"path" : "/Users/admin/builder/spi-builder-workspace",
"platforms" : [
{
"name" : "ios",
"version" : "15.0"
},
{
"name" : "macos",
"version" : "12.0"
},
{
"name" : "tvos",
"version" : "15.0"
},
{
"name" : "watchos",
"version" : "9.0"
},
{
"name" : "visionos",
"version" : "1.0"
}
],
"products" : [
{
"name" : "KitoScreens",
"targets" : [
"KitoScreens"
],
"type" : {
"library" : [
"automatic"
]
}
}
],
"targets" : [
{
"c99name" : "KitoScreensTests",
"module_type" : "SwiftTarget",
"name" : "KitoScreensTests",
"path" : "Tests/KitoScreensTests",
"sources" : [
"KitoScreensTests.swift"
],
"target_dependencies" : [
"KitoScreens"
],
"type" : "test"
},
{
"c99name" : "KitoScreens",
"module_type" : "SwiftTarget",
"name" : "KitoScreens",
"path" : "Sources/KitoScreens",
"product_dependencies" : [
"KitoFields",
"KitoButtons"
],
"product_memberships" : [
"KitoScreens"
],
"resources" : [
{
"path" : "/Users/admin/builder/spi-builder-workspace/Sources/KitoScreens/Resources/en.lproj/Localizable.strings",
"rule" : {
"process" : {
"localization" : "en"
}
}
},
{
"path" : "/Users/admin/builder/spi-builder-workspace/Sources/KitoScreens/Resources/fr.lproj/Localizable.strings",
"rule" : {
"process" : {
"localization" : "fr"
}
}
},
{
"path" : "/Users/admin/builder/spi-builder-workspace/Sources/KitoScreens/Resources/sw.lproj/Localizable.strings",
"rule" : {
"process" : {
"localization" : "sw"
}
}
}
],
"sources" : [
"Auth/KitoLoginScreen.swift",
"Auth/KitoSignUpScreen.swift",
"Payments/KitoCardCheckoutScreen.swift",
"Payments/KitoMpesaScreen.swift",
"Profile/KitoEditProfileScreen.swift",
"Support/KitoScreenTheme.swift",
"Support/KitoScreensLocalization.swift",
"Support/KitoTypography.swift",
"Verification/KitoOTPVerificationScreen.swift"
],
"type" : "library"
}
],
"tools_version" : "5.9"
}
{
"workspace" : {
"name" : "spi-builder-workspace",
"schemes" : [
"KitoScreens"
]
}
}
Running build ...
env DEVELOPER_DIR=/Applications/Xcode-16.3.0.app xcrun xcodebuild -IDEClonedSourcePackagesDirPathOverride=$PWD/.dependencies -skipMacroValidation -skipPackagePluginValidation -derivedDataPath $PWD/.derivedData build -scheme KitoScreens -destination generic/platform=xrOS
Command line invocation:
/Applications/Xcode-16.3.0.app/Contents/Developer/usr/bin/xcodebuild -IDEClonedSourcePackagesDirPathOverride=/Users/admin/builder/spi-builder-workspace/.dependencies -skipMacroValidation -skipPackagePluginValidation -derivedDataPath /Users/admin/builder/spi-builder-workspace/.derivedData build -scheme KitoScreens -destination generic/platform=xrOS
Resolve Package Graph
Resolved source packages:
KitoFields: https://github.com/wykeenjenga/KitoFields.git @ 1.9.3
KitoScreens: /Users/admin/builder/spi-builder-workspace
KitoButtons: https://github.com/wykeenjenga/KitoButtons.git @ 1.8.2
ComputePackagePrebuildTargetDependencyGraph
Prepare packages
CreateBuildRequest
SendProjectDescription
CreateBuildOperation
ComputeTargetDependencyGraph
note: Building targets in dependency order
note: Target dependency graph (9 targets)
Target 'KitoScreens' in project 'KitoScreens'
➜ Explicit dependency on target 'KitoScreens' in project 'KitoScreens'
➜ Explicit dependency on target 'KitoScreens_KitoScreens' in project 'KitoScreens'
➜ Explicit dependency on target 'KitoFields' in project 'KitoFields'
➜ Explicit dependency on target 'KitoButtons' in project 'KitoButtons'
Target 'KitoScreens' in project 'KitoScreens'
➜ Explicit dependency on target 'KitoScreens_KitoScreens' in project 'KitoScreens'
➜ Explicit dependency on target 'KitoFields' in project 'KitoFields'
➜ Explicit dependency on target 'KitoButtons' in project 'KitoButtons'
Target 'KitoButtons' in project 'KitoButtons'
➜ Explicit dependency on target 'KitoButtons' in project 'KitoButtons'
➜ Explicit dependency on target 'KitoButtons_KitoButtons' in project 'KitoButtons'
Target 'KitoButtons' in project 'KitoButtons'
➜ Explicit dependency on target 'KitoButtons_KitoButtons' in project 'KitoButtons'
Target 'KitoButtons_KitoButtons' in project 'KitoButtons' (no dependencies)
Target 'KitoFields' in project 'KitoFields'
➜ Explicit dependency on target 'KitoFields' in project 'KitoFields'
➜ Explicit dependency on target 'KitoFields_KitoFields' in project 'KitoFields'
Target 'KitoFields' in project 'KitoFields'
➜ Explicit dependency on target 'KitoFields_KitoFields' in project 'KitoFields'
Target 'KitoFields_KitoFields' in project 'KitoFields' (no dependencies)
Target 'KitoScreens_KitoScreens' in project 'KitoScreens' (no dependencies)
GatherProvisioningInputs
CreateBuildDescription
ExecuteExternalTool /Applications/Xcode-16.3.0.app/Contents/Developer/Toolchains/XcodeDefault.xctoolchain/usr/bin/clang -v -E -dM -isysroot /Applications/Xcode-16.3.0.app/Contents/Developer/Platforms/XROS.platform/Developer/SDKs/XROS2.4.sdk -x c -c /dev/null
ExecuteExternalTool /Applications/Xcode-16.3.0.app/Contents/Developer/Toolchains/XcodeDefault.xctoolchain/usr/bin/swiftc --version
ExecuteExternalTool /Applications/Xcode-16.3.0.app/Contents/Developer/Toolchains/XcodeDefault.xctoolchain/usr/bin/ld -version_details
Build description signature: 5f13a95f730f7ac6ec8786a6c7152d5a
Build description path: /Users/admin/builder/spi-builder-workspace/.derivedData/Build/Intermediates.noindex/XCBuildData/5f13a95f730f7ac6ec8786a6c7152d5a.xcbuilddata
ClangStatCache /Applications/Xcode-16.3.0.app/Contents/Developer/Toolchains/XcodeDefault.xctoolchain/usr/bin/clang-stat-cache /Applications/Xcode-16.3.0.app/Contents/Developer/Platforms/XROS.platform/Developer/SDKs/XROS2.4.sdk /Users/admin/builder/spi-builder-workspace/.derivedData/SDKStatCaches.noindex/xros2.4-22O233-407b76dbb837030756cbe1ab3f0b01b6.sdkstatcache
cd /Users/admin/builder/spi-builder-workspace/.swiftpm/xcode
/Applications/Xcode-16.3.0.app/Contents/Developer/Toolchains/XcodeDefault.xctoolchain/usr/bin/clang-stat-cache /Applications/Xcode-16.3.0.app/Contents/Developer/Platforms/XROS.platform/Developer/SDKs/XROS2.4.sdk -o /Users/admin/builder/spi-builder-workspace/.derivedData/SDKStatCaches.noindex/xros2.4-22O233-407b76dbb837030756cbe1ab3f0b01b6.sdkstatcache
ProcessInfoPlistFile /Users/admin/builder/spi-builder-workspace/.derivedData/Build/Products/Debug-xros/KitoScreens_KitoScreens.bundle/Info.plist /Users/admin/builder/spi-builder-workspace/.derivedData/Build/Intermediates.noindex/KitoScreens.build/Debug-xros/KitoScreens_KitoScreens.build/empty-KitoScreens_KitoScreens.plist (in target 'KitoScreens_KitoScreens' from project 'KitoScreens')
cd /Users/admin/builder/spi-builder-workspace
builtin-infoPlistUtility /Users/admin/builder/spi-builder-workspace/.derivedData/Build/Intermediates.noindex/KitoScreens.build/Debug-xros/KitoScreens_KitoScreens.build/empty-KitoScreens_KitoScreens.plist -producttype com.apple.product-type.bundle -expandbuildsettings -format binary -platform xros -o /Users/admin/builder/spi-builder-workspace/.derivedData/Build/Products/Debug-xros/KitoScreens_KitoScreens.bundle/Info.plist
ProcessInfoPlistFile /Users/admin/builder/spi-builder-workspace/.derivedData/Build/Products/Debug-xros/KitoFields_KitoFields.bundle/Info.plist /Users/admin/builder/spi-builder-workspace/.derivedData/Build/Intermediates.noindex/KitoFields.build/Debug-xros/KitoFields_KitoFields.build/empty-KitoFields_KitoFields.plist (in target 'KitoFields_KitoFields' from project 'KitoFields')
cd /Users/admin/builder/spi-builder-workspace/.dependencies/checkouts/KitoFields
builtin-infoPlistUtility /Users/admin/builder/spi-builder-workspace/.derivedData/Build/Intermediates.noindex/KitoFields.build/Debug-xros/KitoFields_KitoFields.build/empty-KitoFields_KitoFields.plist -producttype com.apple.product-type.bundle -expandbuildsettings -format binary -platform xros -o /Users/admin/builder/spi-builder-workspace/.derivedData/Build/Products/Debug-xros/KitoFields_KitoFields.bundle/Info.plist
ProcessInfoPlistFile /Users/admin/builder/spi-builder-workspace/.derivedData/Build/Products/Debug-xros/KitoButtons_KitoButtons.bundle/Info.plist /Users/admin/builder/spi-builder-workspace/.derivedData/Build/Intermediates.noindex/KitoButtons.build/Debug-xros/KitoButtons_KitoButtons.build/empty-KitoButtons_KitoButtons.plist (in target 'KitoButtons_KitoButtons' from project 'KitoButtons')
cd /Users/admin/builder/spi-builder-workspace/.dependencies/checkouts/KitoButtons
builtin-infoPlistUtility /Users/admin/builder/spi-builder-workspace/.derivedData/Build/Intermediates.noindex/KitoButtons.build/Debug-xros/KitoButtons_KitoButtons.build/empty-KitoButtons_KitoButtons.plist -producttype com.apple.product-type.bundle -expandbuildsettings -format binary -platform xros -o /Users/admin/builder/spi-builder-workspace/.derivedData/Build/Products/Debug-xros/KitoButtons_KitoButtons.bundle/Info.plist
SwiftDriver KitoFields normal arm64 com.apple.xcode.tools.swift.compiler (in target 'KitoFields' from project 'KitoFields')
cd /Users/admin/builder/spi-builder-workspace/.swiftpm/xcode
builtin-SwiftDriver -- /Applications/Xcode-16.3.0.app/Contents/Developer/Toolchains/XcodeDefault.xctoolchain/usr/bin/swiftc -module-name KitoFields -Onone -enforce-exclusivity\=checked @/Users/admin/builder/spi-builder-workspace/.derivedData/Build/Intermediates.noindex/KitoFields.build/Debug-xros/KitoFields.build/Objects-normal/arm64/KitoFields.SwiftFileList -DSWIFT_PACKAGE -DDEBUG -DXcode -plugin-path /Applications/Xcode-16.3.0.app/Contents/Developer/Toolchains/XcodeDefault.xctoolchain/usr/lib/swift/host/plugins/testing -enable-experimental-feature DebugDescriptionMacro -sdk /Applications/Xcode-16.3.0.app/Contents/Developer/Platforms/XROS.platform/Developer/SDKs/XROS2.4.sdk -target arm64-apple-xros1.0 -g -module-cache-path /Users/admin/builder/spi-builder-workspace/.derivedData/ModuleCache.noindex -Xfrontend -serialize-debugging-options -profile-coverage-mapping -profile-generate -enable-testing -suppress-warnings -index-store-path /Users/admin/builder/spi-builder-workspace/.derivedData/Index.noindex/DataStore -swift-version 5 -I /Users/admin/builder/spi-builder-workspace/.derivedData/Build/Products/Debug-xros -I /Applications/Xcode-16.3.0.app/Contents/Developer/Platforms/XROS.platform/Developer/usr/lib -F /Users/admin/builder/spi-builder-workspace/.derivedData/Build/Products/Debug-xros -F /Applications/Xcode-16.3.0.app/Contents/Developer/Platforms/XROS.platform/Developer/Library/Frameworks -F /Applications/Xcode-16.3.0.app/Contents/Developer/Platforms/XROS.platform/Developer/SDKs/XROS2.4.sdk/Developer/Library/Frameworks -emit-localized-strings -emit-localized-strings-path /Users/admin/builder/spi-builder-workspace/.derivedData/Build/Intermediates.noindex/KitoFields.build/Debug-xros/KitoFields.build/Objects-normal/arm64 -c -j10 -enable-batch-mode -incremental -Xcc -ivfsstatcache -Xcc /Users/admin/builder/spi-builder-workspace/.derivedData/SDKStatCaches.noindex/xros2.4-22O233-407b76dbb837030756cbe1ab3f0b01b6.sdkstatcache -output-file-map /Users/admin/builder/spi-builder-workspace/.derivedData/Build/Intermediates.noindex/KitoFields.build/Debug-xros/KitoFields.build/Objects-normal/arm64/KitoFields-OutputFileMap.json -use-frontend-parseable-output -save-temps -no-color-diagnostics -serialize-diagnostics -emit-dependencies -emit-module -emit-module-path /Users/admin/builder/spi-builder-workspace/.derivedData/Build/Intermediates.noindex/KitoFields.build/Debug-xros/KitoFields.build/Objects-normal/arm64/KitoFields.swiftmodule -validate-clang-modules-once -clang-build-session-file /Users/admin/builder/spi-builder-workspace/.derivedData/ModuleCache.noindex/Session.modulevalidation -package-name kitofields -Xcc -I/Users/admin/builder/spi-builder-workspace/.derivedData/Build/Intermediates.noindex/KitoFields.build/Debug-xros/KitoFields.build/swift-overrides.hmap -emit-const-values -Xfrontend -const-gather-protocols-file -Xfrontend /Users/admin/builder/spi-builder-workspace/.derivedData/Build/Intermediates.noindex/KitoFields.build/Debug-xros/KitoFields.build/Objects-normal/arm64/KitoFields_const_extract_protocols.json -Xcc -I/Users/admin/builder/spi-builder-workspace/.derivedData/Build/Products/Debug-xros/include -Xcc -I/Users/admin/builder/spi-builder-workspace/.derivedData/Build/Intermediates.noindex/KitoFields.build/Debug-xros/KitoFields.build/DerivedSources-normal/arm64 -Xcc -I/Users/admin/builder/spi-builder-workspace/.derivedData/Build/Intermediates.noindex/KitoFields.build/Debug-xros/KitoFields.build/DerivedSources/arm64 -Xcc -I/Users/admin/builder/spi-builder-workspace/.derivedData/Build/Intermediates.noindex/KitoFields.build/Debug-xros/KitoFields.build/DerivedSources -Xcc -DSWIFT_PACKAGE -Xcc -DDEBUG\=1 -emit-objc-header -emit-objc-header-path /Users/admin/builder/spi-builder-workspace/.derivedData/Build/Intermediates.noindex/KitoFields.build/Debug-xros/KitoFields.build/Objects-normal/arm64/KitoFields-Swift.h -working-directory /Users/admin/builder/spi-builder-workspace/.swiftpm/xcode -experimental-emit-module-separately -disable-cmo
SwiftDriver KitoButtons normal arm64 com.apple.xcode.tools.swift.compiler (in target 'KitoButtons' from project 'KitoButtons')
cd /Users/admin/builder/spi-builder-workspace/.swiftpm/xcode
builtin-SwiftDriver -- /Applications/Xcode-16.3.0.app/Contents/Developer/Toolchains/XcodeDefault.xctoolchain/usr/bin/swiftc -module-name KitoButtons -Onone -enforce-exclusivity\=checked @/Users/admin/builder/spi-builder-workspace/.derivedData/Build/Intermediates.noindex/KitoButtons.build/Debug-xros/KitoButtons.build/Objects-normal/arm64/KitoButtons.SwiftFileList -DSWIFT_PACKAGE -DDEBUG -DXcode -plugin-path /Applications/Xcode-16.3.0.app/Contents/Developer/Toolchains/XcodeDefault.xctoolchain/usr/lib/swift/host/plugins/testing -enable-experimental-feature DebugDescriptionMacro -sdk /Applications/Xcode-16.3.0.app/Contents/Developer/Platforms/XROS.platform/Developer/SDKs/XROS2.4.sdk -target arm64-apple-xros1.0 -g -module-cache-path /Users/admin/builder/spi-builder-workspace/.derivedData/ModuleCache.noindex -Xfrontend -serialize-debugging-options -profile-coverage-mapping -profile-generate -enable-testing -suppress-warnings -index-store-path /Users/admin/builder/spi-builder-workspace/.derivedData/Index.noindex/DataStore -swift-version 5 -I /Users/admin/builder/spi-builder-workspace/.derivedData/Build/Products/Debug-xros -I /Applications/Xcode-16.3.0.app/Contents/Developer/Platforms/XROS.platform/Developer/usr/lib -F /Users/admin/builder/spi-builder-workspace/.derivedData/Build/Products/Debug-xros -F /Applications/Xcode-16.3.0.app/Contents/Developer/Platforms/XROS.platform/Developer/Library/Frameworks -F /Applications/Xcode-16.3.0.app/Contents/Developer/Platforms/XROS.platform/Developer/SDKs/XROS2.4.sdk/Developer/Library/Frameworks -emit-localized-strings -emit-localized-strings-path /Users/admin/builder/spi-builder-workspace/.derivedData/Build/Intermediates.noindex/KitoButtons.build/Debug-xros/KitoButtons.build/Objects-normal/arm64 -c -j10 -enable-batch-mode -incremental -Xcc -ivfsstatcache -Xcc /Users/admin/builder/spi-builder-workspace/.derivedData/SDKStatCaches.noindex/xros2.4-22O233-407b76dbb837030756cbe1ab3f0b01b6.sdkstatcache -output-file-map /Users/admin/builder/spi-builder-workspace/.derivedData/Build/Intermediates.noindex/KitoButtons.build/Debug-xros/KitoButtons.build/Objects-normal/arm64/KitoButtons-OutputFileMap.json -use-frontend-parseable-output -save-temps -no-color-diagnostics -serialize-diagnostics -emit-dependencies -emit-module -emit-module-path /Users/admin/builder/spi-builder-workspace/.derivedData/Build/Intermediates.noindex/KitoButtons.build/Debug-xros/KitoButtons.build/Objects-normal/arm64/KitoButtons.swiftmodule -validate-clang-modules-once -clang-build-session-file /Users/admin/builder/spi-builder-workspace/.derivedData/ModuleCache.noindex/Session.modulevalidation -package-name kitobuttons -Xcc -I/Users/admin/builder/spi-builder-workspace/.derivedData/Build/Intermediates.noindex/KitoButtons.build/Debug-xros/KitoButtons.build/swift-overrides.hmap -emit-const-values -Xfrontend -const-gather-protocols-file -Xfrontend /Users/admin/builder/spi-builder-workspace/.derivedData/Build/Intermediates.noindex/KitoButtons.build/Debug-xros/KitoButtons.build/Objects-normal/arm64/KitoButtons_const_extract_protocols.json -Xcc -I/Users/admin/builder/spi-builder-workspace/.derivedData/Build/Products/Debug-xros/include -Xcc -I/Users/admin/builder/spi-builder-workspace/.derivedData/Build/Intermediates.noindex/KitoButtons.build/Debug-xros/KitoButtons.build/DerivedSources-normal/arm64 -Xcc -I/Users/admin/builder/spi-builder-workspace/.derivedData/Build/Intermediates.noindex/KitoButtons.build/Debug-xros/KitoButtons.build/DerivedSources/arm64 -Xcc -I/Users/admin/builder/spi-builder-workspace/.derivedData/Build/Intermediates.noindex/KitoButtons.build/Debug-xros/KitoButtons.build/DerivedSources -Xcc -DSWIFT_PACKAGE -Xcc -DDEBUG\=1 -emit-objc-header -emit-objc-header-path /Users/admin/builder/spi-builder-workspace/.derivedData/Build/Intermediates.noindex/KitoButtons.build/Debug-xros/KitoButtons.build/Objects-normal/arm64/KitoButtons-Swift.h -working-directory /Users/admin/builder/spi-builder-workspace/.swiftpm/xcode -experimental-emit-module-separately -disable-cmo
SwiftCompile normal arm64 Compiling\ KitoLocalization.swift,\ KitoValidationState.swift,\ KitoCardFields.swift,\ KitoCodeField.swift /Users/admin/builder/spi-builder-workspace/.dependencies/checkouts/KitoFields/Sources/KitoFields/Core/KitoLocalization.swift /Users/admin/builder/spi-builder-workspace/.dependencies/checkouts/KitoFields/Sources/KitoFields/Core/KitoValidationState.swift /Users/admin/builder/spi-builder-workspace/.dependencies/checkouts/KitoFields/Sources/KitoFields/Fields/KitoCardFields.swift /Users/admin/builder/spi-builder-workspace/.dependencies/checkouts/KitoFields/Sources/KitoFields/Fields/KitoCodeField.swift (in target 'KitoFields' from project 'KitoFields')
SwiftCompile normal arm64 /Users/admin/builder/spi-builder-workspace/.dependencies/checkouts/KitoFields/Sources/KitoFields/Core/KitoLocalization.swift (in target 'KitoFields' from project 'KitoFields')
cd /Users/admin/builder/spi-builder-workspace/.swiftpm/xcode
SwiftCompile normal arm64 /Users/admin/builder/spi-builder-workspace/.dependencies/checkouts/KitoFields/Sources/KitoFields/Core/KitoValidationState.swift (in target 'KitoFields' from project 'KitoFields')
cd /Users/admin/builder/spi-builder-workspace/.swiftpm/xcode
SwiftCompile normal arm64 /Users/admin/builder/spi-builder-workspace/.dependencies/checkouts/KitoFields/Sources/KitoFields/Fields/KitoCardFields.swift (in target 'KitoFields' from project 'KitoFields')
cd /Users/admin/builder/spi-builder-workspace/.swiftpm/xcode
SwiftCompile normal arm64 /Users/admin/builder/spi-builder-workspace/.dependencies/checkouts/KitoFields/Sources/KitoFields/Fields/KitoCodeField.swift (in target 'KitoFields' from project 'KitoFields')
cd /Users/admin/builder/spi-builder-workspace/.swiftpm/xcode
SwiftCompile normal arm64 Compiling\ KitoFieldMotion.swift,\ KitoFieldOptions.swift,\ KitoFieldShape.swift,\ KitoFieldStyle.swift /Users/admin/builder/spi-builder-workspace/.dependencies/checkouts/KitoFields/Sources/KitoFields/Core/KitoFieldMotion.swift /Users/admin/builder/spi-builder-workspace/.dependencies/checkouts/KitoFields/Sources/KitoFields/Core/KitoFieldOptions.swift /Users/admin/builder/spi-builder-workspace/.dependencies/checkouts/KitoFields/Sources/KitoFields/Core/KitoFieldShape.swift /Users/admin/builder/spi-builder-workspace/.dependencies/checkouts/KitoFields/Sources/KitoFields/Core/KitoFieldStyle.swift (in target 'KitoFields' from project 'KitoFields')
SwiftCompile normal arm64 /Users/admin/builder/spi-builder-workspace/.dependencies/checkouts/KitoFields/Sources/KitoFields/Core/KitoFieldMotion.swift (in target 'KitoFields' from project 'KitoFields')
cd /Users/admin/builder/spi-builder-workspace/.swiftpm/xcode
SwiftCompile normal arm64 /Users/admin/builder/spi-builder-workspace/.dependencies/checkouts/KitoFields/Sources/KitoFields/Core/KitoFieldOptions.swift (in target 'KitoFields' from project 'KitoFields')
cd /Users/admin/builder/spi-builder-workspace/.swiftpm/xcode
SwiftCompile normal arm64 /Users/admin/builder/spi-builder-workspace/.dependencies/checkouts/KitoFields/Sources/KitoFields/Core/KitoFieldShape.swift (in target 'KitoFields' from project 'KitoFields')
cd /Users/admin/builder/spi-builder-workspace/.swiftpm/xcode
SwiftCompile normal arm64 /Users/admin/builder/spi-builder-workspace/.dependencies/checkouts/KitoFields/Sources/KitoFields/Core/KitoFieldStyle.swift (in target 'KitoFields' from project 'KitoFields')
cd /Users/admin/builder/spi-builder-workspace/.swiftpm/xcode
SwiftEmitModule normal arm64 Emitting\ module\ for\ KitoButtons (in target 'KitoButtons' from project 'KitoButtons')
EmitSwiftModule normal arm64 (in target 'KitoButtons' from project 'KitoButtons')
cd /Users/admin/builder/spi-builder-workspace/.swiftpm/xcode
SwiftEmitModule normal arm64 Emitting\ module\ for\ KitoFields (in target 'KitoFields' from project 'KitoFields')
EmitSwiftModule normal arm64 (in target 'KitoFields' from project 'KitoFields')
cd /Users/admin/builder/spi-builder-workspace/.swiftpm/xcode
SwiftCompile normal arm64 Compiling\ KitoCountryPicker.swift,\ KitoFlag.swift,\ KitoNativeTextField.swift,\ KitoPhoneField.swift /Users/admin/builder/spi-builder-workspace/.dependencies/checkouts/KitoFields/Sources/KitoFields/Phone/KitoCountryPicker.swift /Users/admin/builder/spi-builder-workspace/.dependencies/checkouts/KitoFields/Sources/KitoFields/Phone/KitoFlag.swift /Users/admin/builder/spi-builder-workspace/.dependencies/checkouts/KitoFields/Sources/KitoFields/Phone/KitoNativeTextField.swift /Users/admin/builder/spi-builder-workspace/.dependencies/checkouts/KitoFields/Sources/KitoFields/Phone/KitoPhoneField.swift (in target 'KitoFields' from project 'KitoFields')
SwiftCompile normal arm64 /Users/admin/builder/spi-builder-workspace/.dependencies/checkouts/KitoFields/Sources/KitoFields/Phone/KitoCountryPicker.swift (in target 'KitoFields' from project 'KitoFields')
cd /Users/admin/builder/spi-builder-workspace/.swiftpm/xcode
SwiftCompile normal arm64 /Users/admin/builder/spi-builder-workspace/.dependencies/checkouts/KitoFields/Sources/KitoFields/Phone/KitoFlag.swift (in target 'KitoFields' from project 'KitoFields')
cd /Users/admin/builder/spi-builder-workspace/.swiftpm/xcode
SwiftCompile normal arm64 /Users/admin/builder/spi-builder-workspace/.dependencies/checkouts/KitoFields/Sources/KitoFields/Phone/KitoNativeTextField.swift (in target 'KitoFields' from project 'KitoFields')
cd /Users/admin/builder/spi-builder-workspace/.swiftpm/xcode
SwiftCompile normal arm64 /Users/admin/builder/spi-builder-workspace/.dependencies/checkouts/KitoFields/Sources/KitoFields/Phone/KitoPhoneField.swift (in target 'KitoFields' from project 'KitoFields')
cd /Users/admin/builder/spi-builder-workspace/.swiftpm/xcode
SwiftCompile normal arm64 Compiling\ KitoFieldStyles.swift,\ KitoFieldTheme.swift,\ KitoFontFamily.swift,\ KitoForm.swift /Users/admin/builder/spi-builder-workspace/.dependencies/checkouts/KitoFields/Sources/KitoFields/Core/KitoFieldStyles.swift /Users/admin/builder/spi-builder-workspace/.dependencies/checkouts/KitoFields/Sources/KitoFields/Core/KitoFieldTheme.swift /Users/admin/builder/spi-builder-workspace/.dependencies/checkouts/KitoFields/Sources/KitoFields/Core/KitoFontFamily.swift /Users/admin/builder/spi-builder-workspace/.dependencies/checkouts/KitoFields/Sources/KitoFields/Core/KitoForm.swift (in target 'KitoFields' from project 'KitoFields')
SwiftCompile normal arm64 /Users/admin/builder/spi-builder-workspace/.dependencies/checkouts/KitoFields/Sources/KitoFields/Core/KitoFieldStyles.swift (in target 'KitoFields' from project 'KitoFields')
cd /Users/admin/builder/spi-builder-workspace/.swiftpm/xcode
SwiftCompile normal arm64 /Users/admin/builder/spi-builder-workspace/.dependencies/checkouts/KitoFields/Sources/KitoFields/Core/KitoFieldTheme.swift (in target 'KitoFields' from project 'KitoFields')
cd /Users/admin/builder/spi-builder-workspace/.swiftpm/xcode
SwiftCompile normal arm64 /Users/admin/builder/spi-builder-workspace/.dependencies/checkouts/KitoFields/Sources/KitoFields/Core/KitoFontFamily.swift (in target 'KitoFields' from project 'KitoFields')
cd /Users/admin/builder/spi-builder-workspace/.swiftpm/xcode
SwiftCompile normal arm64 /Users/admin/builder/spi-builder-workspace/.dependencies/checkouts/KitoFields/Sources/KitoFields/Core/KitoForm.swift (in target 'KitoFields' from project 'KitoFields')
cd /Users/admin/builder/spi-builder-workspace/.swiftpm/xcode
SwiftCompile normal arm64 Compiling\ KitoPasswordStrength.swift,\ KitoPasswordUI.swift,\ KitoRule+Formats.swift,\ KitoRule.swift /Users/admin/builder/spi-builder-workspace/.dependencies/checkouts/KitoFields/Sources/KitoFields/Validation/KitoPasswordStrength.swift /Users/admin/builder/spi-builder-workspace/.dependencies/checkouts/KitoFields/Sources/KitoFields/Validation/KitoPasswordUI.swift /Users/admin/builder/spi-builder-workspace/.dependencies/checkouts/KitoFields/Sources/KitoFields/Validation/KitoRule+Formats.swift /Users/admin/builder/spi-builder-workspace/.dependencies/checkouts/KitoFields/Sources/KitoFields/Validation/KitoRule.swift (in target 'KitoFields' from project 'KitoFields')
SwiftCompile normal arm64 /Users/admin/builder/spi-builder-workspace/.dependencies/checkouts/KitoFields/Sources/KitoFields/Validation/KitoPasswordStrength.swift (in target 'KitoFields' from project 'KitoFields')
cd /Users/admin/builder/spi-builder-workspace/.swiftpm/xcode
SwiftCompile normal arm64 /Users/admin/builder/spi-builder-workspace/.dependencies/checkouts/KitoFields/Sources/KitoFields/Validation/KitoPasswordUI.swift (in target 'KitoFields' from project 'KitoFields')
cd /Users/admin/builder/spi-builder-workspace/.swiftpm/xcode
SwiftCompile normal arm64 /Users/admin/builder/spi-builder-workspace/.dependencies/checkouts/KitoFields/Sources/KitoFields/Validation/KitoRule+Formats.swift (in target 'KitoFields' from project 'KitoFields')
cd /Users/admin/builder/spi-builder-workspace/.swiftpm/xcode
SwiftCompile normal arm64 /Users/admin/builder/spi-builder-workspace/.dependencies/checkouts/KitoFields/Sources/KitoFields/Validation/KitoRule.swift (in target 'KitoFields' from project 'KitoFields')
cd /Users/admin/builder/spi-builder-workspace/.swiftpm/xcode
SwiftCompile normal arm64 Compiling\ resource_bundle_accessor.swift,\ KitoAccessory.swift,\ KitoErrorPresentation.swift,\ KitoFieldCore.swift /Users/admin/builder/spi-builder-workspace/.derivedData/Build/Intermediates.noindex/KitoFields.build/Debug-xros/KitoFields.build/DerivedSources/resource_bundle_accessor.swift /Users/admin/builder/spi-builder-workspace/.dependencies/checkouts/KitoFields/Sources/KitoFields/Core/KitoAccessory.swift /Users/admin/builder/spi-builder-workspace/.dependencies/checkouts/KitoFields/Sources/KitoFields/Core/KitoErrorPresentation.swift /Users/admin/builder/spi-builder-workspace/.dependencies/checkouts/KitoFields/Sources/KitoFields/Core/KitoFieldCore.swift (in target 'KitoFields' from project 'KitoFields')
SwiftCompile normal arm64 /Users/admin/builder/spi-builder-workspace/.derivedData/Build/Intermediates.noindex/KitoFields.build/Debug-xros/KitoFields.build/DerivedSources/resource_bundle_accessor.swift (in target 'KitoFields' from project 'KitoFields')
cd /Users/admin/builder/spi-builder-workspace/.swiftpm/xcode
SwiftCompile normal arm64 /Users/admin/builder/spi-builder-workspace/.dependencies/checkouts/KitoFields/Sources/KitoFields/Core/KitoAccessory.swift (in target 'KitoFields' from project 'KitoFields')
cd /Users/admin/builder/spi-builder-workspace/.swiftpm/xcode
SwiftCompile normal arm64 /Users/admin/builder/spi-builder-workspace/.dependencies/checkouts/KitoFields/Sources/KitoFields/Core/KitoErrorPresentation.swift (in target 'KitoFields' from project 'KitoFields')
cd /Users/admin/builder/spi-builder-workspace/.swiftpm/xcode
SwiftCompile normal arm64 /Users/admin/builder/spi-builder-workspace/.dependencies/checkouts/KitoFields/Sources/KitoFields/Core/KitoFieldCore.swift (in target 'KitoFields' from project 'KitoFields')
cd /Users/admin/builder/spi-builder-workspace/.swiftpm/xcode
SwiftCompile normal arm64 Compiling\ KitoPhoneFormatter.swift,\ KitoPhoneNumber.swift,\ KitoPhoneParser.swift,\ KitoPhoneValidator.swift /Users/admin/builder/spi-builder-workspace/.dependencies/checkouts/KitoFields/Sources/KitoFields/Phone/KitoPhoneFormatter.swift /Users/admin/builder/spi-builder-workspace/.dependencies/checkouts/KitoFields/Sources/KitoFields/Phone/KitoPhoneNumber.swift /Users/admin/builder/spi-builder-workspace/.dependencies/checkouts/KitoFields/Sources/KitoFields/Phone/KitoPhoneParser.swift /Users/admin/builder/spi-builder-workspace/.dependencies/checkouts/KitoFields/Sources/KitoFields/Phone/KitoPhoneValidator.swift (in target 'KitoFields' from project 'KitoFields')
SwiftCompile normal arm64 /Users/admin/builder/spi-builder-workspace/.dependencies/checkouts/KitoFields/Sources/KitoFields/Phone/KitoPhoneFormatter.swift (in target 'KitoFields' from project 'KitoFields')
cd /Users/admin/builder/spi-builder-workspace/.swiftpm/xcode
SwiftCompile normal arm64 /Users/admin/builder/spi-builder-workspace/.dependencies/checkouts/KitoFields/Sources/KitoFields/Phone/KitoPhoneNumber.swift (in target 'KitoFields' from project 'KitoFields')
cd /Users/admin/builder/spi-builder-workspace/.swiftpm/xcode
SwiftCompile normal arm64 /Users/admin/builder/spi-builder-workspace/.dependencies/checkouts/KitoFields/Sources/KitoFields/Phone/KitoPhoneParser.swift (in target 'KitoFields' from project 'KitoFields')
cd /Users/admin/builder/spi-builder-workspace/.swiftpm/xcode
SwiftCompile normal arm64 /Users/admin/builder/spi-builder-workspace/.dependencies/checkouts/KitoFields/Sources/KitoFields/Phone/KitoPhoneValidator.swift (in target 'KitoFields' from project 'KitoFields')
cd /Users/admin/builder/spi-builder-workspace/.swiftpm/xcode
SwiftCompile normal arm64 Compiling\ KitoCodeFieldStyle.swift,\ KitoCountryField.swift,\ KitoDateField.swift,\ KitoEmailField.swift /Users/admin/builder/spi-builder-workspace/.dependencies/checkouts/KitoFields/Sources/KitoFields/Fields/KitoCodeFieldStyle.swift /Users/admin/builder/spi-builder-workspace/.dependencies/checkouts/KitoFields/Sources/KitoFields/Fields/KitoCountryField.swift /Users/admin/builder/spi-builder-workspace/.dependencies/checkouts/KitoFields/Sources/KitoFields/Fields/KitoDateField.swift /Users/admin/builder/spi-builder-workspace/.dependencies/checkouts/KitoFields/Sources/KitoFields/Fields/KitoEmailField.swift (in target 'KitoFields' from project 'KitoFields')
SwiftCompile normal arm64 /Users/admin/builder/spi-builder-workspace/.dependencies/checkouts/KitoFields/Sources/KitoFields/Fields/KitoCodeFieldStyle.swift (in target 'KitoFields' from project 'KitoFields')
cd /Users/admin/builder/spi-builder-workspace/.swiftpm/xcode
SwiftCompile normal arm64 /Users/admin/builder/spi-builder-workspace/.dependencies/checkouts/KitoFields/Sources/KitoFields/Fields/KitoCountryField.swift (in target 'KitoFields' from project 'KitoFields')
cd /Users/admin/builder/spi-builder-workspace/.swiftpm/xcode
SwiftCompile normal arm64 /Users/admin/builder/spi-builder-workspace/.dependencies/checkouts/KitoFields/Sources/KitoFields/Fields/KitoDateField.swift (in target 'KitoFields' from project 'KitoFields')
cd /Users/admin/builder/spi-builder-workspace/.swiftpm/xcode
SwiftCompile normal arm64 /Users/admin/builder/spi-builder-workspace/.dependencies/checkouts/KitoFields/Sources/KitoFields/Fields/KitoEmailField.swift (in target 'KitoFields' from project 'KitoFields')
cd /Users/admin/builder/spi-builder-workspace/.swiftpm/xcode
SwiftCompile normal arm64 Compiling\ KitoSelectField.swift,\ KitoTextField.swift,\ KitoCountry.swift,\ KitoCountryDatabase.swift /Users/admin/builder/spi-builder-workspace/.dependencies/checkouts/KitoFields/Sources/KitoFields/Fields/KitoSelectField.swift /Users/admin/builder/spi-builder-workspace/.dependencies/checkouts/KitoFields/Sources/KitoFields/Fields/KitoTextField.swift /Users/admin/builder/spi-builder-workspace/.dependencies/checkouts/KitoFields/Sources/KitoFields/Phone/KitoCountry.swift /Users/admin/builder/spi-builder-workspace/.dependencies/checkouts/KitoFields/Sources/KitoFields/Phone/KitoCountryDatabase.swift (in target 'KitoFields' from project 'KitoFields')
SwiftCompile normal arm64 /Users/admin/builder/spi-builder-workspace/.dependencies/checkouts/KitoFields/Sources/KitoFields/Fields/KitoSelectField.swift (in target 'KitoFields' from project 'KitoFields')
cd /Users/admin/builder/spi-builder-workspace/.swiftpm/xcode
SwiftCompile normal arm64 /Users/admin/builder/spi-builder-workspace/.dependencies/checkouts/KitoFields/Sources/KitoFields/Fields/KitoTextField.swift (in target 'KitoFields' from project 'KitoFields')
cd /Users/admin/builder/spi-builder-workspace/.swiftpm/xcode
/Users/admin/builder/spi-builder-workspace/.dependencies/checkouts/KitoFields/Sources/KitoFields/Fields/KitoTextField.swift:101:32: error: the compiler is unable to type-check this expression in reasonable time; try breaking up the expression into distinct sub-expressions
public var body: some View {
^
SwiftCompile normal arm64 /Users/admin/builder/spi-builder-workspace/.dependencies/checkouts/KitoFields/Sources/KitoFields/Phone/KitoCountry.swift (in target 'KitoFields' from project 'KitoFields')
cd /Users/admin/builder/spi-builder-workspace/.swiftpm/xcode
SwiftCompile normal arm64 /Users/admin/builder/spi-builder-workspace/.dependencies/checkouts/KitoFields/Sources/KitoFields/Phone/KitoCountryDatabase.swift (in target 'KitoFields' from project 'KitoFields')
cd /Users/admin/builder/spi-builder-workspace/.swiftpm/xcode
Failed frontend command:
/Applications/Xcode-16.3.0.app/Contents/Developer/Toolchains/XcodeDefault.xctoolchain/usr/bin/swift-frontend -frontend -c /Users/admin/builder/spi-builder-workspace/.derivedData/Build/Intermediates.noindex/KitoFields.build/Debug-xros/KitoFields.build/DerivedSources/resource_bundle_accessor.swift /Users/admin/builder/spi-builder-workspace/.dependencies/checkouts/KitoFields/Sources/KitoFields/Core/KitoAccessory.swift /Users/admin/builder/spi-builder-workspace/.dependencies/checkouts/KitoFields/Sources/KitoFields/Core/KitoErrorPresentation.swift /Users/admin/builder/spi-builder-workspace/.dependencies/checkouts/KitoFields/Sources/KitoFields/Core/KitoFieldCore.swift /Users/admin/builder/spi-builder-workspace/.dependencies/checkouts/KitoFields/Sources/KitoFields/Core/KitoFieldMotion.swift /Users/admin/builder/spi-builder-workspace/.dependencies/checkouts/KitoFields/Sources/KitoFields/Core/KitoFieldOptions.swift /Users/admin/builder/spi-builder-workspace/.dependencies/checkouts/KitoFields/Sources/KitoFields/Core/KitoFieldShape.swift /Users/admin/builder/spi-builder-workspace/.dependencies/checkouts/KitoFields/Sources/KitoFields/Core/KitoFieldStyle.swift /Users/admin/builder/spi-builder-workspace/.dependencies/checkouts/KitoFields/Sources/KitoFields/Core/KitoFieldStyles.swift /Users/admin/builder/spi-builder-workspace/.dependencies/checkouts/KitoFields/Sources/KitoFields/Core/KitoFieldTheme.swift /Users/admin/builder/spi-builder-workspace/.dependencies/checkouts/KitoFields/Sources/KitoFields/Core/KitoFontFamily.swift /Users/admin/builder/spi-builder-workspace/.dependencies/checkouts/KitoFields/Sources/KitoFields/Core/KitoForm.swift /Users/admin/builder/spi-builder-workspace/.dependencies/checkouts/KitoFields/Sources/KitoFields/Core/KitoLocalization.swift /Users/admin/builder/spi-builder-workspace/.dependencies/checkouts/KitoFields/Sources/KitoFields/Core/KitoValidationState.swift /Users/admin/builder/spi-builder-workspace/.dependencies/checkouts/KitoFields/Sources/KitoFields/Fields/KitoCardFields.swift /Users/admin/builder/spi-builder-workspace/.dependencies/checkouts/KitoFields/Sources/KitoFields/Fields/KitoCodeField.swift /Users/admin/builder/spi-builder-workspace/.dependencies/checkouts/KitoFields/Sources/KitoFields/Fields/KitoCodeFieldStyle.swift /Users/admin/builder/spi-builder-workspace/.dependencies/checkouts/KitoFields/Sources/KitoFields/Fields/KitoCountryField.swift /Users/admin/builder/spi-builder-workspace/.dependencies/checkouts/KitoFields/Sources/KitoFields/Fields/KitoDateField.swift /Users/admin/builder/spi-builder-workspace/.dependencies/checkouts/KitoFields/Sources/KitoFields/Fields/KitoEmailField.swift /Users/admin/builder/spi-builder-workspace/.dependencies/checkouts/KitoFields/Sources/KitoFields/Fields/KitoNumberField.swift /Users/admin/builder/spi-builder-workspace/.dependencies/checkouts/KitoFields/Sources/KitoFields/Fields/KitoPasswordField.swift /Users/admin/builder/spi-builder-workspace/.dependencies/checkouts/KitoFields/Sources/KitoFields/Fields/KitoPresetFields.swift /Users/admin/builder/spi-builder-workspace/.dependencies/checkouts/KitoFields/Sources/KitoFields/Fields/KitoResendCodeButton.swift -primary-file /Users/admin/builder/spi-builder-workspace/.dependencies/checkouts/KitoFields/Sources/KitoFields/Fields/KitoSelectField.swift -primary-file /Users/admin/builder/spi-builder-workspace/.dependencies/checkouts/KitoFields/Sources/KitoFields/Fields/KitoTextField.swift -primary-file /Users/admin/builder/spi-builder-workspace/.dependencies/checkouts/KitoFields/Sources/KitoFields/Phone/KitoCountry.swift -primary-file /Users/admin/builder/spi-builder-workspace/.dependencies/checkouts/KitoFields/Sources/KitoFields/Phone/KitoCountryDatabase.swift /Users/admin/builder/spi-builder-workspace/.dependencies/checkouts/KitoFields/Sources/KitoFields/Phone/KitoCountryPicker.swift /Users/admin/builder/spi-builder-workspace/.dependencies/checkouts/KitoFields/Sources/KitoFields/Phone/KitoFlag.swift /Users/admin/builder/spi-builder-workspace/.dependencies/checkouts/KitoFields/Sources/KitoFields/Phone/KitoNativeTextField.swift /Users/admin/builder/spi-builder-workspace/.dependencies/checkouts/KitoFields/Sources/KitoFields/Phone/KitoPhoneField.swift /Users/admin/builder/spi-builder-workspace/.dependencies/checkouts/KitoFields/Sources/KitoFields/Phone/KitoPhoneFormatter.swift /Users/admin/builder/spi-builder-workspace/.dependencies/checkouts/KitoFields/Sources/KitoFields/Phone/KitoPhoneNumber.swift /Users/admin/builder/spi-builder-workspace/.dependencies/checkouts/KitoFields/Sources/KitoFields/Phone/KitoPhoneParser.swift /Users/admin/builder/spi-builder-workspace/.dependencies/checkouts/KitoFields/Sources/KitoFields/Phone/KitoPhoneValidator.swift /Users/admin/builder/spi-builder-workspace/.dependencies/checkouts/KitoFields/Sources/KitoFields/Validation/KitoPasswordStrength.swift /Users/admin/builder/spi-builder-workspace/.dependencies/checkouts/KitoFields/Sources/KitoFields/Validation/KitoPasswordUI.swift /Users/admin/builder/spi-builder-workspace/.dependencies/checkouts/KitoFields/Sources/KitoFields/Validation/KitoRule+Formats.swift /Users/admin/builder/spi-builder-workspace/.dependencies/checkouts/KitoFields/Sources/KitoFields/Validation/KitoRule.swift -supplementary-output-file-map /Users/admin/builder/spi-builder-workspace/.derivedData/Build/Intermediates.noindex/KitoFields.build/Debug-xros/KitoFields.build/Objects-normal/arm64/supplementaryOutputs-7 -emit-localized-strings -emit-localized-strings-path /Users/admin/builder/spi-builder-workspace/.derivedData/Build/Intermediates.noindex/KitoFields.build/Debug-xros/KitoFields.build/Objects-normal/arm64 -target arm64-apple-xros1.0 -Xllvm -aarch64-use-tbi -enable-objc-interop -stack-check -sdk /Applications/Xcode-16.3.0.app/Contents/Developer/Platforms/XROS.platform/Developer/SDKs/XROS2.4.sdk -I /Users/admin/builder/spi-builder-workspace/.derivedData/Build/Products/Debug-xros -I /Applications/Xcode-16.3.0.app/Contents/Developer/Platforms/XROS.platform/Developer/usr/lib -F /Users/admin/builder/spi-builder-workspace/.derivedData/Build/Products/Debug-xros -F /Applications/Xcode-16.3.0.app/Contents/Developer/Platforms/XROS.platform/Developer/Library/Frameworks -F /Applications/Xcode-16.3.0.app/Contents/Developer/Platforms/XROS.platform/Developer/SDKs/XROS2.4.sdk/Developer/Library/Frameworks -no-color-diagnostics -enable-testing -g -debug-info-format\=dwarf -dwarf-version\=4 -module-cache-path /Users/admin/builder/spi-builder-workspace/.derivedData/ModuleCache.noindex -suppress-warnings -profile-generate -profile-coverage-mapping -swift-version 5 -enforce-exclusivity\=checked -Onone -D SWIFT_PACKAGE -D DEBUG -D Xcode -serialize-debugging-options -const-gather-protocols-file /Users/admin/builder/spi-builder-workspace/.derivedData/Build/Intermediates.noindex/KitoFields.build/Debug-xros/KitoFields.build/Objects-normal/arm64/KitoFields_const_extract_protocols.json -enable-experimental-feature DebugDescriptionMacro -empty-abi-descriptor -plugin-path /Applications/Xcode-16.3.0.app/Contents/Developer/Toolchains/XcodeDefault.xctoolchain/usr/lib/swift/host/plugins/testing -validate-clang-modules-once -clang-build-session-file /Users/admin/builder/spi-builder-workspace/.derivedData/ModuleCache.noindex/Session.modulevalidation -Xcc -working-directory -Xcc /Users/admin/builder/spi-builder-workspace/.swiftpm/xcode -resource-dir /Applications/Xcode-16.3.0.app/Contents/Developer/Toolchains/XcodeDefault.xctoolchain/usr/lib/swift -enable-anonymous-context-mangled-names -file-compilation-dir /Users/admin/builder/spi-builder-workspace/.swiftpm/xcode -Xcc -ivfsstatcache -Xcc /Users/admin/builder/spi-builder-workspace/.derivedData/SDKStatCaches.noindex/xros2.4-22O233-407b76dbb837030756cbe1ab3f0b01b6.sdkstatcache -Xcc -I/Users/admin/builder/spi-builder-workspace/.derivedData/Build/Intermediates.noindex/KitoFields.build/Debug-xros/KitoFields.build/swift-overrides.hmap -Xcc -I/Users/admin/builder/spi-builder-workspace/.derivedData/Build/Products/Debug-xros/include -Xcc -I/Users/admin/builder/spi-builder-workspace/.derivedData/Build/Intermediates.noindex/KitoFields.build/Debug-xros/KitoFields.build/DerivedSources-normal/arm64 -Xcc -I/Users/admin/builder/spi-builder-workspace/.derivedData/Build/Intermediates.noindex/KitoFields.build/Debug-xros/KitoFields.build/DerivedSources/arm64 -Xcc -I/Users/admin/builder/spi-builder-workspace/.derivedData/Build/Intermediates.noindex/KitoFields.build/Debug-xros/KitoFields.build/DerivedSources -Xcc -DSWIFT_PACKAGE -Xcc -DDEBUG\=1 -module-name KitoFields -package-name kitofields -frontend-parseable-output -disable-clang-spi -target-sdk-version 2.4 -target-sdk-name xros2.4 -external-plugin-path /Applications/Xcode-16.3.0.app/Contents/Developer/Platforms/XROS.platform/Developer/usr/lib/swift/host/plugins\#/Applications/Xcode-16.3.0.app/Contents/Developer/Platforms/XROS.platform/Developer/usr/bin/swift-plugin-server -external-plugin-path /Applications/Xcode-16.3.0.app/Contents/Developer/Platforms/XROS.platform/Developer/usr/local/lib/swift/host/plugins\#/Applications/Xcode-16.3.0.app/Contents/Developer/Platforms/XROS.platform/Developer/usr/bin/swift-plugin-server -in-process-plugin-server-path /Applications/Xcode-16.3.0.app/Contents/Developer/Toolchains/XcodeDefault.xctoolchain/usr/lib/swift/host/libSwiftInProcPluginServer.dylib -plugin-path /Applications/Xcode-16.3.0.app/Contents/Developer/Toolchains/XcodeDefault.xctoolchain/usr/lib/swift/host/plugins -plugin-path /Applications/Xcode-16.3.0.app/Contents/Developer/Toolchains/XcodeDefault.xctoolchain/usr/local/lib/swift/host/plugins -o /Users/admin/builder/spi-builder-workspace/.derivedData/Build/Intermediates.noindex/KitoFields.build/Debug-xros/KitoFields.build/Objects-normal/arm64/KitoSelectField.o -o /Users/admin/builder/spi-builder-workspace/.derivedData/Build/Intermediates.noindex/KitoFields.build/Debug-xros/KitoFields.build/Objects-normal/arm64/KitoTextField.o -o /Users/admin/builder/spi-builder-workspace/.derivedData/Build/Intermediates.noindex/KitoFields.build/Debug-xros/KitoFields.build/Objects-normal/arm64/KitoCountry.o -o /Users/admin/builder/spi-builder-workspace/.derivedData/Build/Intermediates.noindex/KitoFields.build/Debug-xros/KitoFields.build/Objects-normal/arm64/KitoCountryDatabase.o -index-unit-output-path /KitoFields.build/Debug-xros/KitoFields.build/Objects-normal/arm64/KitoSelectField.o -index-unit-output-path /KitoFields.build/Debug-xros/KitoFields.build/Objects-normal/arm64/KitoTextField.o -index-unit-output-path /KitoFields.build/Debug-xros/KitoFields.build/Objects-normal/arm64/KitoCountry.o -index-unit-output-path /KitoFields.build/Debug-xros/KitoFields.build/Objects-normal/arm64/KitoCountryDatabase.o -index-store-path /Users/admin/builder/spi-builder-workspace/.derivedData/Index.noindex/DataStore -index-system-modules
SwiftDriverJobDiscovery normal arm64 Emitting module for KitoButtons (in target 'KitoButtons' from project 'KitoButtons')
SwiftDriver\ Compilation\ Requirements KitoButtons normal arm64 com.apple.xcode.tools.swift.compiler (in target 'KitoButtons' from project 'KitoButtons')
cd /Users/admin/builder/spi-builder-workspace/.swiftpm/xcode
builtin-Swift-Compilation-Requirements -- /Applications/Xcode-16.3.0.app/Contents/Developer/Toolchains/XcodeDefault.xctoolchain/usr/bin/swiftc -module-name KitoButtons -Onone -enforce-exclusivity\=checked @/Users/admin/builder/spi-builder-workspace/.derivedData/Build/Intermediates.noindex/KitoButtons.build/Debug-xros/KitoButtons.build/Objects-normal/arm64/KitoButtons.SwiftFileList -DSWIFT_PACKAGE -DDEBUG -DXcode -plugin-path /Applications/Xcode-16.3.0.app/Contents/Developer/Toolchains/XcodeDefault.xctoolchain/usr/lib/swift/host/plugins/testing -enable-experimental-feature DebugDescriptionMacro -sdk /Applications/Xcode-16.3.0.app/Contents/Developer/Platforms/XROS.platform/Developer/SDKs/XROS2.4.sdk -target arm64-apple-xros1.0 -g -module-cache-path /Users/admin/builder/spi-builder-workspace/.derivedData/ModuleCache.noindex -Xfrontend -serialize-debugging-options -profile-coverage-mapping -profile-generate -enable-testing -suppress-warnings -index-store-path /Users/admin/builder/spi-builder-workspace/.derivedData/Index.noindex/DataStore -swift-version 5 -I /Users/admin/builder/spi-builder-workspace/.derivedData/Build/Products/Debug-xros -I /Applications/Xcode-16.3.0.app/Contents/Developer/Platforms/XROS.platform/Developer/usr/lib -F /Users/admin/builder/spi-builder-workspace/.derivedData/Build/Products/Debug-xros -F /Applications/Xcode-16.3.0.app/Contents/Developer/Platforms/XROS.platform/Developer/Library/Frameworks -F /Applications/Xcode-16.3.0.app/Contents/Developer/Platforms/XROS.platform/Developer/SDKs/XROS2.4.sdk/Developer/Library/Frameworks -emit-localized-strings -emit-localized-strings-path /Users/admin/builder/spi-builder-workspace/.derivedData/Build/Intermediates.noindex/KitoButtons.build/Debug-xros/KitoButtons.build/Objects-normal/arm64 -c -j10 -enable-batch-mode -incremental -Xcc -ivfsstatcache -Xcc /Users/admin/builder/spi-builder-workspace/.derivedData/SDKStatCaches.noindex/xros2.4-22O233-407b76dbb837030756cbe1ab3f0b01b6.sdkstatcache -output-file-map /Users/admin/builder/spi-builder-workspace/.derivedData/Build/Intermediates.noindex/KitoButtons.build/Debug-xros/KitoButtons.build/Objects-normal/arm64/KitoButtons-OutputFileMap.json -use-frontend-parseable-output -save-temps -no-color-diagnostics -serialize-diagnostics -emit-dependencies -emit-module -emit-module-path /Users/admin/builder/spi-builder-workspace/.derivedData/Build/Intermediates.noindex/KitoButtons.build/Debug-xros/KitoButtons.build/Objects-normal/arm64/KitoButtons.swiftmodule -validate-clang-modules-once -clang-build-session-file /Users/admin/builder/spi-builder-workspace/.derivedData/ModuleCache.noindex/Session.modulevalidation -package-name kitobuttons -Xcc -I/Users/admin/builder/spi-builder-workspace/.derivedData/Build/Intermediates.noindex/KitoButtons.build/Debug-xros/KitoButtons.build/swift-overrides.hmap -emit-const-values -Xfrontend -const-gather-protocols-file -Xfrontend /Users/admin/builder/spi-builder-workspace/.derivedData/Build/Intermediates.noindex/KitoButtons.build/Debug-xros/KitoButtons.build/Objects-normal/arm64/KitoButtons_const_extract_protocols.json -Xcc -I/Users/admin/builder/spi-builder-workspace/.derivedData/Build/Products/Debug-xros/include -Xcc -I/Users/admin/builder/spi-builder-workspace/.derivedData/Build/Intermediates.noindex/KitoButtons.build/Debug-xros/KitoButtons.build/DerivedSources-normal/arm64 -Xcc -I/Users/admin/builder/spi-builder-workspace/.derivedData/Build/Intermediates.noindex/KitoButtons.build/Debug-xros/KitoButtons.build/DerivedSources/arm64 -Xcc -I/Users/admin/builder/spi-builder-workspace/.derivedData/Build/Intermediates.noindex/KitoButtons.build/Debug-xros/KitoButtons.build/DerivedSources -Xcc -DSWIFT_PACKAGE -Xcc -DDEBUG\=1 -emit-objc-header -emit-objc-header-path /Users/admin/builder/spi-builder-workspace/.derivedData/Build/Intermediates.noindex/KitoButtons.build/Debug-xros/KitoButtons.build/Objects-normal/arm64/KitoButtons-Swift.h -working-directory /Users/admin/builder/spi-builder-workspace/.swiftpm/xcode -experimental-emit-module-separately -disable-cmo
SwiftDriverJobDiscovery normal arm64 Compiling KitoPhoneFormatter.swift, KitoPhoneNumber.swift, KitoPhoneParser.swift, KitoPhoneValidator.swift (in target 'KitoFields' from project 'KitoFields')
SwiftCompile normal arm64 Compiling\ KitoNumberField.swift,\ KitoPasswordField.swift,\ KitoPresetFields.swift,\ KitoResendCodeButton.swift /Users/admin/builder/spi-builder-workspace/.dependencies/checkouts/KitoFields/Sources/KitoFields/Fields/KitoNumberField.swift /Users/admin/builder/spi-builder-workspace/.dependencies/checkouts/KitoFields/Sources/KitoFields/Fields/KitoPasswordField.swift /Users/admin/builder/spi-builder-workspace/.dependencies/checkouts/KitoFields/Sources/KitoFields/Fields/KitoPresetFields.swift /Users/admin/builder/spi-builder-workspace/.dependencies/checkouts/KitoFields/Sources/KitoFields/Fields/KitoResendCodeButton.swift (in target 'KitoFields' from project 'KitoFields')
SwiftCompile normal arm64 /Users/admin/builder/spi-builder-workspace/.dependencies/checkouts/KitoFields/Sources/KitoFields/Fields/KitoNumberField.swift (in target 'KitoFields' from project 'KitoFields')
cd /Users/admin/builder/spi-builder-workspace/.swiftpm/xcode
SwiftCompile normal arm64 /Users/admin/builder/spi-builder-workspace/.dependencies/checkouts/KitoFields/Sources/KitoFields/Fields/KitoPasswordField.swift (in target 'KitoFields' from project 'KitoFields')
cd /Users/admin/builder/spi-builder-workspace/.swiftpm/xcode
SwiftCompile normal arm64 /Users/admin/builder/spi-builder-workspace/.dependencies/checkouts/KitoFields/Sources/KitoFields/Fields/KitoPresetFields.swift (in target 'KitoFields' from project 'KitoFields')
cd /Users/admin/builder/spi-builder-workspace/.swiftpm/xcode
SwiftCompile normal arm64 /Users/admin/builder/spi-builder-workspace/.dependencies/checkouts/KitoFields/Sources/KitoFields/Fields/KitoResendCodeButton.swift (in target 'KitoFields' from project 'KitoFields')
cd /Users/admin/builder/spi-builder-workspace/.swiftpm/xcode
Copy /Users/admin/builder/spi-builder-workspace/.derivedData/Build/Products/Debug-xros/KitoButtons.swiftmodule/arm64-apple-xros.abi.json /Users/admin/builder/spi-builder-workspace/.derivedData/Build/Intermediates.noindex/KitoButtons.build/Debug-xros/KitoButtons.build/Objects-normal/arm64/KitoButtons.abi.json (in target 'KitoButtons' from project 'KitoButtons')
cd /Users/admin/builder/spi-builder-workspace/.dependencies/checkouts/KitoButtons
builtin-copy -exclude .DS_Store -exclude CVS -exclude .svn -exclude .git -exclude .hg -resolve-src-symlinks -rename /Users/admin/builder/spi-builder-workspace/.derivedData/Build/Intermediates.noindex/KitoButtons.build/Debug-xros/KitoButtons.build/Objects-normal/arm64/KitoButtons.abi.json /Users/admin/builder/spi-builder-workspace/.derivedData/Build/Products/Debug-xros/KitoButtons.swiftmodule/arm64-apple-xros.abi.json
SwiftDriverJobDiscovery normal arm64 Compiling KitoFieldMotion.swift, KitoFieldOptions.swift, KitoFieldShape.swift, KitoFieldStyle.swift (in target 'KitoFields' from project 'KitoFields')
SwiftCompile normal arm64 Compiling\ KitoButton.swift /Users/admin/builder/spi-builder-workspace/.dependencies/checkouts/KitoButtons/Sources/KitoButtons/KitoButton.swift (in target 'KitoButtons' from project 'KitoButtons')
SwiftCompile normal arm64 /Users/admin/builder/spi-builder-workspace/.dependencies/checkouts/KitoButtons/Sources/KitoButtons/KitoButton.swift (in target 'KitoButtons' from project 'KitoButtons')
cd /Users/admin/builder/spi-builder-workspace/.swiftpm/xcode
Copy /Users/admin/builder/spi-builder-workspace/.derivedData/Build/Products/Debug-xros/KitoButtons.swiftmodule/arm64-apple-xros.swiftmodule /Users/admin/builder/spi-builder-workspace/.derivedData/Build/Intermediates.noindex/KitoButtons.build/Debug-xros/KitoButtons.build/Objects-normal/arm64/KitoButtons.swiftmodule (in target 'KitoButtons' from project 'KitoButtons')
cd /Users/admin/builder/spi-builder-workspace/.dependencies/checkouts/KitoButtons
builtin-copy -exclude .DS_Store -exclude CVS -exclude .svn -exclude .git -exclude .hg -resolve-src-symlinks -rename /Users/admin/builder/spi-builder-workspace/.derivedData/Build/Intermediates.noindex/KitoButtons.build/Debug-xros/KitoButtons.build/Objects-normal/arm64/KitoButtons.swiftmodule /Users/admin/builder/spi-builder-workspace/.derivedData/Build/Products/Debug-xros/KitoButtons.swiftmodule/arm64-apple-xros.swiftmodule
SwiftDriverJobDiscovery normal arm64 Compiling KitoFieldStyles.swift, KitoFieldTheme.swift, KitoFontFamily.swift, KitoForm.swift (in target 'KitoFields' from project 'KitoFields')
SwiftCompile normal arm64 Compiling\ KitoFlight.swift /Users/admin/builder/spi-builder-workspace/.dependencies/checkouts/KitoButtons/Sources/KitoButtons/KitoFlight.swift (in target 'KitoButtons' from project 'KitoButtons')
SwiftCompile normal arm64 /Users/admin/builder/spi-builder-workspace/.dependencies/checkouts/KitoButtons/Sources/KitoButtons/KitoFlight.swift (in target 'KitoButtons' from project 'KitoButtons')
cd /Users/admin/builder/spi-builder-workspace/.swiftpm/xcode
SwiftCompile normal arm64 Compiling\ KitoCartButton.swift /Users/admin/builder/spi-builder-workspace/.dependencies/checkouts/KitoButtons/Sources/KitoButtons/KitoCartButton.swift (in target 'KitoButtons' from project 'KitoButtons')
SwiftCompile normal arm64 /Users/admin/builder/spi-builder-workspace/.dependencies/checkouts/KitoButtons/Sources/KitoButtons/KitoCartButton.swift (in target 'KitoButtons' from project 'KitoButtons')
cd /Users/admin/builder/spi-builder-workspace/.swiftpm/xcode
SwiftDriverJobDiscovery normal arm64 Compiling resource_bundle_accessor.swift, KitoAccessory.swift, KitoErrorPresentation.swift, KitoFieldCore.swift (in target 'KitoFields' from project 'KitoFields')
SwiftCompile normal arm64 Compiling\ KitoButtonTheme.swift /Users/admin/builder/spi-builder-workspace/.dependencies/checkouts/KitoButtons/Sources/KitoButtons/KitoButtonTheme.swift (in target 'KitoButtons' from project 'KitoButtons')
SwiftCompile normal arm64 /Users/admin/builder/spi-builder-workspace/.dependencies/checkouts/KitoButtons/Sources/KitoButtons/KitoButtonTheme.swift (in target 'KitoButtons' from project 'KitoButtons')
cd /Users/admin/builder/spi-builder-workspace/.swiftpm/xcode
SwiftDriverJobDiscovery normal arm64 Compiling KitoPasswordStrength.swift, KitoPasswordUI.swift, KitoRule+Formats.swift, KitoRule.swift (in target 'KitoFields' from project 'KitoFields')
SwiftCompile normal arm64 Compiling\ KitoButtonsLocalization.swift /Users/admin/builder/spi-builder-workspace/.dependencies/checkouts/KitoButtons/Sources/KitoButtons/KitoButtonsLocalization.swift (in target 'KitoButtons' from project 'KitoButtons')
SwiftCompile normal arm64 /Users/admin/builder/spi-builder-workspace/.dependencies/checkouts/KitoButtons/Sources/KitoButtons/KitoButtonsLocalization.swift (in target 'KitoButtons' from project 'KitoButtons')
cd /Users/admin/builder/spi-builder-workspace/.swiftpm/xcode
SwiftDriverJobDiscovery normal arm64 Compiling KitoNumberField.swift, KitoPasswordField.swift, KitoPresetFields.swift, KitoResendCodeButton.swift (in target 'KitoFields' from project 'KitoFields')
SwiftCompile normal arm64 Compiling\ KitoButtonShape.swift /Users/admin/builder/spi-builder-workspace/.dependencies/checkouts/KitoButtons/Sources/KitoButtons/KitoButtonShape.swift (in target 'KitoButtons' from project 'KitoButtons')
SwiftCompile normal arm64 /Users/admin/builder/spi-builder-workspace/.dependencies/checkouts/KitoButtons/Sources/KitoButtons/KitoButtonShape.swift (in target 'KitoButtons' from project 'KitoButtons')
cd /Users/admin/builder/spi-builder-workspace/.swiftpm/xcode
SwiftDriverJobDiscovery normal arm64 Compiling KitoFlight.swift (in target 'KitoButtons' from project 'KitoButtons')
SwiftCompile normal arm64 Compiling\ KitoButtonMotion.swift /Users/admin/builder/spi-builder-workspace/.dependencies/checkouts/KitoButtons/Sources/KitoButtons/KitoButtonMotion.swift (in target 'KitoButtons' from project 'KitoButtons')
SwiftCompile normal arm64 /Users/admin/builder/spi-builder-workspace/.dependencies/checkouts/KitoButtons/Sources/KitoButtons/KitoButtonMotion.swift (in target 'KitoButtons' from project 'KitoButtons')
cd /Users/admin/builder/spi-builder-workspace/.swiftpm/xcode
SwiftDriverJobDiscovery normal arm64 Compiling KitoButtonsLocalization.swift (in target 'KitoButtons' from project 'KitoButtons')
SwiftCompile normal arm64 Compiling\ resource_bundle_accessor.swift /Users/admin/builder/spi-builder-workspace/.derivedData/Build/Intermediates.noindex/KitoButtons.build/Debug-xros/KitoButtons.build/DerivedSources/resource_bundle_accessor.swift (in target 'KitoButtons' from project 'KitoButtons')
SwiftCompile normal arm64 /Users/admin/builder/spi-builder-workspace/.derivedData/Build/Intermediates.noindex/KitoButtons.build/Debug-xros/KitoButtons.build/DerivedSources/resource_bundle_accessor.swift (in target 'KitoButtons' from project 'KitoButtons')
cd /Users/admin/builder/spi-builder-workspace/.swiftpm/xcode
SwiftDriverJobDiscovery normal arm64 Emitting module for KitoFields (in target 'KitoFields' from project 'KitoFields')
SwiftDriver\ Compilation\ Requirements KitoFields normal arm64 com.apple.xcode.tools.swift.compiler (in target 'KitoFields' from project 'KitoFields')
cd /Users/admin/builder/spi-builder-workspace/.swiftpm/xcode
builtin-Swift-Compilation-Requirements -- /Applications/Xcode-16.3.0.app/Contents/Developer/Toolchains/XcodeDefault.xctoolchain/usr/bin/swiftc -module-name KitoFields -Onone -enforce-exclusivity\=checked @/Users/admin/builder/spi-builder-workspace/.derivedData/Build/Intermediates.noindex/KitoFields.build/Debug-xros/KitoFields.build/Objects-normal/arm64/KitoFields.SwiftFileList -DSWIFT_PACKAGE -DDEBUG -DXcode -plugin-path /Applications/Xcode-16.3.0.app/Contents/Developer/Toolchains/XcodeDefault.xctoolchain/usr/lib/swift/host/plugins/testing -enable-experimental-feature DebugDescriptionMacro -sdk /Applications/Xcode-16.3.0.app/Contents/Developer/Platforms/XROS.platform/Developer/SDKs/XROS2.4.sdk -target arm64-apple-xros1.0 -g -module-cache-path /Users/admin/builder/spi-builder-workspace/.derivedData/ModuleCache.noindex -Xfrontend -serialize-debugging-options -profile-coverage-mapping -profile-generate -enable-testing -suppress-warnings -index-store-path /Users/admin/builder/spi-builder-workspace/.derivedData/Index.noindex/DataStore -swift-version 5 -I /Users/admin/builder/spi-builder-workspace/.derivedData/Build/Products/Debug-xros -I /Applications/Xcode-16.3.0.app/Contents/Developer/Platforms/XROS.platform/Developer/usr/lib -F /Users/admin/builder/spi-builder-workspace/.derivedData/Build/Products/Debug-xros -F /Applications/Xcode-16.3.0.app/Contents/Developer/Platforms/XROS.platform/Developer/Library/Frameworks -F /Applications/Xcode-16.3.0.app/Contents/Developer/Platforms/XROS.platform/Developer/SDKs/XROS2.4.sdk/Developer/Library/Frameworks -emit-localized-strings -emit-localized-strings-path /Users/admin/builder/spi-builder-workspace/.derivedData/Build/Intermediates.noindex/KitoFields.build/Debug-xros/KitoFields.build/Objects-normal/arm64 -c -j10 -enable-batch-mode -incremental -Xcc -ivfsstatcache -Xcc /Users/admin/builder/spi-builder-workspace/.derivedData/SDKStatCaches.noindex/xros2.4-22O233-407b76dbb837030756cbe1ab3f0b01b6.sdkstatcache -output-file-map /Users/admin/builder/spi-builder-workspace/.derivedData/Build/Intermediates.noindex/KitoFields.build/Debug-xros/KitoFields.build/Objects-normal/arm64/KitoFields-OutputFileMap.json -use-frontend-parseable-output -save-temps -no-color-diagnostics -serialize-diagnostics -emit-dependencies -emit-module -emit-module-path /Users/admin/builder/spi-builder-workspace/.derivedData/Build/Intermediates.noindex/KitoFields.build/Debug-xros/KitoFields.build/Objects-normal/arm64/KitoFields.swiftmodule -validate-clang-modules-once -clang-build-session-file /Users/admin/builder/spi-builder-workspace/.derivedData/ModuleCache.noindex/Session.modulevalidation -package-name kitofields -Xcc -I/Users/admin/builder/spi-builder-workspace/.derivedData/Build/Intermediates.noindex/KitoFields.build/Debug-xros/KitoFields.build/swift-overrides.hmap -emit-const-values -Xfrontend -const-gather-protocols-file -Xfrontend /Users/admin/builder/spi-builder-workspace/.derivedData/Build/Intermediates.noindex/KitoFields.build/Debug-xros/KitoFields.build/Objects-normal/arm64/KitoFields_const_extract_protocols.json -Xcc -I/Users/admin/builder/spi-builder-workspace/.derivedData/Build/Products/Debug-xros/include -Xcc -I/Users/admin/builder/spi-builder-workspace/.derivedData/Build/Intermediates.noindex/KitoFields.build/Debug-xros/KitoFields.build/DerivedSources-normal/arm64 -Xcc -I/Users/admin/builder/spi-builder-workspace/.derivedData/Build/Intermediates.noindex/KitoFields.build/Debug-xros/KitoFields.build/DerivedSources/arm64 -Xcc -I/Users/admin/builder/spi-builder-workspace/.derivedData/Build/Intermediates.noindex/KitoFields.build/Debug-xros/KitoFields.build/DerivedSources -Xcc -DSWIFT_PACKAGE -Xcc -DDEBUG\=1 -emit-objc-header -emit-objc-header-path /Users/admin/builder/spi-builder-workspace/.derivedData/Build/Intermediates.noindex/KitoFields.build/Debug-xros/KitoFields.build/Objects-normal/arm64/KitoFields-Swift.h -working-directory /Users/admin/builder/spi-builder-workspace/.swiftpm/xcode -experimental-emit-module-separately -disable-cmo
SwiftDriverJobDiscovery normal arm64 Compiling KitoButton.swift (in target 'KitoButtons' from project 'KitoButtons')
SwiftCompile normal arm64 Compiling\ KitoAccessibilitySupport.swift /Users/admin/builder/spi-builder-workspace/.dependencies/checkouts/KitoButtons/Sources/KitoButtons/KitoAccessibilitySupport.swift (in target 'KitoButtons' from project 'KitoButtons')
SwiftCompile normal arm64 /Users/admin/builder/spi-builder-workspace/.dependencies/checkouts/KitoButtons/Sources/KitoButtons/KitoAccessibilitySupport.swift (in target 'KitoButtons' from project 'KitoButtons')
cd /Users/admin/builder/spi-builder-workspace/.swiftpm/xcode
Copy /Users/admin/builder/spi-builder-workspace/.derivedData/Build/Products/Debug-xros/KitoFields.swiftmodule/arm64-apple-xros.swiftmodule /Users/admin/builder/spi-builder-workspace/.derivedData/Build/Intermediates.noindex/KitoFields.build/Debug-xros/KitoFields.build/Objects-normal/arm64/KitoFields.swiftmodule (in target 'KitoFields' from project 'KitoFields')
cd /Users/admin/builder/spi-builder-workspace/.dependencies/checkouts/KitoFields
builtin-copy -exclude .DS_Store -exclude CVS -exclude .svn -exclude .git -exclude .hg -resolve-src-symlinks -rename /Users/admin/builder/spi-builder-workspace/.derivedData/Build/Intermediates.noindex/KitoFields.build/Debug-xros/KitoFields.build/Objects-normal/arm64/KitoFields.swiftmodule /Users/admin/builder/spi-builder-workspace/.derivedData/Build/Products/Debug-xros/KitoFields.swiftmodule/arm64-apple-xros.swiftmodule
SwiftDriverJobDiscovery normal arm64 Compiling KitoButtonTheme.swift (in target 'KitoButtons' from project 'KitoButtons')
Copy /Users/admin/builder/spi-builder-workspace/.derivedData/Build/Products/Debug-xros/KitoFields.swiftmodule/arm64-apple-xros.abi.json /Users/admin/builder/spi-builder-workspace/.derivedData/Build/Intermediates.noindex/KitoFields.build/Debug-xros/KitoFields.build/Objects-normal/arm64/KitoFields.abi.json (in target 'KitoFields' from project 'KitoFields')
cd /Users/admin/builder/spi-builder-workspace/.dependencies/checkouts/KitoFields
builtin-copy -exclude .DS_Store -exclude CVS -exclude .svn -exclude .git -exclude .hg -resolve-src-symlinks -rename /Users/admin/builder/spi-builder-workspace/.derivedData/Build/Intermediates.noindex/KitoFields.build/Debug-xros/KitoFields.build/Objects-normal/arm64/KitoFields.abi.json /Users/admin/builder/spi-builder-workspace/.derivedData/Build/Products/Debug-xros/KitoFields.swiftmodule/arm64-apple-xros.abi.json
SwiftCompile normal arm64 Compiling\ KitoFontFamily.swift /Users/admin/builder/spi-builder-workspace/.dependencies/checkouts/KitoButtons/Sources/KitoButtons/KitoFontFamily.swift (in target 'KitoButtons' from project 'KitoButtons')
SwiftCompile normal arm64 /Users/admin/builder/spi-builder-workspace/.dependencies/checkouts/KitoButtons/Sources/KitoButtons/KitoFontFamily.swift (in target 'KitoButtons' from project 'KitoButtons')
cd /Users/admin/builder/spi-builder-workspace/.swiftpm/xcode
SwiftDriverJobDiscovery normal arm64 Compiling KitoButtonShape.swift (in target 'KitoButtons' from project 'KitoButtons')
SwiftDriver KitoScreens normal arm64 com.apple.xcode.tools.swift.compiler (in target 'KitoScreens' from project 'KitoScreens')
cd /Users/admin/builder/spi-builder-workspace/.swiftpm/xcode
builtin-SwiftDriver -- /Applications/Xcode-16.3.0.app/Contents/Developer/Toolchains/XcodeDefault.xctoolchain/usr/bin/swiftc -module-name KitoScreens -Onone -enforce-exclusivity\=checked @/Users/admin/builder/spi-builder-workspace/.derivedData/Build/Intermediates.noindex/KitoScreens.build/Debug-xros/KitoScreens.build/Objects-normal/arm64/KitoScreens.SwiftFileList -DSWIFT_PACKAGE -DDEBUG -DXcode -plugin-path /Applications/Xcode-16.3.0.app/Contents/Developer/Toolchains/XcodeDefault.xctoolchain/usr/lib/swift/host/plugins/testing -enable-experimental-feature DebugDescriptionMacro -sdk /Applications/Xcode-16.3.0.app/Contents/Developer/Platforms/XROS.platform/Developer/SDKs/XROS2.4.sdk -target arm64-apple-xros1.0 -g -module-cache-path /Users/admin/builder/spi-builder-workspace/.derivedData/ModuleCache.noindex -Xfrontend -serialize-debugging-options -profile-coverage-mapping -profile-generate -enable-testing -index-store-path /Users/admin/builder/spi-builder-workspace/.derivedData/Index.noindex/DataStore -swift-version 5 -I /Users/admin/builder/spi-builder-workspace/.derivedData/Build/Products/Debug-xros -I /Applications/Xcode-16.3.0.app/Contents/Developer/Platforms/XROS.platform/Developer/usr/lib -F /Users/admin/builder/spi-builder-workspace/.derivedData/Build/Products/Debug-xros/PackageFrameworks -F /Users/admin/builder/spi-builder-workspace/.derivedData/Build/Products/Debug-xros/PackageFrameworks -F /Users/admin/builder/spi-builder-workspace/.derivedData/Build/Products/Debug-xros -F /Applications/Xcode-16.3.0.app/Contents/Developer/Platforms/XROS.platform/Developer/Library/Frameworks -F /Applications/Xcode-16.3.0.app/Contents/Developer/Platforms/XROS.platform/Developer/SDKs/XROS2.4.sdk/Developer/Library/Frameworks -emit-localized-strings -emit-localized-strings-path /Users/admin/builder/spi-builder-workspace/.derivedData/Build/Intermediates.noindex/KitoScreens.build/Debug-xros/KitoScreens.build/Objects-normal/arm64 -c -j10 -enable-batch-mode -incremental -Xcc -ivfsstatcache -Xcc /Users/admin/builder/spi-builder-workspace/.derivedData/SDKStatCaches.noindex/xros2.4-22O233-407b76dbb837030756cbe1ab3f0b01b6.sdkstatcache -output-file-map /Users/admin/builder/spi-builder-workspace/.derivedData/Build/Intermediates.noindex/KitoScreens.build/Debug-xros/KitoScreens.build/Objects-normal/arm64/KitoScreens-OutputFileMap.json -use-frontend-parseable-output -save-temps -no-color-diagnostics -serialize-diagnostics -emit-dependencies -emit-module -emit-module-path /Users/admin/builder/spi-builder-workspace/.derivedData/Build/Intermediates.noindex/KitoScreens.build/Debug-xros/KitoScreens.build/Objects-normal/arm64/KitoScreens.swiftmodule -validate-clang-modules-once -clang-build-session-file /Users/admin/builder/spi-builder-workspace/.derivedData/ModuleCache.noindex/Session.modulevalidation -package-name spi_builder_workspace -Xcc -I/Users/admin/builder/spi-builder-workspace/.derivedData/Build/Intermediates.noindex/KitoScreens.build/Debug-xros/KitoScreens.build/swift-overrides.hmap -emit-const-values -Xfrontend -const-gather-protocols-file -Xfrontend /Users/admin/builder/spi-builder-workspace/.derivedData/Build/Intermediates.noindex/KitoScreens.build/Debug-xros/KitoScreens.build/Objects-normal/arm64/KitoScreens_const_extract_protocols.json -Xcc -I/Users/admin/builder/spi-builder-workspace/.derivedData/Build/Products/Debug-xros/include -Xcc -I/Users/admin/builder/spi-builder-workspace/.derivedData/Build/Intermediates.noindex/KitoScreens.build/Debug-xros/KitoScreens.build/DerivedSources-normal/arm64 -Xcc -I/Users/admin/builder/spi-builder-workspace/.derivedData/Build/Intermediates.noindex/KitoScreens.build/Debug-xros/KitoScreens.build/DerivedSources/arm64 -Xcc -I/Users/admin/builder/spi-builder-workspace/.derivedData/Build/Intermediates.noindex/KitoScreens.build/Debug-xros/KitoScreens.build/DerivedSources -Xcc -DSWIFT_PACKAGE -Xcc -DDEBUG\=1 -emit-objc-header -emit-objc-header-path /Users/admin/builder/spi-builder-workspace/.derivedData/Build/Intermediates.noindex/KitoScreens.build/Debug-xros/KitoScreens.build/Objects-normal/arm64/KitoScreens-Swift.h -working-directory /Users/admin/builder/spi-builder-workspace/.swiftpm/xcode -experimental-emit-module-separately -disable-cmo
SwiftDriverJobDiscovery normal arm64 Compiling KitoAccessibilitySupport.swift (in target 'KitoButtons' from project 'KitoButtons')
SwiftDriverJobDiscovery normal arm64 Compiling resource_bundle_accessor.swift (in target 'KitoButtons' from project 'KitoButtons')
SwiftCompile normal arm64 Compiling\ KitoEditProfileScreen.swift /Users/admin/builder/spi-builder-workspace/Sources/KitoScreens/Profile/KitoEditProfileScreen.swift (in target 'KitoScreens' from project 'KitoScreens')
SwiftCompile normal arm64 /Users/admin/builder/spi-builder-workspace/Sources/KitoScreens/Profile/KitoEditProfileScreen.swift (in target 'KitoScreens' from project 'KitoScreens')
cd /Users/admin/builder/spi-builder-workspace/.swiftpm/xcode
SwiftEmitModule normal arm64 Emitting\ module\ for\ KitoScreens (in target 'KitoScreens' from project 'KitoScreens')
EmitSwiftModule normal arm64 (in target 'KitoScreens' from project 'KitoScreens')
cd /Users/admin/builder/spi-builder-workspace/.swiftpm/xcode
SwiftCompile normal arm64 Compiling\ KitoScreenTheme.swift /Users/admin/builder/spi-builder-workspace/Sources/KitoScreens/Support/KitoScreenTheme.swift (in target 'KitoScreens' from project 'KitoScreens')
SwiftCompile normal arm64 /Users/admin/builder/spi-builder-workspace/Sources/KitoScreens/Support/KitoScreenTheme.swift (in target 'KitoScreens' from project 'KitoScreens')
cd /Users/admin/builder/spi-builder-workspace/.swiftpm/xcode
SwiftCompile normal arm64 Compiling\ KitoCardCheckoutScreen.swift /Users/admin/builder/spi-builder-workspace/Sources/KitoScreens/Payments/KitoCardCheckoutScreen.swift (in target 'KitoScreens' from project 'KitoScreens')
SwiftCompile normal arm64 /Users/admin/builder/spi-builder-workspace/Sources/KitoScreens/Payments/KitoCardCheckoutScreen.swift (in target 'KitoScreens' from project 'KitoScreens')
cd /Users/admin/builder/spi-builder-workspace/.swiftpm/xcode
SwiftDriverJobDiscovery normal arm64 Compiling KitoFontFamily.swift (in target 'KitoButtons' from project 'KitoButtons')
SwiftCompile normal arm64 Compiling\ KitoTypography.swift /Users/admin/builder/spi-builder-workspace/Sources/KitoScreens/Support/KitoTypography.swift (in target 'KitoScreens' from project 'KitoScreens')
SwiftCompile normal arm64 /Users/admin/builder/spi-builder-workspace/Sources/KitoScreens/Support/KitoTypography.swift (in target 'KitoScreens' from project 'KitoScreens')
cd /Users/admin/builder/spi-builder-workspace/.swiftpm/xcode
SwiftDriverJobDiscovery normal arm64 Compiling KitoButtonMotion.swift (in target 'KitoButtons' from project 'KitoButtons')
SwiftCompile normal arm64 Compiling\ resource_bundle_accessor.swift /Users/admin/builder/spi-builder-workspace/.derivedData/Build/Intermediates.noindex/KitoScreens.build/Debug-xros/KitoScreens.build/DerivedSources/resource_bundle_accessor.swift (in target 'KitoScreens' from project 'KitoScreens')
SwiftCompile normal arm64 /Users/admin/builder/spi-builder-workspace/.derivedData/Build/Intermediates.noindex/KitoScreens.build/Debug-xros/KitoScreens.build/DerivedSources/resource_bundle_accessor.swift (in target 'KitoScreens' from project 'KitoScreens')
cd /Users/admin/builder/spi-builder-workspace/.swiftpm/xcode
SwiftDriverJobDiscovery normal arm64 Compiling KitoCountryPicker.swift, KitoFlag.swift, KitoNativeTextField.swift, KitoPhoneField.swift (in target 'KitoFields' from project 'KitoFields')
SwiftCompile normal arm64 Compiling\ KitoScreensLocalization.swift /Users/admin/builder/spi-builder-workspace/Sources/KitoScreens/Support/KitoScreensLocalization.swift (in target 'KitoScreens' from project 'KitoScreens')
SwiftCompile normal arm64 /Users/admin/builder/spi-builder-workspace/Sources/KitoScreens/Support/KitoScreensLocalization.swift (in target 'KitoScreens' from project 'KitoScreens')
cd /Users/admin/builder/spi-builder-workspace/.swiftpm/xcode
SwiftDriverJobDiscovery normal arm64 Compiling KitoLocalization.swift, KitoValidationState.swift, KitoCardFields.swift, KitoCodeField.swift (in target 'KitoFields' from project 'KitoFields')
SwiftCompile normal arm64 Compiling\ KitoSignUpScreen.swift /Users/admin/builder/spi-builder-workspace/Sources/KitoScreens/Auth/KitoSignUpScreen.swift (in target 'KitoScreens' from project 'KitoScreens')
SwiftCompile normal arm64 /Users/admin/builder/spi-builder-workspace/Sources/KitoScreens/Auth/KitoSignUpScreen.swift (in target 'KitoScreens' from project 'KitoScreens')
cd /Users/admin/builder/spi-builder-workspace/.swiftpm/xcode
SwiftDriverJobDiscovery normal arm64 Compiling KitoTypography.swift (in target 'KitoScreens' from project 'KitoScreens')
SwiftCompile normal arm64 Compiling\ KitoLoginScreen.swift /Users/admin/builder/spi-builder-workspace/Sources/KitoScreens/Auth/KitoLoginScreen.swift (in target 'KitoScreens' from project 'KitoScreens')
SwiftCompile normal arm64 /Users/admin/builder/spi-builder-workspace/Sources/KitoScreens/Auth/KitoLoginScreen.swift (in target 'KitoScreens' from project 'KitoScreens')
cd /Users/admin/builder/spi-builder-workspace/.swiftpm/xcode
SwiftDriverJobDiscovery normal arm64 Emitting module for KitoScreens (in target 'KitoScreens' from project 'KitoScreens')
SwiftDriver\ Compilation\ Requirements KitoScreens normal arm64 com.apple.xcode.tools.swift.compiler (in target 'KitoScreens' from project 'KitoScreens')
cd /Users/admin/builder/spi-builder-workspace/.swiftpm/xcode
builtin-Swift-Compilation-Requirements -- /Applications/Xcode-16.3.0.app/Contents/Developer/Toolchains/XcodeDefault.xctoolchain/usr/bin/swiftc -module-name KitoScreens -Onone -enforce-exclusivity\=checked @/Users/admin/builder/spi-builder-workspace/.derivedData/Build/Intermediates.noindex/KitoScreens.build/Debug-xros/KitoScreens.build/Objects-normal/arm64/KitoScreens.SwiftFileList -DSWIFT_PACKAGE -DDEBUG -DXcode -plugin-path /Applications/Xcode-16.3.0.app/Contents/Developer/Toolchains/XcodeDefault.xctoolchain/usr/lib/swift/host/plugins/testing -enable-experimental-feature DebugDescriptionMacro -sdk /Applications/Xcode-16.3.0.app/Contents/Developer/Platforms/XROS.platform/Developer/SDKs/XROS2.4.sdk -target arm64-apple-xros1.0 -g -module-cache-path /Users/admin/builder/spi-builder-workspace/.derivedData/ModuleCache.noindex -Xfrontend -serialize-debugging-options -profile-coverage-mapping -profile-generate -enable-testing -index-store-path /Users/admin/builder/spi-builder-workspace/.derivedData/Index.noindex/DataStore -swift-version 5 -I /Users/admin/builder/spi-builder-workspace/.derivedData/Build/Products/Debug-xros -I /Applications/Xcode-16.3.0.app/Contents/Developer/Platforms/XROS.platform/Developer/usr/lib -F /Users/admin/builder/spi-builder-workspace/.derivedData/Build/Products/Debug-xros/PackageFrameworks -F /Users/admin/builder/spi-builder-workspace/.derivedData/Build/Products/Debug-xros/PackageFrameworks -F /Users/admin/builder/spi-builder-workspace/.derivedData/Build/Products/Debug-xros -F /Applications/Xcode-16.3.0.app/Contents/Developer/Platforms/XROS.platform/Developer/Library/Frameworks -F /Applications/Xcode-16.3.0.app/Contents/Developer/Platforms/XROS.platform/Developer/SDKs/XROS2.4.sdk/Developer/Library/Frameworks -emit-localized-strings -emit-localized-strings-path /Users/admin/builder/spi-builder-workspace/.derivedData/Build/Intermediates.noindex/KitoScreens.build/Debug-xros/KitoScreens.build/Objects-normal/arm64 -c -j10 -enable-batch-mode -incremental -Xcc -ivfsstatcache -Xcc /Users/admin/builder/spi-builder-workspace/.derivedData/SDKStatCaches.noindex/xros2.4-22O233-407b76dbb837030756cbe1ab3f0b01b6.sdkstatcache -output-file-map /Users/admin/builder/spi-builder-workspace/.derivedData/Build/Intermediates.noindex/KitoScreens.build/Debug-xros/KitoScreens.build/Objects-normal/arm64/KitoScreens-OutputFileMap.json -use-frontend-parseable-output -save-temps -no-color-diagnostics -serialize-diagnostics -emit-dependencies -emit-module -emit-module-path /Users/admin/builder/spi-builder-workspace/.derivedData/Build/Intermediates.noindex/KitoScreens.build/Debug-xros/KitoScreens.build/Objects-normal/arm64/KitoScreens.swiftmodule -validate-clang-modules-once -clang-build-session-file /Users/admin/builder/spi-builder-workspace/.derivedData/ModuleCache.noindex/Session.modulevalidation -package-name spi_builder_workspace -Xcc -I/Users/admin/builder/spi-builder-workspace/.derivedData/Build/Intermediates.noindex/KitoScreens.build/Debug-xros/KitoScreens.build/swift-overrides.hmap -emit-const-values -Xfrontend -const-gather-protocols-file -Xfrontend /Users/admin/builder/spi-builder-workspace/.derivedData/Build/Intermediates.noindex/KitoScreens.build/Debug-xros/KitoScreens.build/Objects-normal/arm64/KitoScreens_const_extract_protocols.json -Xcc -I/Users/admin/builder/spi-builder-workspace/.derivedData/Build/Products/Debug-xros/include -Xcc -I/Users/admin/builder/spi-builder-workspace/.derivedData/Build/Intermediates.noindex/KitoScreens.build/Debug-xros/KitoScreens.build/DerivedSources-normal/arm64 -Xcc -I/Users/admin/builder/spi-builder-workspace/.derivedData/Build/Intermediates.noindex/KitoScreens.build/Debug-xros/KitoScreens.build/DerivedSources/arm64 -Xcc -I/Users/admin/builder/spi-builder-workspace/.derivedData/Build/Intermediates.noindex/KitoScreens.build/Debug-xros/KitoScreens.build/DerivedSources -Xcc -DSWIFT_PACKAGE -Xcc -DDEBUG\=1 -emit-objc-header -emit-objc-header-path /Users/admin/builder/spi-builder-workspace/.derivedData/Build/Intermediates.noindex/KitoScreens.build/Debug-xros/KitoScreens.build/Objects-normal/arm64/KitoScreens-Swift.h -working-directory /Users/admin/builder/spi-builder-workspace/.swiftpm/xcode -experimental-emit-module-separately -disable-cmo
SwiftDriverJobDiscovery normal arm64 Compiling KitoScreenTheme.swift (in target 'KitoScreens' from project 'KitoScreens')
SwiftCompile normal arm64 Compiling\ KitoMpesaScreen.swift /Users/admin/builder/spi-builder-workspace/Sources/KitoScreens/Payments/KitoMpesaScreen.swift (in target 'KitoScreens' from project 'KitoScreens')
SwiftCompile normal arm64 /Users/admin/builder/spi-builder-workspace/Sources/KitoScreens/Payments/KitoMpesaScreen.swift (in target 'KitoScreens' from project 'KitoScreens')
cd /Users/admin/builder/spi-builder-workspace/.swiftpm/xcode
Copy /Users/admin/builder/spi-builder-workspace/.derivedData/Build/Products/Debug-xros/KitoScreens.swiftmodule/arm64-apple-xros.swiftmodule /Users/admin/builder/spi-builder-workspace/.derivedData/Build/Intermediates.noindex/KitoScreens.build/Debug-xros/KitoScreens.build/Objects-normal/arm64/KitoScreens.swiftmodule (in target 'KitoScreens' from project 'KitoScreens')
cd /Users/admin/builder/spi-builder-workspace
builtin-copy -exclude .DS_Store -exclude CVS -exclude .svn -exclude .git -exclude .hg -resolve-src-symlinks -rename /Users/admin/builder/spi-builder-workspace/.derivedData/Build/Intermediates.noindex/KitoScreens.build/Debug-xros/KitoScreens.build/Objects-normal/arm64/KitoScreens.swiftmodule /Users/admin/builder/spi-builder-workspace/.derivedData/Build/Products/Debug-xros/KitoScreens.swiftmodule/arm64-apple-xros.swiftmodule
SwiftDriverJobDiscovery normal arm64 Compiling resource_bundle_accessor.swift (in target 'KitoScreens' from project 'KitoScreens')
Copy /Users/admin/builder/spi-builder-workspace/.derivedData/Build/Products/Debug-xros/KitoScreens.swiftmodule/arm64-apple-xros.abi.json /Users/admin/builder/spi-builder-workspace/.derivedData/Build/Intermediates.noindex/KitoScreens.build/Debug-xros/KitoScreens.build/Objects-normal/arm64/KitoScreens.abi.json (in target 'KitoScreens' from project 'KitoScreens')
cd /Users/admin/builder/spi-builder-workspace
builtin-copy -exclude .DS_Store -exclude CVS -exclude .svn -exclude .git -exclude .hg -resolve-src-symlinks -rename /Users/admin/builder/spi-builder-workspace/.derivedData/Build/Intermediates.noindex/KitoScreens.build/Debug-xros/KitoScreens.build/Objects-normal/arm64/KitoScreens.abi.json /Users/admin/builder/spi-builder-workspace/.derivedData/Build/Products/Debug-xros/KitoScreens.swiftmodule/arm64-apple-xros.abi.json
SwiftCompile normal arm64 Compiling\ KitoOTPVerificationScreen.swift /Users/admin/builder/spi-builder-workspace/Sources/KitoScreens/Verification/KitoOTPVerificationScreen.swift (in target 'KitoScreens' from project 'KitoScreens')
SwiftCompile normal arm64 /Users/admin/builder/spi-builder-workspace/Sources/KitoScreens/Verification/KitoOTPVerificationScreen.swift (in target 'KitoScreens' from project 'KitoScreens')
cd /Users/admin/builder/spi-builder-workspace/.swiftpm/xcode
SwiftDriverJobDiscovery normal arm64 Compiling KitoScreensLocalization.swift (in target 'KitoScreens' from project 'KitoScreens')
SwiftDriverJobDiscovery normal arm64 Compiling KitoCodeFieldStyle.swift, KitoCountryField.swift, KitoDateField.swift, KitoEmailField.swift (in target 'KitoFields' from project 'KitoFields')
SwiftDriverJobDiscovery normal arm64 Compiling KitoEditProfileScreen.swift (in target 'KitoScreens' from project 'KitoScreens')
SwiftDriverJobDiscovery normal arm64 Compiling KitoCardCheckoutScreen.swift (in target 'KitoScreens' from project 'KitoScreens')
SwiftDriverJobDiscovery normal arm64 Compiling KitoLoginScreen.swift (in target 'KitoScreens' from project 'KitoScreens')
SwiftDriverJobDiscovery normal arm64 Compiling KitoOTPVerificationScreen.swift (in target 'KitoScreens' from project 'KitoScreens')
SwiftDriverJobDiscovery normal arm64 Compiling KitoSignUpScreen.swift (in target 'KitoScreens' from project 'KitoScreens')
SwiftDriverJobDiscovery normal arm64 Compiling KitoMpesaScreen.swift (in target 'KitoScreens' from project 'KitoScreens')
SwiftDriver\ Compilation KitoScreens normal arm64 com.apple.xcode.tools.swift.compiler (in target 'KitoScreens' from project 'KitoScreens')
cd /Users/admin/builder/spi-builder-workspace/.swiftpm/xcode
builtin-Swift-Compilation -- /Applications/Xcode-16.3.0.app/Contents/Developer/Toolchains/XcodeDefault.xctoolchain/usr/bin/swiftc -module-name KitoScreens -Onone -enforce-exclusivity\=checked @/Users/admin/builder/spi-builder-workspace/.derivedData/Build/Intermediates.noindex/KitoScreens.build/Debug-xros/KitoScreens.build/Objects-normal/arm64/KitoScreens.SwiftFileList -DSWIFT_PACKAGE -DDEBUG -DXcode -plugin-path /Applications/Xcode-16.3.0.app/Contents/Developer/Toolchains/XcodeDefault.xctoolchain/usr/lib/swift/host/plugins/testing -enable-experimental-feature DebugDescriptionMacro -sdk /Applications/Xcode-16.3.0.app/Contents/Developer/Platforms/XROS.platform/Developer/SDKs/XROS2.4.sdk -target arm64-apple-xros1.0 -g -module-cache-path /Users/admin/builder/spi-builder-workspace/.derivedData/ModuleCache.noindex -Xfrontend -serialize-debugging-options -profile-coverage-mapping -profile-generate -enable-testing -index-store-path /Users/admin/builder/spi-builder-workspace/.derivedData/Index.noindex/DataStore -swift-version 5 -I /Users/admin/builder/spi-builder-workspace/.derivedData/Build/Products/Debug-xros -I /Applications/Xcode-16.3.0.app/Contents/Developer/Platforms/XROS.platform/Developer/usr/lib -F /Users/admin/builder/spi-builder-workspace/.derivedData/Build/Products/Debug-xros/PackageFrameworks -F /Users/admin/builder/spi-builder-workspace/.derivedData/Build/Products/Debug-xros/PackageFrameworks -F /Users/admin/builder/spi-builder-workspace/.derivedData/Build/Products/Debug-xros -F /Applications/Xcode-16.3.0.app/Contents/Developer/Platforms/XROS.platform/Developer/Library/Frameworks -F /Applications/Xcode-16.3.0.app/Contents/Developer/Platforms/XROS.platform/Developer/SDKs/XROS2.4.sdk/Developer/Library/Frameworks -emit-localized-strings -emit-localized-strings-path /Users/admin/builder/spi-builder-workspace/.derivedData/Build/Intermediates.noindex/KitoScreens.build/Debug-xros/KitoScreens.build/Objects-normal/arm64 -c -j10 -enable-batch-mode -incremental -Xcc -ivfsstatcache -Xcc /Users/admin/builder/spi-builder-workspace/.derivedData/SDKStatCaches.noindex/xros2.4-22O233-407b76dbb837030756cbe1ab3f0b01b6.sdkstatcache -output-file-map /Users/admin/builder/spi-builder-workspace/.derivedData/Build/Intermediates.noindex/KitoScreens.build/Debug-xros/KitoScreens.build/Objects-normal/arm64/KitoScreens-OutputFileMap.json -use-frontend-parseable-output -save-temps -no-color-diagnostics -serialize-diagnostics -emit-dependencies -emit-module -emit-module-path /Users/admin/builder/spi-builder-workspace/.derivedData/Build/Intermediates.noindex/KitoScreens.build/Debug-xros/KitoScreens.build/Objects-normal/arm64/KitoScreens.swiftmodule -validate-clang-modules-once -clang-build-session-file /Users/admin/builder/spi-builder-workspace/.derivedData/ModuleCache.noindex/Session.modulevalidation -package-name spi_builder_workspace -Xcc -I/Users/admin/builder/spi-builder-workspace/.derivedData/Build/Intermediates.noindex/KitoScreens.build/Debug-xros/KitoScreens.build/swift-overrides.hmap -emit-const-values -Xfrontend -const-gather-protocols-file -Xfrontend /Users/admin/builder/spi-builder-workspace/.derivedData/Build/Intermediates.noindex/KitoScreens.build/Debug-xros/KitoScreens.build/Objects-normal/arm64/KitoScreens_const_extract_protocols.json -Xcc -I/Users/admin/builder/spi-builder-workspace/.derivedData/Build/Products/Debug-xros/include -Xcc -I/Users/admin/builder/spi-builder-workspace/.derivedData/Build/Intermediates.noindex/KitoScreens.build/Debug-xros/KitoScreens.build/DerivedSources-normal/arm64 -Xcc -I/Users/admin/builder/spi-builder-workspace/.derivedData/Build/Intermediates.noindex/KitoScreens.build/Debug-xros/KitoScreens.build/DerivedSources/arm64 -Xcc -I/Users/admin/builder/spi-builder-workspace/.derivedData/Build/Intermediates.noindex/KitoScreens.build/Debug-xros/KitoScreens.build/DerivedSources -Xcc -DSWIFT_PACKAGE -Xcc -DDEBUG\=1 -emit-objc-header -emit-objc-header-path /Users/admin/builder/spi-builder-workspace/.derivedData/Build/Intermediates.noindex/KitoScreens.build/Debug-xros/KitoScreens.build/Objects-normal/arm64/KitoScreens-Swift.h -working-directory /Users/admin/builder/spi-builder-workspace/.swiftpm/xcode -experimental-emit-module-separately -disable-cmo
SwiftDriverJobDiscovery normal arm64 Compiling KitoCartButton.swift (in target 'KitoButtons' from project 'KitoButtons')
SwiftDriver\ Compilation KitoButtons normal arm64 com.apple.xcode.tools.swift.compiler (in target 'KitoButtons' from project 'KitoButtons')
cd /Users/admin/builder/spi-builder-workspace/.swiftpm/xcode
builtin-Swift-Compilation -- /Applications/Xcode-16.3.0.app/Contents/Developer/Toolchains/XcodeDefault.xctoolchain/usr/bin/swiftc -module-name KitoButtons -Onone -enforce-exclusivity\=checked @/Users/admin/builder/spi-builder-workspace/.derivedData/Build/Intermediates.noindex/KitoButtons.build/Debug-xros/KitoButtons.build/Objects-normal/arm64/KitoButtons.SwiftFileList -DSWIFT_PACKAGE -DDEBUG -DXcode -plugin-path /Applications/Xcode-16.3.0.app/Contents/Developer/Toolchains/XcodeDefault.xctoolchain/usr/lib/swift/host/plugins/testing -enable-experimental-feature DebugDescriptionMacro -sdk /Applications/Xcode-16.3.0.app/Contents/Developer/Platforms/XROS.platform/Developer/SDKs/XROS2.4.sdk -target arm64-apple-xros1.0 -g -module-cache-path /Users/admin/builder/spi-builder-workspace/.derivedData/ModuleCache.noindex -Xfrontend -serialize-debugging-options -profile-coverage-mapping -profile-generate -enable-testing -suppress-warnings -index-store-path /Users/admin/builder/spi-builder-workspace/.derivedData/Index.noindex/DataStore -swift-version 5 -I /Users/admin/builder/spi-builder-workspace/.derivedData/Build/Products/Debug-xros -I /Applications/Xcode-16.3.0.app/Contents/Developer/Platforms/XROS.platform/Developer/usr/lib -F /Users/admin/builder/spi-builder-workspace/.derivedData/Build/Products/Debug-xros -F /Applications/Xcode-16.3.0.app/Contents/Developer/Platforms/XROS.platform/Developer/Library/Frameworks -F /Applications/Xcode-16.3.0.app/Contents/Developer/Platforms/XROS.platform/Developer/SDKs/XROS2.4.sdk/Developer/Library/Frameworks -emit-localized-strings -emit-localized-strings-path /Users/admin/builder/spi-builder-workspace/.derivedData/Build/Intermediates.noindex/KitoButtons.build/Debug-xros/KitoButtons.build/Objects-normal/arm64 -c -j10 -enable-batch-mode -incremental -Xcc -ivfsstatcache -Xcc /Users/admin/builder/spi-builder-workspace/.derivedData/SDKStatCaches.noindex/xros2.4-22O233-407b76dbb837030756cbe1ab3f0b01b6.sdkstatcache -output-file-map /Users/admin/builder/spi-builder-workspace/.derivedData/Build/Intermediates.noindex/KitoButtons.build/Debug-xros/KitoButtons.build/Objects-normal/arm64/KitoButtons-OutputFileMap.json -use-frontend-parseable-output -save-temps -no-color-diagnostics -serialize-diagnostics -emit-dependencies -emit-module -emit-module-path /Users/admin/builder/spi-builder-workspace/.derivedData/Build/Intermediates.noindex/KitoButtons.build/Debug-xros/KitoButtons.build/Objects-normal/arm64/KitoButtons.swiftmodule -validate-clang-modules-once -clang-build-session-file /Users/admin/builder/spi-builder-workspace/.derivedData/ModuleCache.noindex/Session.modulevalidation -package-name kitobuttons -Xcc -I/Users/admin/builder/spi-builder-workspace/.derivedData/Build/Intermediates.noindex/KitoButtons.build/Debug-xros/KitoButtons.build/swift-overrides.hmap -emit-const-values -Xfrontend -const-gather-protocols-file -Xfrontend /Users/admin/builder/spi-builder-workspace/.derivedData/Build/Intermediates.noindex/KitoButtons.build/Debug-xros/KitoButtons.build/Objects-normal/arm64/KitoButtons_const_extract_protocols.json -Xcc -I/Users/admin/builder/spi-builder-workspace/.derivedData/Build/Products/Debug-xros/include -Xcc -I/Users/admin/builder/spi-builder-workspace/.derivedData/Build/Intermediates.noindex/KitoButtons.build/Debug-xros/KitoButtons.build/DerivedSources-normal/arm64 -Xcc -I/Users/admin/builder/spi-builder-workspace/.derivedData/Build/Intermediates.noindex/KitoButtons.build/Debug-xros/KitoButtons.build/DerivedSources/arm64 -Xcc -I/Users/admin/builder/spi-builder-workspace/.derivedData/Build/Intermediates.noindex/KitoButtons.build/Debug-xros/KitoButtons.build/DerivedSources -Xcc -DSWIFT_PACKAGE -Xcc -DDEBUG\=1 -emit-objc-header -emit-objc-header-path /Users/admin/builder/spi-builder-workspace/.derivedData/Build/Intermediates.noindex/KitoButtons.build/Debug-xros/KitoButtons.build/Objects-normal/arm64/KitoButtons-Swift.h -working-directory /Users/admin/builder/spi-builder-workspace/.swiftpm/xcode -experimental-emit-module-separately -disable-cmo
Ld /Users/admin/builder/spi-builder-workspace/.derivedData/Build/Products/Debug-xros/KitoButtons.o normal (in target 'KitoButtons' from project 'KitoButtons')
cd /Users/admin/builder/spi-builder-workspace/.dependencies/checkouts/KitoButtons
/Applications/Xcode-16.3.0.app/Contents/Developer/Toolchains/XcodeDefault.xctoolchain/usr/bin/clang -Xlinker -reproducible -target arm64-apple-xros1.0 -r -isysroot /Applications/Xcode-16.3.0.app/Contents/Developer/Platforms/XROS.platform/Developer/SDKs/XROS2.4.sdk -O0 -w -L/Users/admin/builder/spi-builder-workspace/.derivedData/Build/Intermediates.noindex/EagerLinkingTBDs/Debug-xros -L/Users/admin/builder/spi-builder-workspace/.derivedData/Build/Products/Debug-xros -L/Applications/Xcode-16.3.0.app/Contents/Developer/Platforms/XROS.platform/Developer/usr/lib -F/Users/admin/builder/spi-builder-workspace/.derivedData/Build/Intermediates.noindex/EagerLinkingTBDs/Debug-xros -F/Users/admin/builder/spi-builder-workspace/.derivedData/Build/Products/Debug-xros -iframework /Applications/Xcode-16.3.0.app/Contents/Developer/Platforms/XROS.platform/Developer/Library/Frameworks -iframework /Applications/Xcode-16.3.0.app/Contents/Developer/Platforms/XROS.platform/Developer/SDKs/XROS2.4.sdk/Developer/Library/Frameworks -filelist /Users/admin/builder/spi-builder-workspace/.derivedData/Build/Intermediates.noindex/KitoButtons.build/Debug-xros/KitoButtons.build/Objects-normal/arm64/KitoButtons.LinkFileList -nostdlib -Xlinker -object_path_lto -Xlinker /Users/admin/builder/spi-builder-workspace/.derivedData/Build/Intermediates.noindex/KitoButtons.build/Debug-xros/KitoButtons.build/Objects-normal/arm64/KitoButtons_lto.o -rdynamic -Xlinker -no_deduplicate -Xlinker -debug_variant -Xlinker -dependency_info -Xlinker /Users/admin/builder/spi-builder-workspace/.derivedData/Build/Intermediates.noindex/KitoButtons.build/Debug-xros/KitoButtons.build/Objects-normal/arm64/KitoButtons_dependency_info.dat -fobjc-link-runtime -L/Applications/Xcode-16.3.0.app/Contents/Developer/Toolchains/XcodeDefault.xctoolchain/usr/lib/swift/xros -L/usr/lib/swift -Xlinker -add_ast_path -Xlinker /Users/admin/builder/spi-builder-workspace/.derivedData/Build/Intermediates.noindex/KitoButtons.build/Debug-xros/KitoButtons.build/Objects-normal/arm64/KitoButtons.swiftmodule -o /Users/admin/builder/spi-builder-workspace/.derivedData/Build/Products/Debug-xros/KitoButtons.o
ExtractAppIntentsMetadata (in target 'KitoButtons' from project 'KitoButtons')
cd /Users/admin/builder/spi-builder-workspace/.dependencies/checkouts/KitoButtons
/Applications/Xcode-16.3.0.app/Contents/Developer/Toolchains/XcodeDefault.xctoolchain/usr/bin/appintentsmetadataprocessor --toolchain-dir /Applications/Xcode-16.3.0.app/Contents/Developer/Toolchains/XcodeDefault.xctoolchain --module-name KitoButtons --sdk-root /Applications/Xcode-16.3.0.app/Contents/Developer/Platforms/XROS.platform/Developer/SDKs/XROS2.4.sdk --xcode-version 16E140 --platform-family xrOS --deployment-target 1.0 --bundle-identifier kitobuttons.KitoButtons --output /Users/admin/builder/spi-builder-workspace/.derivedData/Build/Products/Debug-xros/KitoButtons.appintents --target-triple arm64-apple-xros1.0 --binary-file /Users/admin/builder/spi-builder-workspace/.derivedData/Build/Products/Debug-xros/KitoButtons.o --dependency-file /Users/admin/builder/spi-builder-workspace/.derivedData/Build/Intermediates.noindex/KitoButtons.build/Debug-xros/KitoButtons.build/Objects-normal/arm64/KitoButtons_dependency_info.dat --stringsdata-file /Users/admin/builder/spi-builder-workspace/.derivedData/Build/Intermediates.noindex/KitoButtons.build/Debug-xros/KitoButtons.build/Objects-normal/arm64/ExtractedAppShortcutsMetadata.stringsdata --source-file-list /Users/admin/builder/spi-builder-workspace/.derivedData/Build/Intermediates.noindex/KitoButtons.build/Debug-xros/KitoButtons.build/Objects-normal/arm64/KitoButtons.SwiftFileList --metadata-file-list /Users/admin/builder/spi-builder-workspace/.derivedData/Build/Intermediates.noindex/KitoButtons.build/Debug-xros/KitoButtons.build/KitoButtons.DependencyMetadataFileList --static-metadata-file-list /Users/admin/builder/spi-builder-workspace/.derivedData/Build/Intermediates.noindex/KitoButtons.build/Debug-xros/KitoButtons.build/KitoButtons.DependencyStaticMetadataFileList --swift-const-vals-list /Users/admin/builder/spi-builder-workspace/.derivedData/Build/Intermediates.noindex/KitoButtons.build/Debug-xros/KitoButtons.build/Objects-normal/arm64/KitoButtons.SwiftConstValuesFileList --force --compile-time-extraction --deployment-aware-processing --validate-assistant-intents --no-app-shortcuts-localization
2026-09-29 00:46:13.192 appintentsmetadataprocessor[949:5077] Starting appintentsmetadataprocessor export
2026-09-29 00:46:13.227 appintentsmetadataprocessor[949:5077] Extracted no relevant App Intents symbols, skipping writing output
RegisterExecutionPolicyException /Users/admin/builder/spi-builder-workspace/.derivedData/Build/Products/Debug-xros/KitoButtons.o (in target 'KitoButtons' from project 'KitoButtons')
cd /Users/admin/builder/spi-builder-workspace/.dependencies/checkouts/KitoButtons
builtin-RegisterExecutionPolicyException /Users/admin/builder/spi-builder-workspace/.derivedData/Build/Products/Debug-xros/KitoButtons.o
** BUILD FAILED **
The following build commands failed:
SwiftCompile normal arm64 /Users/admin/builder/spi-builder-workspace/.dependencies/checkouts/KitoFields/Sources/KitoFields/Fields/KitoTextField.swift (in target 'KitoFields' from project 'KitoFields')
SwiftCompile normal arm64 Compiling\ KitoSelectField.swift,\ KitoTextField.swift,\ KitoCountry.swift,\ KitoCountryDatabase.swift /Users/admin/builder/spi-builder-workspace/.dependencies/checkouts/KitoFields/Sources/KitoFields/Fields/KitoSelectField.swift /Users/admin/builder/spi-builder-workspace/.dependencies/checkouts/KitoFields/Sources/KitoFields/Fields/KitoTextField.swift /Users/admin/builder/spi-builder-workspace/.dependencies/checkouts/KitoFields/Sources/KitoFields/Phone/KitoCountry.swift /Users/admin/builder/spi-builder-workspace/.dependencies/checkouts/KitoFields/Sources/KitoFields/Phone/KitoCountryDatabase.swift (in target 'KitoFields' from project 'KitoFields')
Building workspace spi-builder-workspace with scheme KitoScreens
(3 failures)
BUILD FAILURE 6.1 visionOS