The Swift Package Index logo.Swift Package Index

Build Information

Failed to build SKServer, reference master (484c76), with Swift 6.4 for Android on 17 Sep 2026 01:35:33 UTC.

Build Command

bash -c docker run --pull=always --rm -v "checkouts-53886770-0":/host -w "$PWD" -e JAVA_HOME="/root/.sdkman/candidates/java/current" -e SPI_BUILD="1" -e SPI_PROCESSING="1" registry.gitlab.com/saguaro1/spi-images:android-6.4-latest swift build --swift-sdk aarch64-unknown-linux-android28 2>&1

Build Log

========================================
RunAll
========================================
Builder version: 5.1.0
Interrupt handler set up.
========================================
Checkout
========================================
Clone URL: https://github.com/pvzig/SKServer.git
Reference: master
Initialized empty Git repository in /host/spi-builder-workspace/.git/
hint: Using 'master' as the name for the initial branch. This default branch name
hint: is subject to change. To configure the initial branch name to use in all
hint: of your new repositories, which will suppress this warning, call:
hint:
hint: 	git config --global init.defaultBranch <name>
hint:
hint: Names commonly chosen instead of 'master' are 'main', 'trunk' and
hint: 'development'. The just-created branch can be renamed via this command:
hint:
hint: 	git branch -m <name>
From https://github.com/pvzig/SKServer
 * branch            master     -> FETCH_HEAD
 * [new branch]      master     -> origin/master
HEAD is now at 484c763 Update README.md
Cloned https://github.com/pvzig/SKServer.git
Revision (git rev-parse @):
484c763854a4b19313645eaa3799e2215dbfb878
SUCCESS checkout https://github.com/pvzig/SKServer.git at master
========================================
Build
========================================
Selected platform:         android
Swift version:             6.4
Building package at path:  $PWD
https://github.com/pvzig/SKServer.git
Running build ...
bash -c docker run --pull=always --rm -v "checkouts-53886770-0":/host -w "$PWD" -e JAVA_HOME="/root/.sdkman/candidates/java/current" -e SPI_BUILD="1" -e SPI_PROCESSING="1" registry.gitlab.com/saguaro1/spi-images:android-6.4-latest swift build --swift-sdk aarch64-unknown-linux-android28 2>&1
android-6.4-latest: Pulling from saguaro1/spi-images
Digest: sha256:abadcff584c273feba50641b454858d377ba30b35ea7287a94f45ebd8afd0ea0
Status: Image is up to date for registry.gitlab.com/saguaro1/spi-images:android-6.4-latest
Fetching https://github.com/httpswift/swifter.git
Fetching https://github.com/pvzig/SKWebAPI
Fetching https://github.com/pvzig/SKCore
[1/294] Fetching skwebapi
[87/582] Fetching skwebapi, skcore
[583/6632] Fetching skwebapi, skcore, swifter
Fetched https://github.com/pvzig/SKCore (0.46s)
Fetched https://github.com/pvzig/SKWebAPI (0.46s)
[61/6050] Fetching swifter
Fetched https://github.com/httpswift/swifter.git (0.74s)
Computing version for https://github.com/pvzig/SKWebAPI
Computed https://github.com/pvzig/SKWebAPI at 4.1.3 (0.93s)
Computing version for https://github.com/pvzig/SKCore
Computed https://github.com/pvzig/SKCore at 4.1.3 (0.17s)
Computing version for https://github.com/httpswift/swifter.git
Computed https://github.com/httpswift/swifter.git at 1.4.7 (1.05s)
Creating working copy for https://github.com/pvzig/SKWebAPI
Working copy of https://github.com/pvzig/SKWebAPI resolved at 4.1.3
Creating working copy for https://github.com/pvzig/SKCore
Working copy of https://github.com/pvzig/SKCore resolved at 4.1.3
Creating working copy for https://github.com/httpswift/swifter.git
Working copy of https://github.com/httpswift/swifter.git resolved at 1.4.7
warning: 'skwebapi': Conflicting identity for skcore: dependency 'github.com/slackkit/skcore' and dependency 'github.com/pvzig/skcore' both point to the same package identity 'skcore'. The dependencies are introduced through the following chains: (A) /host/spi-builder-workspace->github.com/pvzig/skwebapi->github.com/slackkit/skcore (B) /host/spi-builder-workspace->github.com/pvzig/skcore. If there are multiple chains that lead to the same dependency, only the first chain is shown here. To see all chains use debug output option. To resolve the conflict, coordinate with the maintainer of the package that introduces the conflicting dependency. This will be escalated to an error in future versions of SwiftPM.
warning: 'skwebapi': Conflicting identity for skcore: dependency 'github.com/slackkit/skcore' and dependency 'github.com/pvzig/skcore' both point to the same package identity 'skcore'. The dependencies are introduced through the following chains: (A) /host/spi-builder-workspace->github.com/pvzig/skwebapi->github.com/slackkit/skcore (B) /host/spi-builder-workspace->github.com/pvzig/skcore. If there are multiple chains that lead to the same dependency, only the first chain is shown here. To see all chains use debug output option. To resolve the conflict, coordinate with the maintainer of the package that introduces the conflicting dependency. This will be escalated to an error in future versions of SwiftPM.
Building for debugging...
[Constructing description]
[Planning deferred tasks]
[46 / 77] SKCore
error: SwiftCompile normal aarch64 failed with a nonzero exit code. Command line:     cd /host

[46 / 85] Swifter
/host/spi-builder-workspace/.build/checkouts/swifter/XCode/Sources/HttpServerIO.swift:71:31: error: cannot find type 'in_port_t' in scope
 69 |
 70 |     @available(macOS 10.10, *)
 71 |     public func start(_ port: in_port_t = 8080, forceIPv4: Bool = false, priority: DispatchQoS.QoSClass = DispatchQoS.QoSClass.background) throws {
    |                               `- error: cannot find type 'in_port_t' in scope
 72 |         guard !self.operating else { return }
 73 |         stop()
/host/spi-builder-workspace/.build/checkouts/swifter/XCode/Sources/Socket+Server.swift:17:50: error: cannot find type 'in_port_t' in scope
 15 |     ///       connections from. It should be in IPv4 format if forceIPv4 == true,
 16 |     ///       otherwise - in IPv6.
 17 |     public class func tcpSocketForListen(_ port: in_port_t, _ forceIPv4: Bool = false, _ maxPendingConnection: Int32 = SOMAXCONN, _ listenAddress: String? = nil) throws -> Socket {
    |                                                  `- error: cannot find type 'in_port_t' in scope
 18 |
 19 |         #if os(Linux)
/host/spi-builder-workspace/.build/checkouts/swifter/XCode/Sources/Socket+Server.swift:17:120: error: cannot find 'SOMAXCONN' in scope
 15 |     ///       connections from. It should be in IPv4 format if forceIPv4 == true,
 16 |     ///       otherwise - in IPv6.
 17 |     public class func tcpSocketForListen(_ port: in_port_t, _ forceIPv4: Bool = false, _ maxPendingConnection: Int32 = SOMAXCONN, _ listenAddress: String? = nil) throws -> Socket {
    |                                                                                                                        `- error: cannot find 'SOMAXCONN' in scope
 18 |
 19 |         #if os(Linux)
/host/spi-builder-workspace/.build/checkouts/swifter/XCode/Sources/Socket.swift:50:34: error: cannot find type 'in_port_t' in scope
 48 |     }
 49 |
 50 |     public func port() throws -> in_port_t {
    |                                  `- error: cannot find type 'in_port_t' in scope
 51 |         var addr = sockaddr_in()
 52 |         return try withUnsafePointer(to: &addr) { pointer in
/host/spi-builder-workspace/.build/checkouts/swifter/XCode/Sources/String+File.swift:18:43: error: cannot find type 'FILE' in scope
 16 |     public class File {
 17 |
 18 |         let pointer: UnsafeMutablePointer<FILE>
    |                                           `- error: cannot find type 'FILE' in scope
 19 |
 20 |         public init(_ pointer: UnsafeMutablePointer<FILE>) {
/host/spi-builder-workspace/.build/checkouts/swifter/XCode/Sources/String+File.swift:20:53: error: cannot find type 'FILE' in scope
 18 |         let pointer: UnsafeMutablePointer<FILE>
 19 |
 20 |         public init(_ pointer: UnsafeMutablePointer<FILE>) {
    |                                                     `- error: cannot find type 'FILE' in scope
 21 |             self.pointer = pointer
 22 |         }
/host/spi-builder-workspace/.build/checkouts/swifter/XCode/Sources/String+File.swift:135:43: error: cannot find type 'stat' in scope
133 |     }
134 |
135 |     private func withStat<T>(_ closure: ((stat?) throws -> T)) throws -> T {
    |                                           `- error: cannot find type 'stat' in scope
136 |         return try self.withCString({
137 |             var statBuffer = stat()
Failed frontend command:
/root/.local/share/swiftly/toolchains/6.4.x-snapshot-2026-09-04/usr/bin/swift-frontend -frontend -emit-module -experimental-skip-non-inlinable-function-bodies-without-types /host/spi-builder-workspace/.build/checkouts/swifter/XCode/Sources/DemoServer.swift /host/spi-builder-workspace/.build/checkouts/swifter/XCode/Sources/Errno.swift /host/spi-builder-workspace/.build/checkouts/swifter/XCode/Sources/Files.swift /host/spi-builder-workspace/.build/checkouts/swifter/XCode/Sources/HttpParser.swift /host/spi-builder-workspace/.build/checkouts/swifter/XCode/Sources/HttpRequest.swift /host/spi-builder-workspace/.build/checkouts/swifter/XCode/Sources/HttpResponse.swift /host/spi-builder-workspace/.build/checkouts/swifter/XCode/Sources/HttpRouter.swift /host/spi-builder-workspace/.build/checkouts/swifter/XCode/Sources/HttpServer.swift /host/spi-builder-workspace/.build/checkouts/swifter/XCode/Sources/HttpServerIO.swift /host/spi-builder-workspace/.build/checkouts/swifter/XCode/Sources/MimeTypes.swift /host/spi-builder-workspace/.build/checkouts/swifter/XCode/Sources/Process.swift /host/spi-builder-workspace/.build/checkouts/swifter/XCode/Sources/Scopes.swift /host/spi-builder-workspace/.build/checkouts/swifter/XCode/Sources/Socket+File.swift /host/spi-builder-workspace/.build/checkouts/swifter/XCode/Sources/Socket+Server.swift /host/spi-builder-workspace/.build/checkouts/swifter/XCode/Sources/Socket.swift /host/spi-builder-workspace/.build/checkouts/swifter/XCode/Sources/String+BASE64.swift /host/spi-builder-workspace/.build/checkouts/swifter/XCode/Sources/String+File.swift /host/spi-builder-workspace/.build/checkouts/swifter/XCode/Sources/String+Misc.swift /host/spi-builder-workspace/.build/checkouts/swifter/XCode/Sources/String+SHA1.swift /host/spi-builder-workspace/.build/checkouts/swifter/XCode/Sources/WebSockets.swift -target aarch64-unknown-linux-android28 -Xllvm -aarch64-use-tbi -disable-objc-interop -sdk /android-ndk/android-ndk-r27d/toolchains/llvm/prebuilt/linux-x86_64/sysroot -sysroot /android-ndk/android-ndk-r27d/toolchains/llvm/prebuilt/linux-x86_64/sysroot -I /host/spi-builder-workspace/.build/out/Products/Debug-android-aarch64 -module-cache-path /host/spi-builder-workspace/.build/out/ModuleCache.noindex -color-diagnostics -Xcc -fcolor-diagnostics -enable-testing -g -debug-info-format\=dwarf -dwarf-version\=4 -suppress-warnings -swift-version 5 -Onone -D SWIFT_PACKAGE -D DEBUG -D SWIFT_MODULE_RESOURCE_BUNDLE_UNAVAILABLE -D Xcode -serialize-debugging-options -enable-experimental-feature DebugDescriptionMacro -empty-abi-descriptor -external-plugin-path /root/.local/share/swiftly/toolchains/6.4.x-snapshot-2026-09-04/usr/lib/swift/host/plugins/testing\#/root/.local/share/swiftly/toolchains/6.4.x-snapshot-2026-09-04/usr/bin/swift-plugin-server -validate-clang-modules-once -clang-build-session-file /host/spi-builder-workspace/.build/out/ModuleCache.noindex/Session.modulevalidation -Xcc -working-directory -Xcc /host -resource-dir /root/.swiftpm/swift-sdks/swift-6.4.x-DEVELOPMENT-SNAPSHOT-2026-09-04-a_android.artifactbundle/swift-android/swift-resources/usr/lib/swift-aarch64 -enable-anonymous-context-mangled-names -file-compilation-dir /host -Xcc -resource-dir -Xcc /android-ndk/android-ndk-r27d/toolchains/llvm/prebuilt/linux-x86_64/lib/clang/18 -Xcc -fno-omit-frame-pointer -Xcc -D_LIBCPP_HARDENING_MODE\=_LIBCPP_HARDENING_MODE_DEBUG -Xcc -fmodules-prune-interval\=86400 -Xcc -fmodules-prune-after\=345600 -Xcc -I/host/spi-builder-workspace/.build/out/Products/Debug-android-aarch64/include -Xcc -I/host/spi-builder-workspace/.build/out/Intermediates.noindex/Swifter.build/Debug-android-aarch64/Swifter-t.build/DerivedSources-normal/aarch64 -Xcc -I/host/spi-builder-workspace/.build/out/Intermediates.noindex/Swifter.build/Debug-android-aarch64/Swifter-t.build/DerivedSources/aarch64 -Xcc -I/host/spi-builder-workspace/.build/out/Intermediates.noindex/Swifter.build/Debug-android-aarch64/Swifter-t.build/DerivedSources -Xcc -DSWIFT_PACKAGE -Xcc -DDEBUG\=1 -no-auto-bridging-header-chaining -module-name Swifter -const-gather-protocols-file /host/spi-builder-workspace/.build/out/Intermediates.noindex/Swifter.build/Debug-android-aarch64/Swifter-t.build/Objects-normal/aarch64/Swifter_const_extract_protocols.json -in-process-plugin-server-path /root/.local/share/swiftly/toolchains/6.4.x-snapshot-2026-09-04/usr/lib/swift/host/libSwiftInProcPluginServer.so -plugin-path /root/.local/share/swiftly/toolchains/6.4.x-snapshot-2026-09-04/usr/lib/swift/host/plugins -plugin-path /root/.local/share/swiftly/toolchains/6.4.x-snapshot-2026-09-04/usr/local/lib/swift/host/plugins -emit-module-doc-path /host/spi-builder-workspace/.build/out/Intermediates.noindex/Swifter.build/Debug-android-aarch64/Swifter-t.build/Objects-normal/aarch64/Modules/Swifter.swiftdoc -emit-module-source-info-path /host/spi-builder-workspace/.build/out/Intermediates.noindex/Swifter.build/Debug-android-aarch64/Swifter-t.build/Objects-normal/aarch64/Modules/Swifter.swiftsourceinfo -emit-objc-header-path /host/spi-builder-workspace/.build/out/Intermediates.noindex/Swifter.build/Debug-android-aarch64/Swifter-t.build/Objects-normal/aarch64/Swifter-Swift.h -serialize-diagnostics-path /host/spi-builder-workspace/.build/out/Intermediates.noindex/Swifter.build/Debug-android-aarch64/Swifter-t.build/Objects-normal/aarch64/Swifter-primary-emit-module.dia -emit-dependencies-path /host/spi-builder-workspace/.build/out/Intermediates.noindex/Swifter.build/Debug-android-aarch64/Swifter-t.build/Objects-normal/aarch64/Swifter-primary-emit-module.d -parse-as-library -o /host/spi-builder-workspace/.build/out/Intermediates.noindex/Swifter.build/Debug-android-aarch64/Swifter-t.build/Objects-normal/aarch64/Modules/Swifter.swiftmodule
error: Build failed
BUILD FAILURE 6.4 android