Build Information
Failed to build BaseAPI, reference master (f861b9), with Swift 6.4 for tvOS using Xcode 27.0 on 21 Sep 2026 11:56:26 UTC.
Build Command
No build command. This typically means the build failed at an early stage where we determine the build command.Build Log
========================================
RunAll
========================================
Builder version: 5.1.0
Interrupt handler set up.
========================================
Checkout
========================================
Clone URL: https://github.com/serhii-londar/BaseAPI.git
Reference: master
Initialized empty Git repository in /Users/admin/builder/spi-builder-workspace/.git/
From https://github.com/serhii-londar/BaseAPI
* branch master -> FETCH_HEAD
* [new branch] master -> origin/master
HEAD is now at f861b98 Update watchos deployment target
Cloned https://github.com/serhii-londar/BaseAPI.git
Revision (git rev-parse @):
f861b982abc38b75e2c5332e2e333a9da06bcf6a
SUCCESS checkout https://github.com/serhii-londar/BaseAPI.git at master
========================================
Build
========================================
Selected platform: tvOS
Swift version: 6.4
Building package at path: $PWD
https://github.com/serhii-londar/BaseAPI.git
Command line invocation:
/Applications/Xcode-27.0.0-Release.Candidate.app/Contents/Developer/usr/bin/xcodebuild -IDEClonedSourcePackagesDirPathOverride=/Users/admin/builder/spi-builder-workspace/.dependencies -resolvePackageDependencies
2026-09-21 07:56:25.068 xcodebuild[529:3017] Writing error result bundle to /var/folders/xq/y_g06wb113726d38xsyx71_h0000gn/T/ResultBundle_2026-21-09_07-56-0025.xcresult
xcodebuild: error: The directory /Users/admin/builder/spi-builder-workspace contains 2 projects, including multiple projects with the current extension (.xcodeproj). Specify the project to use with the -project option.
Command line invocation:
/Applications/Xcode-27.0.0-Release.Candidate.app/Contents/Developer/usr/bin/xcodebuild -IDEClonedSourcePackagesDirPathOverride=/Users/admin/builder/spi-builder-workspace/.dependencies -resolvePackageDependencies
2026-09-21 07:56:26.071 xcodebuild[539:3110] Writing error result bundle to /var/folders/xq/y_g06wb113726d38xsyx71_h0000gn/T/ResultBundle_2026-21-09_07-56-0026.xcresult
xcodebuild: error: The directory /Users/admin/builder/spi-builder-workspace contains 2 projects, including multiple projects with the current extension (.xcodeproj). Specify the project to use with the -project option.
BUILD FAILURE 6.4 tvOS