Build Information
Failed to build PerfectRedis, reference main (c47ddd), with Swift 6.3 for watchOS using Xcode 26.4 on 1 Sep 2026 18:19:19 UTC.
Build Command
env DEVELOPER_DIR=/Applications/Xcode-26.5.0.app xcrun xcodebuild -IDEClonedSourcePackagesDirPathOverride=$PWD/.dependencies -skipMacroValidation -skipPackagePluginValidation -derivedDataPath $PWD/.derivedData build -scheme PerfectRedis -destination generic/platform=watchOSBuild Log
SwiftDriverJobDiscovery normal armv7k Compiling StandardLibrary.swift, SwiftNIO.swift, RESPTranslator.swift, RESPValue.swift (in target 'RediStack' from project 'RediStack')
SwiftDriverJobDiscovery normal arm64 Compiling RedisError.swift, RedisKey+TTL.swift, RedisKey.swift (in target 'RediStack' from project 'RediStack')
SwiftDriverJobDiscovery normal arm64_32 Compiling RedisClusterNodeDescriptionProtocol.swift, RedisClusterNodeID.swift, RedisClusterShardDescriptionProtocol.swift, RedisHashSlot.swift (in target 'RediStack' from project 'RediStack')
SwiftDriverJobDiscovery normal armv7k Compiling ConnectionPool.swift, RedisConnectionPool+Configuration.swift, RedisConnectionPool.swift, RedisConnectionPoolError.swift (in target 'RediStack' from project 'RediStack')
SwiftDriver\ Compilation RediStack normal armv7k com.apple.xcode.tools.swift.compiler (in target 'RediStack' from project 'RediStack')
cd /Users/admin/builder/spi-builder-workspace/.swiftpm/xcode
builtin-Swift-Compilation -- /Applications/Xcode-26.5.0.app/Contents/Developer/Toolchains/XcodeDefault.xctoolchain/usr/bin/swiftc -module-name RediStack -Onone @/Users/admin/builder/spi-builder-workspace/.derivedData/Build/Intermediates.noindex/RediStack.build/Debug-watchos/RediStack.build/Objects-normal/armv7k/RediStack.SwiftFileList -DSWIFT_PACKAGE -DDEBUG -DSWIFT_MODULE_RESOURCE_BUNDLE_UNAVAILABLE -Xcc -fmodule-map-file\=/Users/admin/builder/spi-builder-workspace/.derivedData/Build/Intermediates.noindex/GeneratedModuleMaps-watchos/CNIOPosix.modulemap -Xcc -fmodule-map-file\=/Users/admin/builder/spi-builder-workspace/.derivedData/Build/Intermediates.noindex/GeneratedModuleMaps-watchos/CNIOWASI.modulemap -Xcc -fmodule-map-file\=/Users/admin/builder/spi-builder-workspace/.derivedData/Build/Intermediates.noindex/GeneratedModuleMaps-watchos/CNIOLinux.modulemap -Xcc -fmodule-map-file\=/Users/admin/builder/spi-builder-workspace/.derivedData/Build/Intermediates.noindex/GeneratedModuleMaps-watchos/CNIODarwin.modulemap -Xcc -fmodule-map-file\=/Users/admin/builder/spi-builder-workspace/.derivedData/Build/Intermediates.noindex/GeneratedModuleMaps-watchos/CNIOFreeBSD.modulemap -Xcc -fmodule-map-file\=/Users/admin/builder/spi-builder-workspace/.derivedData/Build/Intermediates.noindex/GeneratedModuleMaps-watchos/CNIOOpenBSD.modulemap -Xcc -fmodule-map-file\=/Users/admin/builder/spi-builder-workspace/.derivedData/Build/Intermediates.noindex/GeneratedModuleMaps-watchos/CNIOAtomics.modulemap -Xcc -fmodule-map-file\=/Users/admin/builder/spi-builder-workspace/.derivedData/Build/Intermediates.noindex/GeneratedModuleMaps-watchos/CNIOBoringSSLShims.modulemap -DXcode -plugin-path /Applications/Xcode-26.5.0.app/Contents/Developer/Toolchains/XcodeDefault.xctoolchain/usr/lib/swift/host/plugins/testing -enable-experimental-feature DebugDescriptionMacro -sdk /Applications/Xcode-26.5.0.app/Contents/Developer/Platforms/WatchOS.platform/Developer/SDKs/WatchOS26.5.sdk -target armv7k-apple-watchos5.0 -g -module-cache-path /Users/admin/builder/spi-builder-workspace/.derivedData/ModuleCache.noindex -Xfrontend -serialize-debugging-options -profile-coverage-mapping -profile-generate -enable-testing -suppress-warnings -index-store-path /Users/admin/builder/spi-builder-workspace/.derivedData/Index.noindex/DataStore -Xcc -D_LIBCPP_HARDENING_MODE\=_LIBCPP_HARDENING_MODE_DEBUG -swift-version 5 -I /Users/admin/builder/spi-builder-workspace/.derivedData/Build/Products/Debug-watchos -Isystem /Applications/Xcode-26.5.0.app/Contents/Developer/Platforms/WatchOS.platform/Developer/usr/lib -F /Users/admin/builder/spi-builder-workspace/.derivedData/Build/Products/Debug-watchos/PackageFrameworks -F /Users/admin/builder/spi-builder-workspace/.derivedData/Build/Products/Debug-watchos/PackageFrameworks -F /Users/admin/builder/spi-builder-workspace/.derivedData/Build/Products/Debug-watchos/PackageFrameworks -F /Users/admin/builder/spi-builder-workspace/.derivedData/Build/Products/Debug-watchos/PackageFrameworks -F /Users/admin/builder/spi-builder-workspace/.derivedData/Build/Products/Debug-watchos/PackageFrameworks -F /Users/admin/builder/spi-builder-workspace/.derivedData/Build/Products/Debug-watchos/PackageFrameworks -F /Users/admin/builder/spi-builder-workspace/.derivedData/Build/Products/Debug-watchos/PackageFrameworks -F /Users/admin/builder/spi-builder-workspace/.derivedData/Build/Products/Debug-watchos/PackageFrameworks -F /Users/admin/builder/spi-builder-workspace/.derivedData/Build/Products/Debug-watchos/PackageFrameworks -F /Users/admin/builder/spi-builder-workspace/.derivedData/Build/Products/Debug-watchos/PackageFrameworks -F /Users/admin/builder/spi-builder-workspace/.derivedData/Build/Products/Debug-watchos/PackageFrameworks -F /Users/admin/builder/spi-builder-workspace/.derivedData/Build/Products/Debug-watchos/PackageFrameworks -F /Users/admin/builder/spi-builder-workspace/.derivedData/Build/Products/Debug-watchos/PackageFrameworks -F /Users/admin/builder/spi-builder-workspace/.derivedData/Build/Products/Debug-watchos/PackageFrameworks -F /Users/admin/builder/spi-builder-workspace/.derivedData/Build/Products/Debug-watchos/PackageFrameworks -F /Users/admin/builder/spi-builder-workspace/.derivedData/Build/Products/Debug-watchos/PackageFrameworks -F /Users/admin/builder/spi-builder-workspace/.derivedData/Build/Products/Debug-watchos/PackageFrameworks -F /Users/admin/builder/spi-builder-workspace/.derivedData/Build/Products/Debug-watchos/PackageFrameworks -F /Users/admin/builder/spi-builder-workspace/.derivedData/Build/Products/Debug-watchos/PackageFrameworks -F /Users/admin/builder/spi-builder-workspace/.derivedData/Build/Products/Debug-watchos/PackageFrameworks -F /Users/admin/builder/spi-builder-workspace/.derivedData/Build/Products/Debug-watchos/PackageFrameworks -F /Users/admin/builder/spi-builder-workspace/.derivedData/Build/Products/Debug-watchos/PackageFrameworks -F /Users/admin/builder/spi-builder-workspace/.derivedData/Build/Products/Debug-watchos/PackageFrameworks -F /Users/admin/builder/spi-builder-workspace/.derivedData/Build/Products/Debug-watchos/PackageFrameworks -F /Users/admin/builder/spi-builder-workspace/.derivedData/Build/Products/Debug-watchos/PackageFrameworks -F /Users/admin/builder/spi-builder-workspace/.derivedData/Build/Products/Debug-watchos/PackageFrameworks -F /Users/admin/builder/spi-builder-workspace/.derivedData/Build/Products/Debug-watchos/PackageFrameworks -F /Users/admin/builder/spi-builder-workspace/.derivedData/Build/Products/Debug-watchos -F /Applications/Xcode-26.5.0.app/Contents/Developer/Platforms/WatchOS.platform/Developer/Library/Frameworks -F /Applications/Xcode-26.5.0.app/Contents/Developer/Platforms/WatchOS.platform/Developer/SDKs/WatchOS26.5.sdk/Developer/Library/Frameworks -c -j10 -enable-batch-mode -incremental -Xcc -ivfsstatcache -Xcc /Users/admin/builder/spi-builder-workspace/.derivedData/SDKStatCaches.noindex/watchos26.5-23T570-688ef53f1462e2c8f657fdc38a81448f7931b973dfc65d9472806dbbc3af9379.sdkstatcache -output-file-map /Users/admin/builder/spi-builder-workspace/.derivedData/Build/Intermediates.noindex/RediStack.build/Debug-watchos/RediStack.build/Objects-normal/armv7k/RediStack-OutputFileMap.json -use-frontend-parseable-output -save-temps -no-color-diagnostics -explicit-module-build -module-cache-path /Users/admin/builder/spi-builder-workspace/.derivedData/Build/Intermediates.noindex/SwiftExplicitPrecompiledModules -clang-scanner-module-cache-path /Users/admin/builder/spi-builder-workspace/.derivedData/ModuleCache.noindex -sdk-module-cache-path /Users/admin/builder/spi-builder-workspace/.derivedData/ModuleCache.noindex -serialize-diagnostics -emit-dependencies -emit-module -emit-module-path /Users/admin/builder/spi-builder-workspace/.derivedData/Build/Intermediates.noindex/RediStack.build/Debug-watchos/RediStack.build/Objects-normal/armv7k/RediStack.swiftmodule -user-module-version 1.6.3 -validate-clang-modules-once -clang-build-session-file /Users/admin/builder/spi-builder-workspace/.derivedData/ModuleCache.noindex/Session.modulevalidation -package-name redistack -Xcc -I/Users/admin/builder/spi-builder-workspace/.derivedData/Build/Intermediates.noindex/RediStack.build/Debug-watchos/RediStack.build/swift-overrides.hmap -emit-const-values -Xfrontend -const-gather-protocols-file -Xfrontend /Users/admin/builder/spi-builder-workspace/.derivedData/Build/Intermediates.noindex/RediStack.build/Debug-watchos/RediStack.build/Objects-normal/armv7k/RediStack_const_extract_protocols.json -Xcc -I/Users/admin/builder/spi-builder-workspace/.dependencies/checkouts/swift-nio/Sources/CNIOPosix/include -Xcc -I/Users/admin/builder/spi-builder-workspace/.dependencies/checkouts/swift-nio/Sources/CNIOWASI/include -Xcc -I/Users/admin/builder/spi-builder-workspace/.dependencies/checkouts/swift-nio/Sources/CNIOWindows/include -Xcc -I/Users/admin/builder/spi-builder-workspace/.dependencies/checkouts/swift-nio/Sources/CNIOLinux/include -Xcc -I/Users/admin/builder/spi-builder-workspace/.dependencies/checkouts/swift-nio/Sources/CNIODarwin/include -Xcc -I/Users/admin/builder/spi-builder-workspace/.dependencies/checkouts/swift-nio/Sources/CNIOFreeBSD/include -Xcc -I/Users/admin/builder/spi-builder-workspace/.dependencies/checkouts/swift-nio/Sources/CNIOOpenBSD/include -Xcc -I/Users/admin/builder/spi-builder-workspace/.dependencies/checkouts/swift-nio/Sources/CNIOAtomics/include -Xcc -I/Users/admin/builder/spi-builder-workspace/.dependencies/checkouts/swift-nio-ssl/Sources/CNIOBoringSSLShims/include -Xcc -I/Users/admin/builder/spi-builder-workspace/.dependencies/checkouts/swift-nio-ssl/Sources/CNIOBoringSSL/include -Xcc -I/Users/admin/builder/spi-builder-workspace/.dependencies/checkouts/swift-atomics/Sources/_AtomicsShims/include -Xcc -I/Users/admin/builder/spi-builder-workspace/.derivedData/Build/Products/Debug-watchos/include -Xcc -I/Users/admin/builder/spi-builder-workspace/.derivedData/Build/Intermediates.noindex/RediStack.build/Debug-watchos/RediStack.build/DerivedSources-normal/armv7k -Xcc -I/Users/admin/builder/spi-builder-workspace/.derivedData/Build/Intermediates.noindex/RediStack.build/Debug-watchos/RediStack.build/DerivedSources/armv7k -Xcc -I/Users/admin/builder/spi-builder-workspace/.derivedData/Build/Intermediates.noindex/RediStack.build/Debug-watchos/RediStack.build/DerivedSources -Xcc -DSWIFT_PACKAGE -Xcc -DDEBUG\=1 -emit-objc-header -emit-objc-header-path /Users/admin/builder/spi-builder-workspace/.derivedData/Build/Intermediates.noindex/RediStack.build/Debug-watchos/RediStack.build/Objects-normal/armv7k/RediStack-Swift.h -working-directory /Users/admin/builder/spi-builder-workspace/.swiftpm/xcode -experimental-emit-module-separately -disable-cmo
Ld /Users/admin/builder/spi-builder-workspace/.derivedData/Build/Intermediates.noindex/RediStack.build/Debug-watchos/RediStack.build/Objects-normal/armv7k/Binary/RediStack.o normal armv7k (in target 'RediStack' from project 'RediStack')
cd /Users/admin/builder/spi-builder-workspace/.dependencies/checkouts/RediStack
/Applications/Xcode-26.5.0.app/Contents/Developer/Toolchains/XcodeDefault.xctoolchain/usr/bin/clang -Xlinker -reproducible -target armv7k-apple-watchos5.0 -r -isysroot /Applications/Xcode-26.5.0.app/Contents/Developer/Platforms/WatchOS.platform/Developer/SDKs/WatchOS26.5.sdk -O0 -w -F/Users/admin/builder/spi-builder-workspace/.derivedData/Build/Intermediates.noindex/EagerLinkingTBDs/Debug-watchos -F/Users/admin/builder/spi-builder-workspace/.derivedData/Build/Products/Debug-watchos/PackageFrameworks -F/Users/admin/builder/spi-builder-workspace/.derivedData/Build/Products/Debug-watchos/PackageFrameworks -F/Users/admin/builder/spi-builder-workspace/.derivedData/Build/Products/Debug-watchos/PackageFrameworks -F/Users/admin/builder/spi-builder-workspace/.derivedData/Build/Products/Debug-watchos/PackageFrameworks -F/Users/admin/builder/spi-builder-workspace/.derivedData/Build/Products/Debug-watchos/PackageFrameworks -F/Users/admin/builder/spi-builder-workspace/.derivedData/Build/Products/Debug-watchos/PackageFrameworks -F/Users/admin/builder/spi-builder-workspace/.derivedData/Build/Products/Debug-watchos/PackageFrameworks -F/Users/admin/builder/spi-builder-workspace/.derivedData/Build/Products/Debug-watchos/PackageFrameworks -F/Users/admin/builder/spi-builder-workspace/.derivedData/Build/Products/Debug-watchos/PackageFrameworks -F/Users/admin/builder/spi-builder-workspace/.derivedData/Build/Products/Debug-watchos/PackageFrameworks -F/Users/admin/builder/spi-builder-workspace/.derivedData/Build/Products/Debug-watchos/PackageFrameworks -F/Users/admin/builder/spi-builder-workspace/.derivedData/Build/Products/Debug-watchos/PackageFrameworks -F/Users/admin/builder/spi-builder-workspace/.derivedData/Build/Products/Debug-watchos/PackageFrameworks -F/Users/admin/builder/spi-builder-workspace/.derivedData/Build/Products/Debug-watchos/PackageFrameworks -F/Users/admin/builder/spi-builder-workspace/.derivedData/Build/Products/Debug-watchos/PackageFrameworks -F/Users/admin/builder/spi-builder-workspace/.derivedData/Build/Products/Debug-watchos/PackageFrameworks -F/Users/admin/builder/spi-builder-workspace/.derivedData/Build/Products/Debug-watchos/PackageFrameworks -F/Users/admin/builder/spi-builder-workspace/.derivedData/Build/Products/Debug-watchos/PackageFrameworks -F/Users/admin/builder/spi-builder-workspace/.derivedData/Build/Products/Debug-watchos/PackageFrameworks -F/Users/admin/builder/spi-builder-workspace/.derivedData/Build/Products/Debug-watchos/PackageFrameworks -F/Users/admin/builder/spi-builder-workspace/.derivedData/Build/Products/Debug-watchos/PackageFrameworks -F/Users/admin/builder/spi-builder-workspace/.derivedData/Build/Products/Debug-watchos/PackageFrameworks -F/Users/admin/builder/spi-builder-workspace/.derivedData/Build/Products/Debug-watchos/PackageFrameworks -F/Users/admin/builder/spi-builder-workspace/.derivedData/Build/Products/Debug-watchos/PackageFrameworks -F/Users/admin/builder/spi-builder-workspace/.derivedData/Build/Products/Debug-watchos/PackageFrameworks -F/Users/admin/builder/spi-builder-workspace/.derivedData/Build/Products/Debug-watchos/PackageFrameworks -F/Users/admin/builder/spi-builder-workspace/.derivedData/Build/Products/Debug-watchos/PackageFrameworks -F/Users/admin/builder/spi-builder-workspace/.derivedData/Build/Products/Debug-watchos -iframework /Applications/Xcode-26.5.0.app/Contents/Developer/Platforms/WatchOS.platform/Developer/Library/Frameworks -iframework /Applications/Xcode-26.5.0.app/Contents/Developer/Platforms/WatchOS.platform/Developer/SDKs/WatchOS26.5.sdk/Developer/Library/Frameworks -filelist /Users/admin/builder/spi-builder-workspace/.derivedData/Build/Intermediates.noindex/RediStack.build/Debug-watchos/RediStack.build/Objects-normal/armv7k/RediStack.LinkFileList -nostdlib -Xlinker -object_path_lto -Xlinker /Users/admin/builder/spi-builder-workspace/.derivedData/Build/Intermediates.noindex/RediStack.build/Debug-watchos/RediStack.build/Objects-normal/armv7k/RediStack_lto.o -Xlinker -no_deduplicate -Xlinker -debug_variant -Xlinker -dependency_info -Xlinker /Users/admin/builder/spi-builder-workspace/.derivedData/Build/Intermediates.noindex/RediStack.build/Debug-watchos/RediStack.build/Objects-normal/armv7k/RediStack_dependency_info.dat -fobjc-link-runtime -L/Applications/Xcode-26.5.0.app/Contents/Developer/Toolchains/XcodeDefault.xctoolchain/usr/lib/swift/watchos -L/usr/lib/swift -Xlinker -add_ast_path -Xlinker /Users/admin/builder/spi-builder-workspace/.derivedData/Build/Intermediates.noindex/RediStack.build/Debug-watchos/RediStack.build/Objects-normal/armv7k/RediStack.swiftmodule @/Users/admin/builder/spi-builder-workspace/.derivedData/Build/Intermediates.noindex/RediStack.build/Debug-watchos/RediStack.build/Objects-normal/armv7k/RediStack-linker-args.resp -o /Users/admin/builder/spi-builder-workspace/.derivedData/Build/Intermediates.noindex/RediStack.build/Debug-watchos/RediStack.build/Objects-normal/armv7k/Binary/RediStack.o
SwiftEmitModule normal arm64_32 Emitting\ module\ for\ PerfectRedis (in target 'PerfectRedis' from project 'PerfectRedis')
EmitSwiftModule normal arm64_32 (in target 'PerfectRedis' from project 'PerfectRedis')
cd /Users/admin/builder/spi-builder-workspace/.swiftpm/xcode
SwiftCompile normal arm64_32 Compiling\ PerfectRedis.swift /Users/admin/builder/spi-builder-workspace/Sources/PerfectRedis/PerfectRedis.swift (in target 'PerfectRedis' from project 'PerfectRedis')
SwiftCompile normal arm64_32 /Users/admin/builder/spi-builder-workspace/Sources/PerfectRedis/PerfectRedis.swift (in target 'PerfectRedis' from project 'PerfectRedis')
cd /Users/admin/builder/spi-builder-workspace/.swiftpm/xcode
SwiftCompile normal arm64_32 Compiling\ RedisClientSync.swift /Users/admin/builder/spi-builder-workspace/Sources/PerfectRedis/RedisClientSync.swift (in target 'PerfectRedis' from project 'PerfectRedis')
SwiftCompile normal arm64_32 /Users/admin/builder/spi-builder-workspace/Sources/PerfectRedis/RedisClientSync.swift (in target 'PerfectRedis' from project 'PerfectRedis')
cd /Users/admin/builder/spi-builder-workspace/.swiftpm/xcode
SwiftCompile normal arm64_32 Compiling\ RedisHash.swift /Users/admin/builder/spi-builder-workspace/Sources/PerfectRedis/RedisHash.swift (in target 'PerfectRedis' from project 'PerfectRedis')
Failed frontend command:
/Applications/Xcode-26.5.0.app/Contents/Developer/Toolchains/XcodeDefault.xctoolchain/usr/bin/swift-frontend -frontend -c /Users/admin/builder/spi-builder-workspace/Sources/PerfectRedis/PerfectRedis.swift /Users/admin/builder/spi-builder-workspace/Sources/PerfectRedis/RedisClientSync.swift -primary-file /Users/admin/builder/spi-builder-workspace/Sources/PerfectRedis/RedisHash.swift /Users/admin/builder/spi-builder-workspace/Sources/PerfectRedis/RedisList.swift /Users/admin/builder/spi-builder-workspace/Sources/PerfectRedis/RedisSet.swift -emit-dependencies-path /Users/admin/builder/spi-builder-workspace/.derivedData/Build/Intermediates.noindex/PerfectRedis.build/Debug-watchos/PerfectRedis.build/Objects-normal/arm64_32/RedisHash.d -emit-const-values-path /Users/admin/builder/spi-builder-workspace/.derivedData/Build/Intermediates.noindex/PerfectRedis.build/Debug-watchos/PerfectRedis.build/Objects-normal/arm64_32/RedisHash.swiftconstvalues -emit-reference-dependencies-path /Users/admin/builder/spi-builder-workspace/.derivedData/Build/Intermediates.noindex/PerfectRedis.build/Debug-watchos/PerfectRedis.build/Objects-normal/arm64_32/RedisHash.swiftdeps -serialize-diagnostics-path /Users/admin/builder/spi-builder-workspace/.derivedData/Build/Intermediates.noindex/PerfectRedis.build/Debug-watchos/PerfectRedis.build/Objects-normal/arm64_32/RedisHash.dia -target arm64_32-apple-watchos5.0 -load-resolved-plugin /Applications/Xcode-26.5.0.app/Contents/Developer/Platforms/WatchOS.platform/Developer/usr/lib/swift/host/plugins/libFoundationMacros.dylib\#/Applications/Xcode-26.5.0.app/Contents/Developer/Platforms/WatchOS.platform/Developer/usr/bin/swift-plugin-server\#FoundationMacros -load-resolved-plugin /Applications/Xcode-26.5.0.app/Contents/Developer/Platforms/WatchOS.platform/Developer/usr/lib/swift/host/plugins/libObservationMacros.dylib\#/Applications/Xcode-26.5.0.app/Contents/Developer/Platforms/WatchOS.platform/Developer/usr/bin/swift-plugin-server\#ObservationMacros -load-resolved-plugin /Applications/Xcode-26.5.0.app/Contents/Developer/Platforms/WatchOS.platform/Developer/usr/lib/swift/host/plugins/libSwiftMacros.dylib\#/Applications/Xcode-26.5.0.app/Contents/Developer/Platforms/WatchOS.platform/Developer/usr/bin/swift-plugin-server\#SwiftMacros -disable-implicit-swift-modules -Xcc -fno-implicit-modules -Xcc -fno-implicit-module-maps -explicit-swift-module-map-file /Users/admin/builder/spi-builder-workspace/.derivedData/Build/Intermediates.noindex/PerfectRedis.build/Debug-watchos/PerfectRedis.build/Objects-normal/arm64_32/PerfectRedis-dependencies-1.json -debug-module-path /Users/admin/builder/spi-builder-workspace/.derivedData/Build/Intermediates.noindex/PerfectRedis.build/Debug-watchos/PerfectRedis.build/Objects-normal/arm64_32/PerfectRedis.swiftmodule -enable-objc-interop -sdk /Applications/Xcode-26.5.0.app/Contents/Developer/Platforms/WatchOS.platform/Developer/SDKs/WatchOS26.5.sdk -I /Users/admin/builder/spi-builder-workspace/.derivedData/Build/Products/Debug-watchos -Isystem /Applications/Xcode-26.5.0.app/Contents/Developer/Platforms/WatchOS.platform/Developer/usr/lib -F /Users/admin/builder/spi-builder-workspace/.derivedData/Build/Products/Debug-watchos/PackageFrameworks -F /Users/admin/builder/spi-builder-workspace/.derivedData/Build/Products/Debug-watchos/PackageFrameworks -F /Users/admin/builder/spi-builder-workspace/.derivedData/Build/Products/Debug-watchos/PackageFrameworks -F /Users/admin/builder/spi-builder-workspace/.derivedData/Build/Products/Debug-watchos/PackageFrameworks -F /Users/admin/builder/spi-builder-workspace/.derivedData/Build/Products/Debug-watchos/PackageFrameworks -F /Users/admin/builder/spi-builder-workspace/.derivedData/Build/Products/Debug-watchos/PackageFrameworks -F /Users/admin/builder/spi-builder-workspace/.derivedData/Build/Products/Debug-watchos/PackageFrameworks -F /Users/admin/builder/spi-builder-workspace/.derivedData/Build/Products/Debug-watchos/PackageFrameworks -F /Users/admin/builder/spi-builder-workspace/.derivedData/Build/Products/Debug-watchos/PackageFrameworks -F /Users/admin/builder/spi-builder-workspace/.derivedData/Build/Products/Debug-watchos/PackageFrameworks -F /Users/admin/builder/spi-builder-workspace/.derivedData/Build/Products/Debug-watchos/PackageFrameworks -F /Users/admin/builder/spi-builder-workspace/.derivedData/Build/Products/Debug-watchos/PackageFrameworks -F /Users/admin/builder/spi-builder-workspace/.derivedData/Build/Products/Debug-watchos/PackageFrameworks -F /Users/admin/builder/spi-builder-workspace/.derivedData/Build/Products/Debug-watchos/PackageFrameworks -F /Users/admin/builder/spi-builder-workspace/.derivedData/Build/Products/Debug-watchos/PackageFrameworks -F /Users/admin/builder/spi-builder-workspace/.derivedData/Build/Products/Debug-watchos/PackageFrameworks -F /Users/admin/builder/spi-builder-workspace/.derivedData/Build/Products/Debug-watchos/PackageFrameworks -F /Users/admin/builder/spi-builder-workspace/.derivedData/Build/Products/Debug-watchos/PackageFrameworks -F /Users/admin/builder/spi-builder-workspace/.derivedData/Build/Products/Debug-watchos/PackageFrameworks -F /Users/admin/builder/spi-builder-workspace/.derivedData/Build/Products/Debug-watchos/PackageFrameworks -F /Users/admin/builder/spi-builder-workspace/.derivedData/Build/Products/Debug-watchos/PackageFrameworks -F /Users/admin/builder/spi-builder-workspace/.derivedData/Build/Products/Debug-watchos/PackageFrameworks -F /Users/admin/builder/spi-builder-workspace/.derivedData/Build/Products/Debug-watchos/PackageFrameworks -F /Users/admin/builder/spi-builder-workspace/.derivedData/Build/Products/Debug-watchos/PackageFrameworks -F /Users/admin/builder/spi-builder-workspace/.derivedData/Build/Products/Debug-watchos/PackageFrameworks -F /Users/admin/builder/spi-builder-workspace/.derivedData/Build/Products/Debug-watchos/PackageFrameworks -F /Users/admin/builder/spi-builder-workspace/.derivedData/Build/Products/Debug-watchos/PackageFrameworks -F /Users/admin/builder/spi-builder-workspace/.derivedData/Build/Products/Debug-watchos/PackageFrameworks -F /Users/admin/builder/spi-builder-workspace/.derivedData/Build/Products/Debug-watchos -F /Applications/Xcode-26.5.0.app/Contents/Developer/Platforms/WatchOS.platform/Developer/Library/Frameworks -F /Applications/Xcode-26.5.0.app/Contents/Developer/Platforms/WatchOS.platform/Developer/SDKs/WatchOS26.5.sdk/Developer/Library/Frameworks -no-color-diagnostics -Xcc -fno-color-diagnostics -enable-testing -g -debug-info-format\=dwarf -dwarf-version\=4 -module-cache-path /Users/admin/builder/spi-builder-workspace/.derivedData/Build/Intermediates.noindex/SwiftExplicitPrecompiledModules -profile-generate -profile-coverage-mapping -swift-version 6 -Onone -D SWIFT_PACKAGE -D DEBUG -D SWIFT_MODULE_RESOURCE_BUNDLE_UNAVAILABLE -D Xcode -serialize-debugging-options -const-gather-protocols-file /Users/admin/builder/spi-builder-workspace/.derivedData/Build/Intermediates.noindex/PerfectRedis.build/Debug-watchos/PerfectRedis.build/Objects-normal/arm64_32/PerfectRedis_const_extract_protocols.json -enable-experimental-feature DebugDescriptionMacro -empty-abi-descriptor -validate-clang-modules-once -clang-build-session-file /Users/admin/builder/spi-builder-workspace/.derivedData/ModuleCache.noindex/Session.modulevalidation -Xcc -working-directory -Xcc /Users/admin/builder/spi-builder-workspace/.swiftpm/xcode -enable-anonymous-context-mangled-names -file-compilation-dir /Users/admin/builder/spi-builder-workspace/.swiftpm/xcode -Xcc -fmodule-map-file\=/Users/admin/builder/spi-builder-workspace/.derivedData/Build/Intermediates.noindex/GeneratedModuleMaps-watchos/CNIOPosix.modulemap -Xcc -fmodule-map-file\=/Users/admin/builder/spi-builder-workspace/.derivedData/Build/Intermediates.noindex/GeneratedModuleMaps-watchos/CNIOWASI.modulemap -Xcc -fmodule-map-file\=/Users/admin/builder/spi-builder-workspace/.derivedData/Build/Intermediates.noindex/GeneratedModuleMaps-watchos/CNIOLinux.modulemap -Xcc -fmodule-map-file\=/Users/admin/builder/spi-builder-workspace/.derivedData/Build/Intermediates.noindex/GeneratedModuleMaps-watchos/CNIODarwin.modulemap -Xcc -fmodule-map-file\=/Users/admin/builder/spi-builder-workspace/.derivedData/Build/Intermediates.noindex/GeneratedModuleMaps-watchos/CNIOFreeBSD.modulemap -Xcc -fmodule-map-file\=/Users/admin/builder/spi-builder-workspace/.derivedData/Build/Intermediates.noindex/GeneratedModuleMaps-watchos/CNIOOpenBSD.modulemap -Xcc -fmodule-map-file\=/Users/admin/builder/spi-builder-workspace/.derivedData/Build/Intermediates.noindex/GeneratedModuleMaps-watchos/CNIOAtomics.modulemap -Xcc -fmodule-map-file\=/Users/admin/builder/spi-builder-workspace/.derivedData/Build/Intermediates.noindex/GeneratedModuleMaps-watchos/CNIOBoringSSLShims.modulemap -Xcc -D_LIBCPP_HARDENING_MODE\=_LIBCPP_HARDENING_MODE_DEBUG -Xcc -ivfsstatcache -Xcc /Users/admin/builder/spi-builder-workspace/.derivedData/SDKStatCaches.noindex/watchos26.5-23T570-688ef53f1462e2c8f657fdc38a81448f7931b973dfc65d9472806dbbc3af9379.sdkstatcache -Xcc -I/Users/admin/builder/spi-builder-workspace/.derivedData/Build/Intermediates.noindex/PerfectRedis.build/Debug-watchos/PerfectRedis.build/swift-overrides.hmap -Xcc -I/Users/admin/builder/spi-builder-workspace/.dependencies/checkouts/swift-nio/Sources/CNIOPosix/include -Xcc -I/Users/admin/builder/spi-builder-workspace/.dependencies/checkouts/swift-nio/Sources/CNIOWASI/include -Xcc -I/Users/admin/builder/spi-builder-workspace/.dependencies/checkouts/swift-nio/Sources/CNIOWindows/include -Xcc -I/Users/admin/builder/spi-builder-workspace/.dependencies/checkouts/swift-nio/Sources/CNIOLinux/include -Xcc -I/Users/admin/builder/spi-builder-workspace/.dependencies/checkouts/swift-nio/Sources/CNIODarwin/include -Xcc -I/Users/admin/builder/spi-builder-workspace/.dependencies/checkouts/swift-nio/Sources/CNIOFreeBSD/include -Xcc -I/Users/admin/builder/spi-builder-workspace/.dependencies/checkouts/swift-nio/Sources/CNIOOpenBSD/include -Xcc -I/Users/admin/builder/spi-builder-workspace/.dependencies/checkouts/swift-nio/Sources/CNIOAtomics/include -Xcc -I/Users/admin/builder/spi-builder-workspace/.dependencies/checkouts/swift-nio-ssl/Sources/CNIOBoringSSLShims/include -Xcc -I/Users/admin/builder/spi-builder-workspace/.dependencies/checkouts/swift-nio-ssl/Sources/CNIOBoringSSL/include -Xcc -I/Users/admin/builder/spi-builder-workspace/.dependencies/checkouts/swift-atomics/Sources/_AtomicsShims/include -Xcc -I/Users/admin/builder/spi-builder-workspace/.derivedData/Build/Products/Debug-watchos/include -Xcc -I/Users/admin/builder/spi-builder-workspace/.derivedData/Build/Intermediates.noindex/PerfectRedis.build/Debug-watchos/PerfectRedis.build/DerivedSources-normal/arm64_32 -Xcc -I/Users/admin/builder/spi-builder-workspace/.derivedData/Build/Intermediates.noindex/PerfectRedis.build/Debug-watchos/PerfectRedis.build/DerivedSources/arm64_32 -Xcc -I/Users/admin/builder/spi-builder-workspace/.derivedData/Build/Intermediates.noindex/PerfectRedis.build/Debug-watchos/PerfectRedis.build/DerivedSources -Xcc -DSWIFT_PACKAGE -Xcc -DDEBUG\=1 -no-auto-bridging-header-chaining -module-name PerfectRedis -package-name spi_builder_workspace -frontend-parseable-output -disable-clang-spi -clang-target arm64_32-apple-watchos26.5 -target-sdk-version 26.5 -target-sdk-name watchos26.5 -in-process-plugin-server-path /Applications/Xcode-26.5.0.app/Contents/Developer/Toolchains/XcodeDefault.xctoolchain/usr/lib/swift/host/libSwiftInProcPluginServer.dylib -o /Users/admin/builder/spi-builder-workspace/.derivedData/Build/Intermediates.noindex/PerfectRedis.build/Debug-watchos/PerfectRedis.build/Objects-normal/arm64_32/RedisHash.o -index-unit-output-path /PerfectRedis.build/Debug-watchos/PerfectRedis.build/Objects-normal/arm64_32/RedisHash.o -index-store-path /Users/admin/builder/spi-builder-workspace/.derivedData/Index.noindex/DataStore -index-system-modules
SwiftCompile normal arm64_32 /Users/admin/builder/spi-builder-workspace/Sources/PerfectRedis/RedisHash.swift (in target 'PerfectRedis' from project 'PerfectRedis')
cd /Users/admin/builder/spi-builder-workspace/.swiftpm/xcode
/Users/admin/builder/spi-builder-workspace/Sources/PerfectRedis/RedisHash.swift:11:36: error: concurrency is only available in watchOS 6.0.0 or newer
public func get(field: String) async throws -> RedisResponse {
^
/Users/admin/builder/spi-builder-workspace/Sources/PerfectRedis/RedisHash.swift:11:17: note: add '@available' attribute to enclosing instance method
public func get(field: String) async throws -> RedisResponse {
^
/Users/admin/builder/spi-builder-workspace/Sources/PerfectRedis/RedisHash.swift:2:15: note: add '@available' attribute to enclosing struct
public struct RedisHash: Sendable {
^
/Users/admin/builder/spi-builder-workspace/Sources/PerfectRedis/RedisHash.swift:14:39: error: concurrency is only available in watchOS 6.0.0 or newer
public func get(fields: [String]) async throws -> RedisResponse {
^
/Users/admin/builder/spi-builder-workspace/Sources/PerfectRedis/RedisHash.swift:14:17: note: add '@available' attribute to enclosing instance method
public func get(fields: [String]) async throws -> RedisResponse {
^
/Users/admin/builder/spi-builder-workspace/Sources/PerfectRedis/RedisHash.swift:2:15: note: add '@available' attribute to enclosing struct
public struct RedisHash: Sendable {
^
/Users/admin/builder/spi-builder-workspace/Sources/PerfectRedis/RedisHash.swift:17:67: error: concurrency is only available in watchOS 6.0.0 or newer
public func set(field: String, value: RedisClient.RedisValue) async throws -> RedisResponse {
^
/Users/admin/builder/spi-builder-workspace/Sources/PerfectRedis/RedisHash.swift:17:17: note: add '@available' attribute to enclosing instance method
public func set(field: String, value: RedisClient.RedisValue) async throws -> RedisResponse {
^
/Users/admin/builder/spi-builder-workspace/Sources/PerfectRedis/RedisHash.swift:2:15: note: add '@available' attribute to enclosing struct
public struct RedisHash: Sendable {
^
/Users/admin/builder/spi-builder-workspace/Sources/PerfectRedis/RedisHash.swift:20:71: error: concurrency is only available in watchOS 6.0.0 or newer
public func set(fieldsValues: [(String, RedisClient.RedisValue)]) async throws -> RedisResponse {
^
/Users/admin/builder/spi-builder-workspace/Sources/PerfectRedis/RedisHash.swift:20:17: note: add '@available' attribute to enclosing instance method
public func set(fieldsValues: [(String, RedisClient.RedisValue)]) async throws -> RedisResponse {
^
/Users/admin/builder/spi-builder-workspace/Sources/PerfectRedis/RedisHash.swift:2:15: note: add '@available' attribute to enclosing struct
public struct RedisHash: Sendable {
^
/Users/admin/builder/spi-builder-workspace/Sources/PerfectRedis/RedisHash.swift:23:78: error: concurrency is only available in watchOS 6.0.0 or newer
public func setIfNonExists(field: String, value: RedisClient.RedisValue) async throws -> RedisResponse {
^
/Users/admin/builder/spi-builder-workspace/Sources/PerfectRedis/RedisHash.swift:23:17: note: add '@available' attribute to enclosing instance method
public func setIfNonExists(field: String, value: RedisClient.RedisValue) async throws -> RedisResponse {
^
/Users/admin/builder/spi-builder-workspace/Sources/PerfectRedis/RedisHash.swift:2:15: note: add '@available' attribute to enclosing struct
public struct RedisHash: Sendable {
^
/Users/admin/builder/spi-builder-workspace/Sources/PerfectRedis/RedisHash.swift:26:39: error: concurrency is only available in watchOS 6.0.0 or newer
public func exists(field: String) async throws -> RedisResponse {
^
/Users/admin/builder/spi-builder-workspace/Sources/PerfectRedis/RedisHash.swift:26:17: note: add '@available' attribute to enclosing instance method
public func exists(field: String) async throws -> RedisResponse {
^
/Users/admin/builder/spi-builder-workspace/Sources/PerfectRedis/RedisHash.swift:2:15: note: add '@available' attribute to enclosing struct
public struct RedisHash: Sendable {
^
/Users/admin/builder/spi-builder-workspace/Sources/PerfectRedis/RedisHash.swift:29:40: error: concurrency is only available in watchOS 6.0.0 or newer
public func del(fields: String...) async throws -> RedisResponse {
^
/Users/admin/builder/spi-builder-workspace/Sources/PerfectRedis/RedisHash.swift:29:17: note: add '@available' attribute to enclosing instance method
public func del(fields: String...) async throws -> RedisResponse {
^
/Users/admin/builder/spi-builder-workspace/Sources/PerfectRedis/RedisHash.swift:2:15: note: add '@available' attribute to enclosing struct
public struct RedisHash: Sendable {
^
/Users/admin/builder/spi-builder-workspace/Sources/PerfectRedis/RedisHash.swift:32:39: error: concurrency is only available in watchOS 6.0.0 or newer
public func del(fields: [String]) async throws -> RedisResponse {
^
/Users/admin/builder/spi-builder-workspace/Sources/PerfectRedis/RedisHash.swift:32:17: note: add '@available' attribute to enclosing instance method
public func del(fields: [String]) async throws -> RedisResponse {
^
/Users/admin/builder/spi-builder-workspace/Sources/PerfectRedis/RedisHash.swift:2:15: note: add '@available' attribute to enclosing struct
public struct RedisHash: Sendable {
^
/Users/admin/builder/spi-builder-workspace/Sources/PerfectRedis/RedisHash.swift:35:26: error: concurrency is only available in watchOS 6.0.0 or newer
public func getAll() async throws -> RedisResponse {
^
/Users/admin/builder/spi-builder-workspace/Sources/PerfectRedis/RedisHash.swift:35:17: note: add '@available' attribute to enclosing instance method
public func getAll() async throws -> RedisResponse {
^
/Users/admin/builder/spi-builder-workspace/Sources/PerfectRedis/RedisHash.swift:2:15: note: add '@available' attribute to enclosing struct
public struct RedisHash: Sendable {
^
/Users/admin/builder/spi-builder-workspace/Sources/PerfectRedis/RedisHash.swift:38:24: error: concurrency is only available in watchOS 6.0.0 or newer
public func keys() async throws -> RedisResponse {
^
/Users/admin/builder/spi-builder-workspace/Sources/PerfectRedis/RedisHash.swift:38:17: note: add '@available' attribute to enclosing instance method
public func keys() async throws -> RedisResponse {
^
/Users/admin/builder/spi-builder-workspace/Sources/PerfectRedis/RedisHash.swift:2:15: note: add '@available' attribute to enclosing struct
public struct RedisHash: Sendable {
^
/Users/admin/builder/spi-builder-workspace/Sources/PerfectRedis/RedisHash.swift:41:26: error: concurrency is only available in watchOS 6.0.0 or newer
public func values() async throws -> RedisResponse {
^
/Users/admin/builder/spi-builder-workspace/Sources/PerfectRedis/RedisHash.swift:41:17: note: add '@available' attribute to enclosing instance method
public func values() async throws -> RedisResponse {
^
/Users/admin/builder/spi-builder-workspace/Sources/PerfectRedis/RedisHash.swift:2:15: note: add '@available' attribute to enclosing struct
public struct RedisHash: Sendable {
^
/Users/admin/builder/spi-builder-workspace/Sources/PerfectRedis/RedisHash.swift:44:26: error: concurrency is only available in watchOS 6.0.0 or newer
public func length() async throws -> RedisResponse {
^
/Users/admin/builder/spi-builder-workspace/Sources/PerfectRedis/RedisHash.swift:44:17: note: add '@available' attribute to enclosing instance method
public func length() async throws -> RedisResponse {
^
/Users/admin/builder/spi-builder-workspace/Sources/PerfectRedis/RedisHash.swift:2:15: note: add '@available' attribute to enclosing struct
public struct RedisHash: Sendable {
^
/Users/admin/builder/spi-builder-workspace/Sources/PerfectRedis/RedisHash.swift:47:45: error: concurrency is only available in watchOS 6.0.0 or newer
public func stringLength(field: String) async throws -> RedisResponse {
^
/Users/admin/builder/spi-builder-workspace/Sources/PerfectRedis/RedisHash.swift:47:17: note: add '@available' attribute to enclosing instance method
public func stringLength(field: String) async throws -> RedisResponse {
^
/Users/admin/builder/spi-builder-workspace/Sources/PerfectRedis/RedisHash.swift:2:15: note: add '@available' attribute to enclosing struct
public struct RedisHash: Sendable {
^
/Users/admin/builder/spi-builder-workspace/Sources/PerfectRedis/RedisHash.swift:50:51: error: concurrency is only available in watchOS 6.0.0 or newer
public func increment(field: String, by: Int) async throws -> RedisResponse {
^
/Users/admin/builder/spi-builder-workspace/Sources/PerfectRedis/RedisHash.swift:50:17: note: add '@available' attribute to enclosing instance method
public func increment(field: String, by: Int) async throws -> RedisResponse {
^
/Users/admin/builder/spi-builder-workspace/Sources/PerfectRedis/RedisHash.swift:2:15: note: add '@available' attribute to enclosing struct
public struct RedisHash: Sendable {
^
/Users/admin/builder/spi-builder-workspace/Sources/PerfectRedis/RedisHash.swift:53:54: error: concurrency is only available in watchOS 6.0.0 or newer
public func increment(field: String, by: Double) async throws -> RedisResponse {
^
/Users/admin/builder/spi-builder-workspace/Sources/PerfectRedis/RedisHash.swift:53:17: note: add '@available' attribute to enclosing instance method
public func increment(field: String, by: Double) async throws -> RedisResponse {
^
/Users/admin/builder/spi-builder-workspace/Sources/PerfectRedis/RedisHash.swift:2:15: note: add '@available' attribute to enclosing struct
public struct RedisHash: Sendable {
^
/Users/admin/builder/spi-builder-workspace/Sources/PerfectRedis/RedisHash.swift:56:82: error: concurrency is only available in watchOS 6.0.0 or newer
public func scan(cursor: Int = 0, pattern: String? = nil, count: Int? = nil) async throws -> RedisResponse {
^
/Users/admin/builder/spi-builder-workspace/Sources/PerfectRedis/RedisHash.swift:56:17: note: add '@available' attribute to enclosing instance method
public func scan(cursor: Int = 0, pattern: String? = nil, count: Int? = nil) async throws -> RedisResponse {
^
/Users/admin/builder/spi-builder-workspace/Sources/PerfectRedis/RedisHash.swift:2:15: note: add '@available' attribute to enclosing struct
public struct RedisHash: Sendable {
^
SwiftCompile normal arm64_32 Compiling\ RedisSet.swift /Users/admin/builder/spi-builder-workspace/Sources/PerfectRedis/RedisSet.swift (in target 'PerfectRedis' from project 'PerfectRedis')
Failed frontend command:
/Applications/Xcode-26.5.0.app/Contents/Developer/Toolchains/XcodeDefault.xctoolchain/usr/bin/swift-frontend -frontend -c /Users/admin/builder/spi-builder-workspace/Sources/PerfectRedis/PerfectRedis.swift /Users/admin/builder/spi-builder-workspace/Sources/PerfectRedis/RedisClientSync.swift /Users/admin/builder/spi-builder-workspace/Sources/PerfectRedis/RedisHash.swift /Users/admin/builder/spi-builder-workspace/Sources/PerfectRedis/RedisList.swift -primary-file /Users/admin/builder/spi-builder-workspace/Sources/PerfectRedis/RedisSet.swift -emit-dependencies-path /Users/admin/builder/spi-builder-workspace/.derivedData/Build/Intermediates.noindex/PerfectRedis.build/Debug-watchos/PerfectRedis.build/Objects-normal/arm64_32/RedisSet.d -emit-const-values-path /Users/admin/builder/spi-builder-workspace/.derivedData/Build/Intermediates.noindex/PerfectRedis.build/Debug-watchos/PerfectRedis.build/Objects-normal/arm64_32/RedisSet.swiftconstvalues -emit-reference-dependencies-path /Users/admin/builder/spi-builder-workspace/.derivedData/Build/Intermediates.noindex/PerfectRedis.build/Debug-watchos/PerfectRedis.build/Objects-normal/arm64_32/RedisSet.swiftdeps -serialize-diagnostics-path /Users/admin/builder/spi-builder-workspace/.derivedData/Build/Intermediates.noindex/PerfectRedis.build/Debug-watchos/PerfectRedis.build/Objects-normal/arm64_32/RedisSet.dia -target arm64_32-apple-watchos5.0 -load-resolved-plugin /Applications/Xcode-26.5.0.app/Contents/Developer/Platforms/WatchOS.platform/Developer/usr/lib/swift/host/plugins/libFoundationMacros.dylib\#/Applications/Xcode-26.5.0.app/Contents/Developer/Platforms/WatchOS.platform/Developer/usr/bin/swift-plugin-server\#FoundationMacros -load-resolved-plugin /Applications/Xcode-26.5.0.app/Contents/Developer/Platforms/WatchOS.platform/Developer/usr/lib/swift/host/plugins/libObservationMacros.dylib\#/Applications/Xcode-26.5.0.app/Contents/Developer/Platforms/WatchOS.platform/Developer/usr/bin/swift-plugin-server\#ObservationMacros -load-resolved-plugin /Applications/Xcode-26.5.0.app/Contents/Developer/Platforms/WatchOS.platform/Developer/usr/lib/swift/host/plugins/libSwiftMacros.dylib\#/Applications/Xcode-26.5.0.app/Contents/Developer/Platforms/WatchOS.platform/Developer/usr/bin/swift-plugin-server\#SwiftMacros -disable-implicit-swift-modules -Xcc -fno-implicit-modules -Xcc -fno-implicit-module-maps -explicit-swift-module-map-file /Users/admin/builder/spi-builder-workspace/.derivedData/Build/Intermediates.noindex/PerfectRedis.build/Debug-watchos/PerfectRedis.build/Objects-normal/arm64_32/PerfectRedis-dependencies-1.json -debug-module-path /Users/admin/builder/spi-builder-workspace/.derivedData/Build/Intermediates.noindex/PerfectRedis.build/Debug-watchos/PerfectRedis.build/Objects-normal/arm64_32/PerfectRedis.swiftmodule -enable-objc-interop -sdk /Applications/Xcode-26.5.0.app/Contents/Developer/Platforms/WatchOS.platform/Developer/SDKs/WatchOS26.5.sdk -I /Users/admin/builder/spi-builder-workspace/.derivedData/Build/Products/Debug-watchos -Isystem /Applications/Xcode-26.5.0.app/Contents/Developer/Platforms/WatchOS.platform/Developer/usr/lib -F /Users/admin/builder/spi-builder-workspace/.derivedData/Build/Products/Debug-watchos/PackageFrameworks -F /Users/admin/builder/spi-builder-workspace/.derivedData/Build/Products/Debug-watchos/PackageFrameworks -F /Users/admin/builder/spi-builder-workspace/.derivedData/Build/Products/Debug-watchos/PackageFrameworks -F /Users/admin/builder/spi-builder-workspace/.derivedData/Build/Products/Debug-watchos/PackageFrameworks -F /Users/admin/builder/spi-builder-workspace/.derivedData/Build/Products/Debug-watchos/PackageFrameworks -F /Users/admin/builder/spi-builder-workspace/.derivedData/Build/Products/Debug-watchos/PackageFrameworks -F /Users/admin/builder/spi-builder-workspace/.derivedData/Build/Products/Debug-watchos/PackageFrameworks -F /Users/admin/builder/spi-builder-workspace/.derivedData/Build/Products/Debug-watchos/PackageFrameworks -F /Users/admin/builder/spi-builder-workspace/.derivedData/Build/Products/Debug-watchos/PackageFrameworks -F /Users/admin/builder/spi-builder-workspace/.derivedData/Build/Products/Debug-watchos/PackageFrameworks -F /Users/admin/builder/spi-builder-workspace/.derivedData/Build/Products/Debug-watchos/PackageFrameworks -F /Users/admin/builder/spi-builder-workspace/.derivedData/Build/Products/Debug-watchos/PackageFrameworks -F /Users/admin/builder/spi-builder-workspace/.derivedData/Build/Products/Debug-watchos/PackageFrameworks -F /Users/admin/builder/spi-builder-workspace/.derivedData/Build/Products/Debug-watchos/PackageFrameworks -F /Users/admin/builder/spi-builder-workspace/.derivedData/Build/Products/Debug-watchos/PackageFrameworks -F /Users/admin/builder/spi-builder-workspace/.derivedData/Build/Products/Debug-watchos/PackageFrameworks -F /Users/admin/builder/spi-builder-workspace/.derivedData/Build/Products/Debug-watchos/PackageFrameworks -F /Users/admin/builder/spi-builder-workspace/.derivedData/Build/Products/Debug-watchos/PackageFrameworks -F /Users/admin/builder/spi-builder-workspace/.derivedData/Build/Products/Debug-watchos/PackageFrameworks -F /Users/admin/builder/spi-builder-workspace/.derivedData/Build/Products/Debug-watchos/PackageFrameworks -F /Users/admin/builder/spi-builder-workspace/.derivedData/Build/Products/Debug-watchos/PackageFrameworks -F /Users/admin/builder/spi-builder-workspace/.derivedData/Build/Products/Debug-watchos/PackageFrameworks -F /Users/admin/builder/spi-builder-workspace/.derivedData/Build/Products/Debug-watchos/PackageFrameworks -F /Users/admin/builder/spi-builder-workspace/.derivedData/Build/Products/Debug-watchos/PackageFrameworks -F /Users/admin/builder/spi-builder-workspace/.derivedData/Build/Products/Debug-watchos/PackageFrameworks -F /Users/admin/builder/spi-builder-workspace/.derivedData/Build/Products/Debug-watchos/PackageFrameworks -F /Users/admin/builder/spi-builder-workspace/.derivedData/Build/Products/Debug-watchos/PackageFrameworks -F /Users/admin/builder/spi-builder-workspace/.derivedData/Build/Products/Debug-watchos/PackageFrameworks -F /Users/admin/builder/spi-builder-workspace/.derivedData/Build/Products/Debug-watchos -F /Applications/Xcode-26.5.0.app/Contents/Developer/Platforms/WatchOS.platform/Developer/Library/Frameworks -F /Applications/Xcode-26.5.0.app/Contents/Developer/Platforms/WatchOS.platform/Developer/SDKs/WatchOS26.5.sdk/Developer/Library/Frameworks -no-color-diagnostics -Xcc -fno-color-diagnostics -enable-testing -g -debug-info-format\=dwarf -dwarf-version\=4 -module-cache-path /Users/admin/builder/spi-builder-workspace/.derivedData/Build/Intermediates.noindex/SwiftExplicitPrecompiledModules -profile-generate -profile-coverage-mapping -swift-version 6 -Onone -D SWIFT_PACKAGE -D DEBUG -D SWIFT_MODULE_RESOURCE_BUNDLE_UNAVAILABLE -D Xcode -serialize-debugging-options -const-gather-protocols-file /Users/admin/builder/spi-builder-workspace/.derivedData/Build/Intermediates.noindex/PerfectRedis.build/Debug-watchos/PerfectRedis.build/Objects-normal/arm64_32/PerfectRedis_const_extract_protocols.json -enable-experimental-feature DebugDescriptionMacro -empty-abi-descriptor -validate-clang-modules-once -clang-build-session-file /Users/admin/builder/spi-builder-workspace/.derivedData/ModuleCache.noindex/Session.modulevalidation -Xcc -working-directory -Xcc /Users/admin/builder/spi-builder-workspace/.swiftpm/xcode -enable-anonymous-context-mangled-names -file-compilation-dir /Users/admin/builder/spi-builder-workspace/.swiftpm/xcode -Xcc -fmodule-map-file\=/Users/admin/builder/spi-builder-workspace/.derivedData/Build/Intermediates.noindex/GeneratedModuleMaps-watchos/CNIOPosix.modulemap -Xcc -fmodule-map-file\=/Users/admin/builder/spi-builder-workspace/.derivedData/Build/Intermediates.noindex/GeneratedModuleMaps-watchos/CNIOWASI.modulemap -Xcc -fmodule-map-file\=/Users/admin/builder/spi-builder-workspace/.derivedData/Build/Intermediates.noindex/GeneratedModuleMaps-watchos/CNIOLinux.modulemap -Xcc -fmodule-map-file\=/Users/admin/builder/spi-builder-workspace/.derivedData/Build/Intermediates.noindex/GeneratedModuleMaps-watchos/CNIODarwin.modulemap -Xcc -fmodule-map-file\=/Users/admin/builder/spi-builder-workspace/.derivedData/Build/Intermediates.noindex/GeneratedModuleMaps-watchos/CNIOFreeBSD.modulemap -Xcc -fmodule-map-file\=/Users/admin/builder/spi-builder-workspace/.derivedData/Build/Intermediates.noindex/GeneratedModuleMaps-watchos/CNIOOpenBSD.modulemap -Xcc -fmodule-map-file\=/Users/admin/builder/spi-builder-workspace/.derivedData/Build/Intermediates.noindex/GeneratedModuleMaps-watchos/CNIOAtomics.modulemap -Xcc -fmodule-map-file\=/Users/admin/builder/spi-builder-workspace/.derivedData/Build/Intermediates.noindex/GeneratedModuleMaps-watchos/CNIOBoringSSLShims.modulemap -Xcc -D_LIBCPP_HARDENING_MODE\=_LIBCPP_HARDENING_MODE_DEBUG -Xcc -ivfsstatcache -Xcc /Users/admin/builder/spi-builder-workspace/.derivedData/SDKStatCaches.noindex/watchos26.5-23T570-688ef53f1462e2c8f657fdc38a81448f7931b973dfc65d9472806dbbc3af9379.sdkstatcache -Xcc -I/Users/admin/builder/spi-builder-workspace/.derivedData/Build/Intermediates.noindex/PerfectRedis.build/Debug-watchos/PerfectRedis.build/swift-overrides.hmap -Xcc -I/Users/admin/builder/spi-builder-workspace/.dependencies/checkouts/swift-nio/Sources/CNIOPosix/include -Xcc -I/Users/admin/builder/spi-builder-workspace/.dependencies/checkouts/swift-nio/Sources/CNIOWASI/include -Xcc -I/Users/admin/builder/spi-builder-workspace/.dependencies/checkouts/swift-nio/Sources/CNIOWindows/include -Xcc -I/Users/admin/builder/spi-builder-workspace/.dependencies/checkouts/swift-nio/Sources/CNIOLinux/include -Xcc -I/Users/admin/builder/spi-builder-workspace/.dependencies/checkouts/swift-nio/Sources/CNIODarwin/include -Xcc -I/Users/admin/builder/spi-builder-workspace/.dependencies/checkouts/swift-nio/Sources/CNIOFreeBSD/include -Xcc -I/Users/admin/builder/spi-builder-workspace/.dependencies/checkouts/swift-nio/Sources/CNIOOpenBSD/include -Xcc -I/Users/admin/builder/spi-builder-workspace/.dependencies/checkouts/swift-nio/Sources/CNIOAtomics/include -Xcc -I/Users/admin/builder/spi-builder-workspace/.dependencies/checkouts/swift-nio-ssl/Sources/CNIOBoringSSLShims/include -Xcc -I/Users/admin/builder/spi-builder-workspace/.dependencies/checkouts/swift-nio-ssl/Sources/CNIOBoringSSL/include -Xcc -I/Users/admin/builder/spi-builder-workspace/.dependencies/checkouts/swift-atomics/Sources/_AtomicsShims/include -Xcc -I/Users/admin/builder/spi-builder-workspace/.derivedData/Build/Products/Debug-watchos/include -Xcc -I/Users/admin/builder/spi-builder-workspace/.derivedData/Build/Intermediates.noindex/PerfectRedis.build/Debug-watchos/PerfectRedis.build/DerivedSources-normal/arm64_32 -Xcc -I/Users/admin/builder/spi-builder-workspace/.derivedData/Build/Intermediates.noindex/PerfectRedis.build/Debug-watchos/PerfectRedis.build/DerivedSources/arm64_32 -Xcc -I/Users/admin/builder/spi-builder-workspace/.derivedData/Build/Intermediates.noindex/PerfectRedis.build/Debug-watchos/PerfectRedis.build/DerivedSources -Xcc -DSWIFT_PACKAGE -Xcc -DDEBUG\=1 -no-auto-bridging-header-chaining -module-name PerfectRedis -package-name spi_builder_workspace -frontend-parseable-output -disable-clang-spi -clang-target arm64_32-apple-watchos26.5 -target-sdk-version 26.5 -target-sdk-name watchos26.5 -in-process-plugin-server-path /Applications/Xcode-26.5.0.app/Contents/Developer/Toolchains/XcodeDefault.xctoolchain/usr/lib/swift/host/libSwiftInProcPluginServer.dylib -o /Users/admin/builder/spi-builder-workspace/.derivedData/Build/Intermediates.noindex/PerfectRedis.build/Debug-watchos/PerfectRedis.build/Objects-normal/arm64_32/RedisSet.o -index-unit-output-path /PerfectRedis.build/Debug-watchos/PerfectRedis.build/Objects-normal/arm64_32/RedisSet.o -index-store-path /Users/admin/builder/spi-builder-workspace/.derivedData/Index.noindex/DataStore -index-system-modules
SwiftCompile normal arm64_32 /Users/admin/builder/spi-builder-workspace/Sources/PerfectRedis/RedisSet.swift (in target 'PerfectRedis' from project 'PerfectRedis')
cd /Users/admin/builder/spi-builder-workspace/.swiftpm/xcode
/Users/admin/builder/spi-builder-workspace/Sources/PerfectRedis/RedisSet.swift:11:60: error: concurrency is only available in watchOS 6.0.0 or newer
public func add(_ elements: RedisClient.RedisValue...) async throws -> RedisResponse {
^
/Users/admin/builder/spi-builder-workspace/Sources/PerfectRedis/RedisSet.swift:11:17: note: add '@available' attribute to enclosing instance method
public func add(_ elements: RedisClient.RedisValue...) async throws -> RedisResponse {
^
/Users/admin/builder/spi-builder-workspace/Sources/PerfectRedis/RedisSet.swift:2:15: note: add '@available' attribute to enclosing struct
public struct RedisSet: Sendable {
^
/Users/admin/builder/spi-builder-workspace/Sources/PerfectRedis/RedisSet.swift:14:59: error: concurrency is only available in watchOS 6.0.0 or newer
public func add(_ elements: [RedisClient.RedisValue]) async throws -> RedisResponse {
^
/Users/admin/builder/spi-builder-workspace/Sources/PerfectRedis/RedisSet.swift:14:17: note: add '@available' attribute to enclosing instance method
public func add(_ elements: [RedisClient.RedisValue]) async throws -> RedisResponse {
^
/Users/admin/builder/spi-builder-workspace/Sources/PerfectRedis/RedisSet.swift:2:15: note: add '@available' attribute to enclosing struct
public struct RedisSet: Sendable {
^
/Users/admin/builder/spi-builder-workspace/Sources/PerfectRedis/RedisSet.swift:17:57: error: concurrency is only available in watchOS 6.0.0 or newer
public func remove(_ value: RedisClient.RedisValue) async throws -> RedisResponse {
^
/Users/admin/builder/spi-builder-workspace/Sources/PerfectRedis/RedisSet.swift:17:17: note: add '@available' attribute to enclosing instance method
public func remove(_ value: RedisClient.RedisValue) async throws -> RedisResponse {
^
/Users/admin/builder/spi-builder-workspace/Sources/PerfectRedis/RedisSet.swift:2:15: note: add '@available' attribute to enclosing struct
public struct RedisSet: Sendable {
^
/Users/admin/builder/spi-builder-workspace/Sources/PerfectRedis/RedisSet.swift:20:60: error: concurrency is only available in watchOS 6.0.0 or newer
public func remove(_ values: [RedisClient.RedisValue]) async throws -> RedisResponse {
^
/Users/admin/builder/spi-builder-workspace/Sources/PerfectRedis/RedisSet.swift:20:17: note: add '@available' attribute to enclosing instance method
public func remove(_ values: [RedisClient.RedisValue]) async throws -> RedisResponse {
^
/Users/admin/builder/spi-builder-workspace/Sources/PerfectRedis/RedisSet.swift:2:15: note: add '@available' attribute to enclosing struct
public struct RedisSet: Sendable {
^
/Users/admin/builder/spi-builder-workspace/Sources/PerfectRedis/RedisSet.swift:23:59: error: concurrency is only available in watchOS 6.0.0 or newer
public func contains(_ value: RedisClient.RedisValue) async throws -> RedisResponse {
^
/Users/admin/builder/spi-builder-workspace/Sources/PerfectRedis/RedisSet.swift:23:17: note: add '@available' attribute to enclosing instance method
public func contains(_ value: RedisClient.RedisValue) async throws -> RedisResponse {
^
/Users/admin/builder/spi-builder-workspace/Sources/PerfectRedis/RedisSet.swift:2:15: note: add '@available' attribute to enclosing struct
public struct RedisSet: Sendable {
^
/Users/admin/builder/spi-builder-workspace/Sources/PerfectRedis/RedisSet.swift:26:27: error: concurrency is only available in watchOS 6.0.0 or newer
public func members() async throws -> RedisResponse {
^
/Users/admin/builder/spi-builder-workspace/Sources/PerfectRedis/RedisSet.swift:26:17: note: add '@available' attribute to enclosing instance method
public func members() async throws -> RedisResponse {
^
/Users/admin/builder/spi-builder-workspace/Sources/PerfectRedis/RedisSet.swift:2:15: note: add '@available' attribute to enclosing struct
public struct RedisSet: Sendable {
^
/Users/admin/builder/spi-builder-workspace/Sources/PerfectRedis/RedisSet.swift:29:25: error: concurrency is only available in watchOS 6.0.0 or newer
public func count() async throws -> RedisResponse {
^
/Users/admin/builder/spi-builder-workspace/Sources/PerfectRedis/RedisSet.swift:29:17: note: add '@available' attribute to enclosing instance method
public func count() async throws -> RedisResponse {
^
/Users/admin/builder/spi-builder-workspace/Sources/PerfectRedis/RedisSet.swift:2:15: note: add '@available' attribute to enclosing struct
public struct RedisSet: Sendable {
^
/Users/admin/builder/spi-builder-workspace/Sources/PerfectRedis/RedisSet.swift:32:46: error: concurrency is only available in watchOS 6.0.0 or newer
public func randomPop(count: Int? = nil) async throws -> RedisResponse {
^
/Users/admin/builder/spi-builder-workspace/Sources/PerfectRedis/RedisSet.swift:32:17: note: add '@available' attribute to enclosing instance method
public func randomPop(count: Int? = nil) async throws -> RedisResponse {
^
/Users/admin/builder/spi-builder-workspace/Sources/PerfectRedis/RedisSet.swift:2:15: note: add '@available' attribute to enclosing struct
public struct RedisSet: Sendable {
^
/Users/admin/builder/spi-builder-workspace/Sources/PerfectRedis/RedisSet.swift:36:46: error: concurrency is only available in watchOS 6.0.0 or newer
public func randomGet(count: Int? = nil) async throws -> RedisResponse {
^
/Users/admin/builder/spi-builder-workspace/Sources/PerfectRedis/RedisSet.swift:36:17: note: add '@available' attribute to enclosing instance method
public func randomGet(count: Int? = nil) async throws -> RedisResponse {
^
/Users/admin/builder/spi-builder-workspace/Sources/PerfectRedis/RedisSet.swift:2:15: note: add '@available' attribute to enclosing struct
public struct RedisSet: Sendable {
^
/Users/admin/builder/spi-builder-workspace/Sources/PerfectRedis/RedisSet.swift:40:82: error: concurrency is only available in watchOS 6.0.0 or newer
public func scan(cursor: Int = 0, pattern: String? = nil, count: Int? = nil) async throws -> RedisResponse {
^
/Users/admin/builder/spi-builder-workspace/Sources/PerfectRedis/RedisSet.swift:40:17: note: add '@available' attribute to enclosing instance method
public func scan(cursor: Int = 0, pattern: String? = nil, count: Int? = nil) async throws -> RedisResponse {
^
/Users/admin/builder/spi-builder-workspace/Sources/PerfectRedis/RedisSet.swift:2:15: note: add '@available' attribute to enclosing struct
public struct RedisSet: Sendable {
^
SwiftCompile normal arm64_32 Compiling\ RedisList.swift /Users/admin/builder/spi-builder-workspace/Sources/PerfectRedis/RedisList.swift (in target 'PerfectRedis' from project 'PerfectRedis')
SwiftCompile normal arm64_32 /Users/admin/builder/spi-builder-workspace/Sources/PerfectRedis/RedisList.swift (in target 'PerfectRedis' from project 'PerfectRedis')
cd /Users/admin/builder/spi-builder-workspace/.swiftpm/xcode
SwiftEmitModule normal armv7k Emitting\ module\ for\ PerfectRedis (in target 'PerfectRedis' from project 'PerfectRedis')
EmitSwiftModule normal armv7k (in target 'PerfectRedis' from project 'PerfectRedis')
cd /Users/admin/builder/spi-builder-workspace/.swiftpm/xcode
SwiftDriverJobDiscovery normal arm64 Compiling RedisByteDecoder.swift, RedisCommandHandler.swift, RedisMessageEncoder.swift, RedisPubSubHandler.swift (in target 'RediStack' from project 'RediStack')
SwiftEmitModule normal arm64 Emitting\ module\ for\ PerfectRedis (in target 'PerfectRedis' from project 'PerfectRedis')
SwiftDriverJobDiscovery normal arm64 Compiling RedisCommandEncoder.swift, RedisConnection+Configuration.swift, RedisConnection.swift (in target 'RediStack' from project 'RediStack')
SwiftDriver\ Compilation RediStack normal arm64 com.apple.xcode.tools.swift.compiler (in target 'RediStack' from project 'RediStack')
cd /Users/admin/builder/spi-builder-workspace/.swiftpm/xcode
builtin-Swift-Compilation -- /Applications/Xcode-26.5.0.app/Contents/Developer/Toolchains/XcodeDefault.xctoolchain/usr/bin/swiftc -module-name RediStack -Onone @/Users/admin/builder/spi-builder-workspace/.derivedData/Build/Intermediates.noindex/RediStack.build/Debug-watchos/RediStack.build/Objects-normal/arm64/RediStack.SwiftFileList -DSWIFT_PACKAGE -DDEBUG -DSWIFT_MODULE_RESOURCE_BUNDLE_UNAVAILABLE -Xcc -fmodule-map-file\=/Users/admin/builder/spi-builder-workspace/.derivedData/Build/Intermediates.noindex/GeneratedModuleMaps-watchos/CNIOPosix.modulemap -Xcc -fmodule-map-file\=/Users/admin/builder/spi-builder-workspace/.derivedData/Build/Intermediates.noindex/GeneratedModuleMaps-watchos/CNIOWASI.modulemap -Xcc -fmodule-map-file\=/Users/admin/builder/spi-builder-workspace/.derivedData/Build/Intermediates.noindex/GeneratedModuleMaps-watchos/CNIOLinux.modulemap -Xcc -fmodule-map-file\=/Users/admin/builder/spi-builder-workspace/.derivedData/Build/Intermediates.noindex/GeneratedModuleMaps-watchos/CNIODarwin.modulemap -Xcc -fmodule-map-file\=/Users/admin/builder/spi-builder-workspace/.derivedData/Build/Intermediates.noindex/GeneratedModuleMaps-watchos/CNIOFreeBSD.modulemap -Xcc -fmodule-map-file\=/Users/admin/builder/spi-builder-workspace/.derivedData/Build/Intermediates.noindex/GeneratedModuleMaps-watchos/CNIOOpenBSD.modulemap -Xcc -fmodule-map-file\=/Users/admin/builder/spi-builder-workspace/.derivedData/Build/Intermediates.noindex/GeneratedModuleMaps-watchos/CNIOAtomics.modulemap -Xcc -fmodule-map-file\=/Users/admin/builder/spi-builder-workspace/.derivedData/Build/Intermediates.noindex/GeneratedModuleMaps-watchos/CNIOBoringSSLShims.modulemap -DXcode -plugin-path /Applications/Xcode-26.5.0.app/Contents/Developer/Toolchains/XcodeDefault.xctoolchain/usr/lib/swift/host/plugins/testing -enable-experimental-feature DebugDescriptionMacro -sdk /Applications/Xcode-26.5.0.app/Contents/Developer/Platforms/WatchOS.platform/Developer/SDKs/WatchOS26.5.sdk -target arm64-apple-watchos5.0 -g -module-cache-path /Users/admin/builder/spi-builder-workspace/.derivedData/ModuleCache.noindex -Xfrontend -serialize-debugging-options -profile-coverage-mapping -profile-generate -enable-testing -suppress-warnings -index-store-path /Users/admin/builder/spi-builder-workspace/.derivedData/Index.noindex/DataStore -Xcc -D_LIBCPP_HARDENING_MODE\=_LIBCPP_HARDENING_MODE_DEBUG -swift-version 5 -I /Users/admin/builder/spi-builder-workspace/.derivedData/Build/Products/Debug-watchos -Isystem /Applications/Xcode-26.5.0.app/Contents/Developer/Platforms/WatchOS.platform/Developer/usr/lib -F /Users/admin/builder/spi-builder-workspace/.derivedData/Build/Products/Debug-watchos/PackageFrameworks -F /Users/admin/builder/spi-builder-workspace/.derivedData/Build/Products/Debug-watchos/PackageFrameworks -F /Users/admin/builder/spi-builder-workspace/.derivedData/Build/Products/Debug-watchos/PackageFrameworks -F /Users/admin/builder/spi-builder-workspace/.derivedData/Build/Products/Debug-watchos/PackageFrameworks -F /Users/admin/builder/spi-builder-workspace/.derivedData/Build/Products/Debug-watchos/PackageFrameworks -F /Users/admin/builder/spi-builder-workspace/.derivedData/Build/Products/Debug-watchos/PackageFrameworks -F /Users/admin/builder/spi-builder-workspace/.derivedData/Build/Products/Debug-watchos/PackageFrameworks -F /Users/admin/builder/spi-builder-workspace/.derivedData/Build/Products/Debug-watchos/PackageFrameworks -F /Users/admin/builder/spi-builder-workspace/.derivedData/Build/Products/Debug-watchos/PackageFrameworks -F /Users/admin/builder/spi-builder-workspace/.derivedData/Build/Products/Debug-watchos/PackageFrameworks -F /Users/admin/builder/spi-builder-workspace/.derivedData/Build/Products/Debug-watchos/PackageFrameworks -F /Users/admin/builder/spi-builder-workspace/.derivedData/Build/Products/Debug-watchos/PackageFrameworks -F /Users/admin/builder/spi-builder-workspace/.derivedData/Build/Products/Debug-watchos/PackageFrameworks -F /Users/admin/builder/spi-builder-workspace/.derivedData/Build/Products/Debug-watchos/PackageFrameworks -F /Users/admin/builder/spi-builder-workspace/.derivedData/Build/Products/Debug-watchos/PackageFrameworks -F /Users/admin/builder/spi-builder-workspace/.derivedData/Build/Products/Debug-watchos/PackageFrameworks -F /Users/admin/builder/spi-builder-workspace/.derivedData/Build/Products/Debug-watchos/PackageFrameworks -F /Users/admin/builder/spi-builder-workspace/.derivedData/Build/Products/Debug-watchos/PackageFrameworks -F /Users/admin/builder/spi-builder-workspace/.derivedData/Build/Products/Debug-watchos/PackageFrameworks -F /Users/admin/builder/spi-builder-workspace/.derivedData/Build/Products/Debug-watchos/PackageFrameworks -F /Users/admin/builder/spi-builder-workspace/.derivedData/Build/Products/Debug-watchos/PackageFrameworks -F /Users/admin/builder/spi-builder-workspace/.derivedData/Build/Products/Debug-watchos/PackageFrameworks -F /Users/admin/builder/spi-builder-workspace/.derivedData/Build/Products/Debug-watchos/PackageFrameworks -F /Users/admin/builder/spi-builder-workspace/.derivedData/Build/Products/Debug-watchos/PackageFrameworks -F /Users/admin/builder/spi-builder-workspace/.derivedData/Build/Products/Debug-watchos/PackageFrameworks -F /Users/admin/builder/spi-builder-workspace/.derivedData/Build/Products/Debug-watchos/PackageFrameworks -F /Users/admin/builder/spi-builder-workspace/.derivedData/Build/Products/Debug-watchos/PackageFrameworks -F /Users/admin/builder/spi-builder-workspace/.derivedData/Build/Products/Debug-watchos -F /Applications/Xcode-26.5.0.app/Contents/Developer/Platforms/WatchOS.platform/Developer/Library/Frameworks -F /Applications/Xcode-26.5.0.app/Contents/Developer/Platforms/WatchOS.platform/Developer/SDKs/WatchOS26.5.sdk/Developer/Library/Frameworks -c -j10 -enable-batch-mode -incremental -Xcc -ivfsstatcache -Xcc /Users/admin/builder/spi-builder-workspace/.derivedData/SDKStatCaches.noindex/watchos26.5-23T570-688ef53f1462e2c8f657fdc38a81448f7931b973dfc65d9472806dbbc3af9379.sdkstatcache -output-file-map /Users/admin/builder/spi-builder-workspace/.derivedData/Build/Intermediates.noindex/RediStack.build/Debug-watchos/RediStack.build/Objects-normal/arm64/RediStack-OutputFileMap.json -use-frontend-parseable-output -save-temps -no-color-diagnostics -explicit-module-build -module-cache-path /Users/admin/builder/spi-builder-workspace/.derivedData/Build/Intermediates.noindex/SwiftExplicitPrecompiledModules -clang-scanner-module-cache-path /Users/admin/builder/spi-builder-workspace/.derivedData/ModuleCache.noindex -sdk-module-cache-path /Users/admin/builder/spi-builder-workspace/.derivedData/ModuleCache.noindex -serialize-diagnostics -emit-dependencies -emit-module -emit-module-path /Users/admin/builder/spi-builder-workspace/.derivedData/Build/Intermediates.noindex/RediStack.build/Debug-watchos/RediStack.build/Objects-normal/arm64/RediStack.swiftmodule -user-module-version 1.6.3 -validate-clang-modules-once -clang-build-session-file /Users/admin/builder/spi-builder-workspace/.derivedData/ModuleCache.noindex/Session.modulevalidation -package-name redistack -Xcc -I/Users/admin/builder/spi-builder-workspace/.derivedData/Build/Intermediates.noindex/RediStack.build/Debug-watchos/RediStack.build/swift-overrides.hmap -emit-const-values -Xfrontend -const-gather-protocols-file -Xfrontend /Users/admin/builder/spi-builder-workspace/.derivedData/Build/Intermediates.noindex/RediStack.build/Debug-watchos/RediStack.build/Objects-normal/arm64/RediStack_const_extract_protocols.json -Xcc -I/Users/admin/builder/spi-builder-workspace/.dependencies/checkouts/swift-nio/Sources/CNIOPosix/include -Xcc -I/Users/admin/builder/spi-builder-workspace/.dependencies/checkouts/swift-nio/Sources/CNIOWASI/include -Xcc -I/Users/admin/builder/spi-builder-workspace/.dependencies/checkouts/swift-nio/Sources/CNIOWindows/include -Xcc -I/Users/admin/builder/spi-builder-workspace/.dependencies/checkouts/swift-nio/Sources/CNIOLinux/include -Xcc -I/Users/admin/builder/spi-builder-workspace/.dependencies/checkouts/swift-nio/Sources/CNIODarwin/include -Xcc -I/Users/admin/builder/spi-builder-workspace/.dependencies/checkouts/swift-nio/Sources/CNIOFreeBSD/include -Xcc -I/Users/admin/builder/spi-builder-workspace/.dependencies/checkouts/swift-nio/Sources/CNIOOpenBSD/include -Xcc -I/Users/admin/builder/spi-builder-workspace/.dependencies/checkouts/swift-nio/Sources/CNIOAtomics/include -Xcc -I/Users/admin/builder/spi-builder-workspace/.dependencies/checkouts/swift-nio-ssl/Sources/CNIOBoringSSLShims/include -Xcc -I/Users/admin/builder/spi-builder-workspace/.dependencies/checkouts/swift-nio-ssl/Sources/CNIOBoringSSL/include -Xcc -I/Users/admin/builder/spi-builder-workspace/.dependencies/checkouts/swift-atomics/Sources/_AtomicsShims/include -Xcc -I/Users/admin/builder/spi-builder-workspace/.derivedData/Build/Products/Debug-watchos/include -Xcc -I/Users/admin/builder/spi-builder-workspace/.derivedData/Build/Intermediates.noindex/RediStack.build/Debug-watchos/RediStack.build/DerivedSources-normal/arm64 -Xcc -I/Users/admin/builder/spi-builder-workspace/.derivedData/Build/Intermediates.noindex/RediStack.build/Debug-watchos/RediStack.build/DerivedSources/arm64 -Xcc -I/Users/admin/builder/spi-builder-workspace/.derivedData/Build/Intermediates.noindex/RediStack.build/Debug-watchos/RediStack.build/DerivedSources -Xcc -DSWIFT_PACKAGE -Xcc -DDEBUG\=1 -emit-objc-header -emit-objc-header-path /Users/admin/builder/spi-builder-workspace/.derivedData/Build/Intermediates.noindex/RediStack.build/Debug-watchos/RediStack.build/Objects-normal/arm64/RediStack-Swift.h -working-directory /Users/admin/builder/spi-builder-workspace/.swiftpm/xcode -experimental-emit-module-separately -disable-cmo
SwiftDriverJobDiscovery normal arm64_32 Compiling RedisClientSync.swift (in target 'PerfectRedis' from project 'PerfectRedis')
SwiftCompile normal armv7k Compiling\ RedisSet.swift /Users/admin/builder/spi-builder-workspace/Sources/PerfectRedis/RedisSet.swift (in target 'PerfectRedis' from project 'PerfectRedis')
SwiftCompile normal arm64 Compiling\ RedisList.swift /Users/admin/builder/spi-builder-workspace/Sources/PerfectRedis/RedisList.swift (in target 'PerfectRedis' from project 'PerfectRedis')
2026-09-01 14:18:00.484 xcodebuild[1014:5644] [MT] IDERunDestination: Supported platforms for the buildables in the current scheme is empty.
** BUILD FAILED **
The following build commands failed:
SwiftCompile normal arm64_32 Compiling\ RedisHash.swift /Users/admin/builder/spi-builder-workspace/Sources/PerfectRedis/RedisHash.swift (in target 'PerfectRedis' from project 'PerfectRedis')
SwiftCompile normal arm64_32 /Users/admin/builder/spi-builder-workspace/Sources/PerfectRedis/RedisHash.swift (in target 'PerfectRedis' from project 'PerfectRedis')
SwiftCompile normal arm64_32 Compiling\ RedisSet.swift /Users/admin/builder/spi-builder-workspace/Sources/PerfectRedis/RedisSet.swift (in target 'PerfectRedis' from project 'PerfectRedis')
SwiftCompile normal arm64_32 /Users/admin/builder/spi-builder-workspace/Sources/PerfectRedis/RedisSet.swift (in target 'PerfectRedis' from project 'PerfectRedis')
Building workspace spi-builder-workspace with scheme PerfectRedis
(5 failures)
Command line invocation:
/Applications/Xcode-26.5.0.app/Contents/Developer/usr/bin/xcodebuild -IDEClonedSourcePackagesDirPathOverride=/Users/admin/builder/spi-builder-workspace/.dependencies -resolvePackageDependencies
Resolve Package Graph
Resolved source packages:
swift-log: https://github.com/apple/swift-log.git @ 1.15.0
swift-system: https://github.com/apple/swift-system.git @ 1.8.1
swift-metrics: https://github.com/apple/swift-metrics.git @ 2.11.0
swift-nio-ssl: https://github.com/apple/swift-nio-ssl.git @ 2.37.3
swift-atomics: https://github.com/apple/swift-atomics.git @ 1.3.1
RediStack: https://github.com/swift-server/RediStack.git @ 1.6.3
swift-nio: https://github.com/apple/swift-nio.git @ 2.102.0
swift-collections: https://github.com/apple/swift-collections.git @ 1.6.0
PerfectRedis: /Users/admin/builder/spi-builder-workspace
resolved source packages: swift-log, swift-system, swift-metrics, swift-nio-ssl, swift-atomics, RediStack, swift-nio, swift-collections, PerfectRedis
2026-09-01 14:19:13.754 xcodebuild[4880:15642] [MT] IDERunDestination: Supported platforms for the buildables in the current scheme is empty.
{
"dependencies" : [
{
"identity" : "redistack",
"requirement" : {
"range" : [
{
"lower_bound" : "1.6.0",
"upper_bound" : "2.0.0"
}
]
},
"type" : "sourceControl",
"url" : "https://github.com/swift-server/RediStack.git"
}
],
"manifest_display_name" : "PerfectRedis",
"name" : "PerfectRedis",
"path" : "/Users/admin/builder/spi-builder-workspace",
"platforms" : [
{
"name" : "macos",
"version" : "12.0"
}
],
"products" : [
{
"name" : "PerfectRedis",
"targets" : [
"PerfectRedis"
],
"type" : {
"library" : [
"automatic"
]
}
}
],
"targets" : [
{
"c99name" : "PerfectRedisTests",
"module_type" : "SwiftTarget",
"name" : "PerfectRedisTests",
"path" : "Tests/PerfectRedisTests",
"sources" : [
"HashTests.swift",
"PerfectRedisTests.swift"
],
"target_dependencies" : [
"PerfectRedis"
],
"type" : "test"
},
{
"c99name" : "PerfectRedis",
"module_type" : "SwiftTarget",
"name" : "PerfectRedis",
"path" : "Sources/PerfectRedis",
"product_dependencies" : [
"RediStack"
],
"product_memberships" : [
"PerfectRedis"
],
"sources" : [
"PerfectRedis.swift",
"RedisClientSync.swift",
"RedisHash.swift",
"RedisList.swift",
"RedisSet.swift"
],
"type" : "library"
}
],
"tools_version" : "6.2"
}
{
"workspace" : {
"name" : "spi-builder-workspace",
"schemes" : [
"PerfectRedis"
]
}
}
2026-09-01 14:19:15.459 xcodebuild[4914:15798] [MT] IDERunDestination: Supported platforms for the buildables in the current scheme is empty.
Running build ...
env DEVELOPER_DIR=/Applications/Xcode-26.5.0.app xcrun xcodebuild -IDEClonedSourcePackagesDirPathOverride=$PWD/.dependencies -skipMacroValidation -skipPackagePluginValidation -derivedDataPath $PWD/.derivedData build -scheme PerfectRedis -destination generic/platform=watchOS
Command line invocation:
/Applications/Xcode-26.5.0.app/Contents/Developer/usr/bin/xcodebuild -IDEClonedSourcePackagesDirPathOverride=/Users/admin/builder/spi-builder-workspace/.dependencies -skipMacroValidation -skipPackagePluginValidation -derivedDataPath /Users/admin/builder/spi-builder-workspace/.derivedData build -scheme PerfectRedis -destination generic/platform=watchOS
Resolve Package Graph
Resolved source packages:
swift-nio-ssl: https://github.com/apple/swift-nio-ssl.git @ 2.37.3
swift-log: https://github.com/apple/swift-log.git @ 1.15.0
RediStack: https://github.com/swift-server/RediStack.git @ 1.6.3
swift-collections: https://github.com/apple/swift-collections.git @ 1.6.0
swift-atomics: https://github.com/apple/swift-atomics.git @ 1.3.1
PerfectRedis: /Users/admin/builder/spi-builder-workspace
swift-metrics: https://github.com/apple/swift-metrics.git @ 2.11.0
swift-system: https://github.com/apple/swift-system.git @ 1.8.1
swift-nio: https://github.com/apple/swift-nio.git @ 2.102.0
ComputePackagePrebuildTargetDependencyGraph
Prepare packages
CreateBuildRequest
SendProjectDescription
CreateBuildOperation
ComputeTargetDependencyGraph
note: Building targets in dependency order
note: Target dependency graph (43 targets)
Target 'PerfectRedis' in project 'PerfectRedis'
➜ Explicit dependency on target 'PerfectRedis' in project 'PerfectRedis'
➜ Explicit dependency on target 'RediStack' in project 'RediStack'
Target 'PerfectRedis' in project 'PerfectRedis'
➜ Explicit dependency on target 'RediStack' in project 'RediStack'
Target 'RediStack' in project 'RediStack'
➜ Explicit dependency on target 'RediStack' in project 'RediStack'
➜ Explicit dependency on target 'NIOCore' in project 'swift-nio'
➜ Explicit dependency on target 'NIOPosix' in project 'swift-nio'
➜ Explicit dependency on target 'NIO' in project 'swift-nio'
➜ Explicit dependency on target 'NIOConcurrencyHelpers' in project 'swift-nio'
➜ Explicit dependency on target 'NIOSSL' in project 'swift-nio-ssl'
➜ Explicit dependency on target 'Atomics' in project 'swift-atomics'
➜ Explicit dependency on target 'Logging' in project 'swift-log'
➜ Explicit dependency on target 'Metrics' in project 'swift-metrics'
Target 'RediStack' in project 'RediStack'
➜ Explicit dependency on target 'NIOCore' in project 'swift-nio'
➜ Explicit dependency on target 'NIOPosix' in project 'swift-nio'
➜ Explicit dependency on target 'NIO' in project 'swift-nio'
➜ Explicit dependency on target 'NIOConcurrencyHelpers' in project 'swift-nio'
➜ Explicit dependency on target 'NIOSSL' in project 'swift-nio-ssl'
➜ Explicit dependency on target 'Atomics' in project 'swift-atomics'
➜ Explicit dependency on target 'Logging' in project 'swift-log'
➜ Explicit dependency on target 'Metrics' in project 'swift-metrics'
Target 'Metrics' in project 'swift-metrics'
➜ Explicit dependency on target 'Metrics' in project 'swift-metrics'
➜ Explicit dependency on target 'CoreMetrics' in project 'swift-metrics'
Target 'Metrics' in project 'swift-metrics'
➜ Explicit dependency on target 'CoreMetrics' in project 'swift-metrics'
Target 'CoreMetrics' in project 'swift-metrics' (no dependencies)
Target 'Logging' in project 'swift-log'
➜ Explicit dependency on target 'Logging' in project 'swift-log'
Target 'Logging' in project 'swift-log' (no dependencies)
Target 'NIOSSL' in project 'swift-nio-ssl'
➜ Explicit dependency on target 'NIOSSL' in project 'swift-nio-ssl'
➜ Explicit dependency on target 'swift-nio-ssl_NIOSSL' in project 'swift-nio-ssl'
➜ Explicit dependency on target 'CNIOBoringSSL' in project 'swift-nio-ssl'
➜ Explicit dependency on target 'CNIOBoringSSLShims' in project 'swift-nio-ssl'
➜ Explicit dependency on target 'NIO' in project 'swift-nio'
➜ Explicit dependency on target 'NIOCore' in project 'swift-nio'
➜ Explicit dependency on target 'NIOConcurrencyHelpers' in project 'swift-nio'
➜ Explicit dependency on target 'NIOTLS' in project 'swift-nio'
Target 'NIOSSL' in project 'swift-nio-ssl'
➜ Explicit dependency on target 'swift-nio-ssl_NIOSSL' in project 'swift-nio-ssl'
➜ Explicit dependency on target 'CNIOBoringSSL' in project 'swift-nio-ssl'
➜ Explicit dependency on target 'CNIOBoringSSLShims' in project 'swift-nio-ssl'
➜ Explicit dependency on target 'NIO' in project 'swift-nio'
➜ Explicit dependency on target 'NIOCore' in project 'swift-nio'
➜ Explicit dependency on target 'NIOConcurrencyHelpers' in project 'swift-nio'
➜ Explicit dependency on target 'NIOTLS' in project 'swift-nio'
Target 'NIOTLS' in project 'swift-nio'
➜ Explicit dependency on target 'NIOTLS' in project 'swift-nio'
➜ Explicit dependency on target 'CNIOAtomics' in project 'swift-nio'
➜ Explicit dependency on target 'NIOConcurrencyHelpers' in project 'swift-nio'
➜ Explicit dependency on target '_NIOBase64' in project 'swift-nio'
➜ Explicit dependency on target 'CNIOOpenBSD' in project 'swift-nio'
➜ Explicit dependency on target 'CNIOFreeBSD' in project 'swift-nio'
➜ Explicit dependency on target 'CNIODarwin' in project 'swift-nio'
➜ Explicit dependency on target 'CNIOLinux' in project 'swift-nio'
➜ Explicit dependency on target 'CNIOWindows' in project 'swift-nio'
➜ Explicit dependency on target 'CNIOWASI' in project 'swift-nio'
➜ Explicit dependency on target '_NIODataStructures' in project 'swift-nio'
➜ Explicit dependency on target 'NIOCore' in project 'swift-nio'
➜ Explicit dependency on target 'NIOEmbedded' in project 'swift-nio'
➜ Explicit dependency on target 'CNIOPosix' in project 'swift-nio'
➜ Explicit dependency on target 'NIOPosix' in project 'swift-nio'
➜ Explicit dependency on target 'NIO' in project 'swift-nio'
➜ Explicit dependency on target 'DequeModule' in project 'swift-collections'
➜ Explicit dependency on target 'Atomics' in project 'swift-atomics'
Target 'NIOTLS' in project 'swift-nio'
➜ Explicit dependency on target 'CNIOAtomics' in project 'swift-nio'
➜ Explicit dependency on target 'NIOConcurrencyHelpers' in project 'swift-nio'
➜ Explicit dependency on target '_NIOBase64' in project 'swift-nio'
➜ Explicit dependency on target 'CNIOOpenBSD' in project 'swift-nio'
➜ Explicit dependency on target 'CNIOFreeBSD' in project 'swift-nio'
➜ Explicit dependency on target 'CNIODarwin' in project 'swift-nio'
➜ Explicit dependency on target 'CNIOLinux' in project 'swift-nio'
➜ Explicit dependency on target 'CNIOWindows' in project 'swift-nio'
➜ Explicit dependency on target 'CNIOWASI' in project 'swift-nio'
➜ Explicit dependency on target '_NIODataStructures' in project 'swift-nio'
➜ Explicit dependency on target 'NIOCore' in project 'swift-nio'
➜ Explicit dependency on target 'NIOEmbedded' in project 'swift-nio'
➜ Explicit dependency on target 'CNIOPosix' in project 'swift-nio'
➜ Explicit dependency on target 'NIOPosix' in project 'swift-nio'
➜ Explicit dependency on target 'NIO' in project 'swift-nio'
➜ Explicit dependency on target 'DequeModule' in project 'swift-collections'
➜ Explicit dependency on target 'Atomics' in project 'swift-atomics'
Target 'CNIOBoringSSLShims' in project 'swift-nio-ssl'
➜ Explicit dependency on target 'CNIOBoringSSL' in project 'swift-nio-ssl'
Target 'CNIOBoringSSL' in project 'swift-nio-ssl' (no dependencies)
Target 'swift-nio-ssl_NIOSSL' in project 'swift-nio-ssl' (no dependencies)
Target 'NIOConcurrencyHelpers' in project 'swift-nio'
➜ Explicit dependency on target 'NIOConcurrencyHelpers' in project 'swift-nio'
➜ Explicit dependency on target 'CNIOAtomics' in project 'swift-nio'
Target 'NIO' in project 'swift-nio'
➜ Explicit dependency on target 'NIO' in project 'swift-nio'
➜ Explicit dependency on target 'CNIOAtomics' in project 'swift-nio'
➜ Explicit dependency on target 'NIOConcurrencyHelpers' in project 'swift-nio'
➜ Explicit dependency on target '_NIOBase64' in project 'swift-nio'
➜ Explicit dependency on target 'CNIOOpenBSD' in project 'swift-nio'
➜ Explicit dependency on target 'CNIOFreeBSD' in project 'swift-nio'
➜ Explicit dependency on target 'CNIODarwin' in project 'swift-nio'
➜ Explicit dependency on target 'CNIOLinux' in project 'swift-nio'
➜ Explicit dependency on target 'CNIOWindows' in project 'swift-nio'
➜ Explicit dependency on target 'CNIOWASI' in project 'swift-nio'
➜ Explicit dependency on target '_NIODataStructures' in project 'swift-nio'
➜ Explicit dependency on target 'NIOCore' in project 'swift-nio'
➜ Explicit dependency on target 'NIOEmbedded' in project 'swift-nio'
➜ Explicit dependency on target 'CNIOPosix' in project 'swift-nio'
➜ Explicit dependency on target 'NIOPosix' in project 'swift-nio'
➜ Explicit dependency on target 'DequeModule' in project 'swift-collections'
➜ Explicit dependency on target 'Atomics' in project 'swift-atomics'
Target 'NIO' in project 'swift-nio'
➜ Explicit dependency on target 'CNIOAtomics' in project 'swift-nio'
➜ Explicit dependency on target 'NIOConcurrencyHelpers' in project 'swift-nio'
➜ Explicit dependency on target '_NIOBase64' in project 'swift-nio'
➜ Explicit dependency on target 'CNIOOpenBSD' in project 'swift-nio'
➜ Explicit dependency on target 'CNIOFreeBSD' in project 'swift-nio'
➜ Explicit dependency on target 'CNIODarwin' in project 'swift-nio'
➜ Explicit dependency on target 'CNIOLinux' in project 'swift-nio'
➜ Explicit dependency on target 'CNIOWindows' in project 'swift-nio'
➜ Explicit dependency on target 'CNIOWASI' in project 'swift-nio'
➜ Explicit dependency on target '_NIODataStructures' in project 'swift-nio'
➜ Explicit dependency on target 'NIOCore' in project 'swift-nio'
➜ Explicit dependency on target 'NIOEmbedded' in project 'swift-nio'
➜ Explicit dependency on target 'CNIOPosix' in project 'swift-nio'
➜ Explicit dependency on target 'NIOPosix' in project 'swift-nio'
➜ Explicit dependency on target 'DequeModule' in project 'swift-collections'
➜ Explicit dependency on target 'Atomics' in project 'swift-atomics'
Target 'NIOEmbedded' in project 'swift-nio'
➜ Explicit dependency on target 'CNIOAtomics' in project 'swift-nio'
➜ Explicit dependency on target 'NIOConcurrencyHelpers' in project 'swift-nio'
➜ Explicit dependency on target '_NIOBase64' in project 'swift-nio'
➜ Explicit dependency on target 'CNIOOpenBSD' in project 'swift-nio'
➜ Explicit dependency on target 'CNIOFreeBSD' in project 'swift-nio'
➜ Explicit dependency on target 'CNIODarwin' in project 'swift-nio'
➜ Explicit dependency on target 'CNIOLinux' in project 'swift-nio'
➜ Explicit dependency on target 'CNIOWindows' in project 'swift-nio'
➜ Explicit dependency on target 'CNIOWASI' in project 'swift-nio'
➜ Explicit dependency on target '_NIODataStructures' in project 'swift-nio'
➜ Explicit dependency on target 'NIOCore' in project 'swift-nio'
➜ Explicit dependency on target 'DequeModule' in project 'swift-collections'
➜ Explicit dependency on target 'Atomics' in project 'swift-atomics'
Target 'NIOPosix' in project 'swift-nio'
➜ Explicit dependency on target 'NIOPosix' in project 'swift-nio'
➜ Explicit dependency on target 'swift-nio_NIOPosix' in project 'swift-nio'
➜ Explicit dependency on target 'CNIOOpenBSD' in project 'swift-nio'
➜ Explicit dependency on target 'CNIOLinux' in project 'swift-nio'
➜ Explicit dependency on target 'CNIODarwin' in project 'swift-nio'
➜ Explicit dependency on target 'CNIOWindows' in project 'swift-nio'
➜ Explicit dependency on target 'CNIOAtomics' in project 'swift-nio'
➜ Explicit dependency on target 'NIOConcurrencyHelpers' in project 'swift-nio'
➜ Explicit dependency on target '_NIOBase64' in project 'swift-nio'
➜ Explicit dependency on target 'CNIOFreeBSD' in project 'swift-nio'
➜ Explicit dependency on target 'CNIOWASI' in project 'swift-nio'
➜ Explicit dependency on target '_NIODataStructures' in project 'swift-nio'
➜ Explicit dependency on target 'NIOCore' in project 'swift-nio'
➜ Explicit dependency on target 'CNIOPosix' in project 'swift-nio'
➜ Explicit dependency on target 'DequeModule' in project 'swift-collections'
➜ Explicit dependency on target 'Atomics' in project 'swift-atomics'
Target 'NIOPosix' in project 'swift-nio'
➜ Explicit dependency on target 'swift-nio_NIOPosix' in project 'swift-nio'
➜ Explicit dependency on target 'CNIOOpenBSD' in project 'swift-nio'
➜ Explicit dependency on target 'CNIOLinux' in project 'swift-nio'
➜ Explicit dependency on target 'CNIODarwin' in project 'swift-nio'
➜ Explicit dependency on target 'CNIOWindows' in project 'swift-nio'
➜ Explicit dependency on target 'CNIOAtomics' in project 'swift-nio'
➜ Explicit dependency on target 'NIOConcurrencyHelpers' in project 'swift-nio'
➜ Explicit dependency on target '_NIOBase64' in project 'swift-nio'
➜ Explicit dependency on target 'CNIOFreeBSD' in project 'swift-nio'
➜ Explicit dependency on target 'CNIOWASI' in project 'swift-nio'
➜ Explicit dependency on target '_NIODataStructures' in project 'swift-nio'
➜ Explicit dependency on target 'NIOCore' in project 'swift-nio'
➜ Explicit dependency on target 'CNIOPosix' in project 'swift-nio'
➜ Explicit dependency on target 'DequeModule' in project 'swift-collections'
➜ Explicit dependency on target 'Atomics' in project 'swift-atomics'
Target 'CNIOPosix' in project 'swift-nio' (no dependencies)
Target 'swift-nio_NIOPosix' in project 'swift-nio' (no dependencies)
Target 'NIOCore' in project 'swift-nio'
➜ Explicit dependency on target 'NIOCore' in project 'swift-nio'
➜ Explicit dependency on target 'CNIOAtomics' in project 'swift-nio'
➜ Explicit dependency on target 'NIOConcurrencyHelpers' in project 'swift-nio'
➜ Explicit dependency on target '_NIOBase64' in project 'swift-nio'
➜ Explicit dependency on target 'CNIOOpenBSD' in project 'swift-nio'
➜ Explicit dependency on target 'CNIOFreeBSD' in project 'swift-nio'
➜ Explicit dependency on target 'CNIODarwin' in project 'swift-nio'
➜ Explicit dependency on target 'CNIOLinux' in project 'swift-nio'
➜ Explicit dependency on target 'CNIOWindows' in project 'swift-nio'
➜ Explicit dependency on target 'CNIOWASI' in project 'swift-nio'
➜ Explicit dependency on target '_NIODataStructures' in project 'swift-nio'
➜ Explicit dependency on target 'DequeModule' in project 'swift-collections'
➜ Explicit dependency on target 'Atomics' in project 'swift-atomics'
Target 'NIOCore' in project 'swift-nio'
➜ Explicit dependency on target 'CNIOAtomics' in project 'swift-nio'
➜ Explicit dependency on target 'NIOConcurrencyHelpers' in project 'swift-nio'
➜ Explicit dependency on target '_NIOBase64' in project 'swift-nio'
➜ Explicit dependency on target 'CNIOOpenBSD' in project 'swift-nio'
➜ Explicit dependency on target 'CNIOFreeBSD' in project 'swift-nio'
➜ Explicit dependency on target 'CNIODarwin' in project 'swift-nio'
➜ Explicit dependency on target 'CNIOLinux' in project 'swift-nio'
➜ Explicit dependency on target 'CNIOWindows' in project 'swift-nio'
➜ Explicit dependency on target 'CNIOWASI' in project 'swift-nio'
➜ Explicit dependency on target '_NIODataStructures' in project 'swift-nio'
➜ Explicit dependency on target 'DequeModule' in project 'swift-collections'
➜ Explicit dependency on target 'Atomics' in project 'swift-atomics'
Target 'Atomics' in project 'swift-atomics'
➜ Explicit dependency on target 'Atomics' in project 'swift-atomics'
➜ Explicit dependency on target '_AtomicsShims' in project 'swift-atomics'
Target 'Atomics' in project 'swift-atomics'
➜ Explicit dependency on target '_AtomicsShims' in project 'swift-atomics'
Target '_AtomicsShims' in project 'swift-atomics' (no dependencies)
Target 'DequeModule' in project 'swift-collections'
➜ Explicit dependency on target 'DequeModule' in project 'swift-collections'
➜ Explicit dependency on target 'InternalCollectionsUtilities' in project 'swift-collections'
➜ Explicit dependency on target 'ContainersPreview' in project 'swift-collections'
Target 'DequeModule' in project 'swift-collections'
➜ Explicit dependency on target 'InternalCollectionsUtilities' in project 'swift-collections'
➜ Explicit dependency on target 'ContainersPreview' in project 'swift-collections'
Target 'ContainersPreview' in project 'swift-collections'
➜ Explicit dependency on target 'InternalCollectionsUtilities' in project 'swift-collections'
Target 'InternalCollectionsUtilities' in project 'swift-collections' (no dependencies)
Target '_NIODataStructures' in project 'swift-nio' (no dependencies)
Target 'CNIOWASI' in project 'swift-nio' (no dependencies)
Target 'CNIOWindows' in project 'swift-nio' (no dependencies)
Target 'CNIOLinux' in project 'swift-nio' (no dependencies)
Target 'CNIODarwin' in project 'swift-nio' (no dependencies)
Target 'CNIOFreeBSD' in project 'swift-nio' (no dependencies)
Target 'CNIOOpenBSD' in project 'swift-nio' (no dependencies)
Target '_NIOBase64' in project 'swift-nio' (no dependencies)
Target 'NIOConcurrencyHelpers' in project 'swift-nio'
➜ Explicit dependency on target 'CNIOAtomics' in project 'swift-nio'
Target 'CNIOAtomics' in project 'swift-nio' (no dependencies)
GatherProvisioningInputs
CreateBuildDescription
ClangStatCache /Applications/Xcode-26.5.0.app/Contents/Developer/Toolchains/XcodeDefault.xctoolchain/usr/bin/clang-stat-cache /Applications/Xcode-26.5.0.app/Contents/Developer/Platforms/WatchOS.platform/Developer/SDKs/WatchOS26.5.sdk /Users/admin/builder/spi-builder-workspace/.derivedData/SDKStatCaches.noindex/watchos26.5-23T570-688ef53f1462e2c8f657fdc38a81448f7931b973dfc65d9472806dbbc3af9379.sdkstatcache
cd /Users/admin/builder/spi-builder-workspace/.swiftpm/xcode
/Applications/Xcode-26.5.0.app/Contents/Developer/Toolchains/XcodeDefault.xctoolchain/usr/bin/clang-stat-cache /Applications/Xcode-26.5.0.app/Contents/Developer/Platforms/WatchOS.platform/Developer/SDKs/WatchOS26.5.sdk -o /Users/admin/builder/spi-builder-workspace/.derivedData/SDKStatCaches.noindex/watchos26.5-23T570-688ef53f1462e2c8f657fdc38a81448f7931b973dfc65d9472806dbbc3af9379.sdkstatcache
SwiftDriver RediStack normal arm64_32 com.apple.xcode.tools.swift.compiler (in target 'RediStack' from project 'RediStack')
cd /Users/admin/builder/spi-builder-workspace/.swiftpm/xcode
builtin-SwiftDriver -- /Applications/Xcode-26.5.0.app/Contents/Developer/Toolchains/XcodeDefault.xctoolchain/usr/bin/swiftc -module-name RediStack -Onone @/Users/admin/builder/spi-builder-workspace/.derivedData/Build/Intermediates.noindex/RediStack.build/Debug-watchos/RediStack.build/Objects-normal/arm64_32/RediStack.SwiftFileList -DSWIFT_PACKAGE -DDEBUG -DSWIFT_MODULE_RESOURCE_BUNDLE_UNAVAILABLE -Xcc -fmodule-map-file\=/Users/admin/builder/spi-builder-workspace/.derivedData/Build/Intermediates.noindex/GeneratedModuleMaps-watchos/CNIOPosix.modulemap -Xcc -fmodule-map-file\=/Users/admin/builder/spi-builder-workspace/.derivedData/Build/Intermediates.noindex/GeneratedModuleMaps-watchos/CNIOWASI.modulemap -Xcc -fmodule-map-file\=/Users/admin/builder/spi-builder-workspace/.derivedData/Build/Intermediates.noindex/GeneratedModuleMaps-watchos/CNIOLinux.modulemap -Xcc -fmodule-map-file\=/Users/admin/builder/spi-builder-workspace/.derivedData/Build/Intermediates.noindex/GeneratedModuleMaps-watchos/CNIODarwin.modulemap -Xcc -fmodule-map-file\=/Users/admin/builder/spi-builder-workspace/.derivedData/Build/Intermediates.noindex/GeneratedModuleMaps-watchos/CNIOFreeBSD.modulemap -Xcc -fmodule-map-file\=/Users/admin/builder/spi-builder-workspace/.derivedData/Build/Intermediates.noindex/GeneratedModuleMaps-watchos/CNIOOpenBSD.modulemap -Xcc -fmodule-map-file\=/Users/admin/builder/spi-builder-workspace/.derivedData/Build/Intermediates.noindex/GeneratedModuleMaps-watchos/CNIOAtomics.modulemap -Xcc -fmodule-map-file\=/Users/admin/builder/spi-builder-workspace/.derivedData/Build/Intermediates.noindex/GeneratedModuleMaps-watchos/CNIOBoringSSLShims.modulemap -DXcode -plugin-path /Applications/Xcode-26.5.0.app/Contents/Developer/Toolchains/XcodeDefault.xctoolchain/usr/lib/swift/host/plugins/testing -enable-experimental-feature DebugDescriptionMacro -sdk /Applications/Xcode-26.5.0.app/Contents/Developer/Platforms/WatchOS.platform/Developer/SDKs/WatchOS26.5.sdk -target arm64_32-apple-watchos5.0 -g -module-cache-path /Users/admin/builder/spi-builder-workspace/.derivedData/ModuleCache.noindex -Xfrontend -serialize-debugging-options -profile-coverage-mapping -profile-generate -enable-testing -suppress-warnings -index-store-path /Users/admin/builder/spi-builder-workspace/.derivedData/Index.noindex/DataStore -Xcc -D_LIBCPP_HARDENING_MODE\=_LIBCPP_HARDENING_MODE_DEBUG -swift-version 5 -I /Users/admin/builder/spi-builder-workspace/.derivedData/Build/Products/Debug-watchos -Isystem /Applications/Xcode-26.5.0.app/Contents/Developer/Platforms/WatchOS.platform/Developer/usr/lib -F /Users/admin/builder/spi-builder-workspace/.derivedData/Build/Products/Debug-watchos/PackageFrameworks -F /Users/admin/builder/spi-builder-workspace/.derivedData/Build/Products/Debug-watchos/PackageFrameworks -F /Users/admin/builder/spi-builder-workspace/.derivedData/Build/Products/Debug-watchos/PackageFrameworks -F /Users/admin/builder/spi-builder-workspace/.derivedData/Build/Products/Debug-watchos/PackageFrameworks -F /Users/admin/builder/spi-builder-workspace/.derivedData/Build/Products/Debug-watchos/PackageFrameworks -F /Users/admin/builder/spi-builder-workspace/.derivedData/Build/Products/Debug-watchos/PackageFrameworks -F /Users/admin/builder/spi-builder-workspace/.derivedData/Build/Products/Debug-watchos/PackageFrameworks -F /Users/admin/builder/spi-builder-workspace/.derivedData/Build/Products/Debug-watchos/PackageFrameworks -F /Users/admin/builder/spi-builder-workspace/.derivedData/Build/Products/Debug-watchos/PackageFrameworks -F /Users/admin/builder/spi-builder-workspace/.derivedData/Build/Products/Debug-watchos/PackageFrameworks -F /Users/admin/builder/spi-builder-workspace/.derivedData/Build/Products/Debug-watchos/PackageFrameworks -F /Users/admin/builder/spi-builder-workspace/.derivedData/Build/Products/Debug-watchos/PackageFrameworks -F /Users/admin/builder/spi-builder-workspace/.derivedData/Build/Products/Debug-watchos/PackageFrameworks -F /Users/admin/builder/spi-builder-workspace/.derivedData/Build/Products/Debug-watchos/PackageFrameworks -F /Users/admin/builder/spi-builder-workspace/.derivedData/Build/Products/Debug-watchos/PackageFrameworks -F /Users/admin/builder/spi-builder-workspace/.derivedData/Build/Products/Debug-watchos/PackageFrameworks -F /Users/admin/builder/spi-builder-workspace/.derivedData/Build/Products/Debug-watchos/PackageFrameworks -F /Users/admin/builder/spi-builder-workspace/.derivedData/Build/Products/Debug-watchos/PackageFrameworks -F /Users/admin/builder/spi-builder-workspace/.derivedData/Build/Products/Debug-watchos/PackageFrameworks -F /Users/admin/builder/spi-builder-workspace/.derivedData/Build/Products/Debug-watchos/PackageFrameworks -F /Users/admin/builder/spi-builder-workspace/.derivedData/Build/Products/Debug-watchos/PackageFrameworks -F /Users/admin/builder/spi-builder-workspace/.derivedData/Build/Products/Debug-watchos/PackageFrameworks -F /Users/admin/builder/spi-builder-workspace/.derivedData/Build/Products/Debug-watchos/PackageFrameworks -F /Users/admin/builder/spi-builder-workspace/.derivedData/Build/Products/Debug-watchos/PackageFrameworks -F /Users/admin/builder/spi-builder-workspace/.derivedData/Build/Products/Debug-watchos/PackageFrameworks -F /Users/admin/builder/spi-builder-workspace/.derivedData/Build/Products/Debug-watchos/PackageFrameworks -F /Users/admin/builder/spi-builder-workspace/.derivedData/Build/Products/Debug-watchos/PackageFrameworks -F /Users/admin/builder/spi-builder-workspace/.derivedData/Build/Products/Debug-watchos -F /Applications/Xcode-26.5.0.app/Contents/Developer/Platforms/WatchOS.platform/Developer/Library/Frameworks -F /Applications/Xcode-26.5.0.app/Contents/Developer/Platforms/WatchOS.platform/Developer/SDKs/WatchOS26.5.sdk/Developer/Library/Frameworks -c -j10 -enable-batch-mode -incremental -Xcc -ivfsstatcache -Xcc /Users/admin/builder/spi-builder-workspace/.derivedData/SDKStatCaches.noindex/watchos26.5-23T570-688ef53f1462e2c8f657fdc38a81448f7931b973dfc65d9472806dbbc3af9379.sdkstatcache -output-file-map /Users/admin/builder/spi-builder-workspace/.derivedData/Build/Intermediates.noindex/RediStack.build/Debug-watchos/RediStack.build/Objects-normal/arm64_32/RediStack-OutputFileMap.json -use-frontend-parseable-output -save-temps -no-color-diagnostics -explicit-module-build -module-cache-path /Users/admin/builder/spi-builder-workspace/.derivedData/Build/Intermediates.noindex/SwiftExplicitPrecompiledModules -clang-scanner-module-cache-path /Users/admin/builder/spi-builder-workspace/.derivedData/ModuleCache.noindex -sdk-module-cache-path /Users/admin/builder/spi-builder-workspace/.derivedData/ModuleCache.noindex -serialize-diagnostics -emit-dependencies -emit-module -emit-module-path /Users/admin/builder/spi-builder-workspace/.derivedData/Build/Intermediates.noindex/RediStack.build/Debug-watchos/RediStack.build/Objects-normal/arm64_32/RediStack.swiftmodule -user-module-version 1.6.3 -validate-clang-modules-once -clang-build-session-file /Users/admin/builder/spi-builder-workspace/.derivedData/ModuleCache.noindex/Session.modulevalidation -package-name redistack -Xcc -I/Users/admin/builder/spi-builder-workspace/.derivedData/Build/Intermediates.noindex/RediStack.build/Debug-watchos/RediStack.build/swift-overrides.hmap -emit-const-values -Xfrontend -const-gather-protocols-file -Xfrontend /Users/admin/builder/spi-builder-workspace/.derivedData/Build/Intermediates.noindex/RediStack.build/Debug-watchos/RediStack.build/Objects-normal/arm64_32/RediStack_const_extract_protocols.json -Xcc -I/Users/admin/builder/spi-builder-workspace/.dependencies/checkouts/swift-nio/Sources/CNIOPosix/include -Xcc -I/Users/admin/builder/spi-builder-workspace/.dependencies/checkouts/swift-nio/Sources/CNIOWASI/include -Xcc -I/Users/admin/builder/spi-builder-workspace/.dependencies/checkouts/swift-nio/Sources/CNIOWindows/include -Xcc -I/Users/admin/builder/spi-builder-workspace/.dependencies/checkouts/swift-nio/Sources/CNIOLinux/include -Xcc -I/Users/admin/builder/spi-builder-workspace/.dependencies/checkouts/swift-nio/Sources/CNIODarwin/include -Xcc -I/Users/admin/builder/spi-builder-workspace/.dependencies/checkouts/swift-nio/Sources/CNIOFreeBSD/include -Xcc -I/Users/admin/builder/spi-builder-workspace/.dependencies/checkouts/swift-nio/Sources/CNIOOpenBSD/include -Xcc -I/Users/admin/builder/spi-builder-workspace/.dependencies/checkouts/swift-nio/Sources/CNIOAtomics/include -Xcc -I/Users/admin/builder/spi-builder-workspace/.dependencies/checkouts/swift-nio-ssl/Sources/CNIOBoringSSLShims/include -Xcc -I/Users/admin/builder/spi-builder-workspace/.dependencies/checkouts/swift-nio-ssl/Sources/CNIOBoringSSL/include -Xcc -I/Users/admin/builder/spi-builder-workspace/.dependencies/checkouts/swift-atomics/Sources/_AtomicsShims/include -Xcc -I/Users/admin/builder/spi-builder-workspace/.derivedData/Build/Products/Debug-watchos/include -Xcc -I/Users/admin/builder/spi-builder-workspace/.derivedData/Build/Intermediates.noindex/RediStack.build/Debug-watchos/RediStack.build/DerivedSources-normal/arm64_32 -Xcc -I/Users/admin/builder/spi-builder-workspace/.derivedData/Build/Intermediates.noindex/RediStack.build/Debug-watchos/RediStack.build/DerivedSources/arm64_32 -Xcc -I/Users/admin/builder/spi-builder-workspace/.derivedData/Build/Intermediates.noindex/RediStack.build/Debug-watchos/RediStack.build/DerivedSources -Xcc -DSWIFT_PACKAGE -Xcc -DDEBUG\=1 -emit-objc-header -emit-objc-header-path /Users/admin/builder/spi-builder-workspace/.derivedData/Build/Intermediates.noindex/RediStack.build/Debug-watchos/RediStack.build/Objects-normal/arm64_32/RediStack-Swift.h -working-directory /Users/admin/builder/spi-builder-workspace/.swiftpm/xcode -experimental-emit-module-separately -disable-cmo
SwiftDriver PerfectRedis normal arm64 com.apple.xcode.tools.swift.compiler (in target 'PerfectRedis' from project 'PerfectRedis')
cd /Users/admin/builder/spi-builder-workspace/.swiftpm/xcode
builtin-SwiftDriver -- /Applications/Xcode-26.5.0.app/Contents/Developer/Toolchains/XcodeDefault.xctoolchain/usr/bin/swiftc -module-name PerfectRedis -Onone @/Users/admin/builder/spi-builder-workspace/.derivedData/Build/Intermediates.noindex/PerfectRedis.build/Debug-watchos/PerfectRedis.build/Objects-normal/arm64/PerfectRedis.SwiftFileList -DSWIFT_PACKAGE -DDEBUG -DSWIFT_MODULE_RESOURCE_BUNDLE_UNAVAILABLE -Xcc -fmodule-map-file\=/Users/admin/builder/spi-builder-workspace/.derivedData/Build/Intermediates.noindex/GeneratedModuleMaps-watchos/CNIOPosix.modulemap -Xcc -fmodule-map-file\=/Users/admin/builder/spi-builder-workspace/.derivedData/Build/Intermediates.noindex/GeneratedModuleMaps-watchos/CNIOWASI.modulemap -Xcc -fmodule-map-file\=/Users/admin/builder/spi-builder-workspace/.derivedData/Build/Intermediates.noindex/GeneratedModuleMaps-watchos/CNIOLinux.modulemap -Xcc -fmodule-map-file\=/Users/admin/builder/spi-builder-workspace/.derivedData/Build/Intermediates.noindex/GeneratedModuleMaps-watchos/CNIODarwin.modulemap -Xcc -fmodule-map-file\=/Users/admin/builder/spi-builder-workspace/.derivedData/Build/Intermediates.noindex/GeneratedModuleMaps-watchos/CNIOFreeBSD.modulemap -Xcc -fmodule-map-file\=/Users/admin/builder/spi-builder-workspace/.derivedData/Build/Intermediates.noindex/GeneratedModuleMaps-watchos/CNIOOpenBSD.modulemap -Xcc -fmodule-map-file\=/Users/admin/builder/spi-builder-workspace/.derivedData/Build/Intermediates.noindex/GeneratedModuleMaps-watchos/CNIOAtomics.modulemap -Xcc -fmodule-map-file\=/Users/admin/builder/spi-builder-workspace/.derivedData/Build/Intermediates.noindex/GeneratedModuleMaps-watchos/CNIOBoringSSLShims.modulemap -DXcode -plugin-path /Applications/Xcode-26.5.0.app/Contents/Developer/Toolchains/XcodeDefault.xctoolchain/usr/lib/swift/host/plugins/testing -enable-experimental-feature DebugDescriptionMacro -sdk /Applications/Xcode-26.5.0.app/Contents/Developer/Platforms/WatchOS.platform/Developer/SDKs/WatchOS26.5.sdk -target arm64-apple-watchos5.0 -g -module-cache-path /Users/admin/builder/spi-builder-workspace/.derivedData/ModuleCache.noindex -Xfrontend -serialize-debugging-options -profile-coverage-mapping -profile-generate -enable-testing -index-store-path /Users/admin/builder/spi-builder-workspace/.derivedData/Index.noindex/DataStore -Xcc -D_LIBCPP_HARDENING_MODE\=_LIBCPP_HARDENING_MODE_DEBUG -swift-version 6 -I /Users/admin/builder/spi-builder-workspace/.derivedData/Build/Products/Debug-watchos -Isystem /Applications/Xcode-26.5.0.app/Contents/Developer/Platforms/WatchOS.platform/Developer/usr/lib -F /Users/admin/builder/spi-builder-workspace/.derivedData/Build/Products/Debug-watchos/PackageFrameworks -F /Users/admin/builder/spi-builder-workspace/.derivedData/Build/Products/Debug-watchos/PackageFrameworks -F /Users/admin/builder/spi-builder-workspace/.derivedData/Build/Products/Debug-watchos/PackageFrameworks -F /Users/admin/builder/spi-builder-workspace/.derivedData/Build/Products/Debug-watchos/PackageFrameworks -F /Users/admin/builder/spi-builder-workspace/.derivedData/Build/Products/Debug-watchos/PackageFrameworks -F /Users/admin/builder/spi-builder-workspace/.derivedData/Build/Products/Debug-watchos/PackageFrameworks -F /Users/admin/builder/spi-builder-workspace/.derivedData/Build/Products/Debug-watchos/PackageFrameworks -F /Users/admin/builder/spi-builder-workspace/.derivedData/Build/Products/Debug-watchos/PackageFrameworks -F /Users/admin/builder/spi-builder-workspace/.derivedData/Build/Products/Debug-watchos/PackageFrameworks -F /Users/admin/builder/spi-builder-workspace/.derivedData/Build/Products/Debug-watchos/PackageFrameworks -F /Users/admin/builder/spi-builder-workspace/.derivedData/Build/Products/Debug-watchos/PackageFrameworks -F /Users/admin/builder/spi-builder-workspace/.derivedData/Build/Products/Debug-watchos/PackageFrameworks -F /Users/admin/builder/spi-builder-workspace/.derivedData/Build/Products/Debug-watchos/PackageFrameworks -F /Users/admin/builder/spi-builder-workspace/.derivedData/Build/Products/Debug-watchos/PackageFrameworks -F /Users/admin/builder/spi-builder-workspace/.derivedData/Build/Products/Debug-watchos/PackageFrameworks -F /Users/admin/builder/spi-builder-workspace/.derivedData/Build/Products/Debug-watchos/PackageFrameworks -F /Users/admin/builder/spi-builder-workspace/.derivedData/Build/Products/Debug-watchos/PackageFrameworks -F /Users/admin/builder/spi-builder-workspace/.derivedData/Build/Products/Debug-watchos/PackageFrameworks -F /Users/admin/builder/spi-builder-workspace/.derivedData/Build/Products/Debug-watchos/PackageFrameworks -F /Users/admin/builder/spi-builder-workspace/.derivedData/Build/Products/Debug-watchos/PackageFrameworks -F /Users/admin/builder/spi-builder-workspace/.derivedData/Build/Products/Debug-watchos/PackageFrameworks -F /Users/admin/builder/spi-builder-workspace/.derivedData/Build/Products/Debug-watchos/PackageFrameworks -F /Users/admin/builder/spi-builder-workspace/.derivedData/Build/Products/Debug-watchos/PackageFrameworks -F /Users/admin/builder/spi-builder-workspace/.derivedData/Build/Products/Debug-watchos/PackageFrameworks -F /Users/admin/builder/spi-builder-workspace/.derivedData/Build/Products/Debug-watchos/PackageFrameworks -F /Users/admin/builder/spi-builder-workspace/.derivedData/Build/Products/Debug-watchos/PackageFrameworks -F /Users/admin/builder/spi-builder-workspace/.derivedData/Build/Products/Debug-watchos/PackageFrameworks -F /Users/admin/builder/spi-builder-workspace/.derivedData/Build/Products/Debug-watchos/PackageFrameworks -F /Users/admin/builder/spi-builder-workspace/.derivedData/Build/Products/Debug-watchos -F /Applications/Xcode-26.5.0.app/Contents/Developer/Platforms/WatchOS.platform/Developer/Library/Frameworks -F /Applications/Xcode-26.5.0.app/Contents/Developer/Platforms/WatchOS.platform/Developer/SDKs/WatchOS26.5.sdk/Developer/Library/Frameworks -c -j10 -enable-batch-mode -incremental -Xcc -ivfsstatcache -Xcc /Users/admin/builder/spi-builder-workspace/.derivedData/SDKStatCaches.noindex/watchos26.5-23T570-688ef53f1462e2c8f657fdc38a81448f7931b973dfc65d9472806dbbc3af9379.sdkstatcache -output-file-map /Users/admin/builder/spi-builder-workspace/.derivedData/Build/Intermediates.noindex/PerfectRedis.build/Debug-watchos/PerfectRedis.build/Objects-normal/arm64/PerfectRedis-OutputFileMap.json -use-frontend-parseable-output -save-temps -no-color-diagnostics -explicit-module-build -module-cache-path /Users/admin/builder/spi-builder-workspace/.derivedData/Build/Intermediates.noindex/SwiftExplicitPrecompiledModules -clang-scanner-module-cache-path /Users/admin/builder/spi-builder-workspace/.derivedData/ModuleCache.noindex -sdk-module-cache-path /Users/admin/builder/spi-builder-workspace/.derivedData/ModuleCache.noindex -serialize-diagnostics -emit-dependencies -emit-module -emit-module-path /Users/admin/builder/spi-builder-workspace/.derivedData/Build/Intermediates.noindex/PerfectRedis.build/Debug-watchos/PerfectRedis.build/Objects-normal/arm64/PerfectRedis.swiftmodule -validate-clang-modules-once -clang-build-session-file /Users/admin/builder/spi-builder-workspace/.derivedData/ModuleCache.noindex/Session.modulevalidation -package-name spi_builder_workspace -Xcc -I/Users/admin/builder/spi-builder-workspace/.derivedData/Build/Intermediates.noindex/PerfectRedis.build/Debug-watchos/PerfectRedis.build/swift-overrides.hmap -emit-const-values -Xfrontend -const-gather-protocols-file -Xfrontend /Users/admin/builder/spi-builder-workspace/.derivedData/Build/Intermediates.noindex/PerfectRedis.build/Debug-watchos/PerfectRedis.build/Objects-normal/arm64/PerfectRedis_const_extract_protocols.json -Xcc -I/Users/admin/builder/spi-builder-workspace/.dependencies/checkouts/swift-nio/Sources/CNIOPosix/include -Xcc -I/Users/admin/builder/spi-builder-workspace/.dependencies/checkouts/swift-nio/Sources/CNIOWASI/include -Xcc -I/Users/admin/builder/spi-builder-workspace/.dependencies/checkouts/swift-nio/Sources/CNIOWindows/include -Xcc -I/Users/admin/builder/spi-builder-workspace/.dependencies/checkouts/swift-nio/Sources/CNIOLinux/include -Xcc -I/Users/admin/builder/spi-builder-workspace/.dependencies/checkouts/swift-nio/Sources/CNIODarwin/include -Xcc -I/Users/admin/builder/spi-builder-workspace/.dependencies/checkouts/swift-nio/Sources/CNIOFreeBSD/include -Xcc -I/Users/admin/builder/spi-builder-workspace/.dependencies/checkouts/swift-nio/Sources/CNIOOpenBSD/include -Xcc -I/Users/admin/builder/spi-builder-workspace/.dependencies/checkouts/swift-nio/Sources/CNIOAtomics/include -Xcc -I/Users/admin/builder/spi-builder-workspace/.dependencies/checkouts/swift-nio-ssl/Sources/CNIOBoringSSLShims/include -Xcc -I/Users/admin/builder/spi-builder-workspace/.dependencies/checkouts/swift-nio-ssl/Sources/CNIOBoringSSL/include -Xcc -I/Users/admin/builder/spi-builder-workspace/.dependencies/checkouts/swift-atomics/Sources/_AtomicsShims/include -Xcc -I/Users/admin/builder/spi-builder-workspace/.derivedData/Build/Products/Debug-watchos/include -Xcc -I/Users/admin/builder/spi-builder-workspace/.derivedData/Build/Intermediates.noindex/PerfectRedis.build/Debug-watchos/PerfectRedis.build/DerivedSources-normal/arm64 -Xcc -I/Users/admin/builder/spi-builder-workspace/.derivedData/Build/Intermediates.noindex/PerfectRedis.build/Debug-watchos/PerfectRedis.build/DerivedSources/arm64 -Xcc -I/Users/admin/builder/spi-builder-workspace/.derivedData/Build/Intermediates.noindex/PerfectRedis.build/Debug-watchos/PerfectRedis.build/DerivedSources -Xcc -DSWIFT_PACKAGE -Xcc -DDEBUG\=1 -emit-objc-header -emit-objc-header-path /Users/admin/builder/spi-builder-workspace/.derivedData/Build/Intermediates.noindex/PerfectRedis.build/Debug-watchos/PerfectRedis.build/Objects-normal/arm64/PerfectRedis-Swift.h -working-directory /Users/admin/builder/spi-builder-workspace/.swiftpm/xcode -experimental-emit-module-separately -disable-cmo
SwiftDriver PerfectRedis normal arm64_32 com.apple.xcode.tools.swift.compiler (in target 'PerfectRedis' from project 'PerfectRedis')
cd /Users/admin/builder/spi-builder-workspace/.swiftpm/xcode
builtin-SwiftDriver -- /Applications/Xcode-26.5.0.app/Contents/Developer/Toolchains/XcodeDefault.xctoolchain/usr/bin/swiftc -module-name PerfectRedis -Onone @/Users/admin/builder/spi-builder-workspace/.derivedData/Build/Intermediates.noindex/PerfectRedis.build/Debug-watchos/PerfectRedis.build/Objects-normal/arm64_32/PerfectRedis.SwiftFileList -DSWIFT_PACKAGE -DDEBUG -DSWIFT_MODULE_RESOURCE_BUNDLE_UNAVAILABLE -Xcc -fmodule-map-file\=/Users/admin/builder/spi-builder-workspace/.derivedData/Build/Intermediates.noindex/GeneratedModuleMaps-watchos/CNIOPosix.modulemap -Xcc -fmodule-map-file\=/Users/admin/builder/spi-builder-workspace/.derivedData/Build/Intermediates.noindex/GeneratedModuleMaps-watchos/CNIOWASI.modulemap -Xcc -fmodule-map-file\=/Users/admin/builder/spi-builder-workspace/.derivedData/Build/Intermediates.noindex/GeneratedModuleMaps-watchos/CNIOLinux.modulemap -Xcc -fmodule-map-file\=/Users/admin/builder/spi-builder-workspace/.derivedData/Build/Intermediates.noindex/GeneratedModuleMaps-watchos/CNIODarwin.modulemap -Xcc -fmodule-map-file\=/Users/admin/builder/spi-builder-workspace/.derivedData/Build/Intermediates.noindex/GeneratedModuleMaps-watchos/CNIOFreeBSD.modulemap -Xcc -fmodule-map-file\=/Users/admin/builder/spi-builder-workspace/.derivedData/Build/Intermediates.noindex/GeneratedModuleMaps-watchos/CNIOOpenBSD.modulemap -Xcc -fmodule-map-file\=/Users/admin/builder/spi-builder-workspace/.derivedData/Build/Intermediates.noindex/GeneratedModuleMaps-watchos/CNIOAtomics.modulemap -Xcc -fmodule-map-file\=/Users/admin/builder/spi-builder-workspace/.derivedData/Build/Intermediates.noindex/GeneratedModuleMaps-watchos/CNIOBoringSSLShims.modulemap -DXcode -plugin-path /Applications/Xcode-26.5.0.app/Contents/Developer/Toolchains/XcodeDefault.xctoolchain/usr/lib/swift/host/plugins/testing -enable-experimental-feature DebugDescriptionMacro -sdk /Applications/Xcode-26.5.0.app/Contents/Developer/Platforms/WatchOS.platform/Developer/SDKs/WatchOS26.5.sdk -target arm64_32-apple-watchos5.0 -g -module-cache-path /Users/admin/builder/spi-builder-workspace/.derivedData/ModuleCache.noindex -Xfrontend -serialize-debugging-options -profile-coverage-mapping -profile-generate -enable-testing -index-store-path /Users/admin/builder/spi-builder-workspace/.derivedData/Index.noindex/DataStore -Xcc -D_LIBCPP_HARDENING_MODE\=_LIBCPP_HARDENING_MODE_DEBUG -swift-version 6 -I /Users/admin/builder/spi-builder-workspace/.derivedData/Build/Products/Debug-watchos -Isystem /Applications/Xcode-26.5.0.app/Contents/Developer/Platforms/WatchOS.platform/Developer/usr/lib -F /Users/admin/builder/spi-builder-workspace/.derivedData/Build/Products/Debug-watchos/PackageFrameworks -F /Users/admin/builder/spi-builder-workspace/.derivedData/Build/Products/Debug-watchos/PackageFrameworks -F /Users/admin/builder/spi-builder-workspace/.derivedData/Build/Products/Debug-watchos/PackageFrameworks -F /Users/admin/builder/spi-builder-workspace/.derivedData/Build/Products/Debug-watchos/PackageFrameworks -F /Users/admin/builder/spi-builder-workspace/.derivedData/Build/Products/Debug-watchos/PackageFrameworks -F /Users/admin/builder/spi-builder-workspace/.derivedData/Build/Products/Debug-watchos/PackageFrameworks -F /Users/admin/builder/spi-builder-workspace/.derivedData/Build/Products/Debug-watchos/PackageFrameworks -F /Users/admin/builder/spi-builder-workspace/.derivedData/Build/Products/Debug-watchos/PackageFrameworks -F /Users/admin/builder/spi-builder-workspace/.derivedData/Build/Products/Debug-watchos/PackageFrameworks -F /Users/admin/builder/spi-builder-workspace/.derivedData/Build/Products/Debug-watchos/PackageFrameworks -F /Users/admin/builder/spi-builder-workspace/.derivedData/Build/Products/Debug-watchos/PackageFrameworks -F /Users/admin/builder/spi-builder-workspace/.derivedData/Build/Products/Debug-watchos/PackageFrameworks -F /Users/admin/builder/spi-builder-workspace/.derivedData/Build/Products/Debug-watchos/PackageFrameworks -F /Users/admin/builder/spi-builder-workspace/.derivedData/Build/Products/Debug-watchos/PackageFrameworks -F /Users/admin/builder/spi-builder-workspace/.derivedData/Build/Products/Debug-watchos/PackageFrameworks -F /Users/admin/builder/spi-builder-workspace/.derivedData/Build/Products/Debug-watchos/PackageFrameworks -F /Users/admin/builder/spi-builder-workspace/.derivedData/Build/Products/Debug-watchos/PackageFrameworks -F /Users/admin/builder/spi-builder-workspace/.derivedData/Build/Products/Debug-watchos/PackageFrameworks -F /Users/admin/builder/spi-builder-workspace/.derivedData/Build/Products/Debug-watchos/PackageFrameworks -F /Users/admin/builder/spi-builder-workspace/.derivedData/Build/Products/Debug-watchos/PackageFrameworks -F /Users/admin/builder/spi-builder-workspace/.derivedData/Build/Products/Debug-watchos/PackageFrameworks -F /Users/admin/builder/spi-builder-workspace/.derivedData/Build/Products/Debug-watchos/PackageFrameworks -F /Users/admin/builder/spi-builder-workspace/.derivedData/Build/Products/Debug-watchos/PackageFrameworks -F /Users/admin/builder/spi-builder-workspace/.derivedData/Build/Products/Debug-watchos/PackageFrameworks -F /Users/admin/builder/spi-builder-workspace/.derivedData/Build/Products/Debug-watchos/PackageFrameworks -F /Users/admin/builder/spi-builder-workspace/.derivedData/Build/Products/Debug-watchos/PackageFrameworks -F /Users/admin/builder/spi-builder-workspace/.derivedData/Build/Products/Debug-watchos/PackageFrameworks -F /Users/admin/builder/spi-builder-workspace/.derivedData/Build/Products/Debug-watchos/PackageFrameworks -F /Users/admin/builder/spi-builder-workspace/.derivedData/Build/Products/Debug-watchos -F /Applications/Xcode-26.5.0.app/Contents/Developer/Platforms/WatchOS.platform/Developer/Library/Frameworks -F /Applications/Xcode-26.5.0.app/Contents/Developer/Platforms/WatchOS.platform/Developer/SDKs/WatchOS26.5.sdk/Developer/Library/Frameworks -c -j10 -enable-batch-mode -incremental -Xcc -ivfsstatcache -Xcc /Users/admin/builder/spi-builder-workspace/.derivedData/SDKStatCaches.noindex/watchos26.5-23T570-688ef53f1462e2c8f657fdc38a81448f7931b973dfc65d9472806dbbc3af9379.sdkstatcache -output-file-map /Users/admin/builder/spi-builder-workspace/.derivedData/Build/Intermediates.noindex/PerfectRedis.build/Debug-watchos/PerfectRedis.build/Objects-normal/arm64_32/PerfectRedis-OutputFileMap.json -use-frontend-parseable-output -save-temps -no-color-diagnostics -explicit-module-build -module-cache-path /Users/admin/builder/spi-builder-workspace/.derivedData/Build/Intermediates.noindex/SwiftExplicitPrecompiledModules -clang-scanner-module-cache-path /Users/admin/builder/spi-builder-workspace/.derivedData/ModuleCache.noindex -sdk-module-cache-path /Users/admin/builder/spi-builder-workspace/.derivedData/ModuleCache.noindex -serialize-diagnostics -emit-dependencies -emit-module -emit-module-path /Users/admin/builder/spi-builder-workspace/.derivedData/Build/Intermediates.noindex/PerfectRedis.build/Debug-watchos/PerfectRedis.build/Objects-normal/arm64_32/PerfectRedis.swiftmodule -validate-clang-modules-once -clang-build-session-file /Users/admin/builder/spi-builder-workspace/.derivedData/ModuleCache.noindex/Session.modulevalidation -package-name spi_builder_workspace -Xcc -I/Users/admin/builder/spi-builder-workspace/.derivedData/Build/Intermediates.noindex/PerfectRedis.build/Debug-watchos/PerfectRedis.build/swift-overrides.hmap -emit-const-values -Xfrontend -const-gather-protocols-file -Xfrontend /Users/admin/builder/spi-builder-workspace/.derivedData/Build/Intermediates.noindex/PerfectRedis.build/Debug-watchos/PerfectRedis.build/Objects-normal/arm64_32/PerfectRedis_const_extract_protocols.json -Xcc -I/Users/admin/builder/spi-builder-workspace/.dependencies/checkouts/swift-nio/Sources/CNIOPosix/include -Xcc -I/Users/admin/builder/spi-builder-workspace/.dependencies/checkouts/swift-nio/Sources/CNIOWASI/include -Xcc -I/Users/admin/builder/spi-builder-workspace/.dependencies/checkouts/swift-nio/Sources/CNIOWindows/include -Xcc -I/Users/admin/builder/spi-builder-workspace/.dependencies/checkouts/swift-nio/Sources/CNIOLinux/include -Xcc -I/Users/admin/builder/spi-builder-workspace/.dependencies/checkouts/swift-nio/Sources/CNIODarwin/include -Xcc -I/Users/admin/builder/spi-builder-workspace/.dependencies/checkouts/swift-nio/Sources/CNIOFreeBSD/include -Xcc -I/Users/admin/builder/spi-builder-workspace/.dependencies/checkouts/swift-nio/Sources/CNIOOpenBSD/include -Xcc -I/Users/admin/builder/spi-builder-workspace/.dependencies/checkouts/swift-nio/Sources/CNIOAtomics/include -Xcc -I/Users/admin/builder/spi-builder-workspace/.dependencies/checkouts/swift-nio-ssl/Sources/CNIOBoringSSLShims/include -Xcc -I/Users/admin/builder/spi-builder-workspace/.dependencies/checkouts/swift-nio-ssl/Sources/CNIOBoringSSL/include -Xcc -I/Users/admin/builder/spi-builder-workspace/.dependencies/checkouts/swift-atomics/Sources/_AtomicsShims/include -Xcc -I/Users/admin/builder/spi-builder-workspace/.derivedData/Build/Products/Debug-watchos/include -Xcc -I/Users/admin/builder/spi-builder-workspace/.derivedData/Build/Intermediates.noindex/PerfectRedis.build/Debug-watchos/PerfectRedis.build/DerivedSources-normal/arm64_32 -Xcc -I/Users/admin/builder/spi-builder-workspace/.derivedData/Build/Intermediates.noindex/PerfectRedis.build/Debug-watchos/PerfectRedis.build/DerivedSources/arm64_32 -Xcc -I/Users/admin/builder/spi-builder-workspace/.derivedData/Build/Intermediates.noindex/PerfectRedis.build/Debug-watchos/PerfectRedis.build/DerivedSources -Xcc -DSWIFT_PACKAGE -Xcc -DDEBUG\=1 -emit-objc-header -emit-objc-header-path /Users/admin/builder/spi-builder-workspace/.derivedData/Build/Intermediates.noindex/PerfectRedis.build/Debug-watchos/PerfectRedis.build/Objects-normal/arm64_32/PerfectRedis-Swift.h -working-directory /Users/admin/builder/spi-builder-workspace/.swiftpm/xcode -experimental-emit-module-separately -disable-cmo
SwiftDriver PerfectRedis normal armv7k com.apple.xcode.tools.swift.compiler (in target 'PerfectRedis' from project 'PerfectRedis')
cd /Users/admin/builder/spi-builder-workspace/.swiftpm/xcode
builtin-SwiftDriver -- /Applications/Xcode-26.5.0.app/Contents/Developer/Toolchains/XcodeDefault.xctoolchain/usr/bin/swiftc -module-name PerfectRedis -Onone @/Users/admin/builder/spi-builder-workspace/.derivedData/Build/Intermediates.noindex/PerfectRedis.build/Debug-watchos/PerfectRedis.build/Objects-normal/armv7k/PerfectRedis.SwiftFileList -DSWIFT_PACKAGE -DDEBUG -DSWIFT_MODULE_RESOURCE_BUNDLE_UNAVAILABLE -Xcc -fmodule-map-file\=/Users/admin/builder/spi-builder-workspace/.derivedData/Build/Intermediates.noindex/GeneratedModuleMaps-watchos/CNIOPosix.modulemap -Xcc -fmodule-map-file\=/Users/admin/builder/spi-builder-workspace/.derivedData/Build/Intermediates.noindex/GeneratedModuleMaps-watchos/CNIOWASI.modulemap -Xcc -fmodule-map-file\=/Users/admin/builder/spi-builder-workspace/.derivedData/Build/Intermediates.noindex/GeneratedModuleMaps-watchos/CNIOLinux.modulemap -Xcc -fmodule-map-file\=/Users/admin/builder/spi-builder-workspace/.derivedData/Build/Intermediates.noindex/GeneratedModuleMaps-watchos/CNIODarwin.modulemap -Xcc -fmodule-map-file\=/Users/admin/builder/spi-builder-workspace/.derivedData/Build/Intermediates.noindex/GeneratedModuleMaps-watchos/CNIOFreeBSD.modulemap -Xcc -fmodule-map-file\=/Users/admin/builder/spi-builder-workspace/.derivedData/Build/Intermediates.noindex/GeneratedModuleMaps-watchos/CNIOOpenBSD.modulemap -Xcc -fmodule-map-file\=/Users/admin/builder/spi-builder-workspace/.derivedData/Build/Intermediates.noindex/GeneratedModuleMaps-watchos/CNIOAtomics.modulemap -Xcc -fmodule-map-file\=/Users/admin/builder/spi-builder-workspace/.derivedData/Build/Intermediates.noindex/GeneratedModuleMaps-watchos/CNIOBoringSSLShims.modulemap -DXcode -plugin-path /Applications/Xcode-26.5.0.app/Contents/Developer/Toolchains/XcodeDefault.xctoolchain/usr/lib/swift/host/plugins/testing -enable-experimental-feature DebugDescriptionMacro -sdk /Applications/Xcode-26.5.0.app/Contents/Developer/Platforms/WatchOS.platform/Developer/SDKs/WatchOS26.5.sdk -target armv7k-apple-watchos5.0 -g -module-cache-path /Users/admin/builder/spi-builder-workspace/.derivedData/ModuleCache.noindex -Xfrontend -serialize-debugging-options -profile-coverage-mapping -profile-generate -enable-testing -index-store-path /Users/admin/builder/spi-builder-workspace/.derivedData/Index.noindex/DataStore -Xcc -D_LIBCPP_HARDENING_MODE\=_LIBCPP_HARDENING_MODE_DEBUG -swift-version 6 -I /Users/admin/builder/spi-builder-workspace/.derivedData/Build/Products/Debug-watchos -Isystem /Applications/Xcode-26.5.0.app/Contents/Developer/Platforms/WatchOS.platform/Developer/usr/lib -F /Users/admin/builder/spi-builder-workspace/.derivedData/Build/Products/Debug-watchos/PackageFrameworks -F /Users/admin/builder/spi-builder-workspace/.derivedData/Build/Products/Debug-watchos/PackageFrameworks -F /Users/admin/builder/spi-builder-workspace/.derivedData/Build/Products/Debug-watchos/PackageFrameworks -F /Users/admin/builder/spi-builder-workspace/.derivedData/Build/Products/Debug-watchos/PackageFrameworks -F /Users/admin/builder/spi-builder-workspace/.derivedData/Build/Products/Debug-watchos/PackageFrameworks -F /Users/admin/builder/spi-builder-workspace/.derivedData/Build/Products/Debug-watchos/PackageFrameworks -F /Users/admin/builder/spi-builder-workspace/.derivedData/Build/Products/Debug-watchos/PackageFrameworks -F /Users/admin/builder/spi-builder-workspace/.derivedData/Build/Products/Debug-watchos/PackageFrameworks -F /Users/admin/builder/spi-builder-workspace/.derivedData/Build/Products/Debug-watchos/PackageFrameworks -F /Users/admin/builder/spi-builder-workspace/.derivedData/Build/Products/Debug-watchos/PackageFrameworks -F /Users/admin/builder/spi-builder-workspace/.derivedData/Build/Products/Debug-watchos/PackageFrameworks -F /Users/admin/builder/spi-builder-workspace/.derivedData/Build/Products/Debug-watchos/PackageFrameworks -F /Users/admin/builder/spi-builder-workspace/.derivedData/Build/Products/Debug-watchos/PackageFrameworks -F /Users/admin/builder/spi-builder-workspace/.derivedData/Build/Products/Debug-watchos/PackageFrameworks -F /Users/admin/builder/spi-builder-workspace/.derivedData/Build/Products/Debug-watchos/PackageFrameworks -F /Users/admin/builder/spi-builder-workspace/.derivedData/Build/Products/Debug-watchos/PackageFrameworks -F /Users/admin/builder/spi-builder-workspace/.derivedData/Build/Products/Debug-watchos/PackageFrameworks -F /Users/admin/builder/spi-builder-workspace/.derivedData/Build/Products/Debug-watchos/PackageFrameworks -F /Users/admin/builder/spi-builder-workspace/.derivedData/Build/Products/Debug-watchos/PackageFrameworks -F /Users/admin/builder/spi-builder-workspace/.derivedData/Build/Products/Debug-watchos/PackageFrameworks -F /Users/admin/builder/spi-builder-workspace/.derivedData/Build/Products/Debug-watchos/PackageFrameworks -F /Users/admin/builder/spi-builder-workspace/.derivedData/Build/Products/Debug-watchos/PackageFrameworks -F /Users/admin/builder/spi-builder-workspace/.derivedData/Build/Products/Debug-watchos/PackageFrameworks -F /Users/admin/builder/spi-builder-workspace/.derivedData/Build/Products/Debug-watchos/PackageFrameworks -F /Users/admin/builder/spi-builder-workspace/.derivedData/Build/Products/Debug-watchos/PackageFrameworks -F /Users/admin/builder/spi-builder-workspace/.derivedData/Build/Products/Debug-watchos/PackageFrameworks -F /Users/admin/builder/spi-builder-workspace/.derivedData/Build/Products/Debug-watchos/PackageFrameworks -F /Users/admin/builder/spi-builder-workspace/.derivedData/Build/Products/Debug-watchos/PackageFrameworks -F /Users/admin/builder/spi-builder-workspace/.derivedData/Build/Products/Debug-watchos -F /Applications/Xcode-26.5.0.app/Contents/Developer/Platforms/WatchOS.platform/Developer/Library/Frameworks -F /Applications/Xcode-26.5.0.app/Contents/Developer/Platforms/WatchOS.platform/Developer/SDKs/WatchOS26.5.sdk/Developer/Library/Frameworks -c -j10 -enable-batch-mode -incremental -Xcc -ivfsstatcache -Xcc /Users/admin/builder/spi-builder-workspace/.derivedData/SDKStatCaches.noindex/watchos26.5-23T570-688ef53f1462e2c8f657fdc38a81448f7931b973dfc65d9472806dbbc3af9379.sdkstatcache -output-file-map /Users/admin/builder/spi-builder-workspace/.derivedData/Build/Intermediates.noindex/PerfectRedis.build/Debug-watchos/PerfectRedis.build/Objects-normal/armv7k/PerfectRedis-OutputFileMap.json -use-frontend-parseable-output -save-temps -no-color-diagnostics -explicit-module-build -module-cache-path /Users/admin/builder/spi-builder-workspace/.derivedData/Build/Intermediates.noindex/SwiftExplicitPrecompiledModules -clang-scanner-module-cache-path /Users/admin/builder/spi-builder-workspace/.derivedData/ModuleCache.noindex -sdk-module-cache-path /Users/admin/builder/spi-builder-workspace/.derivedData/ModuleCache.noindex -serialize-diagnostics -emit-dependencies -emit-module -emit-module-path /Users/admin/builder/spi-builder-workspace/.derivedData/Build/Intermediates.noindex/PerfectRedis.build/Debug-watchos/PerfectRedis.build/Objects-normal/armv7k/PerfectRedis.swiftmodule -validate-clang-modules-once -clang-build-session-file /Users/admin/builder/spi-builder-workspace/.derivedData/ModuleCache.noindex/Session.modulevalidation -package-name spi_builder_workspace -Xcc -I/Users/admin/builder/spi-builder-workspace/.derivedData/Build/Intermediates.noindex/PerfectRedis.build/Debug-watchos/PerfectRedis.build/swift-overrides.hmap -emit-const-values -Xfrontend -const-gather-protocols-file -Xfrontend /Users/admin/builder/spi-builder-workspace/.derivedData/Build/Intermediates.noindex/PerfectRedis.build/Debug-watchos/PerfectRedis.build/Objects-normal/armv7k/PerfectRedis_const_extract_protocols.json -Xcc -I/Users/admin/builder/spi-builder-workspace/.dependencies/checkouts/swift-nio/Sources/CNIOPosix/include -Xcc -I/Users/admin/builder/spi-builder-workspace/.dependencies/checkouts/swift-nio/Sources/CNIOWASI/include -Xcc -I/Users/admin/builder/spi-builder-workspace/.dependencies/checkouts/swift-nio/Sources/CNIOWindows/include -Xcc -I/Users/admin/builder/spi-builder-workspace/.dependencies/checkouts/swift-nio/Sources/CNIOLinux/include -Xcc -I/Users/admin/builder/spi-builder-workspace/.dependencies/checkouts/swift-nio/Sources/CNIODarwin/include -Xcc -I/Users/admin/builder/spi-builder-workspace/.dependencies/checkouts/swift-nio/Sources/CNIOFreeBSD/include -Xcc -I/Users/admin/builder/spi-builder-workspace/.dependencies/checkouts/swift-nio/Sources/CNIOOpenBSD/include -Xcc -I/Users/admin/builder/spi-builder-workspace/.dependencies/checkouts/swift-nio/Sources/CNIOAtomics/include -Xcc -I/Users/admin/builder/spi-builder-workspace/.dependencies/checkouts/swift-nio-ssl/Sources/CNIOBoringSSLShims/include -Xcc -I/Users/admin/builder/spi-builder-workspace/.dependencies/checkouts/swift-nio-ssl/Sources/CNIOBoringSSL/include -Xcc -I/Users/admin/builder/spi-builder-workspace/.dependencies/checkouts/swift-atomics/Sources/_AtomicsShims/include -Xcc -I/Users/admin/builder/spi-builder-workspace/.derivedData/Build/Products/Debug-watchos/include -Xcc -I/Users/admin/builder/spi-builder-workspace/.derivedData/Build/Intermediates.noindex/PerfectRedis.build/Debug-watchos/PerfectRedis.build/DerivedSources-normal/armv7k -Xcc -I/Users/admin/builder/spi-builder-workspace/.derivedData/Build/Intermediates.noindex/PerfectRedis.build/Debug-watchos/PerfectRedis.build/DerivedSources/armv7k -Xcc -I/Users/admin/builder/spi-builder-workspace/.derivedData/Build/Intermediates.noindex/PerfectRedis.build/Debug-watchos/PerfectRedis.build/DerivedSources -Xcc -DSWIFT_PACKAGE -Xcc -DDEBUG\=1 -emit-objc-header -emit-objc-header-path /Users/admin/builder/spi-builder-workspace/.derivedData/Build/Intermediates.noindex/PerfectRedis.build/Debug-watchos/PerfectRedis.build/Objects-normal/armv7k/PerfectRedis-Swift.h -working-directory /Users/admin/builder/spi-builder-workspace/.swiftpm/xcode -experimental-emit-module-separately -disable-cmo
Ld /Users/admin/builder/spi-builder-workspace/.derivedData/Build/Intermediates.noindex/RediStack.build/Debug-watchos/RediStack.build/Objects-normal/arm64/Binary/RediStack.o normal arm64 (in target 'RediStack' from project 'RediStack')
cd /Users/admin/builder/spi-builder-workspace/.dependencies/checkouts/RediStack
/Applications/Xcode-26.5.0.app/Contents/Developer/Toolchains/XcodeDefault.xctoolchain/usr/bin/clang -Xlinker -reproducible -target arm64-apple-watchos5.0 -r -isysroot /Applications/Xcode-26.5.0.app/Contents/Developer/Platforms/WatchOS.platform/Developer/SDKs/WatchOS26.5.sdk -O0 -w -F/Users/admin/builder/spi-builder-workspace/.derivedData/Build/Intermediates.noindex/EagerLinkingTBDs/Debug-watchos -F/Users/admin/builder/spi-builder-workspace/.derivedData/Build/Products/Debug-watchos/PackageFrameworks -F/Users/admin/builder/spi-builder-workspace/.derivedData/Build/Products/Debug-watchos/PackageFrameworks -F/Users/admin/builder/spi-builder-workspace/.derivedData/Build/Products/Debug-watchos/PackageFrameworks -F/Users/admin/builder/spi-builder-workspace/.derivedData/Build/Products/Debug-watchos/PackageFrameworks -F/Users/admin/builder/spi-builder-workspace/.derivedData/Build/Products/Debug-watchos/PackageFrameworks -F/Users/admin/builder/spi-builder-workspace/.derivedData/Build/Products/Debug-watchos/PackageFrameworks -F/Users/admin/builder/spi-builder-workspace/.derivedData/Build/Products/Debug-watchos/PackageFrameworks -F/Users/admin/builder/spi-builder-workspace/.derivedData/Build/Products/Debug-watchos/PackageFrameworks -F/Users/admin/builder/spi-builder-workspace/.derivedData/Build/Products/Debug-watchos/PackageFrameworks -F/Users/admin/builder/spi-builder-workspace/.derivedData/Build/Products/Debug-watchos/PackageFrameworks -F/Users/admin/builder/spi-builder-workspace/.derivedData/Build/Products/Debug-watchos/PackageFrameworks -F/Users/admin/builder/spi-builder-workspace/.derivedData/Build/Products/Debug-watchos/PackageFrameworks -F/Users/admin/builder/spi-builder-workspace/.derivedData/Build/Products/Debug-watchos/PackageFrameworks -F/Users/admin/builder/spi-builder-workspace/.derivedData/Build/Products/Debug-watchos/PackageFrameworks -F/Users/admin/builder/spi-builder-workspace/.derivedData/Build/Products/Debug-watchos/PackageFrameworks -F/Users/admin/builder/spi-builder-workspace/.derivedData/Build/Products/Debug-watchos/PackageFrameworks -F/Users/admin/builder/spi-builder-workspace/.derivedData/Build/Products/Debug-watchos/PackageFrameworks -F/Users/admin/builder/spi-builder-workspace/.derivedData/Build/Products/Debug-watchos/PackageFrameworks -F/Users/admin/builder/spi-builder-workspace/.derivedData/Build/Products/Debug-watchos/PackageFrameworks -F/Users/admin/builder/spi-builder-workspace/.derivedData/Build/Products/Debug-watchos/PackageFrameworks -F/Users/admin/builder/spi-builder-workspace/.derivedData/Build/Products/Debug-watchos/PackageFrameworks -F/Users/admin/builder/spi-builder-workspace/.derivedData/Build/Products/Debug-watchos/PackageFrameworks -F/Users/admin/builder/spi-builder-workspace/.derivedData/Build/Products/Debug-watchos/PackageFrameworks -F/Users/admin/builder/spi-builder-workspace/.derivedData/Build/Products/Debug-watchos/PackageFrameworks -F/Users/admin/builder/spi-builder-workspace/.derivedData/Build/Products/Debug-watchos/PackageFrameworks -F/Users/admin/builder/spi-builder-workspace/.derivedData/Build/Products/Debug-watchos/PackageFrameworks -F/Users/admin/builder/spi-builder-workspace/.derivedData/Build/Products/Debug-watchos/PackageFrameworks -F/Users/admin/builder/spi-builder-workspace/.derivedData/Build/Products/Debug-watchos -iframework /Applications/Xcode-26.5.0.app/Contents/Developer/Platforms/WatchOS.platform/Developer/Library/Frameworks -iframework /Applications/Xcode-26.5.0.app/Contents/Developer/Platforms/WatchOS.platform/Developer/SDKs/WatchOS26.5.sdk/Developer/Library/Frameworks -filelist /Users/admin/builder/spi-builder-workspace/.derivedData/Build/Intermediates.noindex/RediStack.build/Debug-watchos/RediStack.build/Objects-normal/arm64/RediStack.LinkFileList -nostdlib -Xlinker -object_path_lto -Xlinker /Users/admin/builder/spi-builder-workspace/.derivedData/Build/Intermediates.noindex/RediStack.build/Debug-watchos/RediStack.build/Objects-normal/arm64/RediStack_lto.o -Xlinker -no_deduplicate -Xlinker -debug_variant -Xlinker -dependency_info -Xlinker /Users/admin/builder/spi-builder-workspace/.derivedData/Build/Intermediates.noindex/RediStack.build/Debug-watchos/RediStack.build/Objects-normal/arm64/RediStack_dependency_info.dat -fobjc-link-runtime -L/Applications/Xcode-26.5.0.app/Contents/Developer/Toolchains/XcodeDefault.xctoolchain/usr/lib/swift/watchos -L/usr/lib/swift -Xlinker -add_ast_path -Xlinker /Users/admin/builder/spi-builder-workspace/.derivedData/Build/Intermediates.noindex/RediStack.build/Debug-watchos/RediStack.build/Objects-normal/arm64/RediStack.swiftmodule @/Users/admin/builder/spi-builder-workspace/.derivedData/Build/Intermediates.noindex/RediStack.build/Debug-watchos/RediStack.build/Objects-normal/arm64/RediStack-linker-args.resp -o /Users/admin/builder/spi-builder-workspace/.derivedData/Build/Intermediates.noindex/RediStack.build/Debug-watchos/RediStack.build/Objects-normal/arm64/Binary/RediStack.o
SwiftEmitModule normal armv7k Emitting\ module\ for\ PerfectRedis (in target 'PerfectRedis' from project 'PerfectRedis')
EmitSwiftModule normal armv7k (in target 'PerfectRedis' from project 'PerfectRedis')
cd /Users/admin/builder/spi-builder-workspace/.swiftpm/xcode
SwiftCompile normal armv7k Compiling\ PerfectRedis.swift /Users/admin/builder/spi-builder-workspace/Sources/PerfectRedis/PerfectRedis.swift (in target 'PerfectRedis' from project 'PerfectRedis')
SwiftCompile normal armv7k /Users/admin/builder/spi-builder-workspace/Sources/PerfectRedis/PerfectRedis.swift (in target 'PerfectRedis' from project 'PerfectRedis')
cd /Users/admin/builder/spi-builder-workspace/.swiftpm/xcode
SwiftCompile normal armv7k Compiling\ RedisList.swift /Users/admin/builder/spi-builder-workspace/Sources/PerfectRedis/RedisList.swift (in target 'PerfectRedis' from project 'PerfectRedis')
Failed frontend command:
/Applications/Xcode-26.5.0.app/Contents/Developer/Toolchains/XcodeDefault.xctoolchain/usr/bin/swift-frontend -frontend -c /Users/admin/builder/spi-builder-workspace/Sources/PerfectRedis/PerfectRedis.swift /Users/admin/builder/spi-builder-workspace/Sources/PerfectRedis/RedisClientSync.swift /Users/admin/builder/spi-builder-workspace/Sources/PerfectRedis/RedisHash.swift -primary-file /Users/admin/builder/spi-builder-workspace/Sources/PerfectRedis/RedisList.swift /Users/admin/builder/spi-builder-workspace/Sources/PerfectRedis/RedisSet.swift -emit-dependencies-path /Users/admin/builder/spi-builder-workspace/.derivedData/Build/Intermediates.noindex/PerfectRedis.build/Debug-watchos/PerfectRedis.build/Objects-normal/armv7k/RedisList.d -emit-const-values-path /Users/admin/builder/spi-builder-workspace/.derivedData/Build/Intermediates.noindex/PerfectRedis.build/Debug-watchos/PerfectRedis.build/Objects-normal/armv7k/RedisList.swiftconstvalues -emit-reference-dependencies-path /Users/admin/builder/spi-builder-workspace/.derivedData/Build/Intermediates.noindex/PerfectRedis.build/Debug-watchos/PerfectRedis.build/Objects-normal/armv7k/RedisList.swiftdeps -serialize-diagnostics-path /Users/admin/builder/spi-builder-workspace/.derivedData/Build/Intermediates.noindex/PerfectRedis.build/Debug-watchos/PerfectRedis.build/Objects-normal/armv7k/RedisList.dia -target armv7k-apple-watchos5.0 -load-resolved-plugin /Applications/Xcode-26.5.0.app/Contents/Developer/Platforms/WatchOS.platform/Developer/usr/lib/swift/host/plugins/libFoundationMacros.dylib\#/Applications/Xcode-26.5.0.app/Contents/Developer/Platforms/WatchOS.platform/Developer/usr/bin/swift-plugin-server\#FoundationMacros -load-resolved-plugin /Applications/Xcode-26.5.0.app/Contents/Developer/Platforms/WatchOS.platform/Developer/usr/lib/swift/host/plugins/libObservationMacros.dylib\#/Applications/Xcode-26.5.0.app/Contents/Developer/Platforms/WatchOS.platform/Developer/usr/bin/swift-plugin-server\#ObservationMacros -load-resolved-plugin /Applications/Xcode-26.5.0.app/Contents/Developer/Platforms/WatchOS.platform/Developer/usr/lib/swift/host/plugins/libSwiftMacros.dylib\#/Applications/Xcode-26.5.0.app/Contents/Developer/Platforms/WatchOS.platform/Developer/usr/bin/swift-plugin-server\#SwiftMacros -disable-implicit-swift-modules -Xcc -fno-implicit-modules -Xcc -fno-implicit-module-maps -explicit-swift-module-map-file /Users/admin/builder/spi-builder-workspace/.derivedData/Build/Intermediates.noindex/PerfectRedis.build/Debug-watchos/PerfectRedis.build/Objects-normal/armv7k/PerfectRedis-dependencies-1.json -debug-module-path /Users/admin/builder/spi-builder-workspace/.derivedData/Build/Intermediates.noindex/PerfectRedis.build/Debug-watchos/PerfectRedis.build/Objects-normal/armv7k/PerfectRedis.swiftmodule -enable-objc-interop -sdk /Applications/Xcode-26.5.0.app/Contents/Developer/Platforms/WatchOS.platform/Developer/SDKs/WatchOS26.5.sdk -I /Users/admin/builder/spi-builder-workspace/.derivedData/Build/Products/Debug-watchos -Isystem /Applications/Xcode-26.5.0.app/Contents/Developer/Platforms/WatchOS.platform/Developer/usr/lib -F /Users/admin/builder/spi-builder-workspace/.derivedData/Build/Products/Debug-watchos/PackageFrameworks -F /Users/admin/builder/spi-builder-workspace/.derivedData/Build/Products/Debug-watchos/PackageFrameworks -F /Users/admin/builder/spi-builder-workspace/.derivedData/Build/Products/Debug-watchos/PackageFrameworks -F /Users/admin/builder/spi-builder-workspace/.derivedData/Build/Products/Debug-watchos/PackageFrameworks -F /Users/admin/builder/spi-builder-workspace/.derivedData/Build/Products/Debug-watchos/PackageFrameworks -F /Users/admin/builder/spi-builder-workspace/.derivedData/Build/Products/Debug-watchos/PackageFrameworks -F /Users/admin/builder/spi-builder-workspace/.derivedData/Build/Products/Debug-watchos/PackageFrameworks -F /Users/admin/builder/spi-builder-workspace/.derivedData/Build/Products/Debug-watchos/PackageFrameworks -F /Users/admin/builder/spi-builder-workspace/.derivedData/Build/Products/Debug-watchos/PackageFrameworks -F /Users/admin/builder/spi-builder-workspace/.derivedData/Build/Products/Debug-watchos/PackageFrameworks -F /Users/admin/builder/spi-builder-workspace/.derivedData/Build/Products/Debug-watchos/PackageFrameworks -F /Users/admin/builder/spi-builder-workspace/.derivedData/Build/Products/Debug-watchos/PackageFrameworks -F /Users/admin/builder/spi-builder-workspace/.derivedData/Build/Products/Debug-watchos/PackageFrameworks -F /Users/admin/builder/spi-builder-workspace/.derivedData/Build/Products/Debug-watchos/PackageFrameworks -F /Users/admin/builder/spi-builder-workspace/.derivedData/Build/Products/Debug-watchos/PackageFrameworks -F /Users/admin/builder/spi-builder-workspace/.derivedData/Build/Products/Debug-watchos/PackageFrameworks -F /Users/admin/builder/spi-builder-workspace/.derivedData/Build/Products/Debug-watchos/PackageFrameworks -F /Users/admin/builder/spi-builder-workspace/.derivedData/Build/Products/Debug-watchos/PackageFrameworks -F /Users/admin/builder/spi-builder-workspace/.derivedData/Build/Products/Debug-watchos/PackageFrameworks -F /Users/admin/builder/spi-builder-workspace/.derivedData/Build/Products/Debug-watchos/PackageFrameworks -F /Users/admin/builder/spi-builder-workspace/.derivedData/Build/Products/Debug-watchos/PackageFrameworks -F /Users/admin/builder/spi-builder-workspace/.derivedData/Build/Products/Debug-watchos/PackageFrameworks -F /Users/admin/builder/spi-builder-workspace/.derivedData/Build/Products/Debug-watchos/PackageFrameworks -F /Users/admin/builder/spi-builder-workspace/.derivedData/Build/Products/Debug-watchos/PackageFrameworks -F /Users/admin/builder/spi-builder-workspace/.derivedData/Build/Products/Debug-watchos/PackageFrameworks -F /Users/admin/builder/spi-builder-workspace/.derivedData/Build/Products/Debug-watchos/PackageFrameworks -F /Users/admin/builder/spi-builder-workspace/.derivedData/Build/Products/Debug-watchos/PackageFrameworks -F /Users/admin/builder/spi-builder-workspace/.derivedData/Build/Products/Debug-watchos/PackageFrameworks -F /Users/admin/builder/spi-builder-workspace/.derivedData/Build/Products/Debug-watchos -F /Applications/Xcode-26.5.0.app/Contents/Developer/Platforms/WatchOS.platform/Developer/Library/Frameworks -F /Applications/Xcode-26.5.0.app/Contents/Developer/Platforms/WatchOS.platform/Developer/SDKs/WatchOS26.5.sdk/Developer/Library/Frameworks -no-color-diagnostics -Xcc -fno-color-diagnostics -enable-testing -g -debug-info-format\=dwarf -dwarf-version\=4 -module-cache-path /Users/admin/builder/spi-builder-workspace/.derivedData/Build/Intermediates.noindex/SwiftExplicitPrecompiledModules -profile-generate -profile-coverage-mapping -swift-version 6 -Onone -D SWIFT_PACKAGE -D DEBUG -D SWIFT_MODULE_RESOURCE_BUNDLE_UNAVAILABLE -D Xcode -serialize-debugging-options -const-gather-protocols-file /Users/admin/builder/spi-builder-workspace/.derivedData/Build/Intermediates.noindex/PerfectRedis.build/Debug-watchos/PerfectRedis.build/Objects-normal/armv7k/PerfectRedis_const_extract_protocols.json -enable-experimental-feature DebugDescriptionMacro -empty-abi-descriptor -validate-clang-modules-once -clang-build-session-file /Users/admin/builder/spi-builder-workspace/.derivedData/ModuleCache.noindex/Session.modulevalidation -Xcc -working-directory -Xcc /Users/admin/builder/spi-builder-workspace/.swiftpm/xcode -enable-anonymous-context-mangled-names -file-compilation-dir /Users/admin/builder/spi-builder-workspace/.swiftpm/xcode -Xcc -fmodule-map-file\=/Users/admin/builder/spi-builder-workspace/.derivedData/Build/Intermediates.noindex/GeneratedModuleMaps-watchos/CNIOPosix.modulemap -Xcc -fmodule-map-file\=/Users/admin/builder/spi-builder-workspace/.derivedData/Build/Intermediates.noindex/GeneratedModuleMaps-watchos/CNIOWASI.modulemap -Xcc -fmodule-map-file\=/Users/admin/builder/spi-builder-workspace/.derivedData/Build/Intermediates.noindex/GeneratedModuleMaps-watchos/CNIOLinux.modulemap -Xcc -fmodule-map-file\=/Users/admin/builder/spi-builder-workspace/.derivedData/Build/Intermediates.noindex/GeneratedModuleMaps-watchos/CNIODarwin.modulemap -Xcc -fmodule-map-file\=/Users/admin/builder/spi-builder-workspace/.derivedData/Build/Intermediates.noindex/GeneratedModuleMaps-watchos/CNIOFreeBSD.modulemap -Xcc -fmodule-map-file\=/Users/admin/builder/spi-builder-workspace/.derivedData/Build/Intermediates.noindex/GeneratedModuleMaps-watchos/CNIOOpenBSD.modulemap -Xcc -fmodule-map-file\=/Users/admin/builder/spi-builder-workspace/.derivedData/Build/Intermediates.noindex/GeneratedModuleMaps-watchos/CNIOAtomics.modulemap -Xcc -fmodule-map-file\=/Users/admin/builder/spi-builder-workspace/.derivedData/Build/Intermediates.noindex/GeneratedModuleMaps-watchos/CNIOBoringSSLShims.modulemap -Xcc -D_LIBCPP_HARDENING_MODE\=_LIBCPP_HARDENING_MODE_DEBUG -Xcc -ivfsstatcache -Xcc /Users/admin/builder/spi-builder-workspace/.derivedData/SDKStatCaches.noindex/watchos26.5-23T570-688ef53f1462e2c8f657fdc38a81448f7931b973dfc65d9472806dbbc3af9379.sdkstatcache -Xcc -I/Users/admin/builder/spi-builder-workspace/.derivedData/Build/Intermediates.noindex/PerfectRedis.build/Debug-watchos/PerfectRedis.build/swift-overrides.hmap -Xcc -I/Users/admin/builder/spi-builder-workspace/.dependencies/checkouts/swift-nio/Sources/CNIOPosix/include -Xcc -I/Users/admin/builder/spi-builder-workspace/.dependencies/checkouts/swift-nio/Sources/CNIOWASI/include -Xcc -I/Users/admin/builder/spi-builder-workspace/.dependencies/checkouts/swift-nio/Sources/CNIOWindows/include -Xcc -I/Users/admin/builder/spi-builder-workspace/.dependencies/checkouts/swift-nio/Sources/CNIOLinux/include -Xcc -I/Users/admin/builder/spi-builder-workspace/.dependencies/checkouts/swift-nio/Sources/CNIODarwin/include -Xcc -I/Users/admin/builder/spi-builder-workspace/.dependencies/checkouts/swift-nio/Sources/CNIOFreeBSD/include -Xcc -I/Users/admin/builder/spi-builder-workspace/.dependencies/checkouts/swift-nio/Sources/CNIOOpenBSD/include -Xcc -I/Users/admin/builder/spi-builder-workspace/.dependencies/checkouts/swift-nio/Sources/CNIOAtomics/include -Xcc -I/Users/admin/builder/spi-builder-workspace/.dependencies/checkouts/swift-nio-ssl/Sources/CNIOBoringSSLShims/include -Xcc -I/Users/admin/builder/spi-builder-workspace/.dependencies/checkouts/swift-nio-ssl/Sources/CNIOBoringSSL/include -Xcc -I/Users/admin/builder/spi-builder-workspace/.dependencies/checkouts/swift-atomics/Sources/_AtomicsShims/include -Xcc -I/Users/admin/builder/spi-builder-workspace/.derivedData/Build/Products/Debug-watchos/include -Xcc -I/Users/admin/builder/spi-builder-workspace/.derivedData/Build/Intermediates.noindex/PerfectRedis.build/Debug-watchos/PerfectRedis.build/DerivedSources-normal/armv7k -Xcc -I/Users/admin/builder/spi-builder-workspace/.derivedData/Build/Intermediates.noindex/PerfectRedis.build/Debug-watchos/PerfectRedis.build/DerivedSources/armv7k -Xcc -I/Users/admin/builder/spi-builder-workspace/.derivedData/Build/Intermediates.noindex/PerfectRedis.build/Debug-watchos/PerfectRedis.build/DerivedSources -Xcc -DSWIFT_PACKAGE -Xcc -DDEBUG\=1 -no-auto-bridging-header-chaining -module-name PerfectRedis -package-name spi_builder_workspace -frontend-parseable-output -disable-clang-spi -clang-target armv7k-apple-watchos26.5 -target-sdk-version 26.5 -target-sdk-name watchos26.5 -in-process-plugin-server-path /Applications/Xcode-26.5.0.app/Contents/Developer/Toolchains/XcodeDefault.xctoolchain/usr/lib/swift/host/libSwiftInProcPluginServer.dylib -o /Users/admin/builder/spi-builder-workspace/.derivedData/Build/Intermediates.noindex/PerfectRedis.build/Debug-watchos/PerfectRedis.build/Objects-normal/armv7k/RedisList.o -index-unit-output-path /PerfectRedis.build/Debug-watchos/PerfectRedis.build/Objects-normal/armv7k/RedisList.o -index-store-path /Users/admin/builder/spi-builder-workspace/.derivedData/Index.noindex/DataStore -index-system-modules
SwiftCompile normal armv7k /Users/admin/builder/spi-builder-workspace/Sources/PerfectRedis/RedisList.swift (in target 'PerfectRedis' from project 'PerfectRedis')
cd /Users/admin/builder/spi-builder-workspace/.swiftpm/xcode
/Users/admin/builder/spi-builder-workspace/Sources/PerfectRedis/RedisList.swift:11:62: error: concurrency is only available in watchOS 6.0.0 or newer
public func prepend(_ values: RedisClient.RedisValue...) async throws -> RedisResponse {
^
/Users/admin/builder/spi-builder-workspace/Sources/PerfectRedis/RedisList.swift:11:17: note: add '@available' attribute to enclosing instance method
public func prepend(_ values: RedisClient.RedisValue...) async throws -> RedisResponse {
^
/Users/admin/builder/spi-builder-workspace/Sources/PerfectRedis/RedisList.swift:2:15: note: add '@available' attribute to enclosing struct
public struct RedisList: Sendable {
^
/Users/admin/builder/spi-builder-workspace/Sources/PerfectRedis/RedisList.swift:14:61: error: concurrency is only available in watchOS 6.0.0 or newer
public func append(_ values: RedisClient.RedisValue...) async throws -> RedisResponse {
^
/Users/admin/builder/spi-builder-workspace/Sources/PerfectRedis/RedisList.swift:14:17: note: add '@available' attribute to enclosing instance method
public func append(_ values: RedisClient.RedisValue...) async throws -> RedisResponse {
^
/Users/admin/builder/spi-builder-workspace/Sources/PerfectRedis/RedisList.swift:2:15: note: add '@available' attribute to enclosing struct
public struct RedisList: Sendable {
^
/Users/admin/builder/spi-builder-workspace/Sources/PerfectRedis/RedisList.swift:17:28: error: concurrency is only available in watchOS 6.0.0 or newer
public func popFirst() async throws -> RedisResponse {
^
/Users/admin/builder/spi-builder-workspace/Sources/PerfectRedis/RedisList.swift:17:17: note: add '@available' attribute to enclosing instance method
public func popFirst() async throws -> RedisResponse {
^
/Users/admin/builder/spi-builder-workspace/Sources/PerfectRedis/RedisList.swift:2:15: note: add '@available' attribute to enclosing struct
public struct RedisList: Sendable {
^
/Users/admin/builder/spi-builder-workspace/Sources/PerfectRedis/RedisList.swift:20:27: error: concurrency is only available in watchOS 6.0.0 or newer
public func popLast() async throws -> RedisResponse {
^
/Users/admin/builder/spi-builder-workspace/Sources/PerfectRedis/RedisList.swift:20:17: note: add '@available' attribute to enclosing instance method
public func popLast() async throws -> RedisResponse {
^
/Users/admin/builder/spi-builder-workspace/Sources/PerfectRedis/RedisList.swift:2:15: note: add '@available' attribute to enclosing struct
public struct RedisList: Sendable {
^
/Users/admin/builder/spi-builder-workspace/Sources/PerfectRedis/RedisList.swift:23:26: error: concurrency is only available in watchOS 6.0.0 or newer
public func length() async throws -> RedisResponse {
^
/Users/admin/builder/spi-builder-workspace/Sources/PerfectRedis/RedisList.swift:23:17: note: add '@available' attribute to enclosing instance method
public func length() async throws -> RedisResponse {
^
/Users/admin/builder/spi-builder-workspace/Sources/PerfectRedis/RedisList.swift:2:15: note: add '@available' attribute to enclosing struct
public struct RedisList: Sendable {
^
/Users/admin/builder/spi-builder-workspace/Sources/PerfectRedis/RedisList.swift:26:46: error: concurrency is only available in watchOS 6.0.0 or newer
public func range(start: Int, stop: Int) async throws -> RedisResponse {
^
/Users/admin/builder/spi-builder-workspace/Sources/PerfectRedis/RedisList.swift:26:17: note: add '@available' attribute to enclosing instance method
public func range(start: Int, stop: Int) async throws -> RedisResponse {
^
/Users/admin/builder/spi-builder-workspace/Sources/PerfectRedis/RedisList.swift:2:15: note: add '@available' attribute to enclosing struct
public struct RedisList: Sendable {
^
/Users/admin/builder/spi-builder-workspace/Sources/PerfectRedis/RedisList.swift:29:45: error: concurrency is only available in watchOS 6.0.0 or newer
public func trim(start: Int, stop: Int) async throws -> RedisResponse {
^
/Users/admin/builder/spi-builder-workspace/Sources/PerfectRedis/RedisList.swift:29:17: note: add '@available' attribute to enclosing instance method
public func trim(start: Int, stop: Int) async throws -> RedisResponse {
^
/Users/admin/builder/spi-builder-workspace/Sources/PerfectRedis/RedisList.swift:2:15: note: add '@available' attribute to enclosing struct
public struct RedisList: Sendable {
^
/Users/admin/builder/spi-builder-workspace/Sources/PerfectRedis/RedisList.swift:32:33: error: concurrency is only available in watchOS 6.0.0 or newer
public func get(index: Int) async throws -> RedisResponse {
^
/Users/admin/builder/spi-builder-workspace/Sources/PerfectRedis/RedisList.swift:32:17: note: add '@available' attribute to enclosing instance method
public func get(index: Int) async throws -> RedisResponse {
^
/Users/admin/builder/spi-builder-workspace/Sources/PerfectRedis/RedisList.swift:2:15: note: add '@available' attribute to enclosing struct
public struct RedisList: Sendable {
^
/Users/admin/builder/spi-builder-workspace/Sources/PerfectRedis/RedisList.swift:35:64: error: concurrency is only available in watchOS 6.0.0 or newer
public func set(index: Int, value: RedisClient.RedisValue) async throws -> RedisResponse {
^
/Users/admin/builder/spi-builder-workspace/Sources/PerfectRedis/RedisList.swift:35:17: note: add '@available' attribute to enclosing instance method
public func set(index: Int, value: RedisClient.RedisValue) async throws -> RedisResponse {
^
/Users/admin/builder/spi-builder-workspace/Sources/PerfectRedis/RedisList.swift:2:15: note: add '@available' attribute to enclosing struct
public struct RedisList: Sendable {
^
/Users/admin/builder/spi-builder-workspace/Sources/PerfectRedis/RedisList.swift:38:97: error: concurrency is only available in watchOS 6.0.0 or newer
public func insert(_ element: RedisClient.RedisValue, before pivot: RedisClient.RedisValue) async throws -> RedisResponse {
^
/Users/admin/builder/spi-builder-workspace/Sources/PerfectRedis/RedisList.swift:38:17: note: add '@available' attribute to enclosing instance method
public func insert(_ element: RedisClient.RedisValue, before pivot: RedisClient.RedisValue) async throws -> RedisResponse {
^
/Users/admin/builder/spi-builder-workspace/Sources/PerfectRedis/RedisList.swift:2:15: note: add '@available' attribute to enclosing struct
public struct RedisList: Sendable {
^
/Users/admin/builder/spi-builder-workspace/Sources/PerfectRedis/RedisList.swift:41:96: error: concurrency is only available in watchOS 6.0.0 or newer
public func insert(_ element: RedisClient.RedisValue, after pivot: RedisClient.RedisValue) async throws -> RedisResponse {
^
/Users/admin/builder/spi-builder-workspace/Sources/PerfectRedis/RedisList.swift:41:17: note: add '@available' attribute to enclosing instance method
public func insert(_ element: RedisClient.RedisValue, after pivot: RedisClient.RedisValue) async throws -> RedisResponse {
^
/Users/admin/builder/spi-builder-workspace/Sources/PerfectRedis/RedisList.swift:2:15: note: add '@available' attribute to enclosing struct
public struct RedisList: Sendable {
^
/Users/admin/builder/spi-builder-workspace/Sources/PerfectRedis/RedisList.swift:44:77: error: concurrency is only available in watchOS 6.0.0 or newer
public func removeMatching(_ value: RedisClient.RedisValue, count: Int) async throws -> RedisResponse {
^
/Users/admin/builder/spi-builder-workspace/Sources/PerfectRedis/RedisList.swift:44:17: note: add '@available' attribute to enclosing instance method
public func removeMatching(_ value: RedisClient.RedisValue, count: Int) async throws -> RedisResponse {
^
/Users/admin/builder/spi-builder-workspace/Sources/PerfectRedis/RedisList.swift:2:15: note: add '@available' attribute to enclosing struct
public struct RedisList: Sendable {
^
SwiftCompile normal armv7k Compiling\ RedisClientSync.swift /Users/admin/builder/spi-builder-workspace/Sources/PerfectRedis/RedisClientSync.swift (in target 'PerfectRedis' from project 'PerfectRedis')
SwiftCompile normal armv7k /Users/admin/builder/spi-builder-workspace/Sources/PerfectRedis/RedisClientSync.swift (in target 'PerfectRedis' from project 'PerfectRedis')
cd /Users/admin/builder/spi-builder-workspace/.swiftpm/xcode
SwiftCompile normal armv7k Compiling\ RedisHash.swift /Users/admin/builder/spi-builder-workspace/Sources/PerfectRedis/RedisHash.swift (in target 'PerfectRedis' from project 'PerfectRedis')
Failed frontend command:
/Applications/Xcode-26.5.0.app/Contents/Developer/Toolchains/XcodeDefault.xctoolchain/usr/bin/swift-frontend -frontend -c /Users/admin/builder/spi-builder-workspace/Sources/PerfectRedis/PerfectRedis.swift /Users/admin/builder/spi-builder-workspace/Sources/PerfectRedis/RedisClientSync.swift -primary-file /Users/admin/builder/spi-builder-workspace/Sources/PerfectRedis/RedisHash.swift /Users/admin/builder/spi-builder-workspace/Sources/PerfectRedis/RedisList.swift /Users/admin/builder/spi-builder-workspace/Sources/PerfectRedis/RedisSet.swift -emit-dependencies-path /Users/admin/builder/spi-builder-workspace/.derivedData/Build/Intermediates.noindex/PerfectRedis.build/Debug-watchos/PerfectRedis.build/Objects-normal/armv7k/RedisHash.d -emit-const-values-path /Users/admin/builder/spi-builder-workspace/.derivedData/Build/Intermediates.noindex/PerfectRedis.build/Debug-watchos/PerfectRedis.build/Objects-normal/armv7k/RedisHash.swiftconstvalues -emit-reference-dependencies-path /Users/admin/builder/spi-builder-workspace/.derivedData/Build/Intermediates.noindex/PerfectRedis.build/Debug-watchos/PerfectRedis.build/Objects-normal/armv7k/RedisHash.swiftdeps -serialize-diagnostics-path /Users/admin/builder/spi-builder-workspace/.derivedData/Build/Intermediates.noindex/PerfectRedis.build/Debug-watchos/PerfectRedis.build/Objects-normal/armv7k/RedisHash.dia -target armv7k-apple-watchos5.0 -load-resolved-plugin /Applications/Xcode-26.5.0.app/Contents/Developer/Platforms/WatchOS.platform/Developer/usr/lib/swift/host/plugins/libFoundationMacros.dylib\#/Applications/Xcode-26.5.0.app/Contents/Developer/Platforms/WatchOS.platform/Developer/usr/bin/swift-plugin-server\#FoundationMacros -load-resolved-plugin /Applications/Xcode-26.5.0.app/Contents/Developer/Platforms/WatchOS.platform/Developer/usr/lib/swift/host/plugins/libObservationMacros.dylib\#/Applications/Xcode-26.5.0.app/Contents/Developer/Platforms/WatchOS.platform/Developer/usr/bin/swift-plugin-server\#ObservationMacros -load-resolved-plugin /Applications/Xcode-26.5.0.app/Contents/Developer/Platforms/WatchOS.platform/Developer/usr/lib/swift/host/plugins/libSwiftMacros.dylib\#/Applications/Xcode-26.5.0.app/Contents/Developer/Platforms/WatchOS.platform/Developer/usr/bin/swift-plugin-server\#SwiftMacros -disable-implicit-swift-modules -Xcc -fno-implicit-modules -Xcc -fno-implicit-module-maps -explicit-swift-module-map-file /Users/admin/builder/spi-builder-workspace/.derivedData/Build/Intermediates.noindex/PerfectRedis.build/Debug-watchos/PerfectRedis.build/Objects-normal/armv7k/PerfectRedis-dependencies-1.json -debug-module-path /Users/admin/builder/spi-builder-workspace/.derivedData/Build/Intermediates.noindex/PerfectRedis.build/Debug-watchos/PerfectRedis.build/Objects-normal/armv7k/PerfectRedis.swiftmodule -enable-objc-interop -sdk /Applications/Xcode-26.5.0.app/Contents/Developer/Platforms/WatchOS.platform/Developer/SDKs/WatchOS26.5.sdk -I /Users/admin/builder/spi-builder-workspace/.derivedData/Build/Products/Debug-watchos -Isystem /Applications/Xcode-26.5.0.app/Contents/Developer/Platforms/WatchOS.platform/Developer/usr/lib -F /Users/admin/builder/spi-builder-workspace/.derivedData/Build/Products/Debug-watchos/PackageFrameworks -F /Users/admin/builder/spi-builder-workspace/.derivedData/Build/Products/Debug-watchos/PackageFrameworks -F /Users/admin/builder/spi-builder-workspace/.derivedData/Build/Products/Debug-watchos/PackageFrameworks -F /Users/admin/builder/spi-builder-workspace/.derivedData/Build/Products/Debug-watchos/PackageFrameworks -F /Users/admin/builder/spi-builder-workspace/.derivedData/Build/Products/Debug-watchos/PackageFrameworks -F /Users/admin/builder/spi-builder-workspace/.derivedData/Build/Products/Debug-watchos/PackageFrameworks -F /Users/admin/builder/spi-builder-workspace/.derivedData/Build/Products/Debug-watchos/PackageFrameworks -F /Users/admin/builder/spi-builder-workspace/.derivedData/Build/Products/Debug-watchos/PackageFrameworks -F /Users/admin/builder/spi-builder-workspace/.derivedData/Build/Products/Debug-watchos/PackageFrameworks -F /Users/admin/builder/spi-builder-workspace/.derivedData/Build/Products/Debug-watchos/PackageFrameworks -F /Users/admin/builder/spi-builder-workspace/.derivedData/Build/Products/Debug-watchos/PackageFrameworks -F /Users/admin/builder/spi-builder-workspace/.derivedData/Build/Products/Debug-watchos/PackageFrameworks -F /Users/admin/builder/spi-builder-workspace/.derivedData/Build/Products/Debug-watchos/PackageFrameworks -F /Users/admin/builder/spi-builder-workspace/.derivedData/Build/Products/Debug-watchos/PackageFrameworks -F /Users/admin/builder/spi-builder-workspace/.derivedData/Build/Products/Debug-watchos/PackageFrameworks -F /Users/admin/builder/spi-builder-workspace/.derivedData/Build/Products/Debug-watchos/PackageFrameworks -F /Users/admin/builder/spi-builder-workspace/.derivedData/Build/Products/Debug-watchos/PackageFrameworks -F /Users/admin/builder/spi-builder-workspace/.derivedData/Build/Products/Debug-watchos/PackageFrameworks -F /Users/admin/builder/spi-builder-workspace/.derivedData/Build/Products/Debug-watchos/PackageFrameworks -F /Users/admin/builder/spi-builder-workspace/.derivedData/Build/Products/Debug-watchos/PackageFrameworks -F /Users/admin/builder/spi-builder-workspace/.derivedData/Build/Products/Debug-watchos/PackageFrameworks -F /Users/admin/builder/spi-builder-workspace/.derivedData/Build/Products/Debug-watchos/PackageFrameworks -F /Users/admin/builder/spi-builder-workspace/.derivedData/Build/Products/Debug-watchos/PackageFrameworks -F /Users/admin/builder/spi-builder-workspace/.derivedData/Build/Products/Debug-watchos/PackageFrameworks -F /Users/admin/builder/spi-builder-workspace/.derivedData/Build/Products/Debug-watchos/PackageFrameworks -F /Users/admin/builder/spi-builder-workspace/.derivedData/Build/Products/Debug-watchos/PackageFrameworks -F /Users/admin/builder/spi-builder-workspace/.derivedData/Build/Products/Debug-watchos/PackageFrameworks -F /Users/admin/builder/spi-builder-workspace/.derivedData/Build/Products/Debug-watchos/PackageFrameworks -F /Users/admin/builder/spi-builder-workspace/.derivedData/Build/Products/Debug-watchos -F /Applications/Xcode-26.5.0.app/Contents/Developer/Platforms/WatchOS.platform/Developer/Library/Frameworks -F /Applications/Xcode-26.5.0.app/Contents/Developer/Platforms/WatchOS.platform/Developer/SDKs/WatchOS26.5.sdk/Developer/Library/Frameworks -no-color-diagnostics -Xcc -fno-color-diagnostics -enable-testing -g -debug-info-format\=dwarf -dwarf-version\=4 -module-cache-path /Users/admin/builder/spi-builder-workspace/.derivedData/Build/Intermediates.noindex/SwiftExplicitPrecompiledModules -profile-generate -profile-coverage-mapping -swift-version 6 -Onone -D SWIFT_PACKAGE -D DEBUG -D SWIFT_MODULE_RESOURCE_BUNDLE_UNAVAILABLE -D Xcode -serialize-debugging-options -const-gather-protocols-file /Users/admin/builder/spi-builder-workspace/.derivedData/Build/Intermediates.noindex/PerfectRedis.build/Debug-watchos/PerfectRedis.build/Objects-normal/armv7k/PerfectRedis_const_extract_protocols.json -enable-experimental-feature DebugDescriptionMacro -empty-abi-descriptor -validate-clang-modules-once -clang-build-session-file /Users/admin/builder/spi-builder-workspace/.derivedData/ModuleCache.noindex/Session.modulevalidation -Xcc -working-directory -Xcc /Users/admin/builder/spi-builder-workspace/.swiftpm/xcode -enable-anonymous-context-mangled-names -file-compilation-dir /Users/admin/builder/spi-builder-workspace/.swiftpm/xcode -Xcc -fmodule-map-file\=/Users/admin/builder/spi-builder-workspace/.derivedData/Build/Intermediates.noindex/GeneratedModuleMaps-watchos/CNIOPosix.modulemap -Xcc -fmodule-map-file\=/Users/admin/builder/spi-builder-workspace/.derivedData/Build/Intermediates.noindex/GeneratedModuleMaps-watchos/CNIOWASI.modulemap -Xcc -fmodule-map-file\=/Users/admin/builder/spi-builder-workspace/.derivedData/Build/Intermediates.noindex/GeneratedModuleMaps-watchos/CNIOLinux.modulemap -Xcc -fmodule-map-file\=/Users/admin/builder/spi-builder-workspace/.derivedData/Build/Intermediates.noindex/GeneratedModuleMaps-watchos/CNIODarwin.modulemap -Xcc -fmodule-map-file\=/Users/admin/builder/spi-builder-workspace/.derivedData/Build/Intermediates.noindex/GeneratedModuleMaps-watchos/CNIOFreeBSD.modulemap -Xcc -fmodule-map-file\=/Users/admin/builder/spi-builder-workspace/.derivedData/Build/Intermediates.noindex/GeneratedModuleMaps-watchos/CNIOOpenBSD.modulemap -Xcc -fmodule-map-file\=/Users/admin/builder/spi-builder-workspace/.derivedData/Build/Intermediates.noindex/GeneratedModuleMaps-watchos/CNIOAtomics.modulemap -Xcc -fmodule-map-file\=/Users/admin/builder/spi-builder-workspace/.derivedData/Build/Intermediates.noindex/GeneratedModuleMaps-watchos/CNIOBoringSSLShims.modulemap -Xcc -D_LIBCPP_HARDENING_MODE\=_LIBCPP_HARDENING_MODE_DEBUG -Xcc -ivfsstatcache -Xcc /Users/admin/builder/spi-builder-workspace/.derivedData/SDKStatCaches.noindex/watchos26.5-23T570-688ef53f1462e2c8f657fdc38a81448f7931b973dfc65d9472806dbbc3af9379.sdkstatcache -Xcc -I/Users/admin/builder/spi-builder-workspace/.derivedData/Build/Intermediates.noindex/PerfectRedis.build/Debug-watchos/PerfectRedis.build/swift-overrides.hmap -Xcc -I/Users/admin/builder/spi-builder-workspace/.dependencies/checkouts/swift-nio/Sources/CNIOPosix/include -Xcc -I/Users/admin/builder/spi-builder-workspace/.dependencies/checkouts/swift-nio/Sources/CNIOWASI/include -Xcc -I/Users/admin/builder/spi-builder-workspace/.dependencies/checkouts/swift-nio/Sources/CNIOWindows/include -Xcc -I/Users/admin/builder/spi-builder-workspace/.dependencies/checkouts/swift-nio/Sources/CNIOLinux/include -Xcc -I/Users/admin/builder/spi-builder-workspace/.dependencies/checkouts/swift-nio/Sources/CNIODarwin/include -Xcc -I/Users/admin/builder/spi-builder-workspace/.dependencies/checkouts/swift-nio/Sources/CNIOFreeBSD/include -Xcc -I/Users/admin/builder/spi-builder-workspace/.dependencies/checkouts/swift-nio/Sources/CNIOOpenBSD/include -Xcc -I/Users/admin/builder/spi-builder-workspace/.dependencies/checkouts/swift-nio/Sources/CNIOAtomics/include -Xcc -I/Users/admin/builder/spi-builder-workspace/.dependencies/checkouts/swift-nio-ssl/Sources/CNIOBoringSSLShims/include -Xcc -I/Users/admin/builder/spi-builder-workspace/.dependencies/checkouts/swift-nio-ssl/Sources/CNIOBoringSSL/include -Xcc -I/Users/admin/builder/spi-builder-workspace/.dependencies/checkouts/swift-atomics/Sources/_AtomicsShims/include -Xcc -I/Users/admin/builder/spi-builder-workspace/.derivedData/Build/Products/Debug-watchos/include -Xcc -I/Users/admin/builder/spi-builder-workspace/.derivedData/Build/Intermediates.noindex/PerfectRedis.build/Debug-watchos/PerfectRedis.build/DerivedSources-normal/armv7k -Xcc -I/Users/admin/builder/spi-builder-workspace/.derivedData/Build/Intermediates.noindex/PerfectRedis.build/Debug-watchos/PerfectRedis.build/DerivedSources/armv7k -Xcc -I/Users/admin/builder/spi-builder-workspace/.derivedData/Build/Intermediates.noindex/PerfectRedis.build/Debug-watchos/PerfectRedis.build/DerivedSources -Xcc -DSWIFT_PACKAGE -Xcc -DDEBUG\=1 -no-auto-bridging-header-chaining -module-name PerfectRedis -package-name spi_builder_workspace -frontend-parseable-output -disable-clang-spi -clang-target armv7k-apple-watchos26.5 -target-sdk-version 26.5 -target-sdk-name watchos26.5 -in-process-plugin-server-path /Applications/Xcode-26.5.0.app/Contents/Developer/Toolchains/XcodeDefault.xctoolchain/usr/lib/swift/host/libSwiftInProcPluginServer.dylib -o /Users/admin/builder/spi-builder-workspace/.derivedData/Build/Intermediates.noindex/PerfectRedis.build/Debug-watchos/PerfectRedis.build/Objects-normal/armv7k/RedisHash.o -index-unit-output-path /PerfectRedis.build/Debug-watchos/PerfectRedis.build/Objects-normal/armv7k/RedisHash.o -index-store-path /Users/admin/builder/spi-builder-workspace/.derivedData/Index.noindex/DataStore -index-system-modules
SwiftCompile normal armv7k /Users/admin/builder/spi-builder-workspace/Sources/PerfectRedis/RedisHash.swift (in target 'PerfectRedis' from project 'PerfectRedis')
cd /Users/admin/builder/spi-builder-workspace/.swiftpm/xcode
/Users/admin/builder/spi-builder-workspace/Sources/PerfectRedis/RedisHash.swift:11:36: error: concurrency is only available in watchOS 6.0.0 or newer
public func get(field: String) async throws -> RedisResponse {
^
/Users/admin/builder/spi-builder-workspace/Sources/PerfectRedis/RedisHash.swift:11:17: note: add '@available' attribute to enclosing instance method
public func get(field: String) async throws -> RedisResponse {
^
/Users/admin/builder/spi-builder-workspace/Sources/PerfectRedis/RedisHash.swift:2:15: note: add '@available' attribute to enclosing struct
public struct RedisHash: Sendable {
^
/Users/admin/builder/spi-builder-workspace/Sources/PerfectRedis/RedisHash.swift:14:39: error: concurrency is only available in watchOS 6.0.0 or newer
public func get(fields: [String]) async throws -> RedisResponse {
^
/Users/admin/builder/spi-builder-workspace/Sources/PerfectRedis/RedisHash.swift:14:17: note: add '@available' attribute to enclosing instance method
public func get(fields: [String]) async throws -> RedisResponse {
^
/Users/admin/builder/spi-builder-workspace/Sources/PerfectRedis/RedisHash.swift:2:15: note: add '@available' attribute to enclosing struct
public struct RedisHash: Sendable {
^
/Users/admin/builder/spi-builder-workspace/Sources/PerfectRedis/RedisHash.swift:17:67: error: concurrency is only available in watchOS 6.0.0 or newer
public func set(field: String, value: RedisClient.RedisValue) async throws -> RedisResponse {
^
/Users/admin/builder/spi-builder-workspace/Sources/PerfectRedis/RedisHash.swift:17:17: note: add '@available' attribute to enclosing instance method
public func set(field: String, value: RedisClient.RedisValue) async throws -> RedisResponse {
^
/Users/admin/builder/spi-builder-workspace/Sources/PerfectRedis/RedisHash.swift:2:15: note: add '@available' attribute to enclosing struct
public struct RedisHash: Sendable {
^
/Users/admin/builder/spi-builder-workspace/Sources/PerfectRedis/RedisHash.swift:20:71: error: concurrency is only available in watchOS 6.0.0 or newer
public func set(fieldsValues: [(String, RedisClient.RedisValue)]) async throws -> RedisResponse {
^
/Users/admin/builder/spi-builder-workspace/Sources/PerfectRedis/RedisHash.swift:20:17: note: add '@available' attribute to enclosing instance method
public func set(fieldsValues: [(String, RedisClient.RedisValue)]) async throws -> RedisResponse {
^
/Users/admin/builder/spi-builder-workspace/Sources/PerfectRedis/RedisHash.swift:2:15: note: add '@available' attribute to enclosing struct
public struct RedisHash: Sendable {
^
/Users/admin/builder/spi-builder-workspace/Sources/PerfectRedis/RedisHash.swift:23:78: error: concurrency is only available in watchOS 6.0.0 or newer
public func setIfNonExists(field: String, value: RedisClient.RedisValue) async throws -> RedisResponse {
^
/Users/admin/builder/spi-builder-workspace/Sources/PerfectRedis/RedisHash.swift:23:17: note: add '@available' attribute to enclosing instance method
public func setIfNonExists(field: String, value: RedisClient.RedisValue) async throws -> RedisResponse {
^
/Users/admin/builder/spi-builder-workspace/Sources/PerfectRedis/RedisHash.swift:2:15: note: add '@available' attribute to enclosing struct
public struct RedisHash: Sendable {
^
/Users/admin/builder/spi-builder-workspace/Sources/PerfectRedis/RedisHash.swift:26:39: error: concurrency is only available in watchOS 6.0.0 or newer
public func exists(field: String) async throws -> RedisResponse {
^
/Users/admin/builder/spi-builder-workspace/Sources/PerfectRedis/RedisHash.swift:26:17: note: add '@available' attribute to enclosing instance method
public func exists(field: String) async throws -> RedisResponse {
^
/Users/admin/builder/spi-builder-workspace/Sources/PerfectRedis/RedisHash.swift:2:15: note: add '@available' attribute to enclosing struct
public struct RedisHash: Sendable {
^
/Users/admin/builder/spi-builder-workspace/Sources/PerfectRedis/RedisHash.swift:29:40: error: concurrency is only available in watchOS 6.0.0 or newer
public func del(fields: String...) async throws -> RedisResponse {
^
/Users/admin/builder/spi-builder-workspace/Sources/PerfectRedis/RedisHash.swift:29:17: note: add '@available' attribute to enclosing instance method
public func del(fields: String...) async throws -> RedisResponse {
^
/Users/admin/builder/spi-builder-workspace/Sources/PerfectRedis/RedisHash.swift:2:15: note: add '@available' attribute to enclosing struct
public struct RedisHash: Sendable {
^
/Users/admin/builder/spi-builder-workspace/Sources/PerfectRedis/RedisHash.swift:32:39: error: concurrency is only available in watchOS 6.0.0 or newer
public func del(fields: [String]) async throws -> RedisResponse {
^
/Users/admin/builder/spi-builder-workspace/Sources/PerfectRedis/RedisHash.swift:32:17: note: add '@available' attribute to enclosing instance method
public func del(fields: [String]) async throws -> RedisResponse {
^
/Users/admin/builder/spi-builder-workspace/Sources/PerfectRedis/RedisHash.swift:2:15: note: add '@available' attribute to enclosing struct
public struct RedisHash: Sendable {
^
/Users/admin/builder/spi-builder-workspace/Sources/PerfectRedis/RedisHash.swift:35:26: error: concurrency is only available in watchOS 6.0.0 or newer
public func getAll() async throws -> RedisResponse {
^
/Users/admin/builder/spi-builder-workspace/Sources/PerfectRedis/RedisHash.swift:35:17: note: add '@available' attribute to enclosing instance method
public func getAll() async throws -> RedisResponse {
^
/Users/admin/builder/spi-builder-workspace/Sources/PerfectRedis/RedisHash.swift:2:15: note: add '@available' attribute to enclosing struct
public struct RedisHash: Sendable {
^
/Users/admin/builder/spi-builder-workspace/Sources/PerfectRedis/RedisHash.swift:38:24: error: concurrency is only available in watchOS 6.0.0 or newer
public func keys() async throws -> RedisResponse {
^
/Users/admin/builder/spi-builder-workspace/Sources/PerfectRedis/RedisHash.swift:38:17: note: add '@available' attribute to enclosing instance method
public func keys() async throws -> RedisResponse {
^
/Users/admin/builder/spi-builder-workspace/Sources/PerfectRedis/RedisHash.swift:2:15: note: add '@available' attribute to enclosing struct
public struct RedisHash: Sendable {
^
/Users/admin/builder/spi-builder-workspace/Sources/PerfectRedis/RedisHash.swift:41:26: error: concurrency is only available in watchOS 6.0.0 or newer
public func values() async throws -> RedisResponse {
^
/Users/admin/builder/spi-builder-workspace/Sources/PerfectRedis/RedisHash.swift:41:17: note: add '@available' attribute to enclosing instance method
public func values() async throws -> RedisResponse {
^
/Users/admin/builder/spi-builder-workspace/Sources/PerfectRedis/RedisHash.swift:2:15: note: add '@available' attribute to enclosing struct
public struct RedisHash: Sendable {
^
/Users/admin/builder/spi-builder-workspace/Sources/PerfectRedis/RedisHash.swift:44:26: error: concurrency is only available in watchOS 6.0.0 or newer
public func length() async throws -> RedisResponse {
^
/Users/admin/builder/spi-builder-workspace/Sources/PerfectRedis/RedisHash.swift:44:17: note: add '@available' attribute to enclosing instance method
public func length() async throws -> RedisResponse {
^
/Users/admin/builder/spi-builder-workspace/Sources/PerfectRedis/RedisHash.swift:2:15: note: add '@available' attribute to enclosing struct
public struct RedisHash: Sendable {
^
/Users/admin/builder/spi-builder-workspace/Sources/PerfectRedis/RedisHash.swift:47:45: error: concurrency is only available in watchOS 6.0.0 or newer
public func stringLength(field: String) async throws -> RedisResponse {
^
/Users/admin/builder/spi-builder-workspace/Sources/PerfectRedis/RedisHash.swift:47:17: note: add '@available' attribute to enclosing instance method
public func stringLength(field: String) async throws -> RedisResponse {
^
/Users/admin/builder/spi-builder-workspace/Sources/PerfectRedis/RedisHash.swift:2:15: note: add '@available' attribute to enclosing struct
public struct RedisHash: Sendable {
^
/Users/admin/builder/spi-builder-workspace/Sources/PerfectRedis/RedisHash.swift:50:51: error: concurrency is only available in watchOS 6.0.0 or newer
public func increment(field: String, by: Int) async throws -> RedisResponse {
^
/Users/admin/builder/spi-builder-workspace/Sources/PerfectRedis/RedisHash.swift:50:17: note: add '@available' attribute to enclosing instance method
public func increment(field: String, by: Int) async throws -> RedisResponse {
^
/Users/admin/builder/spi-builder-workspace/Sources/PerfectRedis/RedisHash.swift:2:15: note: add '@available' attribute to enclosing struct
public struct RedisHash: Sendable {
^
/Users/admin/builder/spi-builder-workspace/Sources/PerfectRedis/RedisHash.swift:53:54: error: concurrency is only available in watchOS 6.0.0 or newer
public func increment(field: String, by: Double) async throws -> RedisResponse {
^
/Users/admin/builder/spi-builder-workspace/Sources/PerfectRedis/RedisHash.swift:53:17: note: add '@available' attribute to enclosing instance method
public func increment(field: String, by: Double) async throws -> RedisResponse {
^
/Users/admin/builder/spi-builder-workspace/Sources/PerfectRedis/RedisHash.swift:2:15: note: add '@available' attribute to enclosing struct
public struct RedisHash: Sendable {
^
/Users/admin/builder/spi-builder-workspace/Sources/PerfectRedis/RedisHash.swift:56:82: error: concurrency is only available in watchOS 6.0.0 or newer
public func scan(cursor: Int = 0, pattern: String? = nil, count: Int? = nil) async throws -> RedisResponse {
^
/Users/admin/builder/spi-builder-workspace/Sources/PerfectRedis/RedisHash.swift:56:17: note: add '@available' attribute to enclosing instance method
public func scan(cursor: Int = 0, pattern: String? = nil, count: Int? = nil) async throws -> RedisResponse {
^
/Users/admin/builder/spi-builder-workspace/Sources/PerfectRedis/RedisHash.swift:2:15: note: add '@available' attribute to enclosing struct
public struct RedisHash: Sendable {
^
SwiftCompile normal armv7k Compiling\ RedisSet.swift /Users/admin/builder/spi-builder-workspace/Sources/PerfectRedis/RedisSet.swift (in target 'PerfectRedis' from project 'PerfectRedis')
SwiftCompile normal armv7k /Users/admin/builder/spi-builder-workspace/Sources/PerfectRedis/RedisSet.swift (in target 'PerfectRedis' from project 'PerfectRedis')
cd /Users/admin/builder/spi-builder-workspace/.swiftpm/xcode
/Users/admin/builder/spi-builder-workspace/Sources/PerfectRedis/RedisSet.swift:11:60: error: concurrency is only available in watchOS 6.0.0 or newer
public func add(_ elements: RedisClient.RedisValue...) async throws -> RedisResponse {
^
/Users/admin/builder/spi-builder-workspace/Sources/PerfectRedis/RedisSet.swift:11:17: note: add '@available' attribute to enclosing instance method
public func add(_ elements: RedisClient.RedisValue...) async throws -> RedisResponse {
^
/Users/admin/builder/spi-builder-workspace/Sources/PerfectRedis/RedisSet.swift:2:15: note: add '@available' attribute to enclosing struct
public struct RedisSet: Sendable {
^
/Users/admin/builder/spi-builder-workspace/Sources/PerfectRedis/RedisSet.swift:14:59: error: concurrency is only available in watchOS 6.0.0 or newer
public func add(_ elements: [RedisClient.RedisValue]) async throws -> RedisResponse {
^
/Users/admin/builder/spi-builder-workspace/Sources/PerfectRedis/RedisSet.swift:14:17: note: add '@available' attribute to enclosing instance method
public func add(_ elements: [RedisClient.RedisValue]) async throws -> RedisResponse {
^
/Users/admin/builder/spi-builder-workspace/Sources/PerfectRedis/RedisSet.swift:2:15: note: add '@available' attribute to enclosing struct
public struct RedisSet: Sendable {
^
/Users/admin/builder/spi-builder-workspace/Sources/PerfectRedis/RedisSet.swift:17:57: error: concurrency is only available in watchOS 6.0.0 or newer
public func remove(_ value: RedisClient.RedisValue) async throws -> RedisResponse {
^
/Users/admin/builder/spi-builder-workspace/Sources/PerfectRedis/RedisSet.swift:17:17: note: add '@available' attribute to enclosing instance method
public func remove(_ value: RedisClient.RedisValue) async throws -> RedisResponse {
^
/Users/admin/builder/spi-builder-workspace/Sources/PerfectRedis/RedisSet.swift:2:15: note: add '@available' attribute to enclosing struct
public struct RedisSet: Sendable {
^
/Users/admin/builder/spi-builder-workspace/Sources/PerfectRedis/RedisSet.swift:20:60: error: concurrency is only available in watchOS 6.0.0 or newer
public func remove(_ values: [RedisClient.RedisValue]) async throws -> RedisResponse {
^
/Users/admin/builder/spi-builder-workspace/Sources/PerfectRedis/RedisSet.swift:20:17: note: add '@available' attribute to enclosing instance method
public func remove(_ values: [RedisClient.RedisValue]) async throws -> RedisResponse {
^
/Users/admin/builder/spi-builder-workspace/Sources/PerfectRedis/RedisSet.swift:2:15: note: add '@available' attribute to enclosing struct
public struct RedisSet: Sendable {
^
/Users/admin/builder/spi-builder-workspace/Sources/PerfectRedis/RedisSet.swift:23:59: error: concurrency is only available in watchOS 6.0.0 or newer
public func contains(_ value: RedisClient.RedisValue) async throws -> RedisResponse {
^
/Users/admin/builder/spi-builder-workspace/Sources/PerfectRedis/RedisSet.swift:23:17: note: add '@available' attribute to enclosing instance method
public func contains(_ value: RedisClient.RedisValue) async throws -> RedisResponse {
^
/Users/admin/builder/spi-builder-workspace/Sources/PerfectRedis/RedisSet.swift:2:15: note: add '@available' attribute to enclosing struct
public struct RedisSet: Sendable {
^
/Users/admin/builder/spi-builder-workspace/Sources/PerfectRedis/RedisSet.swift:26:27: error: concurrency is only available in watchOS 6.0.0 or newer
public func members() async throws -> RedisResponse {
^
/Users/admin/builder/spi-builder-workspace/Sources/PerfectRedis/RedisSet.swift:26:17: note: add '@available' attribute to enclosing instance method
public func members() async throws -> RedisResponse {
^
/Users/admin/builder/spi-builder-workspace/Sources/PerfectRedis/RedisSet.swift:2:15: note: add '@available' attribute to enclosing struct
public struct RedisSet: Sendable {
^
/Users/admin/builder/spi-builder-workspace/Sources/PerfectRedis/RedisSet.swift:29:25: error: concurrency is only available in watchOS 6.0.0 or newer
public func count() async throws -> RedisResponse {
^
/Users/admin/builder/spi-builder-workspace/Sources/PerfectRedis/RedisSet.swift:29:17: note: add '@available' attribute to enclosing instance method
public func count() async throws -> RedisResponse {
^
/Users/admin/builder/spi-builder-workspace/Sources/PerfectRedis/RedisSet.swift:2:15: note: add '@available' attribute to enclosing struct
public struct RedisSet: Sendable {
^
/Users/admin/builder/spi-builder-workspace/Sources/PerfectRedis/RedisSet.swift:32:46: error: concurrency is only available in watchOS 6.0.0 or newer
public func randomPop(count: Int? = nil) async throws -> RedisResponse {
^
/Users/admin/builder/spi-builder-workspace/Sources/PerfectRedis/RedisSet.swift:32:17: note: add '@available' attribute to enclosing instance method
public func randomPop(count: Int? = nil) async throws -> RedisResponse {
^
/Users/admin/builder/spi-builder-workspace/Sources/PerfectRedis/RedisSet.swift:2:15: note: add '@available' attribute to enclosing struct
public struct RedisSet: Sendable {
^
/Users/admin/builder/spi-builder-workspace/Sources/PerfectRedis/RedisSet.swift:36:46: error: concurrency is only available in watchOS 6.0.0 or newer
public func randomGet(count: Int? = nil) async throws -> RedisResponse {
^
/Users/admin/builder/spi-builder-workspace/Sources/PerfectRedis/RedisSet.swift:36:17: note: add '@available' attribute to enclosing instance method
public func randomGet(count: Int? = nil) async throws -> RedisResponse {
^
/Users/admin/builder/spi-builder-workspace/Sources/PerfectRedis/RedisSet.swift:2:15: note: add '@available' attribute to enclosing struct
public struct RedisSet: Sendable {
^
/Users/admin/builder/spi-builder-workspace/Sources/PerfectRedis/RedisSet.swift:40:82: error: concurrency is only available in watchOS 6.0.0 or newer
public func scan(cursor: Int = 0, pattern: String? = nil, count: Int? = nil) async throws -> RedisResponse {
^
/Users/admin/builder/spi-builder-workspace/Sources/PerfectRedis/RedisSet.swift:40:17: note: add '@available' attribute to enclosing instance method
public func scan(cursor: Int = 0, pattern: String? = nil, count: Int? = nil) async throws -> RedisResponse {
^
/Users/admin/builder/spi-builder-workspace/Sources/PerfectRedis/RedisSet.swift:2:15: note: add '@available' attribute to enclosing struct
public struct RedisSet: Sendable {
^
SwiftEmitModule normal arm64 Emitting\ module\ for\ PerfectRedis (in target 'PerfectRedis' from project 'PerfectRedis')
EmitSwiftModule normal arm64 (in target 'PerfectRedis' from project 'PerfectRedis')
cd /Users/admin/builder/spi-builder-workspace/.swiftpm/xcode
SwiftCompile normal arm64 Compiling\ RedisList.swift /Users/admin/builder/spi-builder-workspace/Sources/PerfectRedis/RedisList.swift (in target 'PerfectRedis' from project 'PerfectRedis')
SwiftCompile normal arm64 /Users/admin/builder/spi-builder-workspace/Sources/PerfectRedis/RedisList.swift (in target 'PerfectRedis' from project 'PerfectRedis')
cd /Users/admin/builder/spi-builder-workspace/.swiftpm/xcode
SwiftCompile normal arm64 Compiling\ PerfectRedis.swift /Users/admin/builder/spi-builder-workspace/Sources/PerfectRedis/PerfectRedis.swift (in target 'PerfectRedis' from project 'PerfectRedis')
SwiftDriverJobDiscovery normal armv7k Compiling RedisClientSync.swift (in target 'PerfectRedis' from project 'PerfectRedis')
SwiftCompile normal arm64 Compiling\ RedisSet.swift /Users/admin/builder/spi-builder-workspace/Sources/PerfectRedis/RedisSet.swift (in target 'PerfectRedis' from project 'PerfectRedis')
SwiftCompile normal arm64 Compiling\ RedisClientSync.swift /Users/admin/builder/spi-builder-workspace/Sources/PerfectRedis/RedisClientSync.swift (in target 'PerfectRedis' from project 'PerfectRedis')
2026-09-01 14:19:16.939 xcodebuild[4941:15909] [MT] IDERunDestination: Supported platforms for the buildables in the current scheme is empty.
** BUILD FAILED **
The following build commands failed:
SwiftCompile normal armv7k Compiling\ RedisList.swift /Users/admin/builder/spi-builder-workspace/Sources/PerfectRedis/RedisList.swift (in target 'PerfectRedis' from project 'PerfectRedis')
SwiftCompile normal armv7k /Users/admin/builder/spi-builder-workspace/Sources/PerfectRedis/RedisList.swift (in target 'PerfectRedis' from project 'PerfectRedis')
SwiftCompile normal armv7k Compiling\ RedisHash.swift /Users/admin/builder/spi-builder-workspace/Sources/PerfectRedis/RedisHash.swift (in target 'PerfectRedis' from project 'PerfectRedis')
SwiftCompile normal armv7k /Users/admin/builder/spi-builder-workspace/Sources/PerfectRedis/RedisHash.swift (in target 'PerfectRedis' from project 'PerfectRedis')
SwiftCompile normal armv7k /Users/admin/builder/spi-builder-workspace/Sources/PerfectRedis/RedisSet.swift (in target 'PerfectRedis' from project 'PerfectRedis')
Building workspace spi-builder-workspace with scheme PerfectRedis
(6 failures)
BUILD FAILURE 6.3 watchOS