Build Information
Failed to build SSOTPPinView, reference 1.0.1 (68f99f), with Swift 6.4 for macOS (Xcode) using Xcode 27.0 on 21 Sep 2026 04:02:44 UTC.
Build Command
env DEVELOPER_DIR=/Applications/Xcode-27.0.0-Release.Candidate.app xcrun xcodebuild -IDEClonedSourcePackagesDirPathOverride=$PWD/.dependencies -skipMacroValidation -skipPackagePluginValidation -derivedDataPath $PWD/.derivedData build -scheme SSOTPPinView -destination platform=macOS,arch=arm64Build Log
========================================
RunAll
========================================
Builder version: 5.1.0
Interrupt handler set up.
========================================
Checkout
========================================
Clone URL: https://github.com/SimformSolutionsPvtLtd/SSOTPPinView.git
Reference: 1.0.1
Initialized empty Git repository in /Users/admin/builder/spi-builder-workspace/.git/
From https://github.com/SimformSolutionsPvtLtd/SSOTPPinView
* tag 1.0.1 -> FETCH_HEAD
HEAD is now at 68f99f9 Merge pull request #15 from SimformSolutionsPvtLtd/develop
Cloned https://github.com/SimformSolutionsPvtLtd/SSOTPPinView.git
Revision (git rev-parse @):
68f99f906b077e16d2f26af4cbd5e3bbb7eec439
SPI manifest file found: $PWD/.spi.yml
SUCCESS checkout https://github.com/SimformSolutionsPvtLtd/SSOTPPinView.git at 1.0.1
========================================
Build
========================================
Selected platform: macosXcodebuild
Swift version: 6.4
Building package at path: $PWD
https://github.com/SimformSolutionsPvtLtd/SSOTPPinView.git
Command line invocation:
/Applications/Xcode-27.0.0-Release.Candidate.app/Contents/Developer/usr/bin/xcodebuild -IDEClonedSourcePackagesDirPathOverride=/Users/admin/builder/spi-builder-workspace/.dependencies -resolvePackageDependencies
Resolve Package Graph
Resolve Package Graph
Resolved source packages:
SSOTPPinView: /Users/admin/builder/spi-builder-workspace
resolved source packages: SSOTPPinView
2026-09-21 00:01:53.618 xcodebuild[525:2992] [MT] IDERunDestination: Supported platforms for the buildables in the current scheme is empty.
{
"dependencies" : [
],
"manifest_display_name" : "SSOTPPinView",
"name" : "SSOTPPinView",
"path" : "/Users/admin/builder/spi-builder-workspace",
"platforms" : [
{
"name" : "ios",
"version" : "15.0"
}
],
"products" : [
{
"name" : "SSOTPPinView",
"targets" : [
"SSOTPPinView"
],
"type" : {
"library" : [
"automatic"
]
}
}
],
"swift_languages_versions" : [
"5"
],
"targets" : [
{
"c99name" : "SSOTPPinView",
"module_type" : "SwiftTarget",
"name" : "SSOTPPinView",
"path" : "Source",
"product_memberships" : [
"SSOTPPinView"
],
"resources" : [
{
"path" : "/Users/admin/builder/spi-builder-workspace/Source/Resources/PrivacyInfo.xcprivacy",
"rule" : {
"copy" : {
}
}
}
],
"sources" : [
"Extensions/TextField+Extension.swift",
"Extensions/View+Extension.swift",
"ObservableObject/SSOTPPinViewNotifier.swift",
"SSOTPPinView.swift",
"ViewModel/SSOTPPinViewModel.swift",
"Views/CustomKeyboardViews/CustomDigitView.swift",
"Views/CustomKeyboardViews/CustomKeyboard.swift"
],
"type" : "library"
}
],
"tools_version" : "5.7"
}
{
"workspace" : {
"name" : "SSOTPPinView",
"schemes" : [
"SSOTPPinView"
]
}
}
2026-09-21 00:02:34.709 xcodebuild[623:3908] [MT] IDERunDestination: Supported platforms for the buildables in the current scheme is empty.
Running build ...
env DEVELOPER_DIR=/Applications/Xcode-27.0.0-Release.Candidate.app xcrun xcodebuild -IDEClonedSourcePackagesDirPathOverride=$PWD/.dependencies -skipMacroValidation -skipPackagePluginValidation -derivedDataPath $PWD/.derivedData build -scheme SSOTPPinView -destination platform=macOS,arch=arm64
Command line invocation:
/Applications/Xcode-27.0.0-Release.Candidate.app/Contents/Developer/usr/bin/xcodebuild -IDEClonedSourcePackagesDirPathOverride=/Users/admin/builder/spi-builder-workspace/.dependencies -skipMacroValidation -skipPackagePluginValidation -derivedDataPath /Users/admin/builder/spi-builder-workspace/.derivedData build -scheme SSOTPPinView -destination platform=macOS,arch=arm64
Resolve Package Graph
Resolved source packages:
SSOTPPinView: /Users/admin/builder/spi-builder-workspace
ComputePackagePrebuildTargetDependencyGraph
Prepare packages
CreateBuildRequest
SendProjectDescription
CreateBuildOperation
ComputeTargetDependencyGraph
note: Building targets in dependency order
note: Target dependency graph (3 targets)
Target 'SSOTPPinView-product' in project 'SSOTPPinView'
➜ Explicit dependency on target 'SSOTPPinView' in project 'SSOTPPinView'
➜ Explicit dependency on target 'SSOTPPinView_SSOTPPinView' in project 'SSOTPPinView'
Target 'SSOTPPinView' in project 'SSOTPPinView'
➜ Explicit dependency on target 'SSOTPPinView_SSOTPPinView' in project 'SSOTPPinView'
Target 'SSOTPPinView_SSOTPPinView' in project 'SSOTPPinView' (no dependencies)
GatherProvisioningInputs
CreateBuildDescription
ExecuteExternalTool /Applications/Xcode-27.0.0-Release.Candidate.app/Contents/Developer/Toolchains/XcodeDefault.xctoolchain/usr/bin/clang -v -E -dM -isysroot /Applications/Xcode-27.0.0-Release.Candidate.app/Contents/Developer/Platforms/MacOSX.platform/Developer/SDKs/MacOSX27.0.sdk -x c -c /dev/null
ExecuteExternalTool /Applications/Xcode-27.0.0-Release.Candidate.app/Contents/Developer/Toolchains/XcodeDefault.xctoolchain/usr/bin/swiftc --version
ExecuteExternalTool /Applications/Xcode-27.0.0-Release.Candidate.app/Contents/Developer/Toolchains/XcodeDefault.xctoolchain/usr/bin/ld -version_details
Build description signature: aff3ea7fef0f3496940dda294e1878d5
Build description path: /Users/admin/builder/spi-builder-workspace/.derivedData/Build/Intermediates.noindex/XCBuildData/aff3ea7fef0f3496940dda294e1878d5.xcbuilddata
CreateBuildDirectory /Users/admin/builder/spi-builder-workspace/.derivedData/SDKExplicitPrecompiledModules
cd /Users/admin/builder/spi-builder-workspace/.swiftpm/xcode
builtin-create-build-directory /Users/admin/builder/spi-builder-workspace/.derivedData/SDKExplicitPrecompiledModules
CreateBuildDirectory /Users/admin/builder/spi-builder-workspace/.derivedData/CompilationCache.noindex
cd /Users/admin/builder/spi-builder-workspace/.swiftpm/xcode
builtin-create-build-directory /Users/admin/builder/spi-builder-workspace/.derivedData/CompilationCache.noindex
CreateBuildDirectory /Users/admin/builder/spi-builder-workspace/.derivedData/ModuleCache.noindex
cd /Users/admin/builder/spi-builder-workspace/.swiftpm/xcode
builtin-create-build-directory /Users/admin/builder/spi-builder-workspace/.derivedData/ModuleCache.noindex
CreateBuildDirectory /Users/admin/builder/spi-builder-workspace/.derivedData/Build/Products
cd /Users/admin/builder/spi-builder-workspace/.swiftpm/xcode
builtin-create-build-directory /Users/admin/builder/spi-builder-workspace/.derivedData/Build/Products
ClangStatCache /Applications/Xcode-27.0.0-Release.Candidate.app/Contents/Developer/Toolchains/XcodeDefault.xctoolchain/usr/bin/clang-stat-cache /Applications/Xcode-27.0.0-Release.Candidate.app/Contents/Developer/Platforms/MacOSX.platform/Developer/SDKs/MacOSX27.0.sdk /Users/admin/builder/spi-builder-workspace/.derivedData/SDKStatCaches.noindex/macosx27.0-26A425-e829b21a6f8c9b70876ba0858053c0446a22442a12e9d48fe1a705f55a1adfc4.sdkstatcache
cd /Users/admin/builder/spi-builder-workspace/.swiftpm/xcode
/Applications/Xcode-27.0.0-Release.Candidate.app/Contents/Developer/Toolchains/XcodeDefault.xctoolchain/usr/bin/clang-stat-cache /Applications/Xcode-27.0.0-Release.Candidate.app/Contents/Developer/Platforms/MacOSX.platform/Developer/SDKs/MacOSX27.0.sdk -o /Users/admin/builder/spi-builder-workspace/.derivedData/SDKStatCaches.noindex/macosx27.0-26A425-e829b21a6f8c9b70876ba0858053c0446a22442a12e9d48fe1a705f55a1adfc4.sdkstatcache
CreateBuildDirectory /Users/admin/builder/spi-builder-workspace/.derivedData/Build/Intermediates.noindex
cd /Users/admin/builder/spi-builder-workspace/.swiftpm/xcode
builtin-create-build-directory /Users/admin/builder/spi-builder-workspace/.derivedData/Build/Intermediates.noindex
CreateBuildDirectory /Users/admin/builder/spi-builder-workspace/.derivedData/Build/Intermediates.noindex/ExplicitPrecompiledModules
cd /Users/admin/builder/spi-builder-workspace/.swiftpm/xcode
builtin-create-build-directory /Users/admin/builder/spi-builder-workspace/.derivedData/Build/Intermediates.noindex/ExplicitPrecompiledModules
CreateBuildDirectory /Users/admin/builder/spi-builder-workspace/.derivedData/Build/Intermediates.noindex/PrecompiledHeaders
cd /Users/admin/builder/spi-builder-workspace/.swiftpm/xcode
builtin-create-build-directory /Users/admin/builder/spi-builder-workspace/.derivedData/Build/Intermediates.noindex/PrecompiledHeaders
CreateBuildDirectory /Users/admin/builder/spi-builder-workspace/.derivedData/Build/Intermediates.noindex/SwiftExplicitPrecompiledModules
cd /Users/admin/builder/spi-builder-workspace/.swiftpm/xcode
builtin-create-build-directory /Users/admin/builder/spi-builder-workspace/.derivedData/Build/Intermediates.noindex/SwiftExplicitPrecompiledModules
CreateBuildDirectory /Users/admin/builder/spi-builder-workspace/.derivedData/Build/Intermediates.noindex/EagerLinkingTBDs/Debug
cd /Users/admin/builder/spi-builder-workspace/.swiftpm/xcode
builtin-create-build-directory /Users/admin/builder/spi-builder-workspace/.derivedData/Build/Intermediates.noindex/EagerLinkingTBDs/Debug
CreateBuildDirectory /Users/admin/builder/spi-builder-workspace/.derivedData/Build/Products/Debug
cd /Users/admin/builder/spi-builder-workspace/.swiftpm/xcode
builtin-create-build-directory /Users/admin/builder/spi-builder-workspace/.derivedData/Build/Products/Debug
CreateBuildDirectory /Users/admin/builder/spi-builder-workspace/.derivedData/Build/Products/Debug/PackageFrameworks
cd /Users/admin/builder/spi-builder-workspace/.swiftpm/xcode
builtin-create-build-directory /Users/admin/builder/spi-builder-workspace/.derivedData/Build/Products/Debug/PackageFrameworks
MkDir /Users/admin/builder/spi-builder-workspace/.derivedData/Build/Products/Debug/SSOTPPinView_SSOTPPinView.bundle/Contents (in target 'SSOTPPinView_SSOTPPinView' from project 'SSOTPPinView')
cd /Users/admin/builder/spi-builder-workspace
/bin/mkdir -p /Users/admin/builder/spi-builder-workspace/.derivedData/Build/Products/Debug/SSOTPPinView_SSOTPPinView.bundle/Contents
WriteAuxiliaryFile /Users/admin/builder/spi-builder-workspace/.derivedData/Build/Intermediates.noindex/SSOTPPinView.build/Debug/SSOTPPinView-t.build/SSOTPPinView.modulemap (in target 'SSOTPPinView' from project 'SSOTPPinView')
cd /Users/admin/builder/spi-builder-workspace
write-file /Users/admin/builder/spi-builder-workspace/.derivedData/Build/Intermediates.noindex/SSOTPPinView.build/Debug/SSOTPPinView-t.build/SSOTPPinView.modulemap
WriteAuxiliaryFile /Users/admin/builder/spi-builder-workspace/.derivedData/Build/Intermediates.noindex/SSOTPPinView.build/Debug/SSOTPPinView_SSOTPPinView-b.build/SSOTPPinView_SSOTPPinView.DependencyStaticMetadataFileList (in target 'SSOTPPinView_SSOTPPinView' from project 'SSOTPPinView')
cd /Users/admin/builder/spi-builder-workspace
write-file /Users/admin/builder/spi-builder-workspace/.derivedData/Build/Intermediates.noindex/SSOTPPinView.build/Debug/SSOTPPinView_SSOTPPinView-b.build/SSOTPPinView_SSOTPPinView.DependencyStaticMetadataFileList
WriteAuxiliaryFile /Users/admin/builder/spi-builder-workspace/.derivedData/Build/Intermediates.noindex/SSOTPPinView.build/Debug/SSOTPPinView_SSOTPPinView-b.build/empty-SSOTPPinView_SSOTPPinView.plist (in target 'SSOTPPinView_SSOTPPinView' from project 'SSOTPPinView')
cd /Users/admin/builder/spi-builder-workspace
write-file /Users/admin/builder/spi-builder-workspace/.derivedData/Build/Intermediates.noindex/SSOTPPinView.build/Debug/SSOTPPinView_SSOTPPinView-b.build/empty-SSOTPPinView_SSOTPPinView.plist
WriteAuxiliaryFile /Users/admin/builder/spi-builder-workspace/.derivedData/Build/Intermediates.noindex/SSOTPPinView.build/Debug/SSOTPPinView-t.build/SSOTPPinView.DependencyStaticMetadataFileList (in target 'SSOTPPinView' from project 'SSOTPPinView')
cd /Users/admin/builder/spi-builder-workspace
write-file /Users/admin/builder/spi-builder-workspace/.derivedData/Build/Intermediates.noindex/SSOTPPinView.build/Debug/SSOTPPinView-t.build/SSOTPPinView.DependencyStaticMetadataFileList
WriteAuxiliaryFile /Users/admin/builder/spi-builder-workspace/.derivedData/Build/Intermediates.noindex/SSOTPPinView.build/Debug/SSOTPPinView_SSOTPPinView-b.build/SSOTPPinView_SSOTPPinView.DependencyMetadataFileList (in target 'SSOTPPinView_SSOTPPinView' from project 'SSOTPPinView')
cd /Users/admin/builder/spi-builder-workspace
write-file /Users/admin/builder/spi-builder-workspace/.derivedData/Build/Intermediates.noindex/SSOTPPinView.build/Debug/SSOTPPinView_SSOTPPinView-b.build/SSOTPPinView_SSOTPPinView.DependencyMetadataFileList
MkDir /Users/admin/builder/spi-builder-workspace/.derivedData/Build/Products/Debug/SSOTPPinView_SSOTPPinView.bundle/Contents/Resources (in target 'SSOTPPinView_SSOTPPinView' from project 'SSOTPPinView')
cd /Users/admin/builder/spi-builder-workspace
/bin/mkdir -p /Users/admin/builder/spi-builder-workspace/.derivedData/Build/Products/Debug/SSOTPPinView_SSOTPPinView.bundle/Contents/Resources
WriteAuxiliaryFile /Users/admin/builder/spi-builder-workspace/.derivedData/Build/Intermediates.noindex/SSOTPPinView.build/Debug/SSOTPPinView-t.build/SSOTPPinView.DependencyMetadataFileList (in target 'SSOTPPinView' from project 'SSOTPPinView')
cd /Users/admin/builder/spi-builder-workspace
write-file /Users/admin/builder/spi-builder-workspace/.derivedData/Build/Intermediates.noindex/SSOTPPinView.build/Debug/SSOTPPinView-t.build/SSOTPPinView.DependencyMetadataFileList
WriteAuxiliaryFile /Users/admin/builder/spi-builder-workspace/.derivedData/Build/Intermediates.noindex/SSOTPPinView.build/Debug/SSOTPPinView-t.build/Objects-normal/arm64/SSOTPPinView_const_extract_protocols.json (in target 'SSOTPPinView' from project 'SSOTPPinView')
cd /Users/admin/builder/spi-builder-workspace
write-file /Users/admin/builder/spi-builder-workspace/.derivedData/Build/Intermediates.noindex/SSOTPPinView.build/Debug/SSOTPPinView-t.build/Objects-normal/arm64/SSOTPPinView_const_extract_protocols.json
WriteAuxiliaryFile /Users/admin/builder/spi-builder-workspace/.derivedData/Build/Intermediates.noindex/SSOTPPinView.build/Debug/SSOTPPinView-t.build/Objects-normal/arm64/SSOTPPinView.SwiftFileList (in target 'SSOTPPinView' from project 'SSOTPPinView')
cd /Users/admin/builder/spi-builder-workspace
write-file /Users/admin/builder/spi-builder-workspace/.derivedData/Build/Intermediates.noindex/SSOTPPinView.build/Debug/SSOTPPinView-t.build/Objects-normal/arm64/SSOTPPinView.SwiftFileList
WriteAuxiliaryFile /Users/admin/builder/spi-builder-workspace/.derivedData/Build/Intermediates.noindex/SSOTPPinView.build/Debug/SSOTPPinView-t.build/Objects-normal/arm64/SSOTPPinView.SwiftConstValuesFileList (in target 'SSOTPPinView' from project 'SSOTPPinView')
cd /Users/admin/builder/spi-builder-workspace
write-file /Users/admin/builder/spi-builder-workspace/.derivedData/Build/Intermediates.noindex/SSOTPPinView.build/Debug/SSOTPPinView-t.build/Objects-normal/arm64/SSOTPPinView.SwiftConstValuesFileList
WriteAuxiliaryFile /Users/admin/builder/spi-builder-workspace/.derivedData/Build/Intermediates.noindex/SSOTPPinView.build/Debug/SSOTPPinView-t.build/Objects-normal/arm64/SSOTPPinView-OutputFileMap.json (in target 'SSOTPPinView' from project 'SSOTPPinView')
cd /Users/admin/builder/spi-builder-workspace
write-file /Users/admin/builder/spi-builder-workspace/.derivedData/Build/Intermediates.noindex/SSOTPPinView.build/Debug/SSOTPPinView-t.build/Objects-normal/arm64/SSOTPPinView-OutputFileMap.json
WriteAuxiliaryFile /Users/admin/builder/spi-builder-workspace/.derivedData/Build/Intermediates.noindex/SSOTPPinView.build/Debug/SSOTPPinView-t.build/Objects-normal/arm64/SSOTPPinView.LinkFileList (in target 'SSOTPPinView' from project 'SSOTPPinView')
cd /Users/admin/builder/spi-builder-workspace
write-file /Users/admin/builder/spi-builder-workspace/.derivedData/Build/Intermediates.noindex/SSOTPPinView.build/Debug/SSOTPPinView-t.build/Objects-normal/arm64/SSOTPPinView.LinkFileList
MkDir /Users/admin/builder/spi-builder-workspace/.derivedData/Build/Products/Debug/SSOTPPinView_SSOTPPinView.bundle (in target 'SSOTPPinView_SSOTPPinView' from project 'SSOTPPinView')
cd /Users/admin/builder/spi-builder-workspace
/bin/mkdir -p /Users/admin/builder/spi-builder-workspace/.derivedData/Build/Products/Debug/SSOTPPinView_SSOTPPinView.bundle
WriteAuxiliaryFile /Users/admin/builder/spi-builder-workspace/.derivedData/Build/Intermediates.noindex/SSOTPPinView.build/Debug/SSOTPPinView-t.build/DerivedSources/resource_bundle_accessor.swift (in target 'SSOTPPinView' from project 'SSOTPPinView')
cd /Users/admin/builder/spi-builder-workspace
write-file /Users/admin/builder/spi-builder-workspace/.derivedData/Build/Intermediates.noindex/SSOTPPinView.build/Debug/SSOTPPinView-t.build/DerivedSources/resource_bundle_accessor.swift
Copy /Users/admin/builder/spi-builder-workspace/.derivedData/Build/Intermediates.noindex/GeneratedModuleMaps/SSOTPPinView.modulemap /Users/admin/builder/spi-builder-workspace/.derivedData/Build/Intermediates.noindex/SSOTPPinView.build/Debug/SSOTPPinView-t.build/SSOTPPinView.modulemap (in target 'SSOTPPinView' from project 'SSOTPPinView')
cd /Users/admin/builder/spi-builder-workspace
builtin-copy -exclude .DS_Store -exclude CVS -exclude .svn -exclude .git -exclude .hg -resolve-src-symlinks /Users/admin/builder/spi-builder-workspace/.derivedData/Build/Intermediates.noindex/SSOTPPinView.build/Debug/SSOTPPinView-t.build/SSOTPPinView.modulemap /Users/admin/builder/spi-builder-workspace/.derivedData/Build/Intermediates.noindex/GeneratedModuleMaps
ProcessInfoPlistFile /Users/admin/builder/spi-builder-workspace/.derivedData/Build/Products/Debug/SSOTPPinView_SSOTPPinView.bundle/Contents/Info.plist /Users/admin/builder/spi-builder-workspace/.derivedData/Build/Intermediates.noindex/SSOTPPinView.build/Debug/SSOTPPinView_SSOTPPinView-b.build/empty-SSOTPPinView_SSOTPPinView.plist (in target 'SSOTPPinView_SSOTPPinView' from project 'SSOTPPinView')
cd /Users/admin/builder/spi-builder-workspace
builtin-infoPlistUtility /Users/admin/builder/spi-builder-workspace/.derivedData/Build/Intermediates.noindex/SSOTPPinView.build/Debug/SSOTPPinView_SSOTPPinView-b.build/empty-SSOTPPinView_SSOTPPinView.plist -producttype com.apple.product-type.bundle -expandbuildsettings -platform macosx -o /Users/admin/builder/spi-builder-workspace/.derivedData/Build/Products/Debug/SSOTPPinView_SSOTPPinView.bundle/Contents/Info.plist
CpResource /Users/admin/builder/spi-builder-workspace/.derivedData/Build/Products/Debug/SSOTPPinView_SSOTPPinView.bundle/Contents/Resources/PrivacyInfo.xcprivacy /Users/admin/builder/spi-builder-workspace/Source/Resources/PrivacyInfo.xcprivacy (in target 'SSOTPPinView_SSOTPPinView' from project 'SSOTPPinView')
cd /Users/admin/builder/spi-builder-workspace
builtin-copy -exclude .DS_Store -exclude CVS -exclude .svn -exclude .git -exclude .hg -resolve-src-symlinks /Users/admin/builder/spi-builder-workspace/Source/Resources/PrivacyInfo.xcprivacy /Users/admin/builder/spi-builder-workspace/.derivedData/Build/Products/Debug/SSOTPPinView_SSOTPPinView.bundle/Contents/Resources
RegisterExecutionPolicyException /Users/admin/builder/spi-builder-workspace/.derivedData/Build/Products/Debug/SSOTPPinView_SSOTPPinView.bundle (in target 'SSOTPPinView_SSOTPPinView' from project 'SSOTPPinView')
cd /Users/admin/builder/spi-builder-workspace
builtin-RegisterExecutionPolicyException /Users/admin/builder/spi-builder-workspace/.derivedData/Build/Products/Debug/SSOTPPinView_SSOTPPinView.bundle
Touch /Users/admin/builder/spi-builder-workspace/.derivedData/Build/Products/Debug/SSOTPPinView_SSOTPPinView.bundle (in target 'SSOTPPinView_SSOTPPinView' from project 'SSOTPPinView')
cd /Users/admin/builder/spi-builder-workspace
/usr/bin/touch -c /Users/admin/builder/spi-builder-workspace/.derivedData/Build/Products/Debug/SSOTPPinView_SSOTPPinView.bundle
SwiftDriver SSOTPPinView normal arm64 com.apple.xcode.tools.swift.compiler (in target 'SSOTPPinView' from project 'SSOTPPinView')
cd /Users/admin/builder/spi-builder-workspace/.swiftpm/xcode
builtin-SwiftDriver -- /Applications/Xcode-27.0.0-Release.Candidate.app/Contents/Developer/Toolchains/XcodeDefault.xctoolchain/usr/bin/swiftc -parse-as-library -module-name SSOTPPinView -Onone @/Users/admin/builder/spi-builder-workspace/.derivedData/Build/Intermediates.noindex/SSOTPPinView.build/Debug/SSOTPPinView-t.build/Objects-normal/arm64/SSOTPPinView.SwiftFileList -DSWIFT_PACKAGE -DDEBUG -DSWIFT_MODULE_RESOURCE_BUNDLE_AVAILABLE -DXcode -plugin-path /Applications/Xcode-27.0.0-Release.Candidate.app/Contents/Developer/Toolchains/XcodeDefault.xctoolchain/usr/lib/swift/host/plugins/testing -enable-experimental-feature DebugDescriptionMacro -sdk /Applications/Xcode-27.0.0-Release.Candidate.app/Contents/Developer/Platforms/MacOSX.platform/Developer/SDKs/MacOSX27.0.sdk -target arm64-apple-macos12.0 -g -module-cache-path /Users/admin/builder/spi-builder-workspace/.derivedData/ModuleCache.noindex -Xfrontend -serialize-debugging-options -enable-testing -index-store-path /Users/admin/builder/spi-builder-workspace/.derivedData/Index.noindex/DataStore -Xcc -D_LIBCPP_HARDENING_MODE\=_LIBCPP_HARDENING_MODE_DEBUG -swift-version 5 -I /Users/admin/builder/spi-builder-workspace/.derivedData/Build/Products/Debug -Isystem /Applications/Xcode-27.0.0-Release.Candidate.app/Contents/Developer/Platforms/MacOSX.platform/Developer/usr/lib -F /Users/admin/builder/spi-builder-workspace/.derivedData/Build/Products/Debug -F /Applications/Xcode-27.0.0-Release.Candidate.app/Contents/Developer/Platforms/MacOSX.platform/Developer/Library/Frameworks -c -j10 -enable-batch-mode -incremental -Xcc -ivfsstatcache -Xcc /Users/admin/builder/spi-builder-workspace/.derivedData/SDKStatCaches.noindex/macosx27.0-26A425-e829b21a6f8c9b70876ba0858053c0446a22442a12e9d48fe1a705f55a1adfc4.sdkstatcache -output-file-map /Users/admin/builder/spi-builder-workspace/.derivedData/Build/Intermediates.noindex/SSOTPPinView.build/Debug/SSOTPPinView-t.build/Objects-normal/arm64/SSOTPPinView-OutputFileMap.json -save-temps -no-color-diagnostics -explicit-module-build -module-cache-path /Users/admin/builder/spi-builder-workspace/.derivedData/Build/Intermediates.noindex/SwiftExplicitPrecompiledModules -clang-scanner-module-cache-path /Users/admin/builder/spi-builder-workspace/.derivedData/ModuleCache.noindex -sdk-module-cache-path /Users/admin/builder/spi-builder-workspace/.derivedData/SDKExplicitPrecompiledModules -emit-dependencies -emit-module -emit-module-path /Users/admin/builder/spi-builder-workspace/.derivedData/Build/Intermediates.noindex/SSOTPPinView.build/Debug/SSOTPPinView-t.build/Objects-normal/arm64/SSOTPPinView.swiftmodule -serialize-diagnostics -dependency-scan-serialize-diagnostics-path /Users/admin/builder/spi-builder-workspace/.derivedData/Build/Intermediates.noindex/SSOTPPinView.build/Debug/SSOTPPinView-t.build/Objects-normal/arm64/SSOTPPinView-dependency-scan.dia -validate-clang-modules-once -clang-build-session-file /Users/admin/builder/spi-builder-workspace/.derivedData/ModuleCache.noindex/Session.modulevalidation -Xcc -fmodules-prune-interval\=86400 -Xcc -fmodules-prune-after\=345600 -emit-const-values -const-gather-protocols-list /Users/admin/builder/spi-builder-workspace/.derivedData/Build/Intermediates.noindex/SSOTPPinView.build/Debug/SSOTPPinView-t.build/Objects-normal/arm64/SSOTPPinView_const_extract_protocols.json -Xcc -I/Users/admin/builder/spi-builder-workspace/.derivedData/Build/Products/Debug/include -Xcc -I/Users/admin/builder/spi-builder-workspace/.derivedData/Build/Intermediates.noindex/SSOTPPinView.build/Debug/SSOTPPinView-t.build/DerivedSources-normal/arm64 -Xcc -I/Users/admin/builder/spi-builder-workspace/.derivedData/Build/Intermediates.noindex/SSOTPPinView.build/Debug/SSOTPPinView-t.build/DerivedSources/arm64 -Xcc -I/Users/admin/builder/spi-builder-workspace/.derivedData/Build/Intermediates.noindex/SSOTPPinView.build/Debug/SSOTPPinView-t.build/DerivedSources -Xcc -DSWIFT_PACKAGE -Xcc -DDEBUG\=1 -emit-objc-header -emit-objc-header-path /Users/admin/builder/spi-builder-workspace/.derivedData/Build/Intermediates.noindex/SSOTPPinView.build/Debug/SSOTPPinView-t.build/Objects-normal/arm64/SSOTPPinView-Swift.h -working-directory /Users/admin/builder/spi-builder-workspace/.swiftpm/xcode -experimental-emit-module-separately -disable-cmo
/Users/admin/builder/spi-builder-workspace/Source/Extensions/View+Extension.swift:9:8: error: Unable to resolve module dependency: 'UIKit' (in target 'SSOTPPinView' from project 'SSOTPPinView')
note: A dependency of main module 'SSOTPPinView'
/Users/admin/builder/spi-builder-workspace/Source/ViewModel/SSOTPPinViewModel.swift:9:8: note: Also imported here
/Users/admin/builder/spi-builder-workspace/Source/Extensions/View+Extension.swift:9:8: note: A dependency of main module 'SSOTPPinView'
import UIKit
^ (in target 'SSOTPPinView' from project 'SSOTPPinView')
/Users/admin/builder/spi-builder-workspace/Source/ViewModel/SSOTPPinViewModel.swift:9:8: note: Also imported here
import UIKit
^ (in target 'SSOTPPinView' from project 'SSOTPPinView')
PruneExplicitPrecompiledModules /Users/admin/builder/spi-builder-workspace/.derivedData/Build/Intermediates.noindex/ExplicitPrecompiledModules
PruneExplicitPrecompiledModules /Users/admin/builder/spi-builder-workspace/.derivedData/SDKExplicitPrecompiledModules
PruneExplicitPrecompiledModules /Users/admin/builder/spi-builder-workspace/.derivedData/Build/Intermediates.noindex/SwiftExplicitPrecompiledModules
2026-09-21 00:02:36.397 xcodebuild[625:3976] [MT] IDERunDestination: Supported platforms for the buildables in the current scheme is empty.
--- xcodebuild: WARNING: Using the first of multiple matching destinations:
{ platform:macOS, arch:arm64, id:97c79d51589fa925313cb532a18a484fd9357805, name:My Mac }
{ platform:macOS, arch:arm64, variant:Mac Catalyst, id:97c79d51589fa925313cb532a18a484fd9357805, name:My Mac }
{ platform:macOS, arch:arm64, variant:DriverKit, id:97c79d51589fa925313cb532a18a484fd9357805, name:My Mac }
{ platform:macOS, arch:arm64, variant:Designed for [iPad,iPhone], id:97c79d51589fa925313cb532a18a484fd9357805, name:My Mac }
** BUILD FAILED **
The following build commands failed:
SwiftDriver SSOTPPinView normal arm64 com.apple.xcode.tools.swift.compiler (in target 'SSOTPPinView' from project 'SSOTPPinView')
Building workspace SSOTPPinView with scheme SSOTPPinView
(2 failures)
Command line invocation:
/Applications/Xcode-27.0.0-Release.Candidate.app/Contents/Developer/usr/bin/xcodebuild -IDEClonedSourcePackagesDirPathOverride=/Users/admin/builder/spi-builder-workspace/.dependencies -resolvePackageDependencies
Resolve Package Graph
Resolved source packages:
SSOTPPinView: /Users/admin/builder/spi-builder-workspace
resolved source packages: SSOTPPinView
2026-09-21 00:02:41.399 xcodebuild[675:4407] [MT] IDERunDestination: Supported platforms for the buildables in the current scheme is empty.
{
"dependencies" : [
],
"manifest_display_name" : "SSOTPPinView",
"name" : "SSOTPPinView",
"path" : "/Users/admin/builder/spi-builder-workspace",
"platforms" : [
{
"name" : "ios",
"version" : "15.0"
}
],
"products" : [
{
"name" : "SSOTPPinView",
"targets" : [
"SSOTPPinView"
],
"type" : {
"library" : [
"automatic"
]
}
}
],
"swift_languages_versions" : [
"5"
],
"targets" : [
{
"c99name" : "SSOTPPinView",
"module_type" : "SwiftTarget",
"name" : "SSOTPPinView",
"path" : "Source",
"product_memberships" : [
"SSOTPPinView"
],
"resources" : [
{
"path" : "/Users/admin/builder/spi-builder-workspace/Source/Resources/PrivacyInfo.xcprivacy",
"rule" : {
"copy" : {
}
}
}
],
"sources" : [
"Extensions/TextField+Extension.swift",
"Extensions/View+Extension.swift",
"ObservableObject/SSOTPPinViewNotifier.swift",
"SSOTPPinView.swift",
"ViewModel/SSOTPPinViewModel.swift",
"Views/CustomKeyboardViews/CustomDigitView.swift",
"Views/CustomKeyboardViews/CustomKeyboard.swift"
],
"type" : "library"
}
],
"tools_version" : "5.7"
}
{
"workspace" : {
"name" : "SSOTPPinView",
"schemes" : [
"SSOTPPinView"
]
}
}
2026-09-21 00:02:42.636 xcodebuild[683:4474] [MT] IDERunDestination: Supported platforms for the buildables in the current scheme is empty.
Running build ...
env DEVELOPER_DIR=/Applications/Xcode-27.0.0-Release.Candidate.app xcrun xcodebuild -IDEClonedSourcePackagesDirPathOverride=$PWD/.dependencies -skipMacroValidation -skipPackagePluginValidation -derivedDataPath $PWD/.derivedData build -scheme SSOTPPinView -destination platform=macOS,arch=arm64
Command line invocation:
/Applications/Xcode-27.0.0-Release.Candidate.app/Contents/Developer/usr/bin/xcodebuild -IDEClonedSourcePackagesDirPathOverride=/Users/admin/builder/spi-builder-workspace/.dependencies -skipMacroValidation -skipPackagePluginValidation -derivedDataPath /Users/admin/builder/spi-builder-workspace/.derivedData build -scheme SSOTPPinView -destination platform=macOS,arch=arm64
Resolve Package Graph
Resolved source packages:
SSOTPPinView: /Users/admin/builder/spi-builder-workspace
ComputePackagePrebuildTargetDependencyGraph
Prepare packages
CreateBuildRequest
SendProjectDescription
CreateBuildOperation
ComputeTargetDependencyGraph
note: Building targets in dependency order
note: Target dependency graph (3 targets)
Target 'SSOTPPinView-product' in project 'SSOTPPinView'
➜ Explicit dependency on target 'SSOTPPinView' in project 'SSOTPPinView'
➜ Explicit dependency on target 'SSOTPPinView_SSOTPPinView' in project 'SSOTPPinView'
Target 'SSOTPPinView' in project 'SSOTPPinView'
➜ Explicit dependency on target 'SSOTPPinView_SSOTPPinView' in project 'SSOTPPinView'
Target 'SSOTPPinView_SSOTPPinView' in project 'SSOTPPinView' (no dependencies)
GatherProvisioningInputs
CreateBuildDescription
ClangStatCache /Applications/Xcode-27.0.0-Release.Candidate.app/Contents/Developer/Toolchains/XcodeDefault.xctoolchain/usr/bin/clang-stat-cache /Applications/Xcode-27.0.0-Release.Candidate.app/Contents/Developer/Platforms/MacOSX.platform/Developer/SDKs/MacOSX27.0.sdk /Users/admin/builder/spi-builder-workspace/.derivedData/SDKStatCaches.noindex/macosx27.0-26A425-e829b21a6f8c9b70876ba0858053c0446a22442a12e9d48fe1a705f55a1adfc4.sdkstatcache
cd /Users/admin/builder/spi-builder-workspace/.swiftpm/xcode
/Applications/Xcode-27.0.0-Release.Candidate.app/Contents/Developer/Toolchains/XcodeDefault.xctoolchain/usr/bin/clang-stat-cache /Applications/Xcode-27.0.0-Release.Candidate.app/Contents/Developer/Platforms/MacOSX.platform/Developer/SDKs/MacOSX27.0.sdk -o /Users/admin/builder/spi-builder-workspace/.derivedData/SDKStatCaches.noindex/macosx27.0-26A425-e829b21a6f8c9b70876ba0858053c0446a22442a12e9d48fe1a705f55a1adfc4.sdkstatcache
SwiftDriver SSOTPPinView normal arm64 com.apple.xcode.tools.swift.compiler (in target 'SSOTPPinView' from project 'SSOTPPinView')
cd /Users/admin/builder/spi-builder-workspace/.swiftpm/xcode
builtin-SwiftDriver -- /Applications/Xcode-27.0.0-Release.Candidate.app/Contents/Developer/Toolchains/XcodeDefault.xctoolchain/usr/bin/swiftc -parse-as-library -module-name SSOTPPinView -Onone @/Users/admin/builder/spi-builder-workspace/.derivedData/Build/Intermediates.noindex/SSOTPPinView.build/Debug/SSOTPPinView-t.build/Objects-normal/arm64/SSOTPPinView.SwiftFileList -DSWIFT_PACKAGE -DDEBUG -DSWIFT_MODULE_RESOURCE_BUNDLE_AVAILABLE -DXcode -plugin-path /Applications/Xcode-27.0.0-Release.Candidate.app/Contents/Developer/Toolchains/XcodeDefault.xctoolchain/usr/lib/swift/host/plugins/testing -enable-experimental-feature DebugDescriptionMacro -sdk /Applications/Xcode-27.0.0-Release.Candidate.app/Contents/Developer/Platforms/MacOSX.platform/Developer/SDKs/MacOSX27.0.sdk -target arm64-apple-macos12.0 -g -module-cache-path /Users/admin/builder/spi-builder-workspace/.derivedData/ModuleCache.noindex -Xfrontend -serialize-debugging-options -enable-testing -index-store-path /Users/admin/builder/spi-builder-workspace/.derivedData/Index.noindex/DataStore -Xcc -D_LIBCPP_HARDENING_MODE\=_LIBCPP_HARDENING_MODE_DEBUG -swift-version 5 -I /Users/admin/builder/spi-builder-workspace/.derivedData/Build/Products/Debug -Isystem /Applications/Xcode-27.0.0-Release.Candidate.app/Contents/Developer/Platforms/MacOSX.platform/Developer/usr/lib -F /Users/admin/builder/spi-builder-workspace/.derivedData/Build/Products/Debug -F /Applications/Xcode-27.0.0-Release.Candidate.app/Contents/Developer/Platforms/MacOSX.platform/Developer/Library/Frameworks -c -j10 -enable-batch-mode -incremental -Xcc -ivfsstatcache -Xcc /Users/admin/builder/spi-builder-workspace/.derivedData/SDKStatCaches.noindex/macosx27.0-26A425-e829b21a6f8c9b70876ba0858053c0446a22442a12e9d48fe1a705f55a1adfc4.sdkstatcache -output-file-map /Users/admin/builder/spi-builder-workspace/.derivedData/Build/Intermediates.noindex/SSOTPPinView.build/Debug/SSOTPPinView-t.build/Objects-normal/arm64/SSOTPPinView-OutputFileMap.json -save-temps -no-color-diagnostics -explicit-module-build -module-cache-path /Users/admin/builder/spi-builder-workspace/.derivedData/Build/Intermediates.noindex/SwiftExplicitPrecompiledModules -clang-scanner-module-cache-path /Users/admin/builder/spi-builder-workspace/.derivedData/ModuleCache.noindex -sdk-module-cache-path /Users/admin/builder/spi-builder-workspace/.derivedData/SDKExplicitPrecompiledModules -emit-dependencies -emit-module -emit-module-path /Users/admin/builder/spi-builder-workspace/.derivedData/Build/Intermediates.noindex/SSOTPPinView.build/Debug/SSOTPPinView-t.build/Objects-normal/arm64/SSOTPPinView.swiftmodule -serialize-diagnostics -dependency-scan-serialize-diagnostics-path /Users/admin/builder/spi-builder-workspace/.derivedData/Build/Intermediates.noindex/SSOTPPinView.build/Debug/SSOTPPinView-t.build/Objects-normal/arm64/SSOTPPinView-dependency-scan.dia -validate-clang-modules-once -clang-build-session-file /Users/admin/builder/spi-builder-workspace/.derivedData/ModuleCache.noindex/Session.modulevalidation -Xcc -fmodules-prune-interval\=86400 -Xcc -fmodules-prune-after\=345600 -emit-const-values -const-gather-protocols-list /Users/admin/builder/spi-builder-workspace/.derivedData/Build/Intermediates.noindex/SSOTPPinView.build/Debug/SSOTPPinView-t.build/Objects-normal/arm64/SSOTPPinView_const_extract_protocols.json -Xcc -I/Users/admin/builder/spi-builder-workspace/.derivedData/Build/Products/Debug/include -Xcc -I/Users/admin/builder/spi-builder-workspace/.derivedData/Build/Intermediates.noindex/SSOTPPinView.build/Debug/SSOTPPinView-t.build/DerivedSources-normal/arm64 -Xcc -I/Users/admin/builder/spi-builder-workspace/.derivedData/Build/Intermediates.noindex/SSOTPPinView.build/Debug/SSOTPPinView-t.build/DerivedSources/arm64 -Xcc -I/Users/admin/builder/spi-builder-workspace/.derivedData/Build/Intermediates.noindex/SSOTPPinView.build/Debug/SSOTPPinView-t.build/DerivedSources -Xcc -DSWIFT_PACKAGE -Xcc -DDEBUG\=1 -emit-objc-header -emit-objc-header-path /Users/admin/builder/spi-builder-workspace/.derivedData/Build/Intermediates.noindex/SSOTPPinView.build/Debug/SSOTPPinView-t.build/Objects-normal/arm64/SSOTPPinView-Swift.h -working-directory /Users/admin/builder/spi-builder-workspace/.swiftpm/xcode -experimental-emit-module-separately -disable-cmo
/Users/admin/builder/spi-builder-workspace/Source/Extensions/View+Extension.swift:9:8: error: Unable to resolve module dependency: 'UIKit' (in target 'SSOTPPinView' from project 'SSOTPPinView')
note: A dependency of main module 'SSOTPPinView'
/Users/admin/builder/spi-builder-workspace/Source/ViewModel/SSOTPPinViewModel.swift:9:8: note: Also imported here
/Users/admin/builder/spi-builder-workspace/Source/Extensions/View+Extension.swift:9:8: note: A dependency of main module 'SSOTPPinView'
import UIKit
^ (in target 'SSOTPPinView' from project 'SSOTPPinView')
/Users/admin/builder/spi-builder-workspace/Source/ViewModel/SSOTPPinViewModel.swift:9:8: note: Also imported here
import UIKit
^ (in target 'SSOTPPinView' from project 'SSOTPPinView')
PruneExplicitPrecompiledModules /Users/admin/builder/spi-builder-workspace/.derivedData/SDKExplicitPrecompiledModules
PruneExplicitPrecompiledModules /Users/admin/builder/spi-builder-workspace/.derivedData/Build/Intermediates.noindex/SwiftExplicitPrecompiledModules
PruneExplicitPrecompiledModules /Users/admin/builder/spi-builder-workspace/.derivedData/Build/Intermediates.noindex/ExplicitPrecompiledModules
2026-09-21 00:02:43.624 xcodebuild[684:4502] [MT] IDERunDestination: Supported platforms for the buildables in the current scheme is empty.
--- xcodebuild: WARNING: Using the first of multiple matching destinations:
{ platform:macOS, arch:arm64, id:97c79d51589fa925313cb532a18a484fd9357805, name:My Mac }
{ platform:macOS, arch:arm64, variant:Mac Catalyst, id:97c79d51589fa925313cb532a18a484fd9357805, name:My Mac }
{ platform:macOS, arch:arm64, variant:DriverKit, id:97c79d51589fa925313cb532a18a484fd9357805, name:My Mac }
{ platform:macOS, arch:arm64, variant:Designed for [iPad,iPhone], id:97c79d51589fa925313cb532a18a484fd9357805, name:My Mac }
** BUILD FAILED **
The following build commands failed:
SwiftDriver SSOTPPinView normal arm64 com.apple.xcode.tools.swift.compiler (in target 'SSOTPPinView' from project 'SSOTPPinView')
Building workspace SSOTPPinView with scheme SSOTPPinView
(2 failures)
BUILD FAILURE 6.4 macosXcodebuild