The Swift Package Index logo.Swift Package Index

Build Information

Failed to build Commercetools, reference master (735c2a), with Swift 6.4 for Linux on 18 Sep 2026 03:33:23 UTC.

Build Command

bash -c docker run --pull=always --rm -v "checkouts-53886769-0":/host -w "$PWD" -e JAVA_HOME="/root/.sdkman/candidates/java/current" -e SPI_BUILD="1" -e SPI_PROCESSING="1" registry.gitlab.com/saguaro1/spi-images:basic-6.4-latest swift build --triple x86_64-unknown-linux-gnu 2>&1

Build Log

========================================
RunAll
========================================
Builder version: 5.1.0
Interrupt handler set up.
========================================
Checkout
========================================
Clone URL: https://github.com/commercetools/commercetools-ios-sdk.git
Reference: master
Initialized empty Git repository in /host/spi-builder-workspace/.git/
hint: Using 'master' as the name for the initial branch. This default branch name
hint: is subject to change. To configure the initial branch name to use in all
hint: of your new repositories, which will suppress this warning, call:
hint:
hint: 	git config --global init.defaultBranch <name>
hint:
hint: Names commonly chosen instead of 'master' are 'main', 'trunk' and
hint: 'development'. The just-created branch can be renamed via this command:
hint:
hint: 	git branch -m <name>
From https://github.com/commercetools/commercetools-ios-sdk
 * branch            master     -> FETCH_HEAD
 * [new branch]      master     -> origin/master
HEAD is now at 735c2a9 Update customer test
Cloned https://github.com/commercetools/commercetools-ios-sdk.git
Revision (git rev-parse @):
735c2a903eb1ff7de3fedd9406a4c28ba2cde13c
SUCCESS checkout https://github.com/commercetools/commercetools-ios-sdk.git at master
========================================
Build
========================================
Selected platform:         linux
Swift version:             6.4
Building package at path:  $PWD
https://github.com/commercetools/commercetools-ios-sdk.git
Running build ...
bash -c docker run --pull=always --rm -v "checkouts-53886769-0":/host -w "$PWD" -e JAVA_HOME="/root/.sdkman/candidates/java/current" -e SPI_BUILD="1" -e SPI_PROCESSING="1" registry.gitlab.com/saguaro1/spi-images:basic-6.4-latest swift build --triple x86_64-unknown-linux-gnu 2>&1
basic-6.4-latest: Pulling from saguaro1/spi-images
Digest: sha256:c77fcce225e223ac0fafed844619173fc6de8d62dd560eeb28db3182af6a282b
Status: Image is up to date for registry.gitlab.com/saguaro1/spi-images:basic-6.4-latest
warning: 'spi-builder-workspace': found 2 file(s) which are unhandled; explicitly declare them as resources or exclude from the target
    /host/spi-builder-workspace/Source/Info-tvOS.plist
    /host/spi-builder-workspace/Source/Info.plist
Building for debugging...
[Planning deferred tasks]
error: SwiftCompile normal x86_64 failed with a nonzero exit code. Command line:     cd /host

/host/spi-builder-workspace/Source/AuthManager.swift:413:60: error: 'URLResponse' is unavailable: This type has moved to the FoundationNetworking module. Import that module to use it.
411 |     }
412 |
413 |     private func handleAuthResponse(data: Data?, response: URLResponse?, error: Error?, completionHandler: (String?, Error?) -> Void) {
    |                                                            `- error: 'URLResponse' is unavailable: This type has moved to the FoundationNetworking module. Import that module to use it.
414 |         if let data = data, let responseJson = try? JSONSerialization.jsonObject(with: data, options: []),
415 |            let responseDict = responseJson as? [String: Any], let accessToken = responseDict["access_token"] as? String,
Foundation.URLResponse:2:18: note: 'URLResponse' has been explicitly marked unavailable here
1 | @available(*, unavailable, message: "This type has moved to the FoundationNetworking module. Import that module to use it.")
2 | public typealias URLResponse = AnyObject
  |                  `- note: 'URLResponse' has been explicitly marked unavailable here
/host/spi-builder-workspace/Source/Endpoint.swift:96:58: error: 'URLResponse' is unavailable: This type has moved to the FoundationNetworking module. Import that module to use it.
 94 |                                               in dictionary format in case of a successful result.
 95 |     */
 96 |     static func handleResponse<T>(data: Data?, response: URLResponse?, error: Error?, result: (Result<T>) -> Void) {
    |                                                          `- error: 'URLResponse' is unavailable: This type has moved to the FoundationNetworking module. Import that module to use it.
 97 |         if let data = data, let statusCode = (response as? HTTPURLResponse)?.statusCode, case 200 ... 299 = statusCode {
 98 |             result(Result.success(data))
Foundation.URLResponse:2:18: note: 'URLResponse' has been explicitly marked unavailable here
1 | @available(*, unavailable, message: "This type has moved to the FoundationNetworking module. Import that module to use it.")
2 | public typealias URLResponse = AnyObject
  |                  `- note: 'URLResponse' has been explicitly marked unavailable here
/host/spi-builder-workspace/Source/Endpoint.swift:104:66: error: 'URLResponse' is unavailable: This type has moved to the FoundationNetworking module. Import that module to use it.
102 |     }
103 |
104 |     static func checkResponseForErrors<T>(data: Data?, response: URLResponse?, error: Error?, result: (Result<T>) -> Void) {
    |                                                                  `- error: 'URLResponse' is unavailable: This type has moved to the FoundationNetworking module. Import that module to use it.
105 |         if let data = data, let jsonObject = try? JSONSerialization.jsonObject(with: data, options: []),
106 |            let responseDict = jsonObject as? [String: Any], let statusCode = (response as? HTTPURLResponse)?.statusCode {
Foundation.URLResponse:2:18: note: 'URLResponse' has been explicitly marked unavailable here
1 | @available(*, unavailable, message: "This type has moved to the FoundationNetworking module. Import that module to use it.")
2 | public typealias URLResponse = AnyObject
  |                  `- note: 'URLResponse' has been explicitly marked unavailable here
/host/spi-builder-workspace/Source/Endpoint.swift:145:209: error: cannot find type 'URLRequest' in scope
143 |     }
144 |
145 |     static func request(url: String, method: HTTPMethod = .get, urlParameters: [String: String] = [:], json: [String: Any]? = nil, formParameters: [String: String]? = nil, headers: [String: String] = [:]) -> URLRequest {
    |                                                                                                                                                                                                                 `- error: cannot find type 'URLRequest' in scope
146 |         guard json == nil || formParameters == nil else {
147 |             fatalError("Cannot use both json and formParameters in the same URLRequest")
/host/spi-builder-workspace/Source/Endpoint.swift:162:188: error: cannot find type 'URLRequest' in scope
160 |     }
161 |
162 |     static func request(url: String, method: HTTPMethod = .get, queryItems: [URLQueryItem], json: Data? = nil, formParameters: [FormParameter]? = nil, headers: [String: String] = [:]) -> URLRequest {
    |                                                                                                                                                                                            `- error: cannot find type 'URLRequest' in scope
163 |         guard json == nil || formParameters == nil else {
164 |             fatalError("Cannot use both json and formParameters in the same URLRequest")
/host/spi-builder-workspace/Source/Endpoint.swift:189:37: error: cannot find type 'URLRequest' in scope
187 |     }
188 |
189 |     static func perform<T>(request: URLRequest, result: @escaping (Result<T>) -> Void) {
    |                                     `- error: cannot find type 'URLRequest' in scope
190 |         urlSession.dataTask(with: request, completionHandler: { data, response, error in
191 |             self.handleResponse(data: data, response: response, error: error) { (res: Result<T>) in
/host/spi-builder-workspace/Source/Endpoint.swift:254:17: error: 'URLSession' is unavailable: This type has moved to the FoundationNetworking module. Import that module to use it.
252 | }
253 |
254 | var urlSession: URLSession = {
    |                 `- error: 'URLSession' is unavailable: This type has moved to the FoundationNetworking module. Import that module to use it.
255 |     var configuration = URLSessionConfiguration.default
256 |     configuration.httpMaximumConnectionsPerHost = 8
Foundation.URLSession:2:18: note: 'URLSession' has been explicitly marked unavailable here
1 | @available(*, unavailable, message: "This type has moved to the FoundationNetworking module. Import that module to use it.")
2 | public typealias URLSession = AnyObject
  |                  `- note: 'URLSession' has been explicitly marked unavailable here
/host/spi-builder-workspace/Source/Endpoint.swift:255:49: error: type 'URLSessionConfiguration' (aka 'AnyObject') has no member 'default'
253 |
254 | var urlSession: URLSession = {
255 |     var configuration = URLSessionConfiguration.default
    |                                                 `- error: type 'URLSessionConfiguration' (aka 'AnyObject') has no member 'default'
256 |     configuration.httpMaximumConnectionsPerHost = 8
257 |     return URLSession(configuration: configuration)
Failed frontend command:
/usr/bin/swift-frontend -frontend -emit-module -experimental-skip-non-inlinable-function-bodies-without-types /host/spi-builder-workspace/Source/AuthManager.swift /host/spi-builder-workspace/Source/ByIdEndpoint.swift /host/spi-builder-workspace/Source/ByKeyEndpoint.swift /host/spi-builder-workspace/Source/CTError.swift /host/spi-builder-workspace/Source/Cart.swift /host/spi-builder-workspace/Source/Category.swift /host/spi-builder-workspace/Source/CategoryRecommendations.swift /host/spi-builder-workspace/Source/Commercetools.swift /host/spi-builder-workspace/Source/Config.swift /host/spi-builder-workspace/Source/CreateEndpoint.swift /host/spi-builder-workspace/Source/Customer.swift /host/spi-builder-workspace/Source/DeleteEndpoint.swift /host/spi-builder-workspace/Source/Endpoint.swift /host/spi-builder-workspace/Source/GraphQL.swift /host/spi-builder-workspace/Source/Log.swift /host/spi-builder-workspace/Source/Models.swift /host/spi-builder-workspace/Source/Order.swift /host/spi-builder-workspace/Source/Payment.swift /host/spi-builder-workspace/Source/ProductProjection.swift /host/spi-builder-workspace/Source/ProductType.swift /host/spi-builder-workspace/Source/QueryEndpoint.swift /host/spi-builder-workspace/Source/Result.swift /host/spi-builder-workspace/Source/ShippingMethod.swift /host/spi-builder-workspace/Source/ShoppingList.swift /host/spi-builder-workspace/Source/SimilarProducts.swift /host/spi-builder-workspace/Source/Store.swift /host/spi-builder-workspace/Source/TokenStore.swift /host/spi-builder-workspace/Source/UpdateByKeyEndpoint.swift /host/spi-builder-workspace/Source/UpdateEndpoint.swift -target x86_64-unknown-linux-gnu -disable-objc-interop -I /host/spi-builder-workspace/.build/out/Products/Debug-linux-x86_64 -module-cache-path /host/spi-builder-workspace/.build/out/ModuleCache.noindex -color-diagnostics -Xcc -fcolor-diagnostics -enable-testing -g -debug-info-format\=dwarf -dwarf-version\=4 -swift-version 5 -Onone -D SWIFT_PACKAGE -D DEBUG -D SWIFT_MODULE_RESOURCE_BUNDLE_UNAVAILABLE -D Xcode -serialize-debugging-options -enable-experimental-feature DebugDescriptionMacro -empty-abi-descriptor -external-plugin-path /usr/lib/swift/host/plugins/testing\#/usr/bin/swift-plugin-server -validate-clang-modules-once -clang-build-session-file /host/spi-builder-workspace/.build/out/ModuleCache.noindex/Session.modulevalidation -Xcc -working-directory -Xcc /host -enable-anonymous-context-mangled-names -file-compilation-dir /host -Xcc -fno-omit-frame-pointer -Xcc -D_LIBCPP_HARDENING_MODE\=_LIBCPP_HARDENING_MODE_DEBUG -Xcc -fmodules-prune-interval\=86400 -Xcc -fmodules-prune-after\=345600 -Xcc -I/host/spi-builder-workspace/.build/out/Products/Debug-linux-x86_64/include -Xcc -I/host/spi-builder-workspace/.build/out/Intermediates.noindex/Commercetools.build/Debug-linux-x86_64/Commercetools-t.build/DerivedSources-normal/x86_64 -Xcc -I/host/spi-builder-workspace/.build/out/Intermediates.noindex/Commercetools.build/Debug-linux-x86_64/Commercetools-t.build/DerivedSources/x86_64 -Xcc -I/host/spi-builder-workspace/.build/out/Intermediates.noindex/Commercetools.build/Debug-linux-x86_64/Commercetools-t.build/DerivedSources -Xcc -DSWIFT_PACKAGE -Xcc -DDEBUG\=1 -no-auto-bridging-header-chaining -module-name Commercetools -const-gather-protocols-file /host/spi-builder-workspace/.build/out/Intermediates.noindex/Commercetools.build/Debug-linux-x86_64/Commercetools-t.build/Objects-normal/x86_64/Commercetools_const_extract_protocols.json -in-process-plugin-server-path /usr/lib/swift/host/libSwiftInProcPluginServer.so -plugin-path /usr/lib/swift/host/plugins -plugin-path /usr/local/lib/swift/host/plugins -emit-module-doc-path /host/spi-builder-workspace/.build/out/Intermediates.noindex/Commercetools.build/Debug-linux-x86_64/Commercetools-t.build/Objects-normal/x86_64/Modules/Commercetools.swiftdoc -emit-module-source-info-path /host/spi-builder-workspace/.build/out/Intermediates.noindex/Commercetools.build/Debug-linux-x86_64/Commercetools-t.build/Objects-normal/x86_64/Modules/Commercetools.swiftsourceinfo -emit-objc-header-path /host/spi-builder-workspace/.build/out/Intermediates.noindex/Commercetools.build/Debug-linux-x86_64/Commercetools-t.build/Objects-normal/x86_64/Commercetools-Swift.h -serialize-diagnostics-path /host/spi-builder-workspace/.build/out/Intermediates.noindex/Commercetools.build/Debug-linux-x86_64/Commercetools-t.build/Objects-normal/x86_64/Commercetools-primary-emit-module.dia -emit-dependencies-path /host/spi-builder-workspace/.build/out/Intermediates.noindex/Commercetools.build/Debug-linux-x86_64/Commercetools-t.build/Objects-normal/x86_64/Commercetools-primary-emit-module.d -parse-as-library -o /host/spi-builder-workspace/.build/out/Intermediates.noindex/Commercetools.build/Debug-linux-x86_64/Commercetools-t.build/Objects-normal/x86_64/Modules/Commercetools.swiftmodule
error: Build failed
BUILD FAILURE 6.4 linux