The Swift Package Index logo.Swift Package Index

Build Information

Failed to build RouterBytes, reference 1.1.0-dev1 (6a02fe), with Swift 6.3 for Wasm on 19 Jul 2026 03:48:31 UTC.

Build Command

bash -c docker run --pull=always --rm -v "checkouts-54344849-1":/host -w "$PWD" -e JAVA_HOME="/root/.sdkman/candidates/java/current" -e SPI_BUILD="1" -e SPI_PROCESSING="1" registry.gitlab.com/saguaro1/spi-images:wasm-6.3-latest swift build --swift-sdk swift-6.3.2-RELEASE_wasm 2>&1

Build Log

========================================
RunAll
========================================
Builder version: 333316120c8b89ed7d21f1b34865290794301d91
Interrupt handler set up.
========================================
Checkout
========================================
Clone URL: https://github.com/lvalenta/RouterBytes.git
Reference: 1.1.0-dev1
Initialized empty Git repository in /host/spi-builder-workspace/.git/
hint: Using 'master' as the name for the initial branch. This default branch name
hint: is subject to change. To configure the initial branch name to use in all
hint: of your new repositories, which will suppress this warning, call:
hint:
hint: 	git config --global init.defaultBranch <name>
hint:
hint: Names commonly chosen instead of 'master' are 'main', 'trunk' and
hint: 'development'. The just-created branch can be renamed via this command:
hint:
hint: 	git branch -m <name>
From https://github.com/lvalenta/RouterBytes
 * tag               1.1.0-dev1 -> FETCH_HEAD
HEAD is now at 6a02fe2 Support DownloadRouter to download files
Cloned https://github.com/lvalenta/RouterBytes.git
Revision (git rev-parse @):
6a02fe27e446e77cb3e52b0ad0738965a56b8fd4
SUCCESS checkout https://github.com/lvalenta/RouterBytes.git at 1.1.0-dev1
========================================
Build
========================================
Selected platform:         wasm
Swift version:             6.3
Building package at path:  $PWD
https://github.com/lvalenta/RouterBytes.git
Running build ...
bash -c docker run --pull=always --rm -v "checkouts-54344849-1":/host -w "$PWD" -e JAVA_HOME="/root/.sdkman/candidates/java/current" -e SPI_BUILD="1" -e SPI_PROCESSING="1" registry.gitlab.com/saguaro1/spi-images:wasm-6.3-latest swift build --swift-sdk swift-6.3.2-RELEASE_wasm 2>&1
wasm-6.3-latest: Pulling from saguaro1/spi-images
Digest: sha256:501b6bfc4ca8a27c305c68f9d5c778f996de82635741ab45476a03ffa6fa26d2
Status: Image is up to date for registry.gitlab.com/saguaro1/spi-images:wasm-6.3-latest
Fetching https://github.com/apple/swift-http-types.git
Fetching https://github.com/apple/swift-collections.git
Fetching https://github.com/cleevio/CleevioCore.git
Fetching https://github.com/cleevio/CleevioStorage.git
[1/343] Fetching cleeviostorage
[344/1562] Fetching cleeviostorage, swift-http-types
[1563/1775] Fetching cleeviostorage, swift-http-types, cleeviocore
Fetched https://github.com/apple/swift-http-types.git from cache (0.38s)
[510/556] Fetching cleeviostorage, cleeviocore
[557/26669] Fetching cleeviostorage, cleeviocore, swift-collections
Fetched https://github.com/cleevio/CleevioCore.git from cache (1.00s)
Fetched https://github.com/cleevio/CleevioStorage.git from cache (1.00s)
Fetched https://github.com/apple/swift-collections.git from cache (1.01s)
Computing version for https://github.com/apple/swift-http-types.git
Computed https://github.com/apple/swift-http-types.git at 1.6.0 (1.18s)
Computing version for https://github.com/cleevio/CleevioCore.git
Computed https://github.com/cleevio/CleevioCore.git at 2.2.0 (0.14s)
Computing version for https://github.com/cleevio/CleevioStorage.git
Computed https://github.com/cleevio/CleevioStorage.git at 0.5.2 (0.14s)
Fetching https://github.com/parmar-mehul/KeychainAccess
[1/2544] Fetching keychainaccess
Fetched https://github.com/parmar-mehul/KeychainAccess from cache (0.45s)
Computing version for https://github.com/parmar-mehul/KeychainAccess
Computed https://github.com/parmar-mehul/KeychainAccess at 1.0.2 (0.60s)
Computing version for https://github.com/apple/swift-collections.git
Computed https://github.com/apple/swift-collections.git at 1.6.0 (0.22s)
Creating working copy for https://github.com/cleevio/CleevioCore.git
Working copy of https://github.com/cleevio/CleevioCore.git resolved at 2.2.0
Creating working copy for https://github.com/parmar-mehul/KeychainAccess
Working copy of https://github.com/parmar-mehul/KeychainAccess resolved at 1.0.2
Creating working copy for https://github.com/apple/swift-collections.git
Working copy of https://github.com/apple/swift-collections.git resolved at 1.6.0
Creating working copy for https://github.com/cleevio/CleevioStorage.git
Working copy of https://github.com/cleevio/CleevioStorage.git resolved at 0.5.2
Creating working copy for https://github.com/apple/swift-http-types.git
Working copy of https://github.com/apple/swift-http-types.git resolved at 1.6.0
Building for debugging...
[0/11] Write sources
[10/11] Write swift-version-24593BA9C3E375BF.txt
[12/53] Emitting module InternalCollectionsUtilities
error: emit-module command failed with exit code 1 (use -v to see invocation)
[13/55] Emitting module CleevioCore
/host/spi-builder-workspace/.build/checkouts/CleevioCore/Sources/CleevioCore/Activity.swift:9:8: error: no such module 'Combine'
 7 |
 8 | import Foundation
 9 | import Combine
   |        `- error: no such module 'Combine'
10 |
11 | @available(iOS 13.0, macOS 10.15, watchOS 6.0, *)
[14/56] Compiling InternalCollectionsUtilities LifetimeOverride.swift
[15/56] Compiling InternalCollectionsUtilities RandomAccessCollection+Offsets.swift
[16/56] Compiling InternalCollectionsUtilities Span+Extras.swift
[17/56] Compiling InternalCollectionsUtilities Debugging.swift
[18/56] Compiling InternalCollectionsUtilities Descriptions.swift
[19/56] Compiling InternalCollectionsUtilities FixedWidthInteger+roundUpToPowerOfTwo.swift
[20/56] Compiling InternalCollectionsUtilities _SortedCollection.swift
[21/56] Compiling InternalCollectionsUtilities _UniqueCollection.swift
[22/56] Compiling InternalCollectionsUtilities UnsafeBufferPointer+Extras.swift
[23/56] Compiling InternalCollectionsUtilities UnsafeMutableBufferPointer+Extras.swift
[24/56] Compiling InternalCollectionsUtilities _UnsafeBitSet+_Word.swift
[25/56] Compiling InternalCollectionsUtilities _UnsafeBitSet.swift
[26/56] Compiling InternalCollectionsUtilities UnsafeMutableRawBufferPointer+Extras.swift
[27/56] Compiling InternalCollectionsUtilities UnsafeRawBufferPointer+Extras.swift
[28/56] Compiling HTTPTypes ISOLatin1String.swift
[29/57] Compiling InternalCollectionsUtilities Integer rank.swift
[30/57] Compiling InternalCollectionsUtilities UInt+first and last set bit.swift
[31/57] Compiling InternalCollectionsUtilities UInt+reversed.swift
[32/57] Compiling InternalCollectionsUtilities String+Padding.swift
[33/57] Compiling InternalCollectionsUtilities _UnsafeBitSet+Index.swift
[35/58] Compiling HTTPTypes HTTPRequest.swift
[36/58] Compiling HTTPTypes HTTPResponse.swift
[37/115] Compiling OrderedCollections _HashTable+Bucket.swift
/host/spi-builder-workspace/.build/checkouts/CleevioCore/Sources/CleevioCore/Activity.swift:9:8: error: no such module 'Combine'
 7 |
 8 | import Foundation
 9 | import Combine
   |        `- error: no such module 'Combine'
10 |
11 | @available(iOS 13.0, macOS 10.15, watchOS 6.0, *)
[38/115] Compiling OrderedCollections _HashTable+BucketIterator.swift
/host/spi-builder-workspace/.build/checkouts/CleevioCore/Sources/CleevioCore/Activity.swift:9:8: error: no such module 'Combine'
 7 |
 8 | import Foundation
 9 | import Combine
   |        `- error: no such module 'Combine'
10 |
11 | @available(iOS 13.0, macOS 10.15, watchOS 6.0, *)
[39/115] Compiling OrderedCollections _HashTable.swift
/host/spi-builder-workspace/.build/checkouts/CleevioCore/Sources/CleevioCore/Activity.swift:9:8: error: no such module 'Combine'
 7 |
 8 | import Foundation
 9 | import Combine
   |        `- error: no such module 'Combine'
10 |
11 | @available(iOS 13.0, macOS 10.15, watchOS 6.0, *)
[40/115] Compiling OrderedCollections _Hashtable+Header.swift
/host/spi-builder-workspace/.build/checkouts/CleevioCore/Sources/CleevioCore/Activity.swift:9:8: error: no such module 'Combine'
 7 |
 8 | import Foundation
 9 | import Combine
   |        `- error: no such module 'Combine'
10 |
11 | @available(iOS 13.0, macOS 10.15, watchOS 6.0, *)
[41/115] Compiling OrderedCollections _HashTable+Testing.swift
/host/spi-builder-workspace/.build/checkouts/CleevioCore/Sources/CleevioCore/Activity.swift:9:8: error: no such module 'Combine'
 7 |
 8 | import Foundation
 9 | import Combine
   |        `- error: no such module 'Combine'
10 |
11 | @available(iOS 13.0, macOS 10.15, watchOS 6.0, *)
[42/115] Compiling OrderedCollections _HashTable+UnsafeHandle.swift
/host/spi-builder-workspace/.build/checkouts/CleevioCore/Sources/CleevioCore/Activity.swift:9:8: error: no such module 'Combine'
 7 |
 8 | import Foundation
 9 | import Combine
   |        `- error: no such module 'Combine'
10 |
11 | @available(iOS 13.0, macOS 10.15, watchOS 6.0, *)
[43/115] Compiling HTTPTypes NIOLock.swift
[44/115] Compiling HTTPTypes HTTPRequest+URL.swift
[45/115] Compiling HTTPTypes HTTPParsedFields.swift
[46/115] Compiling OrderedCollections OrderedDictionary+Codable.swift
/host/spi-builder-workspace/.build/checkouts/CleevioCore/Sources/CleevioCore/Activity.swift:9:8: error: no such module 'Combine'
 7 |
 8 | import Foundation
 9 | import Combine
   |        `- error: no such module 'Combine'
10 |
11 | @available(iOS 13.0, macOS 10.15, watchOS 6.0, *)
[47/115] Compiling OrderedCollections OrderedDictionary+CustomReflectable.swift
/host/spi-builder-workspace/.build/checkouts/CleevioCore/Sources/CleevioCore/Activity.swift:9:8: error: no such module 'Combine'
 7 |
 8 | import Foundation
 9 | import Combine
   |        `- error: no such module 'Combine'
10 |
11 | @available(iOS 13.0, macOS 10.15, watchOS 6.0, *)
[48/115] Compiling OrderedCollections _HashTable+Constants.swift
/host/spi-builder-workspace/.build/checkouts/CleevioCore/Sources/CleevioCore/Activity.swift:9:8: error: no such module 'Combine'
 7 |
 8 | import Foundation
 9 | import Combine
   |        `- error: no such module 'Combine'
10 |
11 | @available(iOS 13.0, macOS 10.15, watchOS 6.0, *)
[49/115] Compiling OrderedCollections _HashTable+CustomStringConvertible.swift
/host/spi-builder-workspace/.build/checkouts/CleevioCore/Sources/CleevioCore/Activity.swift:9:8: error: no such module 'Combine'
 7 |
 8 | import Foundation
 9 | import Combine
   |        `- error: no such module 'Combine'
10 |
11 | @available(iOS 13.0, macOS 10.15, watchOS 6.0, *)
[50/115] Compiling CleevioCore WeakBox.swift
/host/spi-builder-workspace/.build/checkouts/CleevioCore/Sources/CleevioCore/Activity.swift:9:8: error: no such module 'Combine'
 7 |
 8 | import Foundation
 9 | import Combine
   |        `- error: no such module 'Combine'
10 |
11 | @available(iOS 13.0, macOS 10.15, watchOS 6.0, *)
[51/115] Compiling OrderedCollections OrderedDictionary+Hashable.swift
[52/115] Compiling OrderedCollections OrderedDictionary+Initializers.swift
[53/115] Compiling OrderedCollections OrderedDictionary+Invariants.swift
[54/115] Compiling OrderedCollections OrderedDictionary+Move.swift
[55/115] Compiling OrderedCollections OrderedDictionary+Partial MutableCollection.swift
[56/115] Compiling OrderedCollections OrderedDictionary+Partial RangeReplaceableCollection.swift
[57/115] Compiling OrderedCollections OrderedDictionary+Sendable.swift
[58/115] Compiling OrderedCollections OrderedDictionary+Sequence.swift
[59/115] Compiling OrderedCollections OrderedSet+Partial SetAlgebra isSuperset.swift
[60/115] Compiling OrderedCollections OrderedSet+Partial SetAlgebra subtract.swift
[61/115] Compiling OrderedCollections OrderedSet+Partial SetAlgebra subtracting.swift
[62/115] Compiling OrderedCollections OrderedSet+Partial SetAlgebra symmetricDifference.swift
[63/115] Compiling OrderedCollections OrderedSet+Partial SetAlgebra union.swift
[64/115] Compiling OrderedCollections OrderedSet+Partial SetAlgebra+Basics.swift
[65/115] Compiling OrderedCollections OrderedSet+RandomAccessCollection.swift
[66/115] Compiling OrderedCollections OrderedSet+ReserveCapacity.swift
[67/122] Compiling OrderedCollections OrderedDictionary+Deprecations.swift
/host/spi-builder-workspace/.build/checkouts/CleevioCore/Sources/CleevioCore/Activity.swift:9:8: error: no such module 'Combine'
 7 |
 8 | import Foundation
 9 | import Combine
   |        `- error: no such module 'Combine'
10 |
11 | @available(iOS 13.0, macOS 10.15, watchOS 6.0, *)
[68/122] Compiling OrderedCollections OrderedDictionary+Descriptions.swift
/host/spi-builder-workspace/.build/checkouts/CleevioCore/Sources/CleevioCore/Activity.swift:9:8: error: no such module 'Combine'
 7 |
 8 | import Foundation
 9 | import Combine
   |        `- error: no such module 'Combine'
10 |
11 | @available(iOS 13.0, macOS 10.15, watchOS 6.0, *)
[69/122] Compiling OrderedCollections OrderedDictionary+Elements.SubSequence.swift
/host/spi-builder-workspace/.build/checkouts/CleevioCore/Sources/CleevioCore/Activity.swift:9:8: error: no such module 'Combine'
 7 |
 8 | import Foundation
 9 | import Combine
   |        `- error: no such module 'Combine'
10 |
11 | @available(iOS 13.0, macOS 10.15, watchOS 6.0, *)
[70/122] Compiling OrderedCollections OrderedDictionary+Elements.swift
/host/spi-builder-workspace/.build/checkouts/CleevioCore/Sources/CleevioCore/Activity.swift:9:8: error: no such module 'Combine'
 7 |
 8 | import Foundation
 9 | import Combine
   |        `- error: no such module 'Combine'
10 |
11 | @available(iOS 13.0, macOS 10.15, watchOS 6.0, *)
[73/122] Emitting module HTTPTypes
BUILD FAILURE 6.3 wasm