Build Information
Failed to build KindleAPI, reference main (2246e5), with Swift 6.1 for Wasm on 22 Oct 2026 05:04:03 UTC.
Build Command
bash -c docker run --pull=always --rm -v "checkouts-54344845-0":/host -w "$PWD" -e JAVA_HOME="/root/.sdkman/candidates/java/current" -e SPI_BUILD="1" -e SPI_PROCESSING="1" registry.gitlab.com/saguaro1/spi-images:wasm-6.1-latest swift build --swift-sdk wasm32-unknown-wasi 2>&1Build Log
========================================
RunAll
========================================
Builder version: 5.1.3
Interrupt handler set up.
========================================
Checkout
========================================
Clone URL: https://github.com/natikgadzhi/swift-kindle.git
Reference: main
Initialized empty Git repository in /host/spi-builder-workspace/.git/
hint: Using 'master' as the name for the initial branch. This default branch name
hint: is subject to change. To configure the initial branch name to use in all
hint: of your new repositories, which will suppress this warning, call:
hint:
hint: git config --global init.defaultBranch <name>
hint:
hint: Names commonly chosen instead of 'master' are 'main', 'trunk' and
hint: 'development'. The just-created branch can be renamed via this command:
hint:
hint: git branch -m <name>
From https://github.com/natikgadzhi/swift-kindle
* branch main -> FETCH_HEAD
* [new branch] main -> origin/main
HEAD is now at 2246e5b claude: run multi-agent builds as Workflows
Cloned https://github.com/natikgadzhi/swift-kindle.git
Revision (git rev-parse @):
2246e5b192a5eb8593f53e89e726f76c613fed79
SUCCESS checkout https://github.com/natikgadzhi/swift-kindle.git at main
========================================
Build
========================================
Selected platform: wasm
Swift version: 6.1
Building package at path: $PWD
https://github.com/natikgadzhi/swift-kindle.git
https://github.com/natikgadzhi/swift-kindle.git
WARNING: environment variable SUPPRESS_SWIFT_6_FLAGS is not set
Running build ...
bash -c docker run --pull=always --rm -v "checkouts-54344845-0":/host -w "$PWD" -e JAVA_HOME="/root/.sdkman/candidates/java/current" -e SPI_BUILD="1" -e SPI_PROCESSING="1" registry.gitlab.com/saguaro1/spi-images:wasm-6.1-latest swift build --swift-sdk wasm32-unknown-wasi -Xswiftc -Xfrontend -Xswiftc -stats-output-dir -Xswiftc -Xfrontend -Xswiftc .stats -Xswiftc -strict-concurrency=complete -Xswiftc -enable-upcoming-feature -Xswiftc StrictConcurrency -Xswiftc -enable-upcoming-feature -Xswiftc DisableOutwardActorInference -Xswiftc -enable-upcoming-feature -Xswiftc GlobalActorIsolatedTypesUsability -Xswiftc -enable-upcoming-feature -Xswiftc InferSendableFromCaptures 2>&1
wasm-6.1-latest: Pulling from saguaro1/spi-images
Digest: sha256:8209621f35c5a12749e7df75bbcb99eccb508d0196da99f6ac3bcf5f4827df31
Status: Image is up to date for registry.gitlab.com/saguaro1/spi-images:wasm-6.1-latest
Fetching https://github.com/scinfu/SwiftSoup.git
[1/7132] Fetching swiftsoup
Fetched https://github.com/scinfu/SwiftSoup.git from cache (0.53s)
Computing version for https://github.com/scinfu/SwiftSoup.git
Computed https://github.com/scinfu/SwiftSoup.git at 2.14.3 (0.76s)
Creating working copy for https://github.com/scinfu/SwiftSoup.git
Working copy of https://github.com/scinfu/SwiftSoup.git resolved at 2.14.3
Building for debugging...
[0/3] Write sources
[2/3] Write swift-version-24593BA9C3E375BF.txt
[4/59] Emitting module SwiftSoup
<unknown>:0: warning: upcoming feature 'InferSendableFromCaptures' is already enabled as of Swift version 6
<unknown>:0: warning: upcoming feature 'GlobalActorIsolatedTypesUsability' is already enabled as of Swift version 6
<unknown>:0: warning: upcoming feature 'DisableOutwardActorInference' is already enabled as of Swift version 6
[5/66] Compiling SwiftSoup HtmlTreeBuilder.swift
<unknown>:0: warning: upcoming feature 'InferSendableFromCaptures' is already enabled as of Swift version 6
<unknown>:0: warning: upcoming feature 'GlobalActorIsolatedTypesUsability' is already enabled as of Swift version 6
<unknown>:0: warning: upcoming feature 'DisableOutwardActorInference' is already enabled as of Swift version 6
/host/spi-builder-workspace/.build/checkouts/SwiftSoup/Sources/Mutex.swift:82:9: error: cannot find 'pthread_mutex_init' in scope
80 |
81 | init() {
82 | pthread_mutex_init(&mutex, nil)
| `- error: cannot find 'pthread_mutex_init' in scope
83 | }
84 |
/host/spi-builder-workspace/.build/checkouts/SwiftSoup/Sources/Mutex.swift:82:36: error: 'nil' requires a contextual type
80 |
81 | init() {
82 | pthread_mutex_init(&mutex, nil)
| `- error: 'nil' requires a contextual type
83 | }
84 |
/host/spi-builder-workspace/.build/checkouts/SwiftSoup/Sources/Mutex.swift:86:9: error: cannot find 'pthread_mutex_destroy' in scope
84 |
85 | deinit {
86 | pthread_mutex_destroy(&mutex)
| `- error: cannot find 'pthread_mutex_destroy' in scope
87 | }
88 |
/host/spi-builder-workspace/.build/checkouts/SwiftSoup/Sources/Mutex.swift:90:9: error: cannot find 'pthread_mutex_lock' in scope
88 |
89 | func lock() {
90 | pthread_mutex_lock(&mutex)
| `- error: cannot find 'pthread_mutex_lock' in scope
91 | }
92 |
/host/spi-builder-workspace/.build/checkouts/SwiftSoup/Sources/Mutex.swift:94:9: error: cannot find 'pthread_mutex_unlock' in scope
92 |
93 | func unlock() {
94 | pthread_mutex_unlock(&mutex)
| `- error: cannot find 'pthread_mutex_unlock' in scope
95 | }
96 | #endif
[6/66] Compiling SwiftSoup HtmlTreeBuilderState.swift
<unknown>:0: warning: upcoming feature 'InferSendableFromCaptures' is already enabled as of Swift version 6
<unknown>:0: warning: upcoming feature 'GlobalActorIsolatedTypesUsability' is already enabled as of Swift version 6
<unknown>:0: warning: upcoming feature 'DisableOutwardActorInference' is already enabled as of Swift version 6
/host/spi-builder-workspace/.build/checkouts/SwiftSoup/Sources/Mutex.swift:82:9: error: cannot find 'pthread_mutex_init' in scope
80 |
81 | init() {
82 | pthread_mutex_init(&mutex, nil)
| `- error: cannot find 'pthread_mutex_init' in scope
83 | }
84 |
/host/spi-builder-workspace/.build/checkouts/SwiftSoup/Sources/Mutex.swift:82:36: error: 'nil' requires a contextual type
80 |
81 | init() {
82 | pthread_mutex_init(&mutex, nil)
| `- error: 'nil' requires a contextual type
83 | }
84 |
/host/spi-builder-workspace/.build/checkouts/SwiftSoup/Sources/Mutex.swift:86:9: error: cannot find 'pthread_mutex_destroy' in scope
84 |
85 | deinit {
86 | pthread_mutex_destroy(&mutex)
| `- error: cannot find 'pthread_mutex_destroy' in scope
87 | }
88 |
/host/spi-builder-workspace/.build/checkouts/SwiftSoup/Sources/Mutex.swift:90:9: error: cannot find 'pthread_mutex_lock' in scope
88 |
89 | func lock() {
90 | pthread_mutex_lock(&mutex)
| `- error: cannot find 'pthread_mutex_lock' in scope
91 | }
92 |
/host/spi-builder-workspace/.build/checkouts/SwiftSoup/Sources/Mutex.swift:94:9: error: cannot find 'pthread_mutex_unlock' in scope
92 |
93 | func unlock() {
94 | pthread_mutex_unlock(&mutex)
| `- error: cannot find 'pthread_mutex_unlock' in scope
95 | }
96 | #endif
[7/66] Compiling SwiftSoup LRUCache.swift
<unknown>:0: warning: upcoming feature 'InferSendableFromCaptures' is already enabled as of Swift version 6
<unknown>:0: warning: upcoming feature 'GlobalActorIsolatedTypesUsability' is already enabled as of Swift version 6
<unknown>:0: warning: upcoming feature 'DisableOutwardActorInference' is already enabled as of Swift version 6
/host/spi-builder-workspace/.build/checkouts/SwiftSoup/Sources/Mutex.swift:82:9: error: cannot find 'pthread_mutex_init' in scope
80 |
81 | init() {
82 | pthread_mutex_init(&mutex, nil)
| `- error: cannot find 'pthread_mutex_init' in scope
83 | }
84 |
/host/spi-builder-workspace/.build/checkouts/SwiftSoup/Sources/Mutex.swift:82:36: error: 'nil' requires a contextual type
80 |
81 | init() {
82 | pthread_mutex_init(&mutex, nil)
| `- error: 'nil' requires a contextual type
83 | }
84 |
/host/spi-builder-workspace/.build/checkouts/SwiftSoup/Sources/Mutex.swift:86:9: error: cannot find 'pthread_mutex_destroy' in scope
84 |
85 | deinit {
86 | pthread_mutex_destroy(&mutex)
| `- error: cannot find 'pthread_mutex_destroy' in scope
87 | }
88 |
/host/spi-builder-workspace/.build/checkouts/SwiftSoup/Sources/Mutex.swift:90:9: error: cannot find 'pthread_mutex_lock' in scope
88 |
89 | func lock() {
90 | pthread_mutex_lock(&mutex)
| `- error: cannot find 'pthread_mutex_lock' in scope
91 | }
92 |
/host/spi-builder-workspace/.build/checkouts/SwiftSoup/Sources/Mutex.swift:94:9: error: cannot find 'pthread_mutex_unlock' in scope
92 |
93 | func unlock() {
94 | pthread_mutex_unlock(&mutex)
| `- error: cannot find 'pthread_mutex_unlock' in scope
95 | }
96 | #endif
[8/66] Compiling SwiftSoup Mutex.swift
<unknown>:0: warning: upcoming feature 'InferSendableFromCaptures' is already enabled as of Swift version 6
<unknown>:0: warning: upcoming feature 'GlobalActorIsolatedTypesUsability' is already enabled as of Swift version 6
<unknown>:0: warning: upcoming feature 'DisableOutwardActorInference' is already enabled as of Swift version 6
/host/spi-builder-workspace/.build/checkouts/SwiftSoup/Sources/Mutex.swift:82:9: error: cannot find 'pthread_mutex_init' in scope
80 |
81 | init() {
82 | pthread_mutex_init(&mutex, nil)
| `- error: cannot find 'pthread_mutex_init' in scope
83 | }
84 |
/host/spi-builder-workspace/.build/checkouts/SwiftSoup/Sources/Mutex.swift:82:36: error: 'nil' requires a contextual type
80 |
81 | init() {
82 | pthread_mutex_init(&mutex, nil)
| `- error: 'nil' requires a contextual type
83 | }
84 |
/host/spi-builder-workspace/.build/checkouts/SwiftSoup/Sources/Mutex.swift:86:9: error: cannot find 'pthread_mutex_destroy' in scope
84 |
85 | deinit {
86 | pthread_mutex_destroy(&mutex)
| `- error: cannot find 'pthread_mutex_destroy' in scope
87 | }
88 |
/host/spi-builder-workspace/.build/checkouts/SwiftSoup/Sources/Mutex.swift:90:9: error: cannot find 'pthread_mutex_lock' in scope
88 |
89 | func lock() {
90 | pthread_mutex_lock(&mutex)
| `- error: cannot find 'pthread_mutex_lock' in scope
91 | }
92 |
/host/spi-builder-workspace/.build/checkouts/SwiftSoup/Sources/Mutex.swift:94:9: error: cannot find 'pthread_mutex_unlock' in scope
92 |
93 | func unlock() {
94 | pthread_mutex_unlock(&mutex)
| `- error: cannot find 'pthread_mutex_unlock' in scope
95 | }
96 | #endif
[9/66] Compiling SwiftSoup Node.swift
<unknown>:0: warning: upcoming feature 'InferSendableFromCaptures' is already enabled as of Swift version 6
<unknown>:0: warning: upcoming feature 'GlobalActorIsolatedTypesUsability' is already enabled as of Swift version 6
<unknown>:0: warning: upcoming feature 'DisableOutwardActorInference' is already enabled as of Swift version 6
/host/spi-builder-workspace/.build/checkouts/SwiftSoup/Sources/Mutex.swift:82:9: error: cannot find 'pthread_mutex_init' in scope
80 |
81 | init() {
82 | pthread_mutex_init(&mutex, nil)
| `- error: cannot find 'pthread_mutex_init' in scope
83 | }
84 |
/host/spi-builder-workspace/.build/checkouts/SwiftSoup/Sources/Mutex.swift:82:36: error: 'nil' requires a contextual type
80 |
81 | init() {
82 | pthread_mutex_init(&mutex, nil)
| `- error: 'nil' requires a contextual type
83 | }
84 |
/host/spi-builder-workspace/.build/checkouts/SwiftSoup/Sources/Mutex.swift:86:9: error: cannot find 'pthread_mutex_destroy' in scope
84 |
85 | deinit {
86 | pthread_mutex_destroy(&mutex)
| `- error: cannot find 'pthread_mutex_destroy' in scope
87 | }
88 |
/host/spi-builder-workspace/.build/checkouts/SwiftSoup/Sources/Mutex.swift:90:9: error: cannot find 'pthread_mutex_lock' in scope
88 |
89 | func lock() {
90 | pthread_mutex_lock(&mutex)
| `- error: cannot find 'pthread_mutex_lock' in scope
91 | }
92 |
/host/spi-builder-workspace/.build/checkouts/SwiftSoup/Sources/Mutex.swift:94:9: error: cannot find 'pthread_mutex_unlock' in scope
92 |
93 | func unlock() {
94 | pthread_mutex_unlock(&mutex)
| `- error: cannot find 'pthread_mutex_unlock' in scope
95 | }
96 | #endif
[10/66] Compiling SwiftSoup NodeTraversor.swift
<unknown>:0: warning: upcoming feature 'InferSendableFromCaptures' is already enabled as of Swift version 6
<unknown>:0: warning: upcoming feature 'GlobalActorIsolatedTypesUsability' is already enabled as of Swift version 6
<unknown>:0: warning: upcoming feature 'DisableOutwardActorInference' is already enabled as of Swift version 6
/host/spi-builder-workspace/.build/checkouts/SwiftSoup/Sources/Mutex.swift:82:9: error: cannot find 'pthread_mutex_init' in scope
80 |
81 | init() {
82 | pthread_mutex_init(&mutex, nil)
| `- error: cannot find 'pthread_mutex_init' in scope
83 | }
84 |
/host/spi-builder-workspace/.build/checkouts/SwiftSoup/Sources/Mutex.swift:82:36: error: 'nil' requires a contextual type
80 |
81 | init() {
82 | pthread_mutex_init(&mutex, nil)
| `- error: 'nil' requires a contextual type
83 | }
84 |
/host/spi-builder-workspace/.build/checkouts/SwiftSoup/Sources/Mutex.swift:86:9: error: cannot find 'pthread_mutex_destroy' in scope
84 |
85 | deinit {
86 | pthread_mutex_destroy(&mutex)
| `- error: cannot find 'pthread_mutex_destroy' in scope
87 | }
88 |
/host/spi-builder-workspace/.build/checkouts/SwiftSoup/Sources/Mutex.swift:90:9: error: cannot find 'pthread_mutex_lock' in scope
88 |
89 | func lock() {
90 | pthread_mutex_lock(&mutex)
| `- error: cannot find 'pthread_mutex_lock' in scope
91 | }
92 |
/host/spi-builder-workspace/.build/checkouts/SwiftSoup/Sources/Mutex.swift:94:9: error: cannot find 'pthread_mutex_unlock' in scope
92 |
93 | func unlock() {
94 | pthread_mutex_unlock(&mutex)
| `- error: cannot find 'pthread_mutex_unlock' in scope
95 | }
96 | #endif
[11/66] Compiling SwiftSoup NodeVisitor.swift
<unknown>:0: warning: upcoming feature 'InferSendableFromCaptures' is already enabled as of Swift version 6
<unknown>:0: warning: upcoming feature 'GlobalActorIsolatedTypesUsability' is already enabled as of Swift version 6
<unknown>:0: warning: upcoming feature 'DisableOutwardActorInference' is already enabled as of Swift version 6
/host/spi-builder-workspace/.build/checkouts/SwiftSoup/Sources/Mutex.swift:82:9: error: cannot find 'pthread_mutex_init' in scope
80 |
81 | init() {
82 | pthread_mutex_init(&mutex, nil)
| `- error: cannot find 'pthread_mutex_init' in scope
83 | }
84 |
/host/spi-builder-workspace/.build/checkouts/SwiftSoup/Sources/Mutex.swift:82:36: error: 'nil' requires a contextual type
80 |
81 | init() {
82 | pthread_mutex_init(&mutex, nil)
| `- error: 'nil' requires a contextual type
83 | }
84 |
/host/spi-builder-workspace/.build/checkouts/SwiftSoup/Sources/Mutex.swift:86:9: error: cannot find 'pthread_mutex_destroy' in scope
84 |
85 | deinit {
86 | pthread_mutex_destroy(&mutex)
| `- error: cannot find 'pthread_mutex_destroy' in scope
87 | }
88 |
/host/spi-builder-workspace/.build/checkouts/SwiftSoup/Sources/Mutex.swift:90:9: error: cannot find 'pthread_mutex_lock' in scope
88 |
89 | func lock() {
90 | pthread_mutex_lock(&mutex)
| `- error: cannot find 'pthread_mutex_lock' in scope
91 | }
92 |
/host/spi-builder-workspace/.build/checkouts/SwiftSoup/Sources/Mutex.swift:94:9: error: cannot find 'pthread_mutex_unlock' in scope
92 |
93 | func unlock() {
94 | pthread_mutex_unlock(&mutex)
| `- error: cannot find 'pthread_mutex_unlock' in scope
95 | }
96 | #endif
[12/66] Compiling SwiftSoup OrderedSet.swift
<unknown>:0: warning: upcoming feature 'InferSendableFromCaptures' is already enabled as of Swift version 6
<unknown>:0: warning: upcoming feature 'GlobalActorIsolatedTypesUsability' is already enabled as of Swift version 6
<unknown>:0: warning: upcoming feature 'DisableOutwardActorInference' is already enabled as of Swift version 6
/host/spi-builder-workspace/.build/checkouts/SwiftSoup/Sources/Mutex.swift:82:9: error: cannot find 'pthread_mutex_init' in scope
80 |
81 | init() {
82 | pthread_mutex_init(&mutex, nil)
| `- error: cannot find 'pthread_mutex_init' in scope
83 | }
84 |
/host/spi-builder-workspace/.build/checkouts/SwiftSoup/Sources/Mutex.swift:82:36: error: 'nil' requires a contextual type
80 |
81 | init() {
82 | pthread_mutex_init(&mutex, nil)
| `- error: 'nil' requires a contextual type
83 | }
84 |
/host/spi-builder-workspace/.build/checkouts/SwiftSoup/Sources/Mutex.swift:86:9: error: cannot find 'pthread_mutex_destroy' in scope
84 |
85 | deinit {
86 | pthread_mutex_destroy(&mutex)
| `- error: cannot find 'pthread_mutex_destroy' in scope
87 | }
88 |
/host/spi-builder-workspace/.build/checkouts/SwiftSoup/Sources/Mutex.swift:90:9: error: cannot find 'pthread_mutex_lock' in scope
88 |
89 | func lock() {
90 | pthread_mutex_lock(&mutex)
| `- error: cannot find 'pthread_mutex_lock' in scope
91 | }
92 |
/host/spi-builder-workspace/.build/checkouts/SwiftSoup/Sources/Mutex.swift:94:9: error: cannot find 'pthread_mutex_unlock' in scope
92 |
93 | func unlock() {
94 | pthread_mutex_unlock(&mutex)
| `- error: cannot find 'pthread_mutex_unlock' in scope
95 | }
96 | #endif
[13/66] Compiling SwiftSoup Attribute.swift
<unknown>:0: warning: upcoming feature 'InferSendableFromCaptures' is already enabled as of Swift version 6
<unknown>:0: warning: upcoming feature 'GlobalActorIsolatedTypesUsability' is already enabled as of Swift version 6
<unknown>:0: warning: upcoming feature 'DisableOutwardActorInference' is already enabled as of Swift version 6
[14/66] Compiling SwiftSoup AttributeMutationTracking.swift
<unknown>:0: warning: upcoming feature 'InferSendableFromCaptures' is already enabled as of Swift version 6
<unknown>:0: warning: upcoming feature 'GlobalActorIsolatedTypesUsability' is already enabled as of Swift version 6
<unknown>:0: warning: upcoming feature 'DisableOutwardActorInference' is already enabled as of Swift version 6
[15/66] Compiling SwiftSoup Attributes.swift
<unknown>:0: warning: upcoming feature 'InferSendableFromCaptures' is already enabled as of Swift version 6
<unknown>:0: warning: upcoming feature 'GlobalActorIsolatedTypesUsability' is already enabled as of Swift version 6
<unknown>:0: warning: upcoming feature 'DisableOutwardActorInference' is already enabled as of Swift version 6
[16/66] Compiling SwiftSoup BinarySearch.swift
<unknown>:0: warning: upcoming feature 'InferSendableFromCaptures' is already enabled as of Swift version 6
<unknown>:0: warning: upcoming feature 'GlobalActorIsolatedTypesUsability' is already enabled as of Swift version 6
<unknown>:0: warning: upcoming feature 'DisableOutwardActorInference' is already enabled as of Swift version 6
[17/66] Compiling SwiftSoup BooleanAttribute.swift
<unknown>:0: warning: upcoming feature 'InferSendableFromCaptures' is already enabled as of Swift version 6
<unknown>:0: warning: upcoming feature 'GlobalActorIsolatedTypesUsability' is already enabled as of Swift version 6
<unknown>:0: warning: upcoming feature 'DisableOutwardActorInference' is already enabled as of Swift version 6
[18/66] Compiling SwiftSoup ByteSlice.swift
<unknown>:0: warning: upcoming feature 'InferSendableFromCaptures' is already enabled as of Swift version 6
<unknown>:0: warning: upcoming feature 'GlobalActorIsolatedTypesUsability' is already enabled as of Swift version 6
<unknown>:0: warning: upcoming feature 'DisableOutwardActorInference' is already enabled as of Swift version 6
[19/66] Compiling SwiftSoup CharacterExt.swift
<unknown>:0: warning: upcoming feature 'InferSendableFromCaptures' is already enabled as of Swift version 6
<unknown>:0: warning: upcoming feature 'GlobalActorIsolatedTypesUsability' is already enabled as of Swift version 6
<unknown>:0: warning: upcoming feature 'DisableOutwardActorInference' is already enabled as of Swift version 6
[20/66] Compiling SwiftSoup CharacterReader.swift
<unknown>:0: warning: upcoming feature 'InferSendableFromCaptures' is already enabled as of Swift version 6
<unknown>:0: warning: upcoming feature 'GlobalActorIsolatedTypesUsability' is already enabled as of Swift version 6
<unknown>:0: warning: upcoming feature 'DisableOutwardActorInference' is already enabled as of Swift version 6
[21/66] Compiling SwiftSoup Cleaner.swift
<unknown>:0: warning: upcoming feature 'InferSendableFromCaptures' is already enabled as of Swift version 6
<unknown>:0: warning: upcoming feature 'GlobalActorIsolatedTypesUsability' is already enabled as of Swift version 6
<unknown>:0: warning: upcoming feature 'DisableOutwardActorInference' is already enabled as of Swift version 6
[22/66] Compiling SwiftSoup Collector.swift
<unknown>:0: warning: upcoming feature 'InferSendableFromCaptures' is already enabled as of Swift version 6
<unknown>:0: warning: upcoming feature 'GlobalActorIsolatedTypesUsability' is already enabled as of Swift version 6
<unknown>:0: warning: upcoming feature 'DisableOutwardActorInference' is already enabled as of Swift version 6
[23/66] Compiling SwiftSoup CombiningEvaluator.swift
<unknown>:0: warning: upcoming feature 'InferSendableFromCaptures' is already enabled as of Swift version 6
<unknown>:0: warning: upcoming feature 'GlobalActorIsolatedTypesUsability' is already enabled as of Swift version 6
<unknown>:0: warning: upcoming feature 'DisableOutwardActorInference' is already enabled as of Swift version 6
[24/66] Compiling SwiftSoup Comment.swift
<unknown>:0: warning: upcoming feature 'InferSendableFromCaptures' is already enabled as of Swift version 6
<unknown>:0: warning: upcoming feature 'GlobalActorIsolatedTypesUsability' is already enabled as of Swift version 6
<unknown>:0: warning: upcoming feature 'DisableOutwardActorInference' is already enabled as of Swift version 6
[25/66] Compiling SwiftSoup CssSelector.swift
<unknown>:0: warning: upcoming feature 'InferSendableFromCaptures' is already enabled as of Swift version 6
<unknown>:0: warning: upcoming feature 'GlobalActorIsolatedTypesUsability' is already enabled as of Swift version 6
<unknown>:0: warning: upcoming feature 'DisableOutwardActorInference' is already enabled as of Swift version 6
[26/66] Compiling SwiftSoup DataNode.swift
<unknown>:0: warning: upcoming feature 'InferSendableFromCaptures' is already enabled as of Swift version 6
<unknown>:0: warning: upcoming feature 'GlobalActorIsolatedTypesUsability' is already enabled as of Swift version 6
<unknown>:0: warning: upcoming feature 'DisableOutwardActorInference' is already enabled as of Swift version 6
[27/66] Compiling SwiftSoup DebugTrace.swift
<unknown>:0: warning: upcoming feature 'InferSendableFromCaptures' is already enabled as of Swift version 6
<unknown>:0: warning: upcoming feature 'GlobalActorIsolatedTypesUsability' is already enabled as of Swift version 6
<unknown>:0: warning: upcoming feature 'DisableOutwardActorInference' is already enabled as of Swift version 6
[28/66] Compiling SwiftSoup Document.swift
<unknown>:0: warning: upcoming feature 'InferSendableFromCaptures' is already enabled as of Swift version 6
<unknown>:0: warning: upcoming feature 'GlobalActorIsolatedTypesUsability' is already enabled as of Swift version 6
<unknown>:0: warning: upcoming feature 'DisableOutwardActorInference' is already enabled as of Swift version 6
[29/66] Compiling SwiftSoup TreeBuilder.swift
<unknown>:0: warning: upcoming feature 'InferSendableFromCaptures' is already enabled as of Swift version 6
<unknown>:0: warning: upcoming feature 'GlobalActorIsolatedTypesUsability' is already enabled as of Swift version 6
<unknown>:0: warning: upcoming feature 'DisableOutwardActorInference' is already enabled as of Swift version 6
[30/66] Compiling SwiftSoup UTF8Arrays.swift
<unknown>:0: warning: upcoming feature 'InferSendableFromCaptures' is already enabled as of Swift version 6
<unknown>:0: warning: upcoming feature 'GlobalActorIsolatedTypesUsability' is already enabled as of Swift version 6
<unknown>:0: warning: upcoming feature 'DisableOutwardActorInference' is already enabled as of Swift version 6
[31/66] Compiling SwiftSoup UnicodeScalar.swift
<unknown>:0: warning: upcoming feature 'InferSendableFromCaptures' is already enabled as of Swift version 6
<unknown>:0: warning: upcoming feature 'GlobalActorIsolatedTypesUsability' is already enabled as of Swift version 6
<unknown>:0: warning: upcoming feature 'DisableOutwardActorInference' is already enabled as of Swift version 6
[32/66] Compiling SwiftSoup Validate.swift
<unknown>:0: warning: upcoming feature 'InferSendableFromCaptures' is already enabled as of Swift version 6
<unknown>:0: warning: upcoming feature 'GlobalActorIsolatedTypesUsability' is already enabled as of Swift version 6
<unknown>:0: warning: upcoming feature 'DisableOutwardActorInference' is already enabled as of Swift version 6
[33/66] Compiling SwiftSoup Whitelist.swift
<unknown>:0: warning: upcoming feature 'InferSendableFromCaptures' is already enabled as of Swift version 6
<unknown>:0: warning: upcoming feature 'GlobalActorIsolatedTypesUsability' is already enabled as of Swift version 6
<unknown>:0: warning: upcoming feature 'DisableOutwardActorInference' is already enabled as of Swift version 6
[34/66] Compiling SwiftSoup XmlDeclaration.swift
<unknown>:0: warning: upcoming feature 'InferSendableFromCaptures' is already enabled as of Swift version 6
<unknown>:0: warning: upcoming feature 'GlobalActorIsolatedTypesUsability' is already enabled as of Swift version 6
<unknown>:0: warning: upcoming feature 'DisableOutwardActorInference' is already enabled as of Swift version 6
[35/66] Compiling SwiftSoup XmlTreeBuilder.swift
<unknown>:0: warning: upcoming feature 'InferSendableFromCaptures' is already enabled as of Swift version 6
<unknown>:0: warning: upcoming feature 'GlobalActorIsolatedTypesUsability' is already enabled as of Swift version 6
<unknown>:0: warning: upcoming feature 'DisableOutwardActorInference' is already enabled as of Swift version 6
[36/66] Compiling SwiftSoup DocumentType.swift
<unknown>:0: warning: upcoming feature 'InferSendableFromCaptures' is already enabled as of Swift version 6
<unknown>:0: warning: upcoming feature 'GlobalActorIsolatedTypesUsability' is already enabled as of Swift version 6
<unknown>:0: warning: upcoming feature 'DisableOutwardActorInference' is already enabled as of Swift version 6
[37/66] Compiling SwiftSoup Element.swift
<unknown>:0: warning: upcoming feature 'InferSendableFromCaptures' is already enabled as of Swift version 6
<unknown>:0: warning: upcoming feature 'GlobalActorIsolatedTypesUsability' is already enabled as of Swift version 6
<unknown>:0: warning: upcoming feature 'DisableOutwardActorInference' is already enabled as of Swift version 6
[38/66] Compiling SwiftSoup ElementQuery.swift
<unknown>:0: warning: upcoming feature 'InferSendableFromCaptures' is already enabled as of Swift version 6
<unknown>:0: warning: upcoming feature 'GlobalActorIsolatedTypesUsability' is already enabled as of Swift version 6
<unknown>:0: warning: upcoming feature 'DisableOutwardActorInference' is already enabled as of Swift version 6
[39/66] Compiling SwiftSoup Elements.swift
<unknown>:0: warning: upcoming feature 'InferSendableFromCaptures' is already enabled as of Swift version 6
<unknown>:0: warning: upcoming feature 'GlobalActorIsolatedTypesUsability' is already enabled as of Swift version 6
<unknown>:0: warning: upcoming feature 'DisableOutwardActorInference' is already enabled as of Swift version 6
[40/66] Compiling SwiftSoup Entities.swift
<unknown>:0: warning: upcoming feature 'InferSendableFromCaptures' is already enabled as of Swift version 6
<unknown>:0: warning: upcoming feature 'GlobalActorIsolatedTypesUsability' is already enabled as of Swift version 6
<unknown>:0: warning: upcoming feature 'DisableOutwardActorInference' is already enabled as of Swift version 6
[41/66] Compiling SwiftSoup Evaluator.swift
<unknown>:0: warning: upcoming feature 'InferSendableFromCaptures' is already enabled as of Swift version 6
<unknown>:0: warning: upcoming feature 'GlobalActorIsolatedTypesUsability' is already enabled as of Swift version 6
<unknown>:0: warning: upcoming feature 'DisableOutwardActorInference' is already enabled as of Swift version 6
[42/66] Compiling SwiftSoup Exception.swift
<unknown>:0: warning: upcoming feature 'InferSendableFromCaptures' is already enabled as of Swift version 6
<unknown>:0: warning: upcoming feature 'GlobalActorIsolatedTypesUsability' is already enabled as of Swift version 6
<unknown>:0: warning: upcoming feature 'DisableOutwardActorInference' is already enabled as of Swift version 6
[43/66] Compiling SwiftSoup FormElement.swift
<unknown>:0: warning: upcoming feature 'InferSendableFromCaptures' is already enabled as of Swift version 6
<unknown>:0: warning: upcoming feature 'GlobalActorIsolatedTypesUsability' is already enabled as of Swift version 6
<unknown>:0: warning: upcoming feature 'DisableOutwardActorInference' is already enabled as of Swift version 6
[44/66] Compiling SwiftSoup ParseError.swift
<unknown>:0: warning: upcoming feature 'InferSendableFromCaptures' is already enabled as of Swift version 6
<unknown>:0: warning: upcoming feature 'GlobalActorIsolatedTypesUsability' is already enabled as of Swift version 6
<unknown>:0: warning: upcoming feature 'DisableOutwardActorInference' is already enabled as of Swift version 6
[45/66] Compiling SwiftSoup ParseErrorList.swift
<unknown>:0: warning: upcoming feature 'InferSendableFromCaptures' is already enabled as of Swift version 6
<unknown>:0: warning: upcoming feature 'GlobalActorIsolatedTypesUsability' is already enabled as of Swift version 6
<unknown>:0: warning: upcoming feature 'DisableOutwardActorInference' is already enabled as of Swift version 6
[46/66] Compiling SwiftSoup ParseSettings.swift
<unknown>:0: warning: upcoming feature 'InferSendableFromCaptures' is already enabled as of Swift version 6
<unknown>:0: warning: upcoming feature 'GlobalActorIsolatedTypesUsability' is already enabled as of Swift version 6
<unknown>:0: warning: upcoming feature 'DisableOutwardActorInference' is already enabled as of Swift version 6
[47/66] Compiling SwiftSoup Parser.swift
<unknown>:0: warning: upcoming feature 'InferSendableFromCaptures' is already enabled as of Swift version 6
<unknown>:0: warning: upcoming feature 'GlobalActorIsolatedTypesUsability' is already enabled as of Swift version 6
<unknown>:0: warning: upcoming feature 'DisableOutwardActorInference' is already enabled as of Swift version 6
[48/66] Compiling SwiftSoup ParsingStrings.swift
<unknown>:0: warning: upcoming feature 'InferSendableFromCaptures' is already enabled as of Swift version 6
<unknown>:0: warning: upcoming feature 'GlobalActorIsolatedTypesUsability' is already enabled as of Swift version 6
<unknown>:0: warning: upcoming feature 'DisableOutwardActorInference' is already enabled as of Swift version 6
[49/66] Compiling SwiftSoup Pattern.swift
<unknown>:0: warning: upcoming feature 'InferSendableFromCaptures' is already enabled as of Swift version 6
<unknown>:0: warning: upcoming feature 'GlobalActorIsolatedTypesUsability' is already enabled as of Swift version 6
<unknown>:0: warning: upcoming feature 'DisableOutwardActorInference' is already enabled as of Swift version 6
[50/66] Compiling SwiftSoup Profiler.swift
<unknown>:0: warning: upcoming feature 'InferSendableFromCaptures' is already enabled as of Swift version 6
<unknown>:0: warning: upcoming feature 'GlobalActorIsolatedTypesUsability' is already enabled as of Swift version 6
<unknown>:0: warning: upcoming feature 'DisableOutwardActorInference' is already enabled as of Swift version 6
[51/66] Compiling SwiftSoup QueryParser.swift
<unknown>:0: warning: upcoming feature 'InferSendableFromCaptures' is already enabled as of Swift version 6
<unknown>:0: warning: upcoming feature 'GlobalActorIsolatedTypesUsability' is already enabled as of Swift version 6
<unknown>:0: warning: upcoming feature 'DisableOutwardActorInference' is already enabled as of Swift version 6
[52/66] Compiling SwiftSoup QueryParserCache.swift
<unknown>:0: warning: upcoming feature 'InferSendableFromCaptures' is already enabled as of Swift version 6
<unknown>:0: warning: upcoming feature 'GlobalActorIsolatedTypesUsability' is already enabled as of Swift version 6
<unknown>:0: warning: upcoming feature 'DisableOutwardActorInference' is already enabled as of Swift version 6
[53/66] Compiling SwiftSoup SelectorQueryKey.swift
<unknown>:0: warning: upcoming feature 'InferSendableFromCaptures' is already enabled as of Swift version 6
<unknown>:0: warning: upcoming feature 'GlobalActorIsolatedTypesUsability' is already enabled as of Swift version 6
<unknown>:0: warning: upcoming feature 'DisableOutwardActorInference' is already enabled as of Swift version 6
[54/66] Compiling SwiftSoup SourceRange.swift
<unknown>:0: warning: upcoming feature 'InferSendableFromCaptures' is already enabled as of Swift version 6
<unknown>:0: warning: upcoming feature 'GlobalActorIsolatedTypesUsability' is already enabled as of Swift version 6
<unknown>:0: warning: upcoming feature 'DisableOutwardActorInference' is already enabled as of Swift version 6
[55/66] Compiling SwiftSoup StreamReader.swift
<unknown>:0: warning: upcoming feature 'InferSendableFromCaptures' is already enabled as of Swift version 6
<unknown>:0: warning: upcoming feature 'GlobalActorIsolatedTypesUsability' is already enabled as of Swift version 6
<unknown>:0: warning: upcoming feature 'DisableOutwardActorInference' is already enabled as of Swift version 6
[56/66] Compiling SwiftSoup String.swift
<unknown>:0: warning: upcoming feature 'InferSendableFromCaptures' is already enabled as of Swift version 6
<unknown>:0: warning: upcoming feature 'GlobalActorIsolatedTypesUsability' is already enabled as of Swift version 6
<unknown>:0: warning: upcoming feature 'DisableOutwardActorInference' is already enabled as of Swift version 6
[57/66] Compiling SwiftSoup StringBuilder.swift
<unknown>:0: warning: upcoming feature 'InferSendableFromCaptures' is already enabled as of Swift version 6
<unknown>:0: warning: upcoming feature 'GlobalActorIsolatedTypesUsability' is already enabled as of Swift version 6
<unknown>:0: warning: upcoming feature 'DisableOutwardActorInference' is already enabled as of Swift version 6
[58/66] Compiling SwiftSoup StringUtil.swift
<unknown>:0: warning: upcoming feature 'InferSendableFromCaptures' is already enabled as of Swift version 6
<unknown>:0: warning: upcoming feature 'GlobalActorIsolatedTypesUsability' is already enabled as of Swift version 6
<unknown>:0: warning: upcoming feature 'DisableOutwardActorInference' is already enabled as of Swift version 6
[59/66] Compiling SwiftSoup StructuralEvaluator.swift
<unknown>:0: warning: upcoming feature 'InferSendableFromCaptures' is already enabled as of Swift version 6
<unknown>:0: warning: upcoming feature 'GlobalActorIsolatedTypesUsability' is already enabled as of Swift version 6
<unknown>:0: warning: upcoming feature 'DisableOutwardActorInference' is already enabled as of Swift version 6
[60/66] Compiling SwiftSoup SwiftSoup.swift
<unknown>:0: warning: upcoming feature 'InferSendableFromCaptures' is already enabled as of Swift version 6
<unknown>:0: warning: upcoming feature 'GlobalActorIsolatedTypesUsability' is already enabled as of Swift version 6
<unknown>:0: warning: upcoming feature 'DisableOutwardActorInference' is already enabled as of Swift version 6
[61/66] Compiling SwiftSoup Tag.swift
<unknown>:0: warning: upcoming feature 'InferSendableFromCaptures' is already enabled as of Swift version 6
<unknown>:0: warning: upcoming feature 'GlobalActorIsolatedTypesUsability' is already enabled as of Swift version 6
<unknown>:0: warning: upcoming feature 'DisableOutwardActorInference' is already enabled as of Swift version 6
[62/66] Compiling SwiftSoup TextNode.swift
<unknown>:0: warning: upcoming feature 'InferSendableFromCaptures' is already enabled as of Swift version 6
<unknown>:0: warning: upcoming feature 'GlobalActorIsolatedTypesUsability' is already enabled as of Swift version 6
<unknown>:0: warning: upcoming feature 'DisableOutwardActorInference' is already enabled as of Swift version 6
[63/66] Compiling SwiftSoup Token.swift
<unknown>:0: warning: upcoming feature 'InferSendableFromCaptures' is already enabled as of Swift version 6
<unknown>:0: warning: upcoming feature 'GlobalActorIsolatedTypesUsability' is already enabled as of Swift version 6
<unknown>:0: warning: upcoming feature 'DisableOutwardActorInference' is already enabled as of Swift version 6
[64/66] Compiling SwiftSoup TokenQueue.swift
<unknown>:0: warning: upcoming feature 'InferSendableFromCaptures' is already enabled as of Swift version 6
<unknown>:0: warning: upcoming feature 'GlobalActorIsolatedTypesUsability' is already enabled as of Swift version 6
<unknown>:0: warning: upcoming feature 'DisableOutwardActorInference' is already enabled as of Swift version 6
[65/66] Compiling SwiftSoup Tokeniser.swift
<unknown>:0: warning: upcoming feature 'InferSendableFromCaptures' is already enabled as of Swift version 6
<unknown>:0: warning: upcoming feature 'GlobalActorIsolatedTypesUsability' is already enabled as of Swift version 6
<unknown>:0: warning: upcoming feature 'DisableOutwardActorInference' is already enabled as of Swift version 6
[66/66] Compiling SwiftSoup TokeniserState.swift
<unknown>:0: warning: upcoming feature 'InferSendableFromCaptures' is already enabled as of Swift version 6
<unknown>:0: warning: upcoming feature 'GlobalActorIsolatedTypesUsability' is already enabled as of Swift version 6
<unknown>:0: warning: upcoming feature 'DisableOutwardActorInference' is already enabled as of Swift version 6
Running build ...
bash -c docker run --pull=always --rm -v "checkouts-54344845-0":/host -w "$PWD" -e JAVA_HOME="/root/.sdkman/candidates/java/current" -e SPI_BUILD="1" -e SPI_PROCESSING="1" registry.gitlab.com/saguaro1/spi-images:wasm-6.1-latest swift build --swift-sdk wasm32-unknown-wasi 2>&1
wasm-6.1-latest: Pulling from saguaro1/spi-images
Digest: sha256:8209621f35c5a12749e7df75bbcb99eccb508d0196da99f6ac3bcf5f4827df31
Status: Image is up to date for registry.gitlab.com/saguaro1/spi-images:wasm-6.1-latest
[0/1] Planning build
Building for debugging...
[0/1] Write swift-version-24593BA9C3E375BF.txt
[2/57] Compiling SwiftSoup ParseError.swift
[3/57] Compiling SwiftSoup ParseErrorList.swift
[4/57] Compiling SwiftSoup ParseSettings.swift
[5/57] Compiling SwiftSoup Parser.swift
[6/57] Compiling SwiftSoup ParsingStrings.swift
[7/57] Compiling SwiftSoup Pattern.swift
[8/57] Compiling SwiftSoup Profiler.swift
[9/57] Compiling SwiftSoup QueryParser.swift
[10/64] Compiling SwiftSoup HtmlTreeBuilder.swift
/host/spi-builder-workspace/.build/checkouts/SwiftSoup/Sources/Mutex.swift:82:9: error: cannot find 'pthread_mutex_init' in scope
80 |
81 | init() {
82 | pthread_mutex_init(&mutex, nil)
| `- error: cannot find 'pthread_mutex_init' in scope
83 | }
84 |
/host/spi-builder-workspace/.build/checkouts/SwiftSoup/Sources/Mutex.swift:82:36: error: 'nil' requires a contextual type
80 |
81 | init() {
82 | pthread_mutex_init(&mutex, nil)
| `- error: 'nil' requires a contextual type
83 | }
84 |
/host/spi-builder-workspace/.build/checkouts/SwiftSoup/Sources/Mutex.swift:86:9: error: cannot find 'pthread_mutex_destroy' in scope
84 |
85 | deinit {
86 | pthread_mutex_destroy(&mutex)
| `- error: cannot find 'pthread_mutex_destroy' in scope
87 | }
88 |
/host/spi-builder-workspace/.build/checkouts/SwiftSoup/Sources/Mutex.swift:90:9: error: cannot find 'pthread_mutex_lock' in scope
88 |
89 | func lock() {
90 | pthread_mutex_lock(&mutex)
| `- error: cannot find 'pthread_mutex_lock' in scope
91 | }
92 |
/host/spi-builder-workspace/.build/checkouts/SwiftSoup/Sources/Mutex.swift:94:9: error: cannot find 'pthread_mutex_unlock' in scope
92 |
93 | func unlock() {
94 | pthread_mutex_unlock(&mutex)
| `- error: cannot find 'pthread_mutex_unlock' in scope
95 | }
96 | #endif
[11/64] Compiling SwiftSoup HtmlTreeBuilderState.swift
/host/spi-builder-workspace/.build/checkouts/SwiftSoup/Sources/Mutex.swift:82:9: error: cannot find 'pthread_mutex_init' in scope
80 |
81 | init() {
82 | pthread_mutex_init(&mutex, nil)
| `- error: cannot find 'pthread_mutex_init' in scope
83 | }
84 |
/host/spi-builder-workspace/.build/checkouts/SwiftSoup/Sources/Mutex.swift:82:36: error: 'nil' requires a contextual type
80 |
81 | init() {
82 | pthread_mutex_init(&mutex, nil)
| `- error: 'nil' requires a contextual type
83 | }
84 |
/host/spi-builder-workspace/.build/checkouts/SwiftSoup/Sources/Mutex.swift:86:9: error: cannot find 'pthread_mutex_destroy' in scope
84 |
85 | deinit {
86 | pthread_mutex_destroy(&mutex)
| `- error: cannot find 'pthread_mutex_destroy' in scope
87 | }
88 |
/host/spi-builder-workspace/.build/checkouts/SwiftSoup/Sources/Mutex.swift:90:9: error: cannot find 'pthread_mutex_lock' in scope
88 |
89 | func lock() {
90 | pthread_mutex_lock(&mutex)
| `- error: cannot find 'pthread_mutex_lock' in scope
91 | }
92 |
/host/spi-builder-workspace/.build/checkouts/SwiftSoup/Sources/Mutex.swift:94:9: error: cannot find 'pthread_mutex_unlock' in scope
92 |
93 | func unlock() {
94 | pthread_mutex_unlock(&mutex)
| `- error: cannot find 'pthread_mutex_unlock' in scope
95 | }
96 | #endif
[12/64] Compiling SwiftSoup LRUCache.swift
/host/spi-builder-workspace/.build/checkouts/SwiftSoup/Sources/Mutex.swift:82:9: error: cannot find 'pthread_mutex_init' in scope
80 |
81 | init() {
82 | pthread_mutex_init(&mutex, nil)
| `- error: cannot find 'pthread_mutex_init' in scope
83 | }
84 |
/host/spi-builder-workspace/.build/checkouts/SwiftSoup/Sources/Mutex.swift:82:36: error: 'nil' requires a contextual type
80 |
81 | init() {
82 | pthread_mutex_init(&mutex, nil)
| `- error: 'nil' requires a contextual type
83 | }
84 |
/host/spi-builder-workspace/.build/checkouts/SwiftSoup/Sources/Mutex.swift:86:9: error: cannot find 'pthread_mutex_destroy' in scope
84 |
85 | deinit {
86 | pthread_mutex_destroy(&mutex)
| `- error: cannot find 'pthread_mutex_destroy' in scope
87 | }
88 |
/host/spi-builder-workspace/.build/checkouts/SwiftSoup/Sources/Mutex.swift:90:9: error: cannot find 'pthread_mutex_lock' in scope
88 |
89 | func lock() {
90 | pthread_mutex_lock(&mutex)
| `- error: cannot find 'pthread_mutex_lock' in scope
91 | }
92 |
/host/spi-builder-workspace/.build/checkouts/SwiftSoup/Sources/Mutex.swift:94:9: error: cannot find 'pthread_mutex_unlock' in scope
92 |
93 | func unlock() {
94 | pthread_mutex_unlock(&mutex)
| `- error: cannot find 'pthread_mutex_unlock' in scope
95 | }
96 | #endif
[13/64] Compiling SwiftSoup Mutex.swift
/host/spi-builder-workspace/.build/checkouts/SwiftSoup/Sources/Mutex.swift:82:9: error: cannot find 'pthread_mutex_init' in scope
80 |
81 | init() {
82 | pthread_mutex_init(&mutex, nil)
| `- error: cannot find 'pthread_mutex_init' in scope
83 | }
84 |
/host/spi-builder-workspace/.build/checkouts/SwiftSoup/Sources/Mutex.swift:82:36: error: 'nil' requires a contextual type
80 |
81 | init() {
82 | pthread_mutex_init(&mutex, nil)
| `- error: 'nil' requires a contextual type
83 | }
84 |
/host/spi-builder-workspace/.build/checkouts/SwiftSoup/Sources/Mutex.swift:86:9: error: cannot find 'pthread_mutex_destroy' in scope
84 |
85 | deinit {
86 | pthread_mutex_destroy(&mutex)
| `- error: cannot find 'pthread_mutex_destroy' in scope
87 | }
88 |
/host/spi-builder-workspace/.build/checkouts/SwiftSoup/Sources/Mutex.swift:90:9: error: cannot find 'pthread_mutex_lock' in scope
88 |
89 | func lock() {
90 | pthread_mutex_lock(&mutex)
| `- error: cannot find 'pthread_mutex_lock' in scope
91 | }
92 |
/host/spi-builder-workspace/.build/checkouts/SwiftSoup/Sources/Mutex.swift:94:9: error: cannot find 'pthread_mutex_unlock' in scope
92 |
93 | func unlock() {
94 | pthread_mutex_unlock(&mutex)
| `- error: cannot find 'pthread_mutex_unlock' in scope
95 | }
96 | #endif
[14/64] Compiling SwiftSoup Node.swift
/host/spi-builder-workspace/.build/checkouts/SwiftSoup/Sources/Mutex.swift:82:9: error: cannot find 'pthread_mutex_init' in scope
80 |
81 | init() {
82 | pthread_mutex_init(&mutex, nil)
| `- error: cannot find 'pthread_mutex_init' in scope
83 | }
84 |
/host/spi-builder-workspace/.build/checkouts/SwiftSoup/Sources/Mutex.swift:82:36: error: 'nil' requires a contextual type
80 |
81 | init() {
82 | pthread_mutex_init(&mutex, nil)
| `- error: 'nil' requires a contextual type
83 | }
84 |
/host/spi-builder-workspace/.build/checkouts/SwiftSoup/Sources/Mutex.swift:86:9: error: cannot find 'pthread_mutex_destroy' in scope
84 |
85 | deinit {
86 | pthread_mutex_destroy(&mutex)
| `- error: cannot find 'pthread_mutex_destroy' in scope
87 | }
88 |
/host/spi-builder-workspace/.build/checkouts/SwiftSoup/Sources/Mutex.swift:90:9: error: cannot find 'pthread_mutex_lock' in scope
88 |
89 | func lock() {
90 | pthread_mutex_lock(&mutex)
| `- error: cannot find 'pthread_mutex_lock' in scope
91 | }
92 |
/host/spi-builder-workspace/.build/checkouts/SwiftSoup/Sources/Mutex.swift:94:9: error: cannot find 'pthread_mutex_unlock' in scope
92 |
93 | func unlock() {
94 | pthread_mutex_unlock(&mutex)
| `- error: cannot find 'pthread_mutex_unlock' in scope
95 | }
96 | #endif
[15/64] Compiling SwiftSoup NodeTraversor.swift
/host/spi-builder-workspace/.build/checkouts/SwiftSoup/Sources/Mutex.swift:82:9: error: cannot find 'pthread_mutex_init' in scope
80 |
81 | init() {
82 | pthread_mutex_init(&mutex, nil)
| `- error: cannot find 'pthread_mutex_init' in scope
83 | }
84 |
/host/spi-builder-workspace/.build/checkouts/SwiftSoup/Sources/Mutex.swift:82:36: error: 'nil' requires a contextual type
80 |
81 | init() {
82 | pthread_mutex_init(&mutex, nil)
| `- error: 'nil' requires a contextual type
83 | }
84 |
/host/spi-builder-workspace/.build/checkouts/SwiftSoup/Sources/Mutex.swift:86:9: error: cannot find 'pthread_mutex_destroy' in scope
84 |
85 | deinit {
86 | pthread_mutex_destroy(&mutex)
| `- error: cannot find 'pthread_mutex_destroy' in scope
87 | }
88 |
/host/spi-builder-workspace/.build/checkouts/SwiftSoup/Sources/Mutex.swift:90:9: error: cannot find 'pthread_mutex_lock' in scope
88 |
89 | func lock() {
90 | pthread_mutex_lock(&mutex)
| `- error: cannot find 'pthread_mutex_lock' in scope
91 | }
92 |
/host/spi-builder-workspace/.build/checkouts/SwiftSoup/Sources/Mutex.swift:94:9: error: cannot find 'pthread_mutex_unlock' in scope
92 |
93 | func unlock() {
94 | pthread_mutex_unlock(&mutex)
| `- error: cannot find 'pthread_mutex_unlock' in scope
95 | }
96 | #endif
[16/64] Compiling SwiftSoup NodeVisitor.swift
/host/spi-builder-workspace/.build/checkouts/SwiftSoup/Sources/Mutex.swift:82:9: error: cannot find 'pthread_mutex_init' in scope
80 |
81 | init() {
82 | pthread_mutex_init(&mutex, nil)
| `- error: cannot find 'pthread_mutex_init' in scope
83 | }
84 |
/host/spi-builder-workspace/.build/checkouts/SwiftSoup/Sources/Mutex.swift:82:36: error: 'nil' requires a contextual type
80 |
81 | init() {
82 | pthread_mutex_init(&mutex, nil)
| `- error: 'nil' requires a contextual type
83 | }
84 |
/host/spi-builder-workspace/.build/checkouts/SwiftSoup/Sources/Mutex.swift:86:9: error: cannot find 'pthread_mutex_destroy' in scope
84 |
85 | deinit {
86 | pthread_mutex_destroy(&mutex)
| `- error: cannot find 'pthread_mutex_destroy' in scope
87 | }
88 |
/host/spi-builder-workspace/.build/checkouts/SwiftSoup/Sources/Mutex.swift:90:9: error: cannot find 'pthread_mutex_lock' in scope
88 |
89 | func lock() {
90 | pthread_mutex_lock(&mutex)
| `- error: cannot find 'pthread_mutex_lock' in scope
91 | }
92 |
/host/spi-builder-workspace/.build/checkouts/SwiftSoup/Sources/Mutex.swift:94:9: error: cannot find 'pthread_mutex_unlock' in scope
92 |
93 | func unlock() {
94 | pthread_mutex_unlock(&mutex)
| `- error: cannot find 'pthread_mutex_unlock' in scope
95 | }
96 | #endif
[17/64] Compiling SwiftSoup OrderedSet.swift
/host/spi-builder-workspace/.build/checkouts/SwiftSoup/Sources/Mutex.swift:82:9: error: cannot find 'pthread_mutex_init' in scope
80 |
81 | init() {
82 | pthread_mutex_init(&mutex, nil)
| `- error: cannot find 'pthread_mutex_init' in scope
83 | }
84 |
/host/spi-builder-workspace/.build/checkouts/SwiftSoup/Sources/Mutex.swift:82:36: error: 'nil' requires a contextual type
80 |
81 | init() {
82 | pthread_mutex_init(&mutex, nil)
| `- error: 'nil' requires a contextual type
83 | }
84 |
/host/spi-builder-workspace/.build/checkouts/SwiftSoup/Sources/Mutex.swift:86:9: error: cannot find 'pthread_mutex_destroy' in scope
84 |
85 | deinit {
86 | pthread_mutex_destroy(&mutex)
| `- error: cannot find 'pthread_mutex_destroy' in scope
87 | }
88 |
/host/spi-builder-workspace/.build/checkouts/SwiftSoup/Sources/Mutex.swift:90:9: error: cannot find 'pthread_mutex_lock' in scope
88 |
89 | func lock() {
90 | pthread_mutex_lock(&mutex)
| `- error: cannot find 'pthread_mutex_lock' in scope
91 | }
92 |
/host/spi-builder-workspace/.build/checkouts/SwiftSoup/Sources/Mutex.swift:94:9: error: cannot find 'pthread_mutex_unlock' in scope
92 |
93 | func unlock() {
94 | pthread_mutex_unlock(&mutex)
| `- error: cannot find 'pthread_mutex_unlock' in scope
95 | }
96 | #endif
[18/64] Emitting module SwiftSoup
[19/64] Compiling SwiftSoup Attribute.swift
[20/64] Compiling SwiftSoup AttributeMutationTracking.swift
[21/64] Compiling SwiftSoup Attributes.swift
[22/64] Compiling SwiftSoup BinarySearch.swift
[23/64] Compiling SwiftSoup BooleanAttribute.swift
[24/64] Compiling SwiftSoup ByteSlice.swift
[25/64] Compiling SwiftSoup CharacterExt.swift
[26/64] Compiling SwiftSoup CharacterReader.swift
[27/64] Compiling SwiftSoup TreeBuilder.swift
[28/64] Compiling SwiftSoup UTF8Arrays.swift
[29/64] Compiling SwiftSoup UnicodeScalar.swift
[30/64] Compiling SwiftSoup Validate.swift
[31/64] Compiling SwiftSoup Whitelist.swift
[32/64] Compiling SwiftSoup XmlDeclaration.swift
[33/64] Compiling SwiftSoup XmlTreeBuilder.swift
[34/64] Compiling SwiftSoup SwiftSoup.swift
[35/64] Compiling SwiftSoup Tag.swift
[36/64] Compiling SwiftSoup TextNode.swift
[37/64] Compiling SwiftSoup Token.swift
[38/64] Compiling SwiftSoup TokenQueue.swift
[39/64] Compiling SwiftSoup Tokeniser.swift
[40/64] Compiling SwiftSoup TokeniserState.swift
[41/64] Compiling SwiftSoup DocumentType.swift
[42/64] Compiling SwiftSoup Element.swift
[43/64] Compiling SwiftSoup ElementQuery.swift
[44/64] Compiling SwiftSoup Elements.swift
[45/64] Compiling SwiftSoup Entities.swift
[46/64] Compiling SwiftSoup Evaluator.swift
[47/64] Compiling SwiftSoup Exception.swift
[48/64] Compiling SwiftSoup FormElement.swift
[49/64] Compiling SwiftSoup Cleaner.swift
[50/64] Compiling SwiftSoup Collector.swift
[51/64] Compiling SwiftSoup CombiningEvaluator.swift
[52/64] Compiling SwiftSoup Comment.swift
[53/64] Compiling SwiftSoup CssSelector.swift
[54/64] Compiling SwiftSoup DataNode.swift
[55/64] Compiling SwiftSoup DebugTrace.swift
[56/64] Compiling SwiftSoup Document.swift
[57/64] Compiling SwiftSoup QueryParserCache.swift
[58/64] Compiling SwiftSoup SelectorQueryKey.swift
[59/64] Compiling SwiftSoup SourceRange.swift
[60/64] Compiling SwiftSoup StreamReader.swift
[61/64] Compiling SwiftSoup String.swift
[62/64] Compiling SwiftSoup StringBuilder.swift
[63/64] Compiling SwiftSoup StringUtil.swift
[64/64] Compiling SwiftSoup StructuralEvaluator.swift
BUILD FAILURE 6.1 wasm