Build Information
Failed to build RxWebSocket, reference master (f3ad7c), with Swift 6.4 for tvOS using Xcode 27.0 on 16 Sep 2026 01:24:10 UTC.
Build Command
No build command. This typically means the build failed at an early stage where we determine the build command.Build Log
========================================
RunAll
========================================
Builder version: 5.1.0
Interrupt handler set up.
========================================
Checkout
========================================
Clone URL: https://github.com/fjcaetano/RxWebSocket.git
Reference: master
Initialized empty Git repository in /Users/admin/builder/spi-builder-workspace/.git/
From https://github.com/fjcaetano/RxWebSocket
* branch master -> FETCH_HEAD
* [new branch] master -> origin/master
HEAD is now at f3ad7c4 fix(Fastlane): gather coverage data using Slather
Submodule path 'fastlane/actions/codecov': checked out '86af4384bb211fcb3194522e40aa9274af00fc08'
Submodule 'fastlane/actions/codecov' (https://gist.github.com/04126b3051f6cd6aebe041bb1dfe14e9.git) registered for path 'fastlane/actions/codecov'
Cloning into '/Users/admin/builder/spi-builder-workspace/fastlane/actions/codecov'...
Cloned https://github.com/fjcaetano/RxWebSocket.git
Revision (git rev-parse @):
f3ad7c46f0d567d04bd0196328fb3f9736396bd9
SUCCESS checkout https://github.com/fjcaetano/RxWebSocket.git at master
========================================
Build
========================================
Selected platform: tvOS
Swift version: 6.4
Building package at path: $PWD
https://github.com/fjcaetano/RxWebSocket.git
Command line invocation:
/Applications/Xcode-27.0.0-Release.Candidate.app/Contents/Developer/usr/bin/xcodebuild -IDEClonedSourcePackagesDirPathOverride=/Users/admin/builder/spi-builder-workspace/.dependencies -resolvePackageDependencies
2026-09-15 21:24:08.943 xcodebuild[535:3019] Writing error result bundle to /var/folders/xq/y_g06wb113726d38xsyx71_h0000gn/T/ResultBundle_2026-15-09_21-24-0008.xcresult
xcodebuild: error: The directory /Users/admin/builder/spi-builder-workspace contains 2 projects, including multiple projects with the current extension (.xcodeproj). Specify the project to use with the -project option.
Command line invocation:
/Applications/Xcode-27.0.0-Release.Candidate.app/Contents/Developer/usr/bin/xcodebuild -IDEClonedSourcePackagesDirPathOverride=/Users/admin/builder/spi-builder-workspace/.dependencies -resolvePackageDependencies
2026-09-15 21:24:09.904 xcodebuild[545:3107] Writing error result bundle to /var/folders/xq/y_g06wb113726d38xsyx71_h0000gn/T/ResultBundle_2026-15-09_21-24-0009.xcresult
xcodebuild: error: The directory /Users/admin/builder/spi-builder-workspace contains 2 projects, including multiple projects with the current extension (.xcodeproj). Specify the project to use with the -project option.
BUILD FAILURE 6.4 tvOS