Build Information
Failed to build libsrt, reference main (ace419), with Swift 6.2 for tvOS using Xcode 26.3 on 3 Oct 2026 23:10:54 UTC.
Build Command
No build command. This typically means the build failed at an early stage where we determine the build command.Build Log
========================================
RunAll
========================================
Builder version: 5.1.1
Interrupt handler set up.
========================================
Checkout
========================================
Clone URL: https://github.com/HaishinKit/libsrt-xcframework.git
Reference: main
Initialized empty Git repository in /Users/admin/builder/spi-builder-workspace/.git/
From https://github.com/HaishinKit/libsrt-xcframework
* branch main -> FETCH_HEAD
* [new branch] main -> origin/main
HEAD is now at ace4191 Include debug information in optimized release builds
Cloned https://github.com/HaishinKit/libsrt-xcframework.git
Revision (git rev-parse @):
ace41918aadd4278bfdab50bf39b606114c2bd4f
SUCCESS checkout https://github.com/HaishinKit/libsrt-xcframework.git at main
========================================
Build
========================================
Selected platform: tvOS
Swift version: 6.2
Building package at path: $PWD
https://github.com/HaishinKit/libsrt-xcframework.git
Command line invocation:
/Applications/Xcode-26.3.0.app/Contents/Developer/usr/bin/xcodebuild -IDEClonedSourcePackagesDirPathOverride=/Users/admin/builder/spi-builder-workspace/.dependencies -resolvePackageDependencies
Resolve Package Graph
Fetching from https://github.com/krzyzanowskim/OpenSSL-Package.git
Creating working copy of package ‘OpenSSL-Package’
Checking out 3.6.5000 of package ‘OpenSSL-Package’
local binary target 'libsrt' at '/Users/admin/builder/spi-builder-workspace/libsrt.xcframework' does not contain a binary artifact.fatalErrorResolve Package Graph
local binary target 'libsrt' at '/Users/admin/builder/spi-builder-workspace/libsrt.xcframework' does not contain a binary artifact.fatalError
Resolved source packages:
spi-builder-workspace: (null)
2026-10-03 19:10:53.645 xcodebuild[572:3120] Writing error result bundle to /var/folders/xq/y_g06wb113726d38xsyx71_h0000gn/T/ResultBundle_2026-03-10_19-10-0053.xcresult
xcodebuild: error: Could not resolve package dependencies:
local binary target 'libsrt' at '/Users/admin/builder/spi-builder-workspace/libsrt.xcframework' does not contain a binary artifact.
fatalError
Command line invocation:
/Applications/Xcode-26.3.0.app/Contents/Developer/usr/bin/xcodebuild -IDEClonedSourcePackagesDirPathOverride=/Users/admin/builder/spi-builder-workspace/.dependencies -resolvePackageDependencies
Resolve Package Graph
local binary target 'libsrt' at '/Users/admin/builder/spi-builder-workspace/libsrt.xcframework' does not contain a binary artifact.fatalError
Resolved source packages:
spi-builder-workspace: (null)
2026-10-03 19:10:54.575 xcodebuild[678:3976] Writing error result bundle to /var/folders/xq/y_g06wb113726d38xsyx71_h0000gn/T/ResultBundle_2026-03-10_19-10-0054.xcresult
xcodebuild: error: Could not resolve package dependencies:
local binary target 'libsrt' at '/Users/admin/builder/spi-builder-workspace/libsrt.xcframework' does not contain a binary artifact.
fatalError
BUILD FAILURE 6.2 tvOS