Build Information
Failed to build SPMKit, reference v0.3.0 (310cf5), with Swift 6.3 for Linux on 6 Jul 2026 19:30:16 UTC.
Build Command
bash -c docker run --pull=always --rm -v "checkouts-53886768-0":/host -w "$PWD" -e JAVA_HOME="/root/.sdkman/candidates/java/current" -e SPI_BUILD="1" -e SPI_PROCESSING="1" registry.gitlab.com/saguaro1/spi-images:basic-6.3-latest swift build --triple x86_64-unknown-linux-gnu 2>&1Build Log
========================================
RunAll
========================================
Builder version: 0e64495ecc1688c3b3e031a5ef1348b5c05091ae
Interrupt handler set up.
========================================
Checkout
========================================
Clone URL: https://github.com/JozefLipovsky/spm-kit.git
Reference: v0.3.0
Initialized empty Git repository in /host/spi-builder-workspace/.git/
hint: Using 'master' as the name for the initial branch. This default branch name
hint: is subject to change. To configure the initial branch name to use in all
hint: of your new repositories, which will suppress this warning, call:
hint:
hint: git config --global init.defaultBranch <name>
hint:
hint: Names commonly chosen instead of 'master' are 'main', 'trunk' and
hint: 'development'. The just-created branch can be renamed via this command:
hint:
hint: git branch -m <name>
From https://github.com/JozefLipovsky/spm-kit
* tag v0.3.0 -> FETCH_HEAD
HEAD is now at 310cf5c Bump version to 0.3.0
Cloned https://github.com/JozefLipovsky/spm-kit.git
Revision (git rev-parse @):
310cf5c7b43e0c88bcd748af2e8f8160e4a673f8
SPI manifest file found: $PWD/.spi.yml
SUCCESS checkout https://github.com/JozefLipovsky/spm-kit.git at v0.3.0
========================================
Build
========================================
Selected platform: linux
Swift version: 6.3
Building package at path: $PWD
https://github.com/JozefLipovsky/spm-kit.git
Running build ...
bash -c docker run --pull=always --rm -v "checkouts-53886768-0":/host -w "$PWD" -e JAVA_HOME="/root/.sdkman/candidates/java/current" -e SPI_BUILD="1" -e SPI_PROCESSING="1" registry.gitlab.com/saguaro1/spi-images:basic-6.3-latest swift build --triple x86_64-unknown-linux-gnu 2>&1
basic-6.3-latest: Pulling from saguaro1/spi-images
Digest: sha256:518d581a7f3cc0f988d8921e0dce92c3361f942cd4cc7d944cb46f8707e06c63
Status: Image is up to date for registry.gitlab.com/saguaro1/spi-images:basic-6.3-latest
Fetching https://github.com/pointfreeco/swift-dependencies.git
Fetching https://github.com/tuist/xcodeproj.git
Fetching https://github.com/swiftlang/swift-subprocess.git
Fetching https://github.com/stencilproject/Stencil.git
Fetching https://github.com/tuist/noora.git
Fetching https://github.com/swiftlang/swift-syntax.git
[1/7200] Fetching swift-dependencies
[505/31931] Fetching swift-dependencies, xcodeproj
[506/36312] Fetching swift-dependencies, xcodeproj, swift-subprocess
[507/41596] Fetching swift-dependencies, xcodeproj, swift-subprocess, stencil
[24476/60863] Fetching swift-dependencies, xcodeproj, swift-subprocess, stencil, noora
[46251/136700] Fetching swift-dependencies, xcodeproj, swift-subprocess, stencil, noora, swift-syntax
Fetched https://github.com/stencilproject/Stencil.git from cache (3.44s)
Fetched https://github.com/swiftlang/swift-subprocess.git from cache (3.44s)
Fetched https://github.com/pointfreeco/swift-dependencies.git from cache (3.44s)
Fetching https://github.com/apple/swift-argument-parser.git
Fetching https://github.com/kylef/PathKit.git
Fetching https://github.com/apple/swift-configuration
Fetched https://github.com/tuist/xcodeproj.git from cache (3.46s)
Fetched https://github.com/swiftlang/swift-syntax.git from cache (3.46s)
Fetched https://github.com/tuist/noora.git from cache (3.49s)
[1/1452] Fetching pathkit
[1453/4760] Fetching pathkit, swift-configuration
[3868/22715] Fetching pathkit, swift-configuration, swift-argument-parser
Fetched https://github.com/kylef/PathKit.git from cache (0.47s)
[7079/21263] Fetching swift-configuration, swift-argument-parser
Fetched https://github.com/apple/swift-configuration from cache (0.47s)
[3951/17955] Fetching swift-argument-parser
Fetched https://github.com/apple/swift-argument-parser.git from cache (0.64s)
Computing version for https://github.com/swiftlang/swift-syntax.git
Computed https://github.com/swiftlang/swift-syntax.git at 602.0.0 (5.06s)
Computing version for https://github.com/stencilproject/Stencil.git
Computed https://github.com/stencilproject/Stencil.git at 0.15.1 (0.18s)
Fetching https://github.com/kylef/Spectre.git
[1/1021] Fetching spectre
Fetched https://github.com/kylef/Spectre.git from cache (0.63s)
Computing version for https://github.com/kylef/PathKit.git
Computed https://github.com/kylef/PathKit.git at 1.0.1 (1.52s)
Computing version for https://github.com/kylef/Spectre.git
Computed https://github.com/kylef/Spectre.git at 0.10.1 (0.18s)
Computing version for https://github.com/swiftlang/swift-subprocess.git
Computed https://github.com/swiftlang/swift-subprocess.git at 0.5.0 (0.17s)
Fetching https://github.com/apple/swift-system
[1/6005] Fetching swift-system
Fetched https://github.com/apple/swift-system from cache (0.55s)
Computing version for https://github.com/apple/swift-configuration
Computed https://github.com/apple/swift-configuration at 1.2.0 (1.35s)
Fetching https://github.com/jpsim/Yams
Fetching https://github.com/swift-server/swift-service-lifecycle
Fetching https://github.com/apple/swift-collections
[1/2770] Fetching swift-service-lifecycle
Fetched https://github.com/swift-server/swift-service-lifecycle from cache (0.43s)
[1/11843] Fetching yams
[712/37126] Fetching yams, swift-collections
Fetched https://github.com/apple/swift-collections from cache (1.16s)
Fetched https://github.com/jpsim/Yams from cache (1.16s)
Computing version for https://github.com/apple/swift-argument-parser.git
Computed https://github.com/apple/swift-argument-parser.git at 1.8.2 (1.32s)
Computing version for https://github.com/tuist/noora.git
Computed https://github.com/tuist/noora.git at 0.56.0 (0.15s)
Fetching https://github.com/onevcat/Rainbow
Fetching https://github.com/apple/swift-log
Fetching https://github.com/tuist/path
[1/1455] Fetching rainbow
[45/1867] Fetching rainbow, path
Fetched https://github.com/tuist/path from cache (0.37s)
[1209/9088] Fetching rainbow, swift-log
Fetched https://github.com/onevcat/Rainbow from cache (0.54s)
Fetched https://github.com/apple/swift-log from cache (0.55s)
Computing version for https://github.com/tuist/path
Computed https://github.com/tuist/path at 0.3.8 (0.72s)
Computing version for https://github.com/onevcat/Rainbow
Computed https://github.com/onevcat/Rainbow at 4.2.1 (0.87s)
Computing version for https://github.com/swift-server/swift-service-lifecycle
Computed https://github.com/swift-server/swift-service-lifecycle at 2.11.0 (0.15s)
Fetching https://github.com/apple/swift-async-algorithms.git
[1/6584] Fetching swift-async-algorithms
Fetched https://github.com/apple/swift-async-algorithms.git from cache (0.55s)
Computing version for https://github.com/apple/swift-async-algorithms.git
Computed https://github.com/apple/swift-async-algorithms.git at 1.1.5 (0.75s)
Computing version for https://github.com/apple/swift-collections
Computed https://github.com/apple/swift-collections at 1.6.0 (0.24s)
Computing version for https://github.com/pointfreeco/swift-dependencies.git
Computed https://github.com/pointfreeco/swift-dependencies.git at 1.14.1 (0.18s)
Fetching https://github.com/pointfreeco/combine-schedulers
Fetching https://github.com/pointfreeco/swift-clocks
Fetching https://github.com/pointfreeco/xctest-dynamic-overlay
Fetching https://github.com/pointfreeco/swift-concurrency-extras
[1/1423] Fetching swift-clocks
[1012/4083] Fetching swift-clocks, combine-schedulers
[4084/5129] Fetching swift-clocks, combine-schedulers, swift-concurrency-extras
Fetched https://github.com/pointfreeco/combine-schedulers from cache (0.39s)
[1863/2469] Fetching swift-clocks, swift-concurrency-extras
Fetched https://github.com/pointfreeco/swift-concurrency-extras from cache (0.43s)
[1/5956] Fetching xctest-dynamic-overlay
Fetched https://github.com/pointfreeco/swift-clocks from cache (0.67s)
Fetched https://github.com/pointfreeco/xctest-dynamic-overlay from cache (0.67s)
Computing version for https://github.com/pointfreeco/swift-clocks
Computed https://github.com/pointfreeco/swift-clocks at 1.1.0 (0.83s)
Computing version for https://github.com/pointfreeco/combine-schedulers
Computed https://github.com/pointfreeco/combine-schedulers at 1.2.0 (0.16s)
Fetching https://github.com/OpenCombine/OpenCombine.git
[1/8284] Fetching opencombine
Fetched https://github.com/OpenCombine/OpenCombine.git from cache (0.63s)
Computing version for https://github.com/OpenCombine/OpenCombine.git
Computed https://github.com/OpenCombine/OpenCombine.git at 0.14.0 (0.84s)
Computing version for https://github.com/tuist/xcodeproj.git
Computed https://github.com/tuist/xcodeproj.git at 9.13.0 (0.15s)
Fetching https://github.com/tadija/AEXML.git
[1/2155] Fetching aexml
Fetched https://github.com/tadija/AEXML.git from cache (0.39s)
Computing version for https://github.com/tadija/AEXML.git
Computed https://github.com/tadija/AEXML.git at 4.7.0 (0.55s)
Computing version for https://github.com/jpsim/Yams
Computed https://github.com/jpsim/Yams at 6.2.2 (0.16s)
Computing version for https://github.com/apple/swift-log
Computed https://github.com/apple/swift-log at 1.14.0 (0.17s)
Computing version for https://github.com/pointfreeco/swift-concurrency-extras
Computed https://github.com/pointfreeco/swift-concurrency-extras at 1.4.0 (0.17s)
Computing version for https://github.com/apple/swift-system
Computed https://github.com/apple/swift-system at 1.7.2 (0.19s)
Computing version for https://github.com/pointfreeco/xctest-dynamic-overlay
Computed https://github.com/pointfreeco/xctest-dynamic-overlay at 1.10.1 (0.16s)
Creating working copy for https://github.com/tadija/AEXML.git
Working copy of https://github.com/tadija/AEXML.git resolved at 4.7.0
Creating working copy for https://github.com/apple/swift-async-algorithms.git
Working copy of https://github.com/apple/swift-async-algorithms.git resolved at 1.1.5
Creating working copy for https://github.com/stencilproject/Stencil.git
Working copy of https://github.com/stencilproject/Stencil.git resolved at 0.15.1
Creating working copy for https://github.com/pointfreeco/swift-clocks
Working copy of https://github.com/pointfreeco/swift-clocks resolved at 1.1.0
Creating working copy for https://github.com/swiftlang/swift-syntax.git
Working copy of https://github.com/swiftlang/swift-syntax.git resolved at 602.0.0
Creating working copy for https://github.com/jpsim/Yams
Working copy of https://github.com/jpsim/Yams resolved at 6.2.2
Creating working copy for https://github.com/tuist/path
Working copy of https://github.com/tuist/path resolved at 0.3.8
Creating working copy for https://github.com/pointfreeco/combine-schedulers
Working copy of https://github.com/pointfreeco/combine-schedulers resolved at 1.2.0
Creating working copy for https://github.com/kylef/PathKit.git
Working copy of https://github.com/kylef/PathKit.git resolved at 1.0.1
Creating working copy for https://github.com/tuist/noora.git
Working copy of https://github.com/tuist/noora.git resolved at 0.56.0
Creating working copy for https://github.com/apple/swift-configuration
Working copy of https://github.com/apple/swift-configuration resolved at 1.2.0
Creating working copy for https://github.com/tuist/xcodeproj.git
Working copy of https://github.com/tuist/xcodeproj.git resolved at 9.13.0
Creating working copy for https://github.com/apple/swift-log
Working copy of https://github.com/apple/swift-log resolved at 1.14.0
Creating working copy for https://github.com/onevcat/Rainbow
Working copy of https://github.com/onevcat/Rainbow resolved at 4.2.1
Creating working copy for https://github.com/apple/swift-system
Working copy of https://github.com/apple/swift-system resolved at 1.7.2
Creating working copy for https://github.com/swiftlang/swift-subprocess.git
Working copy of https://github.com/swiftlang/swift-subprocess.git resolved at 0.5.0
Creating working copy for https://github.com/pointfreeco/swift-concurrency-extras
Working copy of https://github.com/pointfreeco/swift-concurrency-extras resolved at 1.4.0
Creating working copy for https://github.com/kylef/Spectre.git
Working copy of https://github.com/kylef/Spectre.git resolved at 0.10.1
Creating working copy for https://github.com/apple/swift-collections
Working copy of https://github.com/apple/swift-collections resolved at 1.6.0
Creating working copy for https://github.com/swift-server/swift-service-lifecycle
Working copy of https://github.com/swift-server/swift-service-lifecycle resolved at 2.11.0
Creating working copy for https://github.com/pointfreeco/xctest-dynamic-overlay
Working copy of https://github.com/pointfreeco/xctest-dynamic-overlay resolved at 1.10.1
Creating working copy for https://github.com/apple/swift-argument-parser.git
Working copy of https://github.com/apple/swift-argument-parser.git resolved at 1.8.2
Creating working copy for https://github.com/OpenCombine/OpenCombine.git
Working copy of https://github.com/OpenCombine/OpenCombine.git resolved at 0.14.0
Creating working copy for https://github.com/pointfreeco/swift-dependencies.git
Working copy of https://github.com/pointfreeco/swift-dependencies.git resolved at 1.14.1
Downloading package prebuilt https://download.swift.org/prebuilts/swift-syntax/602.0.0/swift-6.3.2-RELEASE-ubuntu_jammy_x86_64-MacroSupport.tar.gz
Downloaded https://download.swift.org/prebuilts/swift-syntax/602.0.0/swift-6.3.2-RELEASE-ubuntu_jammy_x86_64-MacroSupport.tar.gz (0.26s)
[1/1] Compiling plugin GenerateManual
[2/2] Compiling plugin GenerateDoccReference
Building for debugging...
[2/144] Write sources
[27/144] Compiling _SwiftSyntaxCShims PlatformMutex.c
[28/144] Write sources
[31/144] Compiling _SwiftSyntaxCShims PlatformMutex.c
[32/144] Write sources
[42/144] Copying _Templates
[43/144] Write sources
[50/144] Write swift-version-24593BA9C3E375BF.txt
[50/144] Write sources
[61/144] Compiling _SubprocessCShims process_shims.c
[63/160] Emitting module SwiftSyntax602
[64/160] Compiling SwiftSyntax602 Empty.swift
[65/160] Emitting module SwiftSyntax602
[66/161] Compiling SwiftSyntax510 Empty.swift
[67/161] Emitting module SwiftSyntax510
[68/162] Emitting module SwiftSyntax600
[69/162] Compiling SwiftSyntax600 Empty.swift
[73/163] Compiling SwiftSyntax602 Empty.swift
[75/183] Emitting module SwiftSyntax509
[76/183] Compiling SwiftSyntax509 Empty.swift
[77/183] Emitting module SwiftSyntax509
[78/183] Compiling SwiftSyntax509 Empty.swift
[81/200] Emitting module SwiftSyntax510
[82/200] Compiling SwiftSyntax510 Empty.swift
[83/201] Emitting module SwiftSyntax600
[84/201] Compiling SwiftSyntax600 Empty.swift
[86/202] Emitting module Path
[88/202] Emitting module SwiftSyntax601
[89/202] Compiling SwiftSyntax601 Empty.swift
[91/203] Emitting module SwiftSyntax601
[94/310] Compiling Logging LoggingSystem.swift
[95/311] Compiling SwiftSyntax RawSyntaxLayoutView.swift
[96/311] Compiling SwiftSyntax RawSyntaxNodeProtocol.swift
[97/311] Compiling SwiftSyntax RawSyntaxTokenView.swift
[98/311] Compiling SwiftSyntax AbsolutePosition.swift
[99/311] Compiling SwiftSyntax AbsoluteSyntaxInfo.swift
[100/313] Compiling InternalCollectionsUtilities _SortedCollection.swift
[101/313] Compiling InternalCollectionsUtilities _UniqueCollection.swift
[102/313] Compiling SwiftSyntax RawSyntax.swift
[103/313] Compiling SwiftSyntax RawSyntaxArena.swift
[104/313] Compiling SwiftSyntax MemoryLayout.swift
[105/313] Compiling SwiftSyntax MissingNodeInitializers.swift
[106/313] Compiling Path Path.swift
[108/314] Compiling Logging Logger.swift
[109/314] Compiling Logging Logger+With.swift
[110/314] Compiling Logging Logger+Attributes.swift
[111/377] Emitting module InternalCollectionsUtilities
[112/377] Compiling SwiftSyntax AbsolutePosition.swift
[113/377] Compiling SwiftSyntax AbsoluteSyntaxInfo.swift
[114/377] Compiling SwiftSyntax EditorPlaceholder.swift
[115/377] Compiling SwiftSyntax SourceLength.swift
[116/377] Compiling SwiftSyntax ArenaAllocatedBuffer.swift
[117/377] Compiling SwiftSyntax Assert.swift
[118/377] Compiling SwiftSyntax BumpPtrAllocator.swift
[119/377] Compiling SwiftSyntax CommonAncestor.swift
[120/377] Compiling SwiftSyntax Convenience.swift
[121/377] Compiling SwiftSyntax CustomTraits.swift
[122/378] Wrapping AST for SwiftSyntax602 for debugging
[124/414] Compiling ContainersPreview Container+SpanwiseZip.swift
[125/414] Compiling ContainersPreview Container.swift
[126/414] Compiling ContainersPreview ContainerIterator.swift
[127/414] Compiling ContainersPreview DynamicContainer.swift
[128/414] Compiling ContainersPreview MutableContainer.swift
[129/414] Compiling ContainersPreview Drain+Map.swift
[130/414] Compiling ContainersPreview Drain+Reduce.swift
[131/414] Compiling ContainersPreview Drain.swift
[132/414] Compiling ContainersPreview Producer+Collect.swift
[133/414] Compiling ContainersPreview Producer+Filter.swift
[134/418] Compiling ContainersPreview BorrowingIteratorProtocol+Map.swift
[135/418] Compiling ContainersPreview BorrowingIteratorProtocol+Reduce.swift
[136/418] Compiling ContainersPreview BorrowingIteratorProtocol+SpanwiseZip.swift
[137/418] Compiling ContainersPreview BorrowingIteratorProtocol.swift
[138/418] Compiling ContainersPreview BorrowingSequence+Algorithms.swift
[139/418] Compiling ContainersPreview Producer+Map.swift
[140/418] Compiling ContainersPreview Producer+Reduce.swift
[141/418] Compiling ContainersPreview Producer.swift
[142/418] Compiling ContainersPreview InputSpan.swift
[143/418] Compiling ContainersPreview MutableRef.swift
[144/418] Compiling ContainersPreview BorrowingSequence+Standard Conformances.swift
[145/418] Compiling ContainersPreview BorrowingSequence+Utilities.swift
[146/418] Compiling ContainersPreview BorrowingSequence.swift
[147/418] Compiling ContainersPreview BidirectionalContainer.swift
[148/418] Compiling ContainersPreview Container+Filter.swift
[149/418] Compiling ContainersPreview OutputSpan+Extras.swift
[150/418] Compiling ContainersPreview TemporaryAllocation.swift
[151/418] Compiling ContainersPreview BorrowingIteratorProtocol+Copy.swift
[152/418] Compiling ContainersPreview BorrowingIteratorProtocol+ElementsEqual.swift
[153/418] Compiling ContainersPreview BorrowingIteratorProtocol+Filter.swift
[158/418] Compiling ContainersPreview PermutableContainer.swift
[159/418] Compiling ContainersPreview RandomAccessContainer.swift
[160/418] Compiling ContainersPreview RangeExpression2.swift
[161/418] Compiling ContainersPreview RangeReplaceableContainer.swift
[162/418] Compiling ContainersPreview Strideable+Limits.swift
[163/426] Emitting module ContainersPreview
[166/426] Emitting module Logging
[169/426] Compiling Logging MetadataProvider.swift
[175/427] Compiling ContainersPreview Ref.swift
[176/427] Compiling ContainersPreview Shared.swift
[177/427] Compiling ContainersPreview SpanIterator.swift
[178/427] Compiling ContainersPreview UniqueBox.swift
[180/428] Wrapping AST for SwiftSyntax602 for debugging
[183/429] Wrapping AST for SwiftSyntax601 for debugging
[185/470] Wrapping AST for SwiftSyntax600 for debugging
[187/470] Compiling IssueReportingTestSupport SwiftTesting.swift
[188/470] Compiling IssueReportingTestSupport _Test.swift
[189/470] Emitting module IssueReportingTestSupport
[189/470] Wrapping AST for SwiftSyntax600 for debugging
[191/470] Compiling DequeModule Deque+Descriptions.swift
[192/470] Compiling DequeModule Deque+Equatable.swift
[193/470] Compiling DequeModule Deque+ExpressibleByArrayLiteral.swift
[193/472] Wrapping AST for SwiftSyntax510 for debugging
[196/472] Compiling DequeModule Deque+Codable.swift
[197/472] Compiling DequeModule Deque+Collection.swift
[198/472] Compiling DequeModule Deque+CustomReflectable.swift
[202/472] Compiling DequeModule RigidDeque+Removals.swift
[203/472] Compiling DequeModule RigidDeque+Replacements.swift
[204/472] Compiling DequeModule RigidDeque+Testing.swift
[206/480] Wrapping AST for SwiftSyntax509 for debugging
[209/480] Emitting module IssueReporting
[210/480] Compiling DequeModule RigidDeque+Equatable.swift
[211/480] Compiling DequeModule RigidDeque+Experimental.swift
[212/480] Compiling DequeModule RigidDeque+Hashable.swift
[213/480] Compiling DequeModule RigidDeque+Initializers.swift
[214/480] Compiling DequeModule RigidDeque+Insertions.swift
[215/480] Compiling DequeModule RigidDeque+Prepend.swift
[215/485] Wrapping AST for Path for debugging
[217/485] Emitting module Rainbow
[220/485] Compiling DequeModule _DequeBuffer.swift
[221/485] Compiling DequeModule _DequeBufferHeader.swift
[222/485] Compiling IssueReporting WithExpectedIssue.swift
[223/485] Compiling IssueReporting WithIssueContext.swift
[224/485] Compiling DequeModule RigidDeque+Container.swift
[225/485] Compiling DequeModule RigidDeque+Descriptions.swift
[226/485] Compiling DequeModule UniqueDeque+Hashable.swift
[227/485] Compiling DequeModule UniqueDeque+Initializers.swift
[228/485] Compiling DequeModule UniqueDeque+Insertions.swift
[229/485] Compiling DequeModule UniqueDeque+Prepend.swift
[230/485] Compiling DequeModule UniqueDeque+Removals.swift
[230/485] Wrapping AST for Logging for debugging
[232/485] Compiling SwiftSyntax ChildNameForKeyPath.swift
[233/485] Compiling SwiftSyntax Keyword.swift
[234/485] Compiling SwiftSyntax RenamedChildrenCompatibility.swift
[235/485] Compiling SwiftSyntax RenamedNodesCompatibility.swift
[236/485] Compiling SwiftSyntax SyntaxAnyVisitor.swift
[237/485] Compiling SwiftSyntax SyntaxBaseNodes.swift
[238/485] Compiling SwiftSyntax SyntaxCollections.swift
[239/485] Compiling SwiftSyntax SyntaxEnum.swift
[240/485] Compiling SwiftSyntax SyntaxKind.swift
[243/485] Wrapping AST for InternalCollectionsUtilities for debugging
[256/485] Compiling Rainbow StyledStringBuilder.swift
[256/485] Wrapping AST for ContainersPreview for debugging
[258/485] Compiling IssueReportingTestSupport XCTest.swift
[258/485] Write sources
[264/486] Compiling DequeModule RigidDeque.swift
[265/486] Compiling DequeModule UniqueDeque+Append.swift
[266/486] Compiling DequeModule UniqueDeque+Consumption.swift
[288/489] Compiling PathKit PathKit.swift
[289/489] Emitting module PathKit
[289/499] Wrapping AST for IssueReportingTestSupport for debugging
[290/499] Write sources
[291/499] Write Objects.LinkFileList
[296/500] Compiling writer.c
[298/500] Compiling ConcurrencyExtras Result.swift
[300/562] Compiling Noora ProgressStep.swift
[301/562] Compiling Noora SingleChoicePrompt.swift
[301/562] Wrapping AST for Rainbow for debugging
[303/562] Emitting module ConcurrencyExtras
[304/562] Compiling Noora Alert.swift
[305/562] Compiling Noora CollapsibleStep.swift
[308/562] Compiling Noora MultipleChoicePrompt.swift
[309/562] Compiling Noora ProgressBarStep.swift
[312/562] Compiling ConcurrencyExtras MainSerialExecutor.swift
[313/562] Compiling ConcurrencyExtras LockIsolated.swift
[313/565] Linking libIssueReportingTestSupport.so
[315/565] Compiling ConcurrencyExtras UncheckedSendable.swift
[317/565] Wrapping AST for PathKit for debugging
[319/565] Compiling XCTestDynamicOverlay Exports.swift
[320/565] Compiling ConcurrencyExtras Task.swift
[320/566] Wrapping AST for IssueReporting for debugging
[323/566] Compiling Noora TableColumn.swift
[324/566] Compiling Noora TableData.swift
[325/566] Compiling Noora TableRenderer.swift
[326/566] Compiling Noora NooraError.swift
[327/566] Compiling Noora NooraMock.swift
[328/566] Compiling Noora StandardPipelineType.swift
[329/566] Compiling Noora Theme.swift
[330/566] Compiling Noora KeyStrokeListener.swift
[331/566] Compiling Noora TableStyle.swift
[332/566] Emitting module XCTestDynamicOverlay
[332/566] Compiling reader.c
[334/566] Compiling Noora ValidationError.swift
[335/566] Compiling Noora LockIsolated.swift
[336/566] Compiling Noora Renderer.swift
[337/566] Compiling Noora Spinner.swift
[338/566] Compiling Noora StandardPipelines.swift
[339/566] Compiling Noora Terminal.swift
[340/566] Compiling Noora Stack.swift
[341/566] Compiling Noora Character+isPrintable.swift
[342/566] Compiling Noora String+Rainbow.swift
[345/566] Compiling Noora String+ValidatableError.swift
[346/566] Compiling Noora Noora.swift
[347/566] Compiling DequeModule Deque._UnsafeHandle.swift
[348/566] Compiling DequeModule Deque.swift
[353/574] Compiling scanner.c
[354/574] Wrapping AST for ConcurrencyExtras for debugging
[356/574] Compiling Clocks Timer.swift
[357/575] Compiling Clocks ImmediateClock.swift
[358/575] Compiling XCTestDynamicOverlay Deprecations.swift
[358/576] Compiling parser.c
[360/576] Emitting module Clocks
[361/576] Compiling Clocks AnyClock.swift
[363/576] Compiling Clocks Lock.swift
[364/576] Compiling Clocks _AsyncTimerSequence.swift
[364/576] Compiling api.c
[365/576] Compiling emitter.c
[366/576] Wrapping AST for XCTestDynamicOverlay for debugging
[367/576] Compiling CSystem shims.c
[369/576] Compiling Clocks SwiftUI.swift
[370/576] Compiling Clocks TestClock.swift
[371/576] Compiling Clocks UnimplementedClock.swift
[373/597] Compiling Yams Resolver.swift
[374/597] Compiling Yams String+Yams.swift
[375/597] Compiling Yams Mark.swift
[376/597] Compiling Yams Node.Alias.swift
[377/597] Compiling Yams Node.Mapping.swift
[378/597] Compiling Yams Decoder.swift
[379/597] Compiling Yams Emitter.swift
[380/597] Compiling Yams Encoder.swift
[381/597] Compiling Yams Tag.swift
[381/633] Compiling COpenCombineHelpers COpenCombineHelpers.cpp
[382/633] Wrapping AST for Clocks for debugging
[384/633] Compiling SystemPackage Errno.swift
[385/633] Compiling SystemPackage ErrnoWindows.swift
[386/633] Compiling SystemPackage FileDescriptor.swift
[387/727] Compiling OpenCombine PassthroughSubject.swift
[388/727] Compiling OpenCombine Published.swift
[389/727] Compiling OpenCombine Publisher+Subscribe.swift
[390/727] Compiling OpenCombine Deferred.swift
[391/727] Compiling OpenCombine Empty.swift
[392/732] Emitting module Stencil
[393/732] Emitting module Noora
[394/732] Compiling OpenCombine SubscriberTap.swift
[395/732] Compiling OpenCombine SubscriptionStatus.swift
[396/732] Compiling OpenCombine SubscriptionTap.swift
[397/732] Compiling OpenCombine Utils.swift
[398/732] Compiling OpenCombine Violations.swift
[399/736] Compiling OpenCombine DebugHook.swift
[400/736] Compiling OpenCombine FilterProducer.swift
[401/736] Compiling OpenCombine Locking.swift
[405/737] Compiling OpenCombine ImmediateScheduler.swift
[406/737] Compiling OpenCombine ObservableObject.swift
[407/737] Compiling OpenCombine GENERATED-RootProtocols.swift
[408/737] Compiling OpenCombine ConduitBase.swift
[409/737] Compiling OpenCombine ConduitList.swift
[410/737] Emitting module DequeModule
[411/737] Compiling OpenCombine CurrentValueSubject.swift
[412/737] Compiling OpenCombine CustomCombineIdentifierConvertible.swift
[413/737] Compiling OpenCombine Future.swift
[414/737] Compiling OpenCombine PartialCompletion.swift
[415/737] Compiling OpenCombine PublishedSubject.swift
[416/737] Compiling OpenCombine PublishedSubscriber.swift
[417/737] Compiling Noora InputValidating.swift
[418/737] Compiling Noora LengthValidationRule.swift
[419/737] Compiling Noora NonEmptyValidationRule.swift
[420/737] Compiling Noora RegexValidationRule.swift
[421/737] Compiling Noora Validator.swift
[422/737] Compiling OpenCombine ReduceProducer.swift
[423/737] Compiling OpenCombine SubjectSubscriber.swift
[424/737] Compiling OpenCombine Cancellable.swift
[425/737] Compiling OpenCombine Codable.swift
[426/737] Compiling OpenCombine CombineIdentifier.swift
[427/737] Compiling OpenCombine ConcurrencyHelpers.swift
[428/737] Compiling OpenCombine Future+Concurrency.swift
[429/737] Compiling OpenCombine GENERATED-Publisher+Concurrency.swift
[430/738] Compiling OpenCombine AnyCancellable.swift
[431/738] Compiling OpenCombine AnyPublisher.swift
[432/738] Compiling OpenCombine AnySubscriber.swift
[435/738] Write sources
[438/740] Wrapping AST for Stencil for debugging
[443/740] Compiling OpenCombine Publishers.Autoconnect.swift
[444/740] Compiling OpenCombine Publishers.Breakpoint.swift
[448/743] Compiling SystemPackage SystemString.swift
[449/743] Compiling SystemPackage Util+StringArray.swift
[450/743] Compiling SystemPackage Util.swift
[452/743] Write sources
[471/743] Compiling Yams YamlError.swift
[472/743] Compiling Yams YamlTagProviding.swift
[474/743] Wrapping AST for DequeModule for debugging
[475/743] Write sources
[493/743] Emitting module Yams
[494/750] Compiling AEXML Parser.swift
[500/750] Compiling AEXML Options.swift
[501/750] Compiling AEXML Error.swift
[511/751] Compiling AEXML Builders.swift
[512/751] Compiling AEXML Document.swift
[513/751] Compiling AEXML Element.swift
[515/751] Emitting module AEXML
[530/764] Emitting module SystemPackage
[533/764] Wrapping AST for Noora for debugging
[534/764] Write Objects.LinkFileList
[535/764] Archiving libNoora.a
[536/774] Wrapping AST for AEXML for debugging
[538/857] Compiling ArgumentParserToolInfo ToolInfo.swift
[539/857] Emitting module ArgumentParserToolInfo
[540/858] Emitting module OpenCombine
[541/858] Wrapping AST for ArgumentParserToolInfo for debugging
[543/905] Compiling ArgumentParser ParsableArguments.swift
[544/905] Compiling ArgumentParser Name.swift
[545/905] Compiling ArgumentParser Parsed.swift
[546/905] Compiling ArgumentParser ParsedValues.swift
[547/905] Compiling ArgumentParser ParserError.swift
[548/905] Compiling ArgumentParser SplitArguments.swift
[549/905] Compiling ArgumentParser DumpHelpGenerator.swift
[550/905] Compiling ArgumentParser ArgumentVisibility.swift
[551/905] Compiling ArgumentParser CompletionKind.swift
[552/905] Compiling ArgumentParser Errors.swift
[553/905] Compiling ArgumentParser Flag.swift
[554/905] Compiling ArgumentParser NameSpecification.swift
[555/905] Compiling ArgumentParser Option.swift
[556/905] Compiling ArgumentParser CommandParser.swift
[557/905] Compiling ArgumentParser InputKey.swift
[558/905] Compiling ArgumentParser InputOrigin.swift
[559/905] Compiling ArgumentParser HelpCommand.swift
[560/905] Compiling ArgumentParser HelpGenerator.swift
[561/905] Compiling ArgumentParser MessageInfo.swift
[562/906] Compiling XcodeProj PBXFileElement.swift
[563/906] Compiling XcodeProj PBXFileReference.swift
[564/906] Compiling XcodeProj PBXFileSystemSynchronizedBuildFileExceptionSet.swift
[565/906] Compiling XcodeProj PBXFileSystemSynchronizedExceptionSet.swift
[566/906] Compiling XcodeProj PBXFileSystemSynchronizedGroupBuildPhaseMembershipExceptionSet.swift
[567/906] Compiling XcodeProj PBXFileSystemSynchronizedRootGroup.swift
[568/906] Compiling XcodeProj PBXGroup.swift
[569/906] Compiling XcodeProj PBXSourceTree.swift
[570/906] Compiling XcodeProj PBXVariantGroup.swift
[571/906] Compiling XcodeProj XCVersionGroup.swift
[572/906] Compiling XcodeProj PBXObject.swift
[573/906] Compiling XcodeProj PBXObjectDictionaryEntry.swift
[574/906] Compiling XcodeProj PBXObjectReference.swift
[580/906] Compiling ArgumentParser UsageGenerator.swift
[581/906] Compiling ArgumentParser CollectionExtensions.swift
[582/906] Compiling ArgumentParser Foundation.swift
[583/906] Compiling ArgumentParser ParentCommand.swift
[584/906] Compiling ArgumentParser AsyncParsableCommand.swift
[585/906] Compiling ArgumentParser CommandConfiguration.swift
[586/906] Compiling ArgumentParser CommandGroup.swift
[587/906] Compiling ArgumentParser EnumerableFlag.swift
[588/906] Compiling ArgumentParser ExpressibleByArgument.swift
[589/906] Compiling ArgumentParser OptionGroup.swift
[590/906] Compiling ArgumentParser Mutex.swift
[591/906] Compiling ArgumentParser Platform.swift
[592/906] Compiling ArgumentParser SequenceExtensions.swift
[593/906] Compiling ArgumentParser StringExtensions.swift
[594/906] Compiling ArgumentParser SwiftExtensions.swift
[595/906] Compiling ArgumentParser Tree.swift
[596/906] Compiling XcodeProj PBXSourcesBuildPhase.swift
[597/906] Compiling XcodeProj BuildSettings.swift
[598/906] Compiling XcodeProj XCBuildConfiguration.swift
[599/906] Compiling XcodeProj XCConfigurationList.swift
[600/906] Compiling XcodeProj PBXContainerItem.swift
[601/906] Compiling XcodeProj PBXContainerItemProxy.swift
[601/906] Wrapping AST for Yams for debugging
[603/906] Compiling XcodeProj CommentedString.swift
[604/906] Compiling OpenCombine Scheduler.swift
[605/906] Compiling OpenCombine Subject+Void.swift
[606/906] Compiling OpenCombine Subscriber+Void.swift
[607/906] Compiling OpenCombine Subscribers.Assign.swift
[608/906] Compiling OpenCombine Subscribers.Completion.swift
[609/906] Compiling OpenCombine Subscribers.Demand.swift
[610/906] Compiling OpenCombine Subscribers.Sink.swift
[611/906] Compiling OpenCombine Subscribers.swift
[612/906] Compiling OpenCombine Subscription.swift
[613/906] Compiling OpenCombine Subscriptions.swift
[614/906] Compiling OpenCombine _Introspection.swift
[621/912] Emitting module ArgumentParser
[629/912] Compiling ArgumentParser BashCompletionsGenerator.swift
[630/912] Compiling ArgumentParser CompletionsGenerator.swift
[631/912] Compiling ArgumentParser FishCompletionsGenerator.swift
[632/912] Compiling ArgumentParser ZshCompletionsGenerator.swift
[633/912] Compiling ArgumentParser Argument.swift
[634/912] Compiling ArgumentParser ArgumentDiscussion.swift
[635/912] Compiling ArgumentParser ArgumentHelp.swift
[636/912] Compiling XcodeProj XCScheme+AditionalOption.swift
[637/912] Compiling XcodeProj XCScheme+Runnable.swift
[638/912] Compiling XcodeProj XCScheme+SerialAction.swift
[639/912] Compiling XcodeProj XCScheme+StoreKitConfigurationFileReference.swift
[640/912] Compiling XcodeProj XCScheme+TestAction.swift
[641/912] Compiling XcodeProj XCScheme+TestItem.swift
[642/912] Compiling XcodeProj XCScheme+TestParallelization.swift
[643/912] Compiling XcodeProj XCScheme+TestPlanReference.swift
[644/912] Compiling XcodeProj XCScheme+TestableReference.swift
[645/912] Compiling XcodeProj XCScheme.swift
[646/912] Compiling XcodeProj XCSchemeManagement.swift
[647/912] Compiling XcodeProj BuildSettingsProvider.swift
[648/912] Compiling XcodeProj Collection+Extras.swift
[649/912] Compiling XcodeProj PBXObjects.swift
[650/912] Compiling XcodeProj PBXProductType.swift
[651/912] Compiling XcodeProj PBXReferenceProxy.swift
[652/912] Compiling XcodeProj PBXTarget.swift
[653/912] Compiling XcodeProj PBXTargetDependency.swift
[654/912] Compiling XcodeProj WorkspaceSettings.swift
[655/912] Compiling XcodeProj XCBreakpointList.swift
[656/912] Compiling XcodeProj XCDebugger.swift
[657/912] Compiling XcodeProj XCSharedData.swift
[658/912] Compiling XcodeProj XCUserData.swift
[659/912] Compiling XcodeProj Xcode.swift
[660/912] Compiling XcodeProj XcodeProj.swift
[661/912] Compiling XcodeProj Writable.swift
[662/913] Emitting module XcodeProj
[663/929] Wrapping AST for OpenCombine for debugging
[665/939] Compiling ArgumentParser AsyncCompletionsValidator.swift
[666/939] Compiling ArgumentParser CodingKeyValidator.swift
[667/939] Compiling ArgumentParser NonsenseFlagsValidator.swift
[668/939] Compiling ArgumentParser ParsableArgumentsValidation.swift
[669/939] Compiling ArgumentParser PositionalArgumentsValidator.swift
[670/939] Compiling ArgumentParser UniqueNamesValidator.swift
[690/939] Compiling ArgumentParser ArgumentSet.swift
[695/939] Compiling OpenCombineFoundation NotificationCenter.swift
[697/939] Compiling ArgumentParser ParsableCommand.swift
[698/939] Compiling ArgumentParser ArgumentDecoder.swift
[699/939] Compiling ArgumentParser ArgumentDefinition.swift
[700/940] Compiling OpenCombineFoundation Utils.swift
[701/940] Compiling OpenCombineFoundation Violations.swift
[703/941] Compiling OpenCombineDispatch DispatchQueue+Scheduler.swift
[704/941] Emitting module OpenCombineDispatch
[705/942] Compiling OpenCombineFoundation Timer+Publisher.swift
[719/946] Wrapping AST for SystemPackage for debugging
[721/964] Emitting module OpenCombineFoundation
[735/965] Compiling Subprocess API.swift
[736/965] Compiling Subprocess Buffer.swift
[737/1007] Compiling OpenCombineFoundation PropertyListEncoder.swift
[738/1007] Compiling OpenCombineFoundation RunLoop+Scheduler.swift
[738/1007] Wrapping AST for OpenCombineDispatch for debugging
[740/1007] Compiling Configuration AccessReporter.swift
[741/1007] Compiling Configuration AccessLogger.swift
[742/1007] Compiling Configuration FileAccessLogger.swift
[743/1007] Compiling Configuration ConfigContext.swift
[744/1007] Compiling Configuration ConfigKey.swift
[745/1007] Compiling Configuration ConfigProvider.swift
[746/1007] Compiling Configuration Deprecations.swift
[747/1007] Compiling Configuration ExpressibleByConfigInt.swift
[748/1007] Compiling Configuration ExpressibleByConfigString.swift
[749/1007] Compiling Configuration CLIKeyEncoder.swift
[750/1007] Compiling Configuration ConfigKeyEncoder.swift
[751/1007] Compiling Configuration DotSeparatorKeyDecoder.swift
[752/1007] Compiling Configuration ConfigProviderHelpers.swift
[753/1007] Compiling Configuration ConfigReader+internalHelpers.swift
[754/1007] Compiling OpenCombineFoundation OperationQueue+Scheduler.swift
[757/1007] Compiling OpenCombineFoundation URLSession.swift
[772/1008] Compiling Configuration ConfigReader+methods.swift
[773/1008] Compiling Configuration ConfigReader.swift
[774/1008] Compiling Configuration ConfigSnapshotReader+methods.swift
[775/1008] Compiling Configuration ConfigSnapshotReader.swift
[776/1008] Compiling Configuration JSONSnapshot.swift
[777/1008] Compiling Configuration PropertyListSnapshot.swift
[778/1008] Compiling Configuration ReloadingFileProvider.swift
[779/1008] Compiling Configuration ReloadingFileProviderMetrics.swift
[780/1008] Compiling Configuration YAMLSnapshot.swift
[781/1008] Compiling Configuration InMemoryProvider.swift
[782/1008] Compiling Configuration MutableInMemoryProvider.swift
[783/1008] Compiling Configuration ConfigProvider+Operators.swift
[784/1008] Compiling Configuration KeyMappingProvider.swift
[784/1008] Wrapping AST for OpenCombineFoundation for debugging
[786/1010] Compiling OpenCombineShim OpenCombineShim.swift
[787/1010] Emitting module OpenCombineShim
[801/1010] Compiling Configuration FileProvider.swift
[802/1010] Compiling Configuration FileProviderSnapshot.swift
[821/1012] Wrapping AST for OpenCombineShim for debugging
[827/1028] Compiling CombineSchedulers Lock.swift
[828/1028] Compiling CombineSchedulers NSRecursiveLock.swift
[829/1028] Compiling CombineSchedulers TestScheduler.swift
[830/1028] Compiling CombineSchedulers Timer.swift
[833/1029] Compiling CombineSchedulers SwiftUI.swift
[834/1029] Compiling CombineSchedulers ImmediateScheduler.swift
[835/1029] Compiling CombineSchedulers Deprecations.swift
[835/1033] Wrapping AST for ArgumentParser for debugging
[837/1033] Compiling CombineSchedulers Platform.swift
[839/1034] Emitting module Configuration
[843/1034] Compiling CombineSchedulers UnimplementedScheduler.swift
[844/1034] Emitting module Subprocess
[845/1034] Compiling CombineSchedulers UIScheduler.swift
[846/1034] Compiling CombineSchedulers UIKit.swift
[847/1034] Compiling XcodeProj Decoders.swift
[848/1034] Compiling XcodeProj JSONDecoding.swift
[849/1034] Compiling XcodeProj PBXBatchUpdater.swift
[850/1034] Compiling XcodeProj PlistDecoding.swift
[851/1034] Compiling XcodeProj PlistValue.swift
[852/1034] Compiling XcodeProj ReferenceGenerator.swift
[853/1034] Compiling XcodeProj XCConfig.swift
[854/1034] Compiling XcodeProj XCWorkspace.swift
[855/1034] Compiling XcodeProj XCWorkspaceData.swift
[856/1034] Compiling XcodeProj XCWorkspaceDataElement.swift
[857/1034] Compiling XcodeProj XCWorkspaceDataElementLocationType.swift
[858/1034] Compiling XcodeProj XCWorkspaceDataFileRef.swift
[859/1034] Compiling XcodeProj XCWorkspaceDataGroup.swift
[860/1035] Compiling CombineSchedulers AnyScheduler.swift
[861/1035] Compiling CombineSchedulers Concurrency.swift
[862/1035] Emitting module CombineSchedulers
[863/1035] Wrapping AST for XcodeProj for debugging
[868/1035] Compiling Subprocess SubprocessOutputSequence.swift
[869/1035] Compiling Subprocess Teardown.swift
[870/1035] Compiling Subprocess Thread.swift
[874/1035] Compiling Configuration SecretsSpecifier.swift
[875/1035] Compiling Configuration AsyncCombineLatestManySequence.swift
[876/1035] Compiling Configuration CombineLatestManyStateMachine.swift
[877/1035] Compiling Configuration SeparatorKeyEncoder.swift
[878/1035] Compiling Configuration MultiProvider.swift
[879/1035] Compiling Configuration CLIArgumentParser.swift
[880/1035] Compiling Configuration CLISnapshot.swift
[881/1035] Compiling Configuration CommandLineArgumentsProvider.swift
[882/1035] Compiling Configuration EnvironmentFileParser.swift
[883/1035] Compiling Configuration EnvironmentKeyEncoder.swift
[884/1035] Compiling Configuration EnvironmentVariablesProvider.swift
[885/1035] Compiling Configuration CommonProviderFileSystem.swift
[886/1035] Compiling Configuration DirectoryFilesProvider.swift
[889/1035] Compiling Configuration CombineLatestManyStorage.swift
[890/1035] Compiling Configuration AsyncSequences.swift
[891/1035] Compiling Configuration FoundationExtensions.swift
[892/1035] Compiling Configuration Span.swift
[893/1035] Compiling Configuration ConfigBytesFromStringDecoder.swift
[894/1035] Emitting module SwiftSyntax
[910/1036] Wrapping AST for CombineSchedulers for debugging
[912/1061] Compiling Dependencies Exports.swift
[913/1061] Compiling Dependencies SendableKeyPath.swift
[914/1061] Compiling Dependencies TypeName.swift
[915/1061] Compiling Dependencies Dependency.swift
[916/1061] Compiling Dependencies DependencyContext.swift
[917/1061] Compiling Dependencies DependencyKey.swift
[922/1065] Compiling Dependencies Assert.swift
[923/1065] Compiling Dependencies Calendar.swift
[924/1065] Compiling Dependencies Clocks.swift
[925/1065] Compiling Dependencies Context.swift
[925/1065] Wrapping AST for Subprocess for debugging
[926/1065] Compiling Dependencies Date.swift
[927/1065] Compiling Dependencies FireAndForget.swift
[928/1065] Compiling Dependencies Locale.swift
[929/1065] Compiling Dependencies MainQueue.swift
[931/1065] Emitting module SwiftSyntax
[932/1065] Compiling Dependencies TimeZone.swift
[933/1065] Compiling Dependencies URLSession.swift
[934/1065] Compiling Dependencies UUID.swift
[935/1065] Compiling Dependencies MainRunLoop.swift
[936/1065] Compiling Dependencies NotificationCenter.swift
[937/1065] Compiling Dependencies OpenURL.swift
[938/1065] Emitting module Dependencies
[939/1065] Compiling Dependencies WithRandomNumberGenerator.swift
[940/1065] Compiling Dependencies AppEntryPoint.swift
[941/1065] Compiling Dependencies Deprecations.swift
[942/1065] Compiling Dependencies PreviewTrait.swift
[943/1065] Compiling Dependencies TestTrait.swift
[944/1065] Compiling Dependencies WithDependencies.swift
[948/1065] Compiling Dependencies DependencyValues.swift
[949/1066] Wrapping AST for Dependencies for debugging
[963/1067] Wrapping AST for Configuration for debugging
[1034/1084] Wrapping AST for SwiftSyntax for debugging
[1036/1127] Emitting module SwiftDiagnostics
[1037/1128] Compiling SwiftDiagnostics Note.swift
[1038/1128] Compiling SwiftBasicFormat Syntax+Extensions.swift
[1039/1128] Compiling SwiftBasicFormat SyntaxProtocol+Formatted.swift
[1040/1128] Compiling SwiftDiagnostics Message.swift
[1041/1128] Compiling SwiftParser Attributes.swift
[1042/1128] Compiling SwiftParser Availability.swift
[1043/1128] Compiling SwiftBasicFormat Trivia+FormatExtensions.swift
[1044/1128] Compiling SwiftParser CharacterInfo.swift
[1045/1128] Compiling SwiftParser CollectionNodes+Parsable.swift
[1046/1128] Compiling SwiftBasicFormat InferIndentation.swift
[1047/1128] Compiling SwiftDiagnostics FixIt.swift
[1048/1128] Compiling SwiftDiagnostics GroupedDiagnostics.swift
[1057/1129] Compiling SwiftDiagnostics DiagnosticDecorator.swift
[1058/1129] Compiling SwiftDiagnostics DiagnosticsFormatter.swift
[1060/1130] Wrapping AST for SwiftDiagnostics for debugging
[1062/1130] Emitting module SwiftBasicFormat
[1063/1130] Compiling SwiftBasicFormat BasicFormat.swift
[1064/1130] Compiling SwiftBasicFormat Indenter.swift
[1065/1145] Wrapping AST for SwiftBasicFormat for debugging
[1066/1169] Wrapping AST for SwiftSyntax for debugging
[1068/1190] Compiling SwiftDiagnostics Message.swift
[1069/1191] Compiling SwiftBasicFormat Syntax+Extensions.swift
[1070/1191] Compiling SwiftBasicFormat SyntaxProtocol+Formatted.swift
[1071/1191] Compiling SwiftBasicFormat Trivia+FormatExtensions.swift
[1072/1191] Compiling SwiftDiagnostics FixIt.swift
[1073/1191] Emitting module SwiftDiagnostics
[1074/1191] Compiling SwiftParser Attributes.swift
[1075/1191] Compiling SwiftParser Availability.swift
[1076/1191] Compiling SwiftParser StringLiteralRepresentedLiteralValue.swift
[1077/1191] Compiling SwiftParser TokenSpec.swift
[1078/1191] Compiling SwiftParser TokenSpecSet.swift
[1079/1191] Compiling SwiftParser TopLevel.swift
[1080/1191] Compiling SwiftParser TriviaParser.swift
[1081/1191] Compiling SwiftParser Types.swift
[1082/1196] Compiling SwiftDiagnostics Note.swift
[1083/1196] Compiling SwiftBasicFormat Indenter.swift
[1084/1196] Compiling SwiftParser ParseSourceFile.swift
[1085/1196] Compiling SwiftParser Parser.swift
[1086/1196] Compiling SwiftParser Patterns.swift
[1087/1196] Compiling SwiftParser Recovery.swift
[1088/1196] Compiling SwiftParser Specifiers.swift
[1089/1196] Compiling SwiftParser Statements.swift
[1090/1196] Compiling SwiftDiagnostics GroupedDiagnostics.swift
[1091/1196] Compiling SwiftBasicFormat InferIndentation.swift
[1092/1196] Compiling SwiftDiagnostics DiagnosticDecorator.swift
[1093/1196] Compiling SwiftParser CharacterInfo.swift
[1094/1196] Compiling SwiftParser CollectionNodes+Parsable.swift
[1095/1196] Compiling SwiftDiagnostics DiagnosticsFormatter.swift
[1096/1197] Wrapping AST for SwiftDiagnostics for debugging
[1098/1197] Emitting module SwiftParser
[1099/1197] Compiling SwiftParser Lexeme.swift
[1100/1197] Compiling SwiftParser LexemeSequence.swift
[1101/1197] Compiling SwiftParser Lexer.swift
[1102/1197] Compiling SwiftParser RegexLiteralLexer.swift
[1103/1197] Compiling SwiftParser UnicodeScalarExtensions.swift
[1104/1197] Compiling SwiftParser Lookahead.swift
[1105/1197] Emitting module SwiftBasicFormat
[1106/1197] Compiling SwiftBasicFormat BasicFormat.swift
[1107/1198] Wrapping AST for SwiftBasicFormat for debugging
[1113/1198] Compiling SwiftParser CompilerFiles.swift
[1114/1198] Compiling SwiftParser Declarations.swift
[1115/1198] Compiling SwiftParser LoopProgressCondition.swift
[1116/1198] Compiling SwiftParser Modifiers.swift
[1117/1198] Compiling SwiftParser Names.swift
[1118/1198] Compiling SwiftParser Nominals.swift
[1119/1198] Compiling SwiftParser Parameters.swift
[1121/1203] Compiling SwiftParser StringLiterals.swift
[1122/1203] Compiling SwiftParser SwiftParserCompatibility.swift
[1123/1203] Compiling SwiftParser SwiftVersion.swift
[1124/1203] Compiling SwiftParser SyntaxUtils.swift
[1125/1203] Compiling SwiftParser TokenConsumer.swift
[1126/1203] Compiling SwiftParser TokenPrecedence.swift
[1127/1203] Emitting module SwiftParser
[1139/1203] Compiling SwiftParser Directives.swift
[1140/1203] Compiling SwiftParser ExpressionInterpretedAsVersionTuple.swift
[1141/1203] Compiling SwiftParser Expressions.swift
[1142/1203] Compiling SwiftParser IncrementalParseTransition.swift
[1143/1203] Compiling SwiftParser IsValidIdentifier.swift
[1144/1203] Compiling SwiftParser Cursor.swift
[1174/1203] Compiling SwiftParser ExperimentalFeatures.swift
[1175/1203] Compiling SwiftParser IsLexerClassified.swift
[1176/1203] Compiling SwiftParser LayoutNodes+Parsable.swift
[1177/1203] Compiling SwiftParser Parser+TokenSpecSet.swift
[1178/1203] Compiling SwiftParser TokenSpecStaticMembers.swift
[1179/1204] Wrapping AST for SwiftParser for debugging
[1181/1217] Compiling SwiftParserDiagnostics SyntaxKindNameForDiagnostics.swift
[1182/1218] Compiling SwiftParserDiagnostics TokenNameForDiagnostics.swift
[1188/1219] Wrapping AST for SwiftParser for debugging
[1190/1242] Compiling SwiftOperators Operator.swift
[1191/1242] Compiling SwiftOperators OperatorError+Diagnostics.swift
[1192/1242] Compiling SwiftParserDiagnostics ChildNameForDiagnostics.swift
[1193/1242] Compiling SwiftParserDiagnostics SyntaxKindNameForDiagnostics.swift
[1194/1243] Compiling SwiftOperators PrecedenceGroup.swift
[1195/1244] Compiling SwiftOperators PrecedenceGraph.swift
[1196/1244] Compiling SwiftParserDiagnostics TokenNameForDiagnostics.swift
[1197/1244] Compiling SwiftOperators OperatorTable.swift
[1198/1244] Compiling SwiftOperators SyntaxSynthesis.swift
[1199/1244] Compiling SwiftOperators OperatorTable+Semantics.swift
[1200/1244] Compiling SwiftOperators OperatorTable+Folding.swift
[1203/1244] Emitting module SwiftOperators
[1204/1244] Compiling SwiftOperators OperatorError.swift
[1205/1244] Compiling SwiftOperators OperatorTable+Defaults.swift
[1207/1245] Compiling SwiftParserDiagnostics ChildNameForDiagnostics.swift
[1208/1245] Compiling SwiftParserDiagnostics SyntaxExtensions.swift
[1209/1245] Compiling SwiftParserDiagnostics Utils.swift
[1209/1245] Wrapping AST for SwiftOperators for debugging
[1211/1245] Emitting module SwiftParserDiagnostics
[1214/1245] Compiling SwiftParserDiagnostics MissingNodesError.swift
[1215/1245] Compiling SwiftParserDiagnostics MissingTokenError.swift
[1216/1245] Compiling SwiftParserDiagnostics MultiLineStringLiteralDiagnosticsGenerator.swift
[1217/1245] Compiling SwiftParserDiagnostics ParseDiagnosticsGenerator.swift
[1222/1245] Emitting module SwiftParserDiagnostics
[1223/1246] Wrapping AST for SwiftParserDiagnostics for debugging
[1225/1261] Compiling SwiftSyntaxBuilder SyntaxParsable+ExpressibleByStringInterpolation.swift
[1226/1261] Compiling SwiftSyntaxBuilder ValidatingSyntaxNodes.swift
[1227/1261] Compiling SwiftSyntaxBuilder ConvenienceInitializers.swift
[1228/1261] Compiling SwiftSyntaxBuilder DeclSyntaxParseable.swift
[1229/1261] Compiling SwiftSyntaxBuilder Indenter.swift
[1230/1261] Compiling SwiftSyntaxBuilder ListBuilder.swift
[1231/1265] Wrapping AST for SwiftParserDiagnostics for debugging
[1233/1277] Compiling SwiftSyntaxBuilder RenamedChildrenBuilderCompatibility.swift
[1234/1277] Compiling SwiftSyntaxBuilder ResultBuilders.swift
[1235/1277] Compiling SwiftSyntaxBuilder SyntaxParsable+ExpressibleByStringInterpolation.swift
[1236/1277] Compiling SwiftSyntaxBuilder ValidatingSyntaxNodes.swift
[1237/1278] Compiling SwiftSyntaxBuilder Indenter.swift
[1238/1278] Compiling SwiftSyntaxBuilder ListBuilder.swift
[1239/1279] Compiling SwiftSyntaxBuilder Syntax+StringInterpolation.swift
[1240/1279] Compiling SwiftSyntaxBuilder SyntaxNodeWithBody.swift
[1241/1279] Compiling SwiftSyntaxBuilder WithTrailingCommaSyntax+EnsuringTrailingComma.swift
[1242/1279] Compiling SwiftSyntaxBuilder BuildableNodes.swift
[1245/1279] Compiling SwiftSyntaxBuilder ResultBuilderExtensions.swift
[1246/1279] Compiling SwiftSyntaxBuilder SwiftSyntaxBuilderCompatibility.swift
[1247/1279] Emitting module SwiftSyntaxBuilder
[1248/1279] Compiling SwiftSyntaxBuilder ConvenienceInitializers.swift
[1249/1279] Compiling SwiftSyntaxBuilder DeclSyntaxParseable.swift
[1250/1279] Compiling SwiftSyntaxBuilder SyntaxExpressibleByStringInterpolationConformances.swift
[1255/1280] Wrapping AST for SwiftSyntaxBuilder for debugging
[1257/1280] Emitting module SwiftSyntaxBuilder
[1258/1280] Compiling SwiftSyntaxBuilder SyntaxExpressibleByStringInterpolationConformances.swift
[1267/1281] Wrapping AST for SwiftSyntaxBuilder for debugging
[1269/1298] Compiling SwiftSyntaxMacros Macro.swift
[1270/1298] Compiling SwiftSyntaxMacros MemberAttributeMacro.swift
[1271/1300] Compiling SwiftSyntaxMacros AccessorMacro.swift
[1272/1300] Compiling SwiftSyntaxMacros AttachedMacro.swift
[1273/1300] Compiling SwiftSyntaxMacros BodyMacro.swift
[1274/1300] Compiling SwiftSyntaxMacros ExpressionMacro.swift
[1275/1300] Compiling SwiftSyntaxMacros ExtensionMacro.swift
[1276/1300] Compiling SwiftSyntaxMacros CodeItemMacro.swift
[1277/1300] Compiling SwiftSyntaxMacros DeclarationMacro.swift
[1278/1300] Compiling SwiftSyntaxMacros FreestandingMacro.swift
[1279/1300] Compiling SwiftSyntaxMacros Macro+Format.swift
[1280/1300] Compiling SwiftSyntaxMacros MemberMacro.swift
[1281/1300] Compiling SwiftSyntaxMacros PeerMacro.swift
[1282/1300] Emitting module SwiftSyntaxMacros
[1283/1300] Compiling SwiftSyntaxMacros AbstractSourceLocation.swift
[1284/1300] Compiling SwiftSyntaxMacros MacroExpansionContext.swift
[1285/1300] Compiling SwiftSyntaxMacros MacroExpansionDiagnosticMessages.swift
[1286/1300] Compiling SwiftSyntaxMacros PreambleMacro.swift
[1287/1300] Compiling SwiftSyntaxMacros Syntax+LexicalContext.swift
[1288/1301] Wrapping AST for SwiftSyntaxMacros for debugging
[1290/1310] Emitting module SwiftSyntaxMacroExpansion
[1291/1310] Compiling SwiftSyntaxMacroExpansion MacroExpansionDiagnosticMessages.swift
[1292/1310] Compiling SwiftSyntaxMacroExpansion MacroExpansion.swift
[1293/1310] Compiling SwiftSyntaxMacroExpansion IndentationUtils.swift
[1294/1310] Compiling SwiftSyntaxMacroExpansion MacroArgument.swift
[1295/1310] Compiling SwiftSyntaxMacroExpansion BasicMacroExpansionContext.swift
[1296/1310] Compiling SwiftSyntaxMacroExpansion FunctionParameterUtils.swift
[1297/1311] Compiling SwiftSyntaxMacroExpansion MacroReplacement.swift
[1298/1311] Compiling SwiftSyntaxMacroExpansion MacroSpec.swift
[1299/1311] Compiling SwiftSyntaxMacroExpansion MacroSystem.swift
[1300/1312] Wrapping AST for SwiftSyntaxMacroExpansion for debugging
[1302/1324] Compiling SwiftCompilerPluginMessageHandling PluginMessageCompatibility.swift
[1303/1325] Compiling SwiftCompilerPluginMessageHandling StandardIOMessageConnection.swift
[1304/1325] Compiling SwiftCompilerPluginMessageHandling PluginMacroExpansionContext.swift
[1305/1325] Compiling SwiftCompilerPluginMessageHandling PluginMessages.swift
[1306/1325] Compiling SwiftCompilerPluginMessageHandling LRUCache.swift
[1307/1325] Compiling SwiftCompilerPluginMessageHandling Macros.swift
[1308/1325] Emitting module SwiftCompilerPluginMessageHandling
[1309/1325] Compiling SwiftCompilerPluginMessageHandling JSONDecoding.swift
[1310/1325] Compiling SwiftCompilerPluginMessageHandling JSONEncoding.swift
[1311/1325] Compiling SwiftCompilerPluginMessageHandling CodingUtilities.swift
[1312/1325] Compiling SwiftCompilerPluginMessageHandling JSON.swift
[1313/1325] Compiling SwiftCompilerPluginMessageHandling CompilerPluginMessageHandler.swift
[1314/1325] Compiling SwiftCompilerPluginMessageHandling Diagnostics.swift
[1315/1326] Wrapping AST for SwiftCompilerPluginMessageHandling for debugging
[1317/1328] Emitting module SwiftCompilerPlugin
[1318/1328] Compiling SwiftCompilerPlugin CompilerPlugin.swift
[1319/1329] Wrapping AST for SwiftCompilerPlugin for debugging
[1321/1335] Compiling DependenciesMacrosPlugin Plugins.swift
[1322/1335] Compiling DependenciesMacrosPlugin Support.swift
[1323/1335] Emitting module DependenciesMacrosPlugin
[1324/1335] Compiling DependenciesMacrosPlugin DependencyEndpointMacro.swift
[1325/1335] Compiling DependenciesMacrosPlugin DependencyClientMacro.swift
[1326/1335] Compiling DependenciesMacrosPlugin DependencyEntryMacro.swift
[1327/1336] Wrapping AST for DependenciesMacrosPlugin for debugging
[1328/1336] Write Objects.LinkFileList
[1329/1336] Linking DependenciesMacrosPlugin-tool
[1331/1339] Compiling DependenciesMacros Exports.swift
[1332/1339] Compiling DependenciesMacros Macros.swift
[1333/1339] Emitting module DependenciesMacros
[1334/1340] Wrapping AST for DependenciesMacros for debugging
[1336/1376] Compiling Core TVOSVersion.swift
/host/spi-builder-workspace/Sources/Core/DependencyValues/SubprocessClient.swift:13:8: error: no such module 'System'
11 | import IssueReporting
12 | import Subprocess
13 | import System
| `- error: no such module 'System'
14 |
15 | /// A client for running subprocess commands.
[1337/1376] Compiling Core TargetType.swift
/host/spi-builder-workspace/Sources/Core/DependencyValues/SubprocessClient.swift:13:8: error: no such module 'System'
11 | import IssueReporting
12 | import Subprocess
13 | import System
| `- error: no such module 'System'
14 |
15 | /// A client for running subprocess commands.
[1338/1376] Compiling Core TestingLibrary.swift
/host/spi-builder-workspace/Sources/Core/DependencyValues/SubprocessClient.swift:13:8: error: no such module 'System'
11 | import IssueReporting
12 | import Subprocess
13 | import System
| `- error: no such module 'System'
14 |
15 | /// A client for running subprocess commands.
[1339/1376] Compiling Core VisionOSVersion.swift
/host/spi-builder-workspace/Sources/Core/DependencyValues/SubprocessClient.swift:13:8: error: no such module 'System'
11 | import IssueReporting
12 | import Subprocess
13 | import System
| `- error: no such module 'System'
14 |
15 | /// A client for running subprocess commands.
[1340/1376] Compiling Core WatchOSVersion.swift
/host/spi-builder-workspace/Sources/Core/DependencyValues/SubprocessClient.swift:13:8: error: no such module 'System'
11 | import IssueReporting
12 | import Subprocess
13 | import System
| `- error: no such module 'System'
14 |
15 | /// A client for running subprocess commands.
[1341/1380] Compiling Core Path+Extensions.swift
/host/spi-builder-workspace/Sources/Core/DependencyValues/SubprocessClient.swift:13:8: error: no such module 'System'
11 | import IssueReporting
12 | import Subprocess
13 | import System
| `- error: no such module 'System'
14 |
15 | /// A client for running subprocess commands.
[1342/1380] Compiling Core String+Extensions.swift
/host/spi-builder-workspace/Sources/Core/DependencyValues/SubprocessClient.swift:13:8: error: no such module 'System'
11 | import IssueReporting
12 | import Subprocess
13 | import System
| `- error: no such module 'System'
14 |
15 | /// A client for running subprocess commands.
[1343/1380] Compiling Core DependencyGraphFormat.swift
/host/spi-builder-workspace/Sources/Core/DependencyValues/SubprocessClient.swift:13:8: error: no such module 'System'
11 | import IssueReporting
12 | import Subprocess
13 | import System
| `- error: no such module 'System'
14 |
15 | /// A client for running subprocess commands.
[1344/1380] Compiling Core File.swift
/host/spi-builder-workspace/Sources/Core/DependencyValues/SubprocessClient.swift:13:8: error: no such module 'System'
11 | import IssueReporting
12 | import Subprocess
13 | import System
| `- error: no such module 'System'
14 |
15 | /// A client for running subprocess commands.
[1345/1380] Compiling Core NooraPromptConfiguration.swift
/host/spi-builder-workspace/Sources/Core/DependencyValues/SubprocessClient.swift:13:8: error: no such module 'System'
11 | import IssueReporting
12 | import Subprocess
13 | import System
| `- error: no such module 'System'
14 |
15 | /// A client for running subprocess commands.
[1346/1380] Compiling Core IOSVersion.swift
/host/spi-builder-workspace/Sources/Core/DependencyValues/SubprocessClient.swift:13:8: error: no such module 'System'
11 | import IssueReporting
12 | import Subprocess
13 | import System
| `- error: no such module 'System'
14 |
15 | /// A client for running subprocess commands.
[1347/1380] Compiling Core MacOSVersion.swift
/host/spi-builder-workspace/Sources/Core/DependencyValues/SubprocessClient.swift:13:8: error: no such module 'System'
11 | import IssueReporting
12 | import Subprocess
13 | import System
| `- error: no such module 'System'
14 |
15 | /// A client for running subprocess commands.
[1348/1380] Compiling Core PlatformOptions.swift
/host/spi-builder-workspace/Sources/Core/DependencyValues/SubprocessClient.swift:13:8: error: no such module 'System'
11 | import IssueReporting
12 | import Subprocess
13 | import System
| `- error: no such module 'System'
14 |
15 | /// A client for running subprocess commands.
[1349/1380] Compiling Core ProductType.swift
/host/spi-builder-workspace/Sources/Core/DependencyValues/SubprocessClient.swift:13:8: error: no such module 'System'
11 | import IssueReporting
12 | import Subprocess
13 | import System
| `- error: no such module 'System'
14 |
15 | /// A client for running subprocess commands.
[1350/1380] Compiling Core SupportedPlatform.swift
/host/spi-builder-workspace/Sources/Core/DependencyValues/SubprocessClient.swift:13:8: error: no such module 'System'
11 | import IssueReporting
12 | import Subprocess
13 | import System
| `- error: no such module 'System'
14 |
15 | /// A client for running subprocess commands.
[1351/1380] Compiling Core ProjectDirectory.swift
/host/spi-builder-workspace/Sources/Core/DependencyValues/SubprocessClient.swift:13:8: error: no such module 'System'
11 | import IssueReporting
12 | import Subprocess
13 | import System
| `- error: no such module 'System'
14 |
15 | /// A client for running subprocess commands.
[1352/1380] Compiling Core ShellCommand.swift
/host/spi-builder-workspace/Sources/Core/DependencyValues/SubprocessClient.swift:13:8: error: no such module 'System'
11 | import IssueReporting
12 | import Subprocess
13 | import System
| `- error: no such module 'System'
14 |
15 | /// A client for running subprocess commands.
[1353/1380] Compiling Core TemplateItem.swift
/host/spi-builder-workspace/Sources/Core/DependencyValues/SubprocessClient.swift:13:8: error: no such module 'System'
11 | import IssueReporting
12 | import Subprocess
13 | import System
| `- error: no such module 'System'
14 |
15 | /// A client for running subprocess commands.
[1354/1380] Compiling Core TemplateType.swift
/host/spi-builder-workspace/Sources/Core/DependencyValues/SubprocessClient.swift:13:8: error: no such module 'System'
11 | import IssueReporting
12 | import Subprocess
13 | import System
| `- error: no such module 'System'
14 |
15 | /// A client for running subprocess commands.
[1355/1380] Compiling Core PathRepresentable.swift
/host/spi-builder-workspace/Sources/Core/DependencyValues/SubprocessClient.swift:13:8: error: no such module 'System'
11 | import IssueReporting
12 | import Subprocess
13 | import System
| `- error: no such module 'System'
14 |
15 | /// A client for running subprocess commands.
[1356/1380] Compiling Core PackageDependency.swift
/host/spi-builder-workspace/Sources/Core/DependencyValues/SubprocessClient.swift:13:8: error: no such module 'System'
11 | import IssueReporting
12 | import Subprocess
13 | import System
| `- error: no such module 'System'
14 |
15 | /// A client for running subprocess commands.
[1357/1380] Compiling Core PackageGraphDependencies.swift
/host/spi-builder-workspace/Sources/Core/DependencyValues/SubprocessClient.swift:13:8: error: no such module 'System'
11 | import IssueReporting
12 | import Subprocess
13 | import System
| `- error: no such module 'System'
14 |
15 | /// A client for running subprocess commands.
[1358/1380] Compiling Core PackageGraphDependency.swift
/host/spi-builder-workspace/Sources/Core/DependencyValues/SubprocessClient.swift:13:8: error: no such module 'System'
11 | import IssueReporting
12 | import Subprocess
13 | import System
| `- error: no such module 'System'
14 |
15 | /// A client for running subprocess commands.
[1359/1380] Compiling Core PackageJSON.swift
/host/spi-builder-workspace/Sources/Core/DependencyValues/SubprocessClient.swift:13:8: error: no such module 'System'
11 | import IssueReporting
12 | import Subprocess
13 | import System
| `- error: no such module 'System'
14 |
15 | /// A client for running subprocess commands.
[1360/1380] Compiling Core ProjectConfiguration.swift
/host/spi-builder-workspace/Sources/Core/DependencyValues/SubprocessClient.swift:13:8: error: no such module 'System'
11 | import IssueReporting
12 | import Subprocess
13 | import System
| `- error: no such module 'System'
14 |
15 | /// A client for running subprocess commands.
[1361/1380] Compiling Core PathSegmentConvertible.swift
/host/spi-builder-workspace/Sources/Core/DependencyValues/SubprocessClient.swift:13:8: error: no such module 'System'
11 | import IssueReporting
12 | import Subprocess
13 | import System
| `- error: no such module 'System'
14 |
15 | /// A client for running subprocess commands.
[1362/1380] Compiling Core Platform.swift
/host/spi-builder-workspace/Sources/Core/DependencyValues/SubprocessClient.swift:13:8: error: no such module 'System'
11 | import IssueReporting
12 | import Subprocess
13 | import System
| `- error: no such module 'System'
14 |
15 | /// A client for running subprocess commands.
[1363/1380] Compiling Core PlatformVersion.swift
/host/spi-builder-workspace/Sources/Core/DependencyValues/SubprocessClient.swift:13:8: error: no such module 'System'
11 | import IssueReporting
12 | import Subprocess
13 | import System
| `- error: no such module 'System'
14 |
15 | /// A client for running subprocess commands.
[1364/1380] Compiling Core resource_bundle_accessor.swift
/host/spi-builder-workspace/Sources/Core/DependencyValues/SubprocessClient.swift:13:8: error: no such module 'System'
11 | import IssueReporting
12 | import Subprocess
13 | import System
| `- error: no such module 'System'
14 |
15 | /// A client for running subprocess commands.
[1365/1380] Compiling Core ResourcesClient.swift
/host/spi-builder-workspace/Sources/Core/DependencyValues/SubprocessClient.swift:13:8: error: no such module 'System'
11 | import IssueReporting
12 | import Subprocess
13 | import System
| `- error: no such module 'System'
14 |
15 | /// A client for running subprocess commands.
[1366/1380] Compiling Core StencilTemplateClient.swift
/host/spi-builder-workspace/Sources/Core/DependencyValues/SubprocessClient.swift:13:8: error: no such module 'System'
11 | import IssueReporting
12 | import Subprocess
13 | import System
| `- error: no such module 'System'
14 |
15 | /// A client for running subprocess commands.
[1367/1380] Compiling Core SubprocessClient.swift
/host/spi-builder-workspace/Sources/Core/DependencyValues/SubprocessClient.swift:13:8: error: no such module 'System'
11 | import IssueReporting
12 | import Subprocess
13 | import System
| `- error: no such module 'System'
14 |
15 | /// A client for running subprocess commands.
[1368/1380] Compiling Core XcodeProjClient.swift
/host/spi-builder-workspace/Sources/Core/DependencyValues/SubprocessClient.swift:13:8: error: no such module 'System'
11 | import IssueReporting
12 | import Subprocess
13 | import System
| `- error: no such module 'System'
14 |
15 | /// A client for running subprocess commands.
[1369/1380] Compiling Core PBXTarget+Extensions.swift
/host/spi-builder-workspace/Sources/Core/DependencyValues/SubprocessClient.swift:13:8: error: no such module 'System'
11 | import IssueReporting
12 | import Subprocess
13 | import System
| `- error: no such module 'System'
14 |
15 | /// A client for running subprocess commands.
[1370/1380] Compiling Core Bundle.swift
/host/spi-builder-workspace/Sources/Core/DependencyValues/SubprocessClient.swift:13:8: error: no such module 'System'
11 | import IssueReporting
12 | import Subprocess
13 | import System
| `- error: no such module 'System'
14 |
15 | /// A client for running subprocess commands.
[1371/1380] Compiling Core ConfigClient.swift
/host/spi-builder-workspace/Sources/Core/DependencyValues/SubprocessClient.swift:13:8: error: no such module 'System'
11 | import IssueReporting
12 | import Subprocess
13 | import System
| `- error: no such module 'System'
14 |
15 | /// A client for running subprocess commands.
[1372/1380] Compiling Core NooraClient.swift
/host/spi-builder-workspace/Sources/Core/DependencyValues/SubprocessClient.swift:13:8: error: no such module 'System'
11 | import IssueReporting
12 | import Subprocess
13 | import System
| `- error: no such module 'System'
14 |
15 | /// A client for running subprocess commands.
[1373/1380] Compiling Core PackageEditorClient.swift
/host/spi-builder-workspace/Sources/Core/DependencyValues/SubprocessClient.swift:13:8: error: no such module 'System'
11 | import IssueReporting
12 | import Subprocess
13 | import System
| `- error: no such module 'System'
14 |
15 | /// A client for running subprocess commands.
[1374/1380] Compiling Core PathClient.swift
/host/spi-builder-workspace/Sources/Core/DependencyValues/SubprocessClient.swift:13:8: error: no such module 'System'
11 | import IssueReporting
12 | import Subprocess
13 | import System
| `- error: no such module 'System'
14 |
15 | /// A client for running subprocess commands.
error: emit-module command failed with exit code 1 (use -v to see invocation)
[1375/1380] Emitting module Core
/host/spi-builder-workspace/Sources/Core/DependencyValues/SubprocessClient.swift:13:8: error: no such module 'System'
11 | import IssueReporting
12 | import Subprocess
13 | import System
| `- error: no such module 'System'
14 |
15 | /// A client for running subprocess commands.
BUILD FAILURE 6.3 linux