Build Information
Failed to build perso-interactive-ondevice-sdk-swift, reference main (312c5c), with Swift 6.2 for watchOS using Xcode 26.3 on 21 Jul 2026 07:21:03 UTC.
Build Command
env DEVELOPER_DIR=/Applications/Xcode-26.3.0.app xcrun xcodebuild -IDEClonedSourcePackagesDirPathOverride=$PWD/.dependencies -skipMacroValidation -skipPackagePluginValidation -derivedDataPath $PWD/.derivedData build -scheme perso-interactive-ondevice-sdk-swift -destination generic/platform=watchOSBuild Log
========================================
RunAll
========================================
Builder version: undefined version: run 'make version' to update
Interrupt handler set up.
========================================
Checkout
========================================
Clone URL: https://github.com/perso-ai/perso-interactive-ondevice-sdk-swift.git
Reference: main
Initialized empty Git repository in /Users/admin/builder/spi-builder-workspace/.git/
From https://github.com/perso-ai/perso-interactive-ondevice-sdk-swift
* branch main -> FETCH_HEAD
* [new branch] main -> origin/main
HEAD is now at 312c5cc version up to 1.2.0
Cloned https://github.com/perso-ai/perso-interactive-ondevice-sdk-swift.git
Revision (git rev-parse @):
312c5cc1cf1a37534e598adf421baca7708397df
SPI manifest file found: $PWD/.spi.yml
SUCCESS checkout https://github.com/perso-ai/perso-interactive-ondevice-sdk-swift.git at main
========================================
Build
========================================
Selected platform: watchOS
Swift version: 6.2
Building package at path: $PWD
https://github.com/perso-ai/perso-interactive-ondevice-sdk-swift.git
Command line invocation:
/Applications/Xcode-26.3.0.app/Contents/Developer/usr/bin/xcodebuild -IDEClonedSourcePackagesDirPathOverride=/Users/admin/builder/spi-builder-workspace/.dependencies -resolvePackageDependencies
Resolve Package Graph
Resolve Package Graph
Resolved source packages:
perso-interactive-ondevice-sdk-swift: /Users/admin/builder/spi-builder-workspace
resolved source packages: perso-interactive-ondevice-sdk-swift
2026-07-21 03:20:40.285 xcodebuild[538:3098] [MT] IDERunDestination: Supported platforms for the buildables in the current scheme is empty.
{
"dependencies" : [
],
"manifest_display_name" : "perso-interactive-ondevice-sdk-swift",
"name" : "perso-interactive-ondevice-sdk-swift",
"path" : "/Users/admin/builder/spi-builder-workspace",
"platforms" : [
{
"name" : "ios",
"version" : "18.0"
},
{
"name" : "macos",
"version" : "15.0"
},
{
"name" : "visionos",
"version" : "2.0"
}
],
"products" : [
{
"name" : "PersoInteractiveOnDeviceSDK",
"targets" : [
"PersoInteractiveOnDeviceSDK"
],
"type" : {
"library" : [
"automatic"
]
}
}
],
"targets" : [
{
"c99name" : "PersoInteractiveOnDeviceSDK",
"module_type" : "BinaryTarget",
"name" : "PersoInteractiveOnDeviceSDK",
"path" : "remote/archive/PersoInteractiveOnDeviceSDK.xcframework.zip",
"product_memberships" : [
"PersoInteractiveOnDeviceSDK"
],
"sources" : [
],
"type" : "binary"
}
],
"tools_version" : "6.0"
}
{
"workspace" : {
"name" : "spi-builder-workspace",
"schemes" : [
"perso-interactive-ondevice-sdk-swift"
]
}
}
2026-07-21 03:20:57.689 xcodebuild[685:4206] [MT] IDERunDestination: Supported platforms for the buildables in the current scheme is empty.
Running build ...
env DEVELOPER_DIR=/Applications/Xcode-26.3.0.app xcrun xcodebuild -IDEClonedSourcePackagesDirPathOverride=$PWD/.dependencies -skipMacroValidation -skipPackagePluginValidation -derivedDataPath $PWD/.derivedData build -scheme perso-interactive-ondevice-sdk-swift -destination generic/platform=watchOS
Command line invocation:
/Applications/Xcode-26.3.0.app/Contents/Developer/usr/bin/xcodebuild -IDEClonedSourcePackagesDirPathOverride=/Users/admin/builder/spi-builder-workspace/.dependencies -skipMacroValidation -skipPackagePluginValidation -derivedDataPath /Users/admin/builder/spi-builder-workspace/.derivedData build -scheme perso-interactive-ondevice-sdk-swift -destination generic/platform=watchOS
Resolve Package Graph
Resolved source packages:
perso-interactive-ondevice-sdk-swift: /Users/admin/builder/spi-builder-workspace
ComputePackagePrebuildTargetDependencyGraph
Prepare packages
CreateBuildRequest
SendProjectDescription
CreateBuildOperation
ComputeTargetDependencyGraph
note: Building targets in dependency order
note: Target dependency graph (1 target)
Target 'PersoInteractiveOnDeviceSDK' in project 'perso-interactive-ondevice-sdk-swift' (no dependencies)
GatherProvisioningInputs
CreateBuildDescription
ExecuteExternalTool /Applications/Xcode-26.3.0.app/Contents/Developer/Toolchains/XcodeDefault.xctoolchain/usr/bin/clang -v -E -dM -isysroot /Applications/Xcode-26.3.0.app/Contents/Developer/Platforms/WatchOS.platform/Developer/SDKs/WatchOS26.2.sdk -x c -c /dev/null
Build description signature: f3084b3ae105a3cf38d42659db866da1
Build description path: /Users/admin/builder/spi-builder-workspace/.derivedData/Build/Intermediates.noindex/XCBuildData/f3084b3ae105a3cf38d42659db866da1.xcbuilddata
/Users/admin/builder/spi-builder-workspace/.dependencies/artifacts/spi-builder-workspace/PersoInteractiveOnDeviceSDK/PersoInteractiveOnDeviceSDK.xcframework:1:1: error: While building for watchOS, no library for this platform was found in '/Users/admin/builder/spi-builder-workspace/.dependencies/artifacts/spi-builder-workspace/PersoInteractiveOnDeviceSDK/PersoInteractiveOnDeviceSDK.xcframework'. (in target 'PersoInteractiveOnDeviceSDK' from project 'perso-interactive-ondevice-sdk-swift')
2026-07-21 03:20:59.079 xcodebuild[687:4249] [MT] IDERunDestination: Supported platforms for the buildables in the current scheme is empty.
** BUILD FAILED **
The following build commands failed:
Building workspace spi-builder-workspace with scheme perso-interactive-ondevice-sdk-swift
(1 failure)
Command line invocation:
/Applications/Xcode-26.3.0.app/Contents/Developer/usr/bin/xcodebuild -IDEClonedSourcePackagesDirPathOverride=/Users/admin/builder/spi-builder-workspace/.dependencies -resolvePackageDependencies
Resolve Package Graph
Resolved source packages:
perso-interactive-ondevice-sdk-swift: /Users/admin/builder/spi-builder-workspace
resolved source packages: perso-interactive-ondevice-sdk-swift
2026-07-21 03:21:01.328 xcodebuild[700:4347] [MT] IDERunDestination: Supported platforms for the buildables in the current scheme is empty.
{
"dependencies" : [
],
"manifest_display_name" : "perso-interactive-ondevice-sdk-swift",
"name" : "perso-interactive-ondevice-sdk-swift",
"path" : "/Users/admin/builder/spi-builder-workspace",
"platforms" : [
{
"name" : "ios",
"version" : "18.0"
},
{
"name" : "macos",
"version" : "15.0"
},
{
"name" : "visionos",
"version" : "2.0"
}
],
"products" : [
{
"name" : "PersoInteractiveOnDeviceSDK",
"targets" : [
"PersoInteractiveOnDeviceSDK"
],
"type" : {
"library" : [
"automatic"
]
}
}
],
"targets" : [
{
"c99name" : "PersoInteractiveOnDeviceSDK",
"module_type" : "BinaryTarget",
"name" : "PersoInteractiveOnDeviceSDK",
"path" : "remote/archive/PersoInteractiveOnDeviceSDK.xcframework.zip",
"product_memberships" : [
"PersoInteractiveOnDeviceSDK"
],
"sources" : [
],
"type" : "binary"
}
],
"tools_version" : "6.0"
}
{
"workspace" : {
"name" : "spi-builder-workspace",
"schemes" : [
"perso-interactive-ondevice-sdk-swift"
]
}
}
2026-07-21 03:21:02.371 xcodebuild[708:4411] [MT] IDERunDestination: Supported platforms for the buildables in the current scheme is empty.
Running build ...
env DEVELOPER_DIR=/Applications/Xcode-26.3.0.app xcrun xcodebuild -IDEClonedSourcePackagesDirPathOverride=$PWD/.dependencies -skipMacroValidation -skipPackagePluginValidation -derivedDataPath $PWD/.derivedData build -scheme perso-interactive-ondevice-sdk-swift -destination generic/platform=watchOS
Command line invocation:
/Applications/Xcode-26.3.0.app/Contents/Developer/usr/bin/xcodebuild -IDEClonedSourcePackagesDirPathOverride=/Users/admin/builder/spi-builder-workspace/.dependencies -skipMacroValidation -skipPackagePluginValidation -derivedDataPath /Users/admin/builder/spi-builder-workspace/.derivedData build -scheme perso-interactive-ondevice-sdk-swift -destination generic/platform=watchOS
Resolve Package Graph
Resolved source packages:
perso-interactive-ondevice-sdk-swift: /Users/admin/builder/spi-builder-workspace
ComputePackagePrebuildTargetDependencyGraph
Prepare packages
CreateBuildRequest
SendProjectDescription
CreateBuildOperation
ComputeTargetDependencyGraph
note: Building targets in dependency order
note: Target dependency graph (1 target)
Target 'PersoInteractiveOnDeviceSDK' in project 'perso-interactive-ondevice-sdk-swift' (no dependencies)
GatherProvisioningInputs
CreateBuildDescription
ExecuteExternalTool /Applications/Xcode-26.3.0.app/Contents/Developer/Toolchains/XcodeDefault.xctoolchain/usr/bin/clang -v -E -dM -isysroot /Applications/Xcode-26.3.0.app/Contents/Developer/Platforms/WatchOS.platform/Developer/SDKs/WatchOS26.2.sdk -x c -c /dev/null
Build description signature: f3084b3ae105a3cf38d42659db866da1
Build description path: /Users/admin/builder/spi-builder-workspace/.derivedData/Build/Intermediates.noindex/XCBuildData/f3084b3ae105a3cf38d42659db866da1.xcbuilddata
/Users/admin/builder/spi-builder-workspace/.dependencies/artifacts/spi-builder-workspace/PersoInteractiveOnDeviceSDK/PersoInteractiveOnDeviceSDK.xcframework:1:1: error: While building for watchOS, no library for this platform was found in '/Users/admin/builder/spi-builder-workspace/.dependencies/artifacts/spi-builder-workspace/PersoInteractiveOnDeviceSDK/PersoInteractiveOnDeviceSDK.xcframework'. (in target 'PersoInteractiveOnDeviceSDK' from project 'perso-interactive-ondevice-sdk-swift')
2026-07-21 03:21:03.157 xcodebuild[710:4441] [MT] IDERunDestination: Supported platforms for the buildables in the current scheme is empty.
** BUILD FAILED **
The following build commands failed:
Building workspace spi-builder-workspace with scheme perso-interactive-ondevice-sdk-swift
(1 failure)
BUILD FAILURE 6.2 watchOS