The Swift Package Index logo.Swift Package Index

Build Information

Failed to build GoogleCloudGKERecommenderV1, reference main (91ab2c), with Swift 6.2 for Android on 10 Oct 2026 23:17:05 UTC.

Build Command

bash -c docker run --pull=always --rm -v "checkouts-54344845-0":/host -w "$PWD" -e JAVA_HOME="/root/.sdkman/candidates/java/current" -e SPI_BUILD="1" -e SPI_PROCESSING="1" registry.gitlab.com/saguaro1/spi-images:android-6.2-latest swift build --swift-sdk aarch64-unknown-linux-android28 2>&1

Build Log

========================================
RunAll
========================================
Builder version: 5.1.1
Interrupt handler set up.
========================================
Checkout
========================================
Clone URL: https://github.com/googleapis/swift-google-cloud-gkerecommender-v1.git
Reference: main
Initialized empty Git repository in /host/spi-builder-workspace/.git/
hint: Using 'master' as the name for the initial branch. This default branch name
hint: is subject to change. To configure the initial branch name to use in all
hint: of your new repositories, which will suppress this warning, call:
hint:
hint: 	git config --global init.defaultBranch <name>
hint:
hint: Names commonly chosen instead of 'master' are 'main', 'trunk' and
hint: 'development'. The just-created branch can be renamed via this command:
hint:
hint: 	git branch -m <name>
From https://github.com/googleapis/swift-google-cloud-gkerecommender-v1
 * branch            main       -> FETCH_HEAD
 * [new branch]      main       -> origin/main
HEAD is now at 91ab2c5 chore: release circa 2026-10-07 (#1382)
Cloned https://github.com/googleapis/swift-google-cloud-gkerecommender-v1.git
Revision (git rev-parse @):
91ab2c51d6d73acf87d783bafe6f4160a2e66384
SPI manifest file found: $PWD/.spi.yml
SUCCESS checkout https://github.com/googleapis/swift-google-cloud-gkerecommender-v1.git at main
========================================
Build
========================================
Selected platform:         android
Swift version:             6.2
Building package at path:  $PWD
https://github.com/googleapis/swift-google-cloud-gkerecommender-v1.git
Running build ...
bash -c docker run --pull=always --rm -v "checkouts-54344845-0":/host -w "$PWD" -e JAVA_HOME="/root/.sdkman/candidates/java/current" -e SPI_BUILD="1" -e SPI_PROCESSING="1" registry.gitlab.com/saguaro1/spi-images:android-6.2-latest swift build --swift-sdk aarch64-unknown-linux-android28 2>&1
android-6.2-latest: Pulling from saguaro1/spi-images
Digest: sha256:a839c9ce201f1dacc8eb056626ec7ab0a1c6d53d7b77c83feda395f4507c51be
Status: Image is up to date for registry.gitlab.com/saguaro1/spi-images:android-6.2-latest
Fetching https://github.com/googleapis/swift-google-wkt
Fetching https://github.com/googleapis/swift-google-gax
Fetching https://github.com/apple/swift-log
Fetching https://github.com/googleapis/swift-google-auth
[1/1748] Fetching swift-google-gax
[19/10005] Fetching swift-google-gax, swift-log
[107/11028] Fetching swift-google-gax, swift-log, swift-google-wkt
[3908/12051] Fetching swift-google-gax, swift-log, swift-google-wkt, swift-google-auth
Fetched https://github.com/googleapis/swift-google-wkt from cache (0.44s)
Fetched https://github.com/googleapis/swift-google-gax from cache (0.44s)
Fetched https://github.com/googleapis/swift-google-auth from cache (0.49s)
Fetched https://github.com/apple/swift-log from cache (0.49s)
Computing version for https://github.com/googleapis/swift-google-wkt
Computed https://github.com/googleapis/swift-google-wkt at 0.5.0 (0.64s)
Fetching https://github.com/swift-extras/swift-extras-base64
[1/954] Fetching swift-extras-base64
Fetched https://github.com/swift-extras/swift-extras-base64 from cache (0.39s)
Computing version for https://github.com/googleapis/swift-google-gax
Computed https://github.com/googleapis/swift-google-gax at 0.5.0 (0.56s)
Fetching https://github.com/swift-server/async-http-client.git
Fetching https://github.com/googleapis/swift-google-rpc
Fetching https://github.com/apple/swift-nio
[1/422] Fetching swift-google-rpc
Fetched https://github.com/googleapis/swift-google-rpc from cache (0.37s)
[1/86374] Fetching swift-nio
[2/102838] Fetching swift-nio, async-http-client
Fetched https://github.com/swift-server/async-http-client.git from cache (3.20s)
Fetched https://github.com/apple/swift-nio from cache (3.23s)
Computing version for https://github.com/googleapis/swift-google-auth
Computed https://github.com/googleapis/swift-google-auth at 0.5.0 (3.39s)
Fetching https://github.com/vapor/jwt-kit.git
Fetching https://github.com/apple/swift-system.git
[1/10254] Fetching jwt-kit
[2/17495] Fetching jwt-kit, swift-system
Fetched https://github.com/apple/swift-system.git from cache (0.84s)
Fetched https://github.com/vapor/jwt-kit.git from cache (0.84s)
Computing version for https://github.com/googleapis/swift-google-rpc
Computed https://github.com/googleapis/swift-google-rpc at 0.5.0 (1.00s)
Computing version for https://github.com/swift-extras/swift-extras-base64
Computed https://github.com/swift-extras/swift-extras-base64 at 1.2.0 (0.14s)
Computing version for https://github.com/swift-server/async-http-client.git
Computed https://github.com/swift-server/async-http-client.git at 1.36.2 (0.16s)
Fetching https://github.com/apple/swift-algorithms.git
Fetching https://github.com/apple/swift-service-context.git
Fetching https://github.com/apple/swift-configuration.git
Fetching https://github.com/apple/swift-nio-ssl.git
Fetching https://github.com/apple/swift-nio-transport-services.git
Fetching https://github.com/apple/swift-nio-extras.git
[1/3928] Fetching swift-configuration
[237/5428] Fetching swift-configuration, swift-service-context
[604/22289] Fetching swift-configuration, swift-service-context, swift-nio-ssl
[605/25156] Fetching swift-configuration, swift-service-context, swift-nio-ssl, swift-nio-transport-services
[1740/31859] Fetching swift-configuration, swift-service-context, swift-nio-ssl, swift-nio-transport-services, swift-nio-extras
[8903/38023] Fetching swift-configuration, swift-service-context, swift-nio-ssl, swift-nio-transport-services, swift-nio-extras, swift-algorithms
Fetched https://github.com/apple/swift-service-context.git from cache (0.46s)
[8007/36523] Fetching swift-configuration, swift-nio-ssl, swift-nio-transport-services, swift-nio-extras, swift-algorithms
Fetching https://github.com/apple/swift-atomics.git
Fetched https://github.com/apple/swift-nio-transport-services.git from cache (0.82s)
[19157/35545] Fetching swift-configuration, swift-nio-ssl, swift-nio-extras, swift-algorithms, swift-atomics
Fetched https://github.com/apple/swift-nio-extras.git from cache (0.82s)
[12491/28842] Fetching swift-configuration, swift-nio-ssl, swift-algorithms, swift-atomics
Fetching https://github.com/apple/swift-nio-http2.git
Fetching https://github.com/apple/swift-distributed-tracing.git
Fetched https://github.com/apple/swift-atomics.git from cache (0.46s)
[14645/26953] Fetching swift-configuration, swift-nio-ssl, swift-algorithms
[26954/33504] Fetching swift-configuration, swift-nio-ssl, swift-algorithms, swift-distributed-tracing
[27020/45798] Fetching swift-configuration, swift-nio-ssl, swift-algorithms, swift-distributed-tracing, swift-nio-http2
Fetched https://github.com/apple/swift-distributed-tracing.git from cache (0.63s)
[30519/39247] Fetching swift-configuration, swift-nio-ssl, swift-algorithms, swift-nio-http2
Fetched https://github.com/apple/swift-algorithms.git from cache (1.48s)
Fetched https://github.com/apple/swift-configuration.git from cache (1.48s)
[24730/29155] Fetching swift-nio-ssl, swift-nio-http2
Fetched https://github.com/apple/swift-nio-ssl.git from cache (1.49s)
[9098/12294] Fetching swift-nio-http2
Fetched https://github.com/apple/swift-nio-http2.git from cache (0.92s)
Computing version for https://github.com/apple/swift-service-context.git
Computed https://github.com/apple/swift-service-context.git at 1.3.0 (1.89s)
Computing version for https://github.com/apple/swift-algorithms.git
Computed https://github.com/apple/swift-algorithms.git at 1.2.1 (0.87s)
Fetching https://github.com/apple/swift-numerics.git
[1/6728] Fetching swift-numerics
Fetched https://github.com/apple/swift-numerics.git from cache (0.53s)
Computing version for https://github.com/apple/swift-log
Computed https://github.com/apple/swift-log at 1.16.1 (0.70s)
Computing version for https://github.com/apple/swift-distributed-tracing.git
Computed https://github.com/apple/swift-distributed-tracing.git at 1.5.0 (0.15s)
Computing version for https://github.com/apple/swift-atomics.git
Computed https://github.com/apple/swift-atomics.git at 1.3.1 (0.15s)
Computing version for https://github.com/apple/swift-numerics.git
Computed https://github.com/apple/swift-numerics.git at 1.1.1 (0.14s)
Computing version for https://github.com/apple/swift-nio
Computed https://github.com/apple/swift-nio at 2.104.0 (0.34s)
Fetching https://github.com/apple/swift-collections.git
[1/28703] Fetching swift-collections
Fetched https://github.com/apple/swift-collections.git from cache (1.49s)
Computing version for https://github.com/apple/swift-configuration.git
Computed https://github.com/apple/swift-configuration.git at 1.2.2 (2.30s)
Fetching https://github.com/swift-server/swift-service-lifecycle
[1/2867] Fetching swift-service-lifecycle
Fetched https://github.com/swift-server/swift-service-lifecycle from cache (0.50s)
Computing version for https://github.com/apple/swift-nio-transport-services.git
Computed https://github.com/apple/swift-nio-transport-services.git at 1.28.0 (0.66s)
Computing version for https://github.com/swift-server/swift-service-lifecycle
Computed https://github.com/swift-server/swift-service-lifecycle at 2.12.1 (0.15s)
Fetching https://github.com/apple/swift-async-algorithms.git
[1/6820] Fetching swift-async-algorithms
Fetched https://github.com/apple/swift-async-algorithms.git from cache (0.76s)
Computing version for https://github.com/apple/swift-async-algorithms.git
Computed https://github.com/apple/swift-async-algorithms.git at 1.1.7 (0.97s)
Computing version for https://github.com/apple/swift-collections.git
Computed https://github.com/apple/swift-collections.git at 1.7.2 (0.24s)
Computing version for https://github.com/apple/swift-nio-http2.git
Computed https://github.com/apple/swift-nio-http2.git at 1.46.0 (0.16s)
Computing version for https://github.com/vapor/jwt-kit.git
Computed https://github.com/vapor/jwt-kit.git at 5.7.1 (0.14s)
Fetching https://github.com/apple/swift-certificates.git
Fetching https://github.com/apple/swift-crypto.git
[1/18629] Fetching swift-crypto
[2/26238] Fetching swift-crypto, swift-certificates
Fetched https://github.com/apple/swift-certificates.git from cache (0.55s)
[2050/18629] Fetching swift-crypto
Fetched https://github.com/apple/swift-crypto.git from cache (1.20s)
Computing version for https://github.com/apple/swift-crypto.git
Computed https://github.com/apple/swift-crypto.git at 4.5.2 (1.81s)
Fetching https://github.com/apple/swift-asn1.git
[1/2009] Fetching swift-asn1
Fetched https://github.com/apple/swift-asn1.git from cache (0.43s)
Computing version for https://github.com/apple/swift-asn1.git
Computed https://github.com/apple/swift-asn1.git at 1.7.3 (0.62s)
Computing version for https://github.com/apple/swift-certificates.git
Computed https://github.com/apple/swift-certificates.git at 1.21.0 (0.20s)
Computing version for https://github.com/apple/swift-nio-ssl.git
Computed https://github.com/apple/swift-nio-ssl.git at 2.37.5 (0.19s)
Computing version for https://github.com/apple/swift-system.git
Computed https://github.com/apple/swift-system.git at 1.8.1 (0.18s)
Computing version for https://github.com/apple/swift-nio-extras.git
Computed https://github.com/apple/swift-nio-extras.git at 1.35.1 (0.26s)
Fetching https://github.com/apple/swift-http-types.git
Fetching https://github.com/apple/swift-http-structured-headers.git
[1/1253] Fetching swift-http-structured-headers
[728/3192] Fetching swift-http-structured-headers, swift-http-types
Fetched https://github.com/apple/swift-http-structured-headers.git from cache (0.41s)
[20/1939] Fetching swift-http-types
Fetched https://github.com/apple/swift-http-types.git from cache (0.57s)
Computing version for https://github.com/apple/swift-http-structured-headers.git
Computed https://github.com/apple/swift-http-structured-headers.git at 1.7.0 (0.72s)
Computing version for https://github.com/apple/swift-http-types.git
Computed https://github.com/apple/swift-http-types.git at 1.8.0 (0.16s)
Creating working copy for https://github.com/apple/swift-asn1.git
Working copy of https://github.com/apple/swift-asn1.git resolved at 1.7.3
Creating working copy for https://github.com/swift-server/async-http-client.git
Working copy of https://github.com/swift-server/async-http-client.git resolved at 1.36.2
Creating working copy for https://github.com/apple/swift-async-algorithms.git
Working copy of https://github.com/apple/swift-async-algorithms.git resolved at 1.1.7
Creating working copy for https://github.com/apple/swift-log
Working copy of https://github.com/apple/swift-log resolved at 1.16.1
Creating working copy for https://github.com/vapor/jwt-kit.git
Working copy of https://github.com/vapor/jwt-kit.git resolved at 5.7.1
Creating working copy for https://github.com/googleapis/swift-google-gax
Working copy of https://github.com/googleapis/swift-google-gax resolved at 0.5.0
Creating working copy for https://github.com/apple/swift-atomics.git
Working copy of https://github.com/apple/swift-atomics.git resolved at 1.3.1
Creating working copy for https://github.com/apple/swift-system.git
Working copy of https://github.com/apple/swift-system.git resolved at 1.8.1
Creating working copy for https://github.com/apple/swift-service-context.git
Working copy of https://github.com/apple/swift-service-context.git resolved at 1.3.0
Creating working copy for https://github.com/apple/swift-nio-transport-services.git
Working copy of https://github.com/apple/swift-nio-transport-services.git resolved at 1.28.0
Creating working copy for https://github.com/apple/swift-certificates.git
Working copy of https://github.com/apple/swift-certificates.git resolved at 1.21.0
Creating working copy for https://github.com/googleapis/swift-google-auth
Working copy of https://github.com/googleapis/swift-google-auth resolved at 0.5.0
Creating working copy for https://github.com/apple/swift-nio-extras.git
Working copy of https://github.com/apple/swift-nio-extras.git resolved at 1.35.1
Creating working copy for https://github.com/swift-server/swift-service-lifecycle
Working copy of https://github.com/swift-server/swift-service-lifecycle resolved at 2.12.1
Creating working copy for https://github.com/apple/swift-http-structured-headers.git
Working copy of https://github.com/apple/swift-http-structured-headers.git resolved at 1.7.0
Creating working copy for https://github.com/apple/swift-numerics.git
Working copy of https://github.com/apple/swift-numerics.git resolved at 1.1.1
Creating working copy for https://github.com/apple/swift-nio-ssl.git
Working copy of https://github.com/apple/swift-nio-ssl.git resolved at 2.37.5
Creating working copy for https://github.com/swift-extras/swift-extras-base64
Working copy of https://github.com/swift-extras/swift-extras-base64 resolved at 1.2.0
Creating working copy for https://github.com/apple/swift-collections.git
Working copy of https://github.com/apple/swift-collections.git resolved at 1.7.2
Creating working copy for https://github.com/apple/swift-configuration.git
Working copy of https://github.com/apple/swift-configuration.git resolved at 1.2.2
Creating working copy for https://github.com/apple/swift-nio-http2.git
Working copy of https://github.com/apple/swift-nio-http2.git resolved at 1.46.0
Creating working copy for https://github.com/apple/swift-crypto.git
Working copy of https://github.com/apple/swift-crypto.git resolved at 4.5.2
Creating working copy for https://github.com/apple/swift-distributed-tracing.git
Working copy of https://github.com/apple/swift-distributed-tracing.git resolved at 1.5.0
Creating working copy for https://github.com/googleapis/swift-google-rpc
Working copy of https://github.com/googleapis/swift-google-rpc resolved at 0.5.0
Creating working copy for https://github.com/googleapis/swift-google-wkt
Working copy of https://github.com/googleapis/swift-google-wkt resolved at 0.5.0
Creating working copy for https://github.com/apple/swift-algorithms.git
Working copy of https://github.com/apple/swift-algorithms.git resolved at 1.2.1
Creating working copy for https://github.com/apple/swift-http-types.git
Working copy of https://github.com/apple/swift-http-types.git resolved at 1.8.0
Creating working copy for https://github.com/apple/swift-nio
Working copy of https://github.com/apple/swift-nio resolved at 2.104.0
Building for debugging...
[0/914] Compiling chacha-x86_64-apple.S
[0/914] Compiling md5-586-linux.S
[2/914] Compiling md5-586-apple.S
[2/914] Write sources
[7/914] Compiling chacha-x86_64-linux.S
[7/914] Compiling md5-x86_64-linux.S
[7/914] Write sources
[52/914] Compiling md5-x86_64-apple.S
[53/914] Compiling _NumericsShims _NumericsShims.c
[54/914] Compiling _AtomicsShims.c
[55/914] Compiling CXKCPShims shims.c
[56/914] Compiling SimpleFIPS202.c
[57/914] Compiling KeccakSponge.c
[58/914] Compiling CNIOWindows shim.c
[59/914] Compiling KeccakHash.c
[60/914] Compiling CNIOWindows WSAStartup.c
[61/914] Compiling CNIOWASI CNIOWASI.c
[62/914] Compiling CSystem shims.c
[63/914] Write swift-version--11D90AFD9DD3AB2.txt
[64/914] Compiling CNIOOpenBSD shim.c
[65/914] Compiling CNIOPosix event_loop_id.c
[66/914] Compiling CNIOLinux liburing_shims.c
[67/921] Compiling CNIOLinux shim.c
[68/959] Compiling CNIOLLHTTP c_nio_llhttp.c
[69/959] Compiling KeccakP-1600-opt64.c
[71/959] Emitting module _CertificateInternals
[71/979] Compiling pair.cc
[71/979] Compiling err_data.cc
[74/1001] Emitting module Logging
[75/1002] Compiling RealModule RealFunctions.swift
[76/1003] Compiling RealModule RelaxedArithmetic.swift
[77/1003] Compiling SwiftASN1 TimeUtilities.swift
[78/1003] Compiling SwiftASN1 UTCTime.swift
[79/1005] Compiling ServiceContextModule ServiceContext.swift
[80/1005] Compiling ServiceContextModule ServiceContextKey.swift
[81/1005] Emitting module ServiceContextModule
[82/1006] Compiling SwiftASN1 ASN1OctetString.swift
[83/1006] Compiling SwiftASN1 ASN1Strings.swift
[85/1006] Compiling Logging LogEvent.swift
[86/1006] Compiling Logging LogHandler.swift
[87/1006] Compiling Logging Logger+Attributes.swift
[88/1006] Emitting module RealModule
[89/1006] Compiling Logging LoggingSystem.swift
[90/1006] Emitting module SwiftASN1
[91/1006] Compiling Logging SwiftLogNoOpLogHandler.swift
[92/1006] Compiling Logging Locks.swift
[93/1006] Compiling Logging MultiplexLogHandler.swift
[94/1006] Compiling Logging StreamLogHandler.swift
[97/1011] Compiling RealModule Float80+Real.swift
[98/1011] Compiling RealModule Real.swift
[105/1011] Compiling RealModule Float16+Real.swift
[106/1011] Compiling _CertificateInternals _TinyArray.swift
[107/1030] Compiling _NIOBase64 Base64.swift
[108/1030] Emitting module _NIOBase64
[109/1042] Compiling InternalCollectionsUtilities Descriptions.swift
[110/1042] Compiling InternalCollectionsUtilities FixedWidthInteger+roundUpToPowerOfTwo.swift
[111/1042] Compiling InternalCollectionsUtilities Integer rank.swift
[112/1042] Compiling InternalCollectionsUtilities UInt+first and last set bit.swift
[113/1042] Compiling InternalCollectionsUtilities UInt+reversed.swift
[114/1042] Compiling InternalCollectionsUtilities BorrowingIteratorProtocol+Equality.swift
[115/1042] Compiling InternalCollectionsUtilities BorrowingIteratorProtocol+Extras.swift
[116/1042] Compiling InternalCollectionsUtilities Debugging.swift
[120/1042] Compiling _NIODataStructures _TinyArray.swift
[121/1042] Compiling _NIODataStructures Heap.swift
[122/1042] Compiling _NIODataStructures PriorityQueue.swift
[123/1042] Emitting module _NIODataStructures
[123/1046] Wrapping AST for _NIOBase64 for debugging
[125/1049] Compiling InternalCollectionsUtilities UnsafeMutablePointer+Extras.swift
[126/1049] Compiling InternalCollectionsUtilities UnsafeMutableRawBufferPointer+Extras.swift
[127/1049] Compiling InternalCollectionsUtilities UnsafePointer+Extras.swift
[128/1052] Compiling Logging Logger+With.swift
[130/1052] Compiling Logging Logger.swift
[134/1054] Wrapping AST for _CertificateInternals for debugging
[135/1057] Wrapping AST for ServiceContextModule for debugging
[136/1057] Wrapping AST for RealModule for debugging
[138/1057] Compiling Instrumentation NoOpInstrument.swift
[138/1057] Wrapping AST for _NIODataStructures for debugging
[140/1057] Emitting module Instrumentation
[141/1057] Compiling InternalCollectionsUtilities UnsafeRawBufferPointer+Extras.swift
[142/1057] Compiling InternalCollectionsUtilities _SortedCollection.swift
[143/1057] Compiling InternalCollectionsUtilities _UniqueCollection.swift
[143/1057] Compiling CNIOLLHTTP c_nio_http.c
[145/1057] Compiling Instrumentation MultiplexInstrument.swift
[145/1057] Compiling CNIOFreeBSD shim.c
[146/1057] Compiling CNIOLLHTTP c_nio_api.c
[147/1057] Compiling CNIOExtrasZlib zutil.c
[149/1057] Compiling Instrumentation Instrument.swift
[150/1057] Compiling Instrumentation InstrumentationSystem.swift
[151/1057] Compiling ExtrasBase64 Base64+Span.swift
[151/1057] Compiling CNIOExtrasZlib trees.c
[152/1057] Compiling CNIOExtrasZlib inftrees.c
[157/1057] Compiling CNIOExtrasZlib inffast.c
[159/1057] Compiling InternalCollectionsUtilities Strideable+LimitHelpers.swift
[160/1057] Compiling InternalCollectionsUtilities String+Padding.swift
[161/1057] Compiling InternalCollectionsUtilities TemporaryAllocation.swift
[162/1057] Compiling InternalCollectionsUtilities _UnsafeBitSet+Index.swift
[163/1057] Compiling InternalCollectionsUtilities MutableSpan+Extras.swift
[164/1057] Compiling InternalCollectionsUtilities OutputSpan+Extras.swift
[165/1057] Compiling InternalCollectionsUtilities RandomAccessCollection+Offsets.swift
[166/1057] Compiling InternalCollectionsUtilities Span+Extras.swift
[167/1057] Compiling InternalCollectionsUtilities Iterable+CopyContents.swift
[168/1057] Compiling InternalCollectionsUtilities Iterable+Equality.swift
[169/1057] Compiling InternalCollectionsUtilities LifetimeOverride.swift
[170/1057] Compiling InternalCollectionsUtilities MutableRef.swift
[170/1057] Compiling CNIOExtrasZlib inflate.c
[171/1057] Compiling CNIOExtrasZlib deflate.c
[172/1057] Compiling CNIOExtrasZlib adler32.c
[173/1057] Compiling CNIOExtrasZlib crc32.c
[174/1057] Compiling CNIODarwin shim.c
[175/1057] Compiling fiat_p256_adx_sqr.S
[178/1057] Compiling fiat_p256_adx_mul.S
[180/1057] Compiling SystemPackage SystemString.swift
[181/1057] Compiling SystemPackage Util+StringArray.swift
[182/1057] Compiling SystemPackage Util.swift
[183/1057] Compiling SystemPackage UtilConsumers.swift
[184/1057] Compiling SystemPackage WinSDK+Overlay.swift
[185/1057] Compiling InternalCollectionsUtilities _UnsafeBitSet+_Word.swift
[186/1057] Compiling InternalCollectionsUtilities _UnsafeBitSet.swift
[187/1057] Compiling InternalCollectionsUtilities UnsafeBufferPointer+Extras.swift
[188/1057] Compiling InternalCollectionsUtilities UnsafeMutableBufferPointer+Extras.swift
[188/1057] Compiling fiat_curve25519_adx_square.S
[189/1057] Compiling fiat_curve25519_adx_mul.S
[190/1057] Compiling CNIOBoringSSLShims shims.c
[192/1057] Emitting module InternalCollectionsUtilities
[194/1058] Compiling ExtrasBase64 Base32.swift
[195/1058] Compiling ExtrasBase64 Base32+Span.swift
[196/1058] Compiling Instrumentation Locks.swift
[202/1059] Emitting module SystemPackage
[222/1059] Compiling SystemPackage Stat.swift
[224/1059] Compiling Logging MetadataProvider.swift
[230/1064] Compiling SpanPreview InputSpan.swift
[231/1064] Compiling SpanPreview OutputSpan+InputSpanHelpers.swift
[232/1064] Compiling SpanPreview MutableSpan+InputSpanHelpers.swift
[233/1064] Emitting module SpanPreview
[234/1064] Compiling SystemPackage RawBuffer.swift
[235/1065] Compiling SystemPackage Syscalls.swift
[236/1065] Compiling SystemPackage WindowsSyscallAdapters.swift
[237/1065] Compiling SystemPackage MachPort.swift
[238/1065] Compiling SystemPackage PlatformString.swift
[240/1074] Wrapping AST for Logging for debugging
[245/1075] Wrapping AST for SystemPackage for debugging
[247/1080] Wrapping AST for SpanPreview for debugging
[248/1117] Compiling tls_record.cc
[250/1117] Emitting module Tracing
[250/1118] Compiling tls_method.cc
[251/1118] Wrapping AST for Instrumentation for debugging
[252/1118] Wrapping AST for InternalCollectionsUtilities for debugging
[253/1118] Wrapping AST for SwiftASN1 for debugging
[255/1118] Compiling Tracing TracingTime.swift
[256/1118] Compiling Tracing TracerProtocol.swift
[257/1118] Compiling DequeModule RigidDeque+Descriptions.swift
[258/1118] Compiling DequeModule RigidDeque+Equatable.swift
[259/1118] Compiling DequeModule RigidDeque+Hashable.swift
[260/1118] Compiling DequeModule RigidDeque+Initializers.swift
[261/1118] Compiling DequeModule RigidDeque+Insertions.swift
[262/1118] Compiling DequeModule RigidDeque+Iterable.swift
[263/1120] Compiling Tracing WithTracer.swift
[264/1123] Compiling Tracing Tracer.swift
[265/1123] Compiling Tracing TracerProtocol+Legacy.swift
[266/1123] Compiling DequeModule UniqueDeque+Consumption.swift
[267/1123] Compiling DequeModule UniqueDeque+ContainerOperations.swift
[268/1123] Compiling DequeModule UniqueDeque+Deprecations.swift
[269/1123] Compiling DequeModule UniqueDeque+Descriptions.swift
[270/1123] Compiling DequeModule UniqueDeque+Equatable.swift
[271/1123] Compiling DequeModule UniqueDeque+Hashable.swift
[272/1123] Compiling DequeModule UniqueDeque+Initializers.swift
[273/1123] Compiling DequeModule UniqueDeque+Insertions.swift
[274/1123] Compiling DequeModule UniqueDeque+Iterable.swift
[275/1123] Compiling DequeModule UniqueDeque+Prepend.swift
[276/1123] Compiling DequeModule UniqueDeque+Removals.swift
[277/1123] Compiling DequeModule _DequeBuffer.swift
[278/1123] Compiling DequeModule _DequeBufferHeader.swift
[279/1123] Compiling DequeModule RigidDeque+Append.swift
[280/1123] Compiling DequeModule RigidDeque+Consumption.swift
[281/1123] Compiling DequeModule RigidDeque+ContainerOperations.swift
[282/1123] Compiling DequeModule RigidDeque+Deprecations.swift
[282/1123] Compiling tls13_server.cc
[284/1123] Compiling DequeModule RigidDeque+Prepend.swift
[285/1123] Compiling DequeModule RigidDeque+Removals.swift
[286/1123] Compiling DequeModule RigidDeque+Replacements.swift
[287/1123] Compiling DequeModule RigidDeque+Testing.swift
[288/1123] Compiling DequeModule RigidDeque.swift
[289/1123] Compiling DequeModule UniqueDeque+Append.swift
[290/1123] Compiling Tracing NoOpTracer.swift
[291/1123] Compiling Tracing InstrumentationSystem+Tracing.swift
[292/1123] Compiling Tracing SpanProtocol.swift
[294/1124] Compiling DequeModule Deque+Extras.swift
[295/1124] Compiling DequeModule Deque+Hashable.swift
[296/1124] Compiling DequeModule Deque+Testing.swift
[297/1124] Compiling DequeModule Deque._Storage.swift
[298/1124] Compiling DequeModule Deque._UnsafeHandle.swift
[299/1124] Compiling DequeModule Deque.swift
[300/1124] Compiling DequeModule Deque+Codable.swift
[301/1124] Compiling DequeModule Deque+Collection.swift
[302/1124] Compiling DequeModule Deque+CustomReflectable.swift
[303/1124] Compiling DequeModule Deque+Descriptions.swift
[304/1124] Compiling DequeModule Deque+Equatable.swift
[305/1124] Compiling DequeModule Deque+ExpressibleByArrayLiteral.swift
[305/1124] Compiling tls13_both.cc
[306/1124] Wrapping AST for Tracing for debugging
[307/1124] Compiling tls13_enc.cc
[308/1124] Compiling t1_enc.cc
[309/1124] Compiling tls13_client.cc
[310/1124] Compiling ssl_versions.cc
[311/1124] Compiling ssl_x509.cc
[312/1124] Compiling ssl_stat.cc
[313/1124] Compiling ssl_privkey.cc
[314/1124] Compiling ssl_transcript.cc
[315/1124] Compiling ssl_session.cc
[317/1124] Compiling DequeModule UniqueDeque+Replacements.swift
[318/1124] Compiling DequeModule UniqueDeque.swift
[319/1124] Compiling DequeModule _DequeSlot.swift
[320/1124] Compiling DequeModule _UnsafeDequeHandle.swift
[321/1124] Compiling DequeModule _UnsafeDequeSegments.swift
[321/1124] Compiling ssl_key_share.cc
[322/1124] Compiling ssl_lib.cc
[323/1124] Compiling ssl_file.cc
[325/1124] Emitting module DequeModule
[326/1125] Compiling ssl_credential.cc
[327/1167] Compiling ssl_cipher.cc
[328/1168] Wrapping AST for DequeModule for debugging
[329/1168] Compiling ssl_cert.cc
[331/1168] Compiling Configuration Deprecations.swift
[332/1168] Compiling Configuration ExpressibleByConfigInt.swift
[333/1168] Compiling Configuration ExpressibleByConfigString.swift
[334/1168] Compiling Configuration CLIKeyEncoder.swift
[335/1168] Compiling Configuration ConfigKeyEncoder.swift
[336/1168] Compiling Configuration DotSeparatorKeyDecoder.swift
[337/1173] Compiling ExtrasBase64 Base64.swift
[338/1173] Emitting module ExtrasBase64
[339/1174] Compiling ssl_buffer.cc
[340/1205] Compiling s3_pkt.cc
[341/1205] Compiling s3_lib.cc
[342/1205] Wrapping AST for ExtrasBase64 for debugging
[343/1205] Compiling ssl_asn1.cc
[344/1205] Compiling ssl_aead_ctx.cc
[345/1205] Compiling s3_both.cc
[347/1205] Compiling GoogleWKT UnknownFields.swift
[348/1205] Compiling GoogleWKT WKTAny.swift
[349/1205] Compiling GoogleWKT WKTAnyError.swift
[350/1205] Compiling GoogleWKT WKTBoolValue.swift
[351/1205] Compiling GoogleWKT WKTBytesValue.swift
[352/1209] Compiling GoogleWKT WKTFloatValue.swift
[353/1209] Compiling GoogleWKT WKTInt32Value.swift
[354/1209] Compiling GoogleWKT WKTInt64Value.swift
[355/1209] Compiling GoogleWKT WKTRecursive.swift
[356/1209] Compiling GoogleWKT WKTDoubleValue.swift
[357/1209] Compiling GoogleWKT WKTDuration.swift
[358/1209] Compiling GoogleWKT WKTEmpty.swift
[359/1209] Compiling GoogleWKT WKTFieldMask.swift
[360/1209] Compiling GoogleWKT WKTField.swift
[361/1209] Compiling GoogleWKT WKTMethod.swift
[362/1209] Compiling GoogleWKT WKTMixin.swift
[363/1209] Compiling GoogleWKT WKTOption.swift
[364/1209] Compiling GoogleWKT WKTStringValue.swift
[365/1209] Compiling GoogleWKT WKTTimestamp.swift
[366/1209] Compiling GoogleWKT WKTUInt32Value.swift
[367/1209] Compiling GoogleWKT WKTUInt64Value.swift
[368/1209] Compiling GoogleWKT WKTValue.swift
[369/1209] Compiling GoogleWKT WKTApi.swift
[370/1209] Compiling GoogleWKT WKTEnum.swift
[371/1209] Compiling GoogleWKT WKTEnumValue.swift
[371/1209] Compiling handshake_server.cc
[373/1209] Compiling GoogleWKT AnyPackable.swift
[374/1209] Compiling GoogleWKT DecodeToDefault.swift
[375/1209] Compiling GoogleWKT DiscoveryBase64.swift
[376/1209] Compiling GoogleWKT ProtoJSONDecoder.swift
[377/1209] Compiling GoogleWKT ProtoJSONEncoder.swift
[378/1209] Emitting module GoogleWKT
[378/1209] Compiling handshake.cc
[379/1209] Compiling handshake_client.cc
[380/1209] Compiling handoff.cc
[381/1209] Compiling encrypted_client_hello.cc
[383/1209] Compiling GoogleWKT WKTSourceContext.swift
[384/1209] Compiling GoogleWKT WKTSyntax.swift
[385/1209] Compiling GoogleWKT WKTType.swift
[386/1209] Compiling GoogleWKT PackageVersion.swift
[388/1210] Compiling Configuration JSONSnapshot.swift
[389/1210] Compiling Configuration PropertyListSnapshot.swift
[390/1210] Compiling Configuration ReloadingFileProvider.swift
[391/1210] Compiling Configuration ReloadingFileProviderMetrics.swift
[392/1210] Compiling Configuration YAMLSnapshot.swift
[393/1210] Compiling Configuration InMemoryProvider.swift
[398/1210] Compiling Configuration AsyncCombineLatestManySequence.swift
[399/1210] Compiling Configuration CombineLatestManyStateMachine.swift
[399/1210] Compiling extensions.cc
[413/1225] Compiling Configuration CombineLatestManyStorage.swift
[414/1225] Compiling Configuration AsyncSequences.swift
[415/1225] Compiling Configuration FoundationExtensions.swift
[416/1225] Compiling Configuration Span.swift
[417/1225] Compiling Configuration ConfigBytesFromStringDecoder.swift
[417/1225] Compiling dtls_record.cc
[418/1225] Wrapping AST for GoogleWKT for debugging
[419/1225] Compiling d1_srtp.cc
[421/1225] Compiling GoogleRpc RequestInfo.swift
[422/1225] Compiling GoogleRpc ResourceInfo.swift
[422/1227] Compiling md5-x86_64-linux.S
[424/1227] Compiling GoogleRpc DebugInfo.swift
[425/1227] Compiling GoogleRpc ErrorInfo.swift
[426/1227] Emitting module GoogleRpc
[427/1227] Compiling GoogleRpc BadRequest.swift
[428/1227] Compiling GoogleRpc Code.swift
[429/1227] Compiling GoogleRpc Help.swift
[430/1227] Compiling GoogleRpc HttpHeader.swift
[431/1227] Compiling GoogleRpc HttpRequest.swift
[432/1227] Compiling GoogleRpc HttpResponse.swift
[432/1227] Compiling dtls_method.cc
[433/1227] Compiling md5-x86_64-apple.S
[434/1227] Compiling md5-586-linux.S
[435/1227] Compiling md5-586-apple.S
[437/1227] Compiling GoogleRpc PreconditionFailure.swift
[438/1227] Compiling GoogleRpc QuotaFailure.swift
[439/1227] Compiling GoogleRpc LocalizedMessage.swift
[440/1227] Compiling GoogleRpc PackageVersion.swift
[440/1227] Compiling chacha20_poly1305_x86_64-linux.S
[441/1227] Compiling chacha20_poly1305_x86_64-apple.S
[442/1227] Compiling chacha20_poly1305_armv8-win.S
[443/1227] Compiling chacha20_poly1305_armv8-linux.S
[444/1227] Compiling chacha20_poly1305_armv8-apple.S
[446/1227] Compiling GoogleRpc RetryInfo.swift
[447/1227] Compiling GoogleRpc Status.swift
[447/1228] Compiling chacha-x86_64-linux.S
[448/1228] Compiling d1_pkt.cc
[450/1228] Compiling d1_both.cc
[451/1228] Compiling d1_lib.cc
[452/1228] Compiling chacha-x86_64-apple.S
[453/1228] Compiling chacha-x86-linux.S
[454/1228] Compiling chacha-x86-apple.S
[456/1228] Emitting module Configuration
[457/1228] Compiling chacha-armv8-win.S
[469/1228] Compiling chacha-armv8-apple.S
[470/1229] Compiling chacha-armv4-linux.S
[471/1229] Compiling chacha-armv8-linux.S
[472/1229] Compiling err_data.cc
[473/1229] Wrapping AST for GoogleRpc for debugging
[474/1229] Compiling aes128gcmsiv-x86_64-linux.S
[476/1229] Compiling aes128gcmsiv-x86_64-apple.S
[477/1229] Compiling x86_64-mont5-linux.S
[478/1229] Compiling x86_64-mont-linux.S
[479/1229] Compiling x86_64-mont5-apple.S
[480/1229] Compiling x86_64-mont-apple.S
[481/1229] Compiling x86-mont-linux.S
[482/1229] Compiling x86-mont-apple.S
[483/1229] Compiling vpaes-x86_64-linux.S
[484/1229] Compiling vpaes-x86-apple.S
[485/1229] Compiling vpaes-x86-linux.S
[486/1229] Compiling vpaes-armv8-win.S
[487/1229] Compiling vpaes-x86_64-apple.S
[488/1229] Compiling vpaes-armv8-linux.S
[489/1229] Wrapping AST for Configuration for debugging
[490/1229] Compiling vpaes-armv8-apple.S
[491/1229] Compiling vpaes-armv7-linux.S
[492/1229] Compiling sha512-armv8-win.S
[493/1229] Compiling sha512-x86_64-apple.S
[494/1229] Compiling sha512-x86_64-linux.S
[495/1229] Compiling sha512-armv8-apple.S
[496/1229] Compiling sha512-armv4-linux.S
[497/1229] Compiling sha512-586-linux.S
[498/1229] Compiling sha512-armv8-linux.S
[499/1229] Compiling sha512-586-apple.S
[500/1229] Compiling sha256-x86_64-linux.S
[501/1229] Compiling sha256-x86_64-apple.S
[502/1229] Compiling sha256-armv8-win.S
[503/1229] Compiling sha256-armv8-apple.S
[504/1229] Compiling sha256-armv4-linux.S
[505/1229] Compiling sha256-586-linux.S
[506/1229] Compiling sha256-586-apple.S
[507/1229] Compiling sha256-armv8-linux.S
[508/1229] Compiling bio_ssl.cc
[509/1229] Compiling sha1-x86_64-linux.S
[510/1229] Compiling sha1-x86_64-apple.S
[511/1229] Compiling sha1-armv8-win.S
[512/1229] Compiling sha1-armv8-apple.S
[513/1229] Compiling sha1-armv4-large-linux.S
[514/1229] Compiling sha1-586-linux.S
[515/1229] Compiling sha1-586-apple.S
[516/1229] Compiling sha1-armv8-linux.S
[516/1229] Compiling rsaz-avx2-linux.S
[518/1229] Compiling rsaz-avx2-apple.S
[519/1229] Compiling rdrand-x86_64-linux.S
[520/1229] Compiling rdrand-x86_64-apple.S
[521/1229] Compiling p256_beeu-x86_64-asm-linux.S
[522/1229] Compiling p256_beeu-armv8-asm-win.S
[523/1229] Compiling p256_beeu-x86_64-asm-apple.S
[524/1229] Compiling p256_beeu-armv8-asm-linux.S
[525/1229] Compiling p256_beeu-armv8-asm-apple.S
[526/1229] Compiling p256-x86_64-asm-linux.S
[527/1229] Compiling p256-x86_64-asm-apple.S
[528/1229] Compiling p256-armv8-asm-win.S
[529/1229] Compiling p256-armv8-asm-apple.S
[530/1229] Compiling ghashv8-armv8-win.S
[531/1229] Compiling ghashv8-armv8-apple.S
[532/1229] Compiling ghashv8-armv8-linux.S
[533/1229] Compiling p256-armv8-asm-linux.S
[534/1229] Compiling ghash-x86_64-linux.S
[535/1229] Compiling ghashv8-armv7-linux.S
[536/1229] Compiling ghash-x86-linux.S
[537/1229] Compiling ghash-x86_64-apple.S
[538/1229] Compiling ghash-x86-apple.S
[539/1229] Compiling ghash-ssse3-x86_64-linux.S
[540/1229] Compiling ghash-ssse3-x86_64-apple.S
[541/1229] Compiling ghash-ssse3-x86-linux.S
[542/1229] Compiling ghash-ssse3-x86-apple.S
[543/1229] Compiling ghash-neon-armv8-win.S
[544/1229] Compiling ghash-neon-armv8-linux.S
[545/1229] Compiling ghash-armv4-linux.S
[546/1229] Compiling ghash-neon-armv8-apple.S
[547/1229] Compiling co-586-apple.S
[548/1229] Compiling bsaes-armv7-linux.S
[549/1229] Compiling co-586-linux.S
[550/1229] Compiling bn-armv8-win.S
[551/1229] Compiling bn-armv8-linux.S
[552/1229] Compiling bn-armv8-apple.S
[553/1229] Compiling bn-586-apple.S
[553/1229] Compiling bn-586-linux.S
[555/1229] Compiling armv4-mont-linux.S
[556/1229] Compiling armv8-mont-apple.S
[557/1229] Compiling armv8-mont-win.S
[558/1229] Compiling armv8-mont-linux.S
[559/1229] Compiling aesv8-gcm-armv8-win.S
[560/1229] Compiling aesv8-gcm-armv8-apple.S
[561/1229] Compiling aesv8-armv8-win.S
[562/1229] Compiling aesv8-gcm-armv8-linux.S
[563/1229] Compiling aesv8-armv8-apple.S
[564/1229] Compiling aesv8-armv7-linux.S
[565/1229] Compiling aesv8-armv8-linux.S
[566/1229] Compiling aesni-x86_64-linux.S
[567/1229] Compiling aesni-x86_64-apple.S
[568/1229] Compiling aesni-x86-linux.S
[569/1229] Compiling aesni-x86-apple.S
[570/1229] Compiling aesni-gcm-x86_64-linux.S
[571/1229] Compiling aes-gcm-avx2-x86_64-linux.S
[572/1229] Compiling aesni-gcm-x86_64-apple.S
[573/1229] Compiling aes-gcm-avx2-x86_64-apple.S
[574/1229] Compiling aes-gcm-avx10-x86_64-linux.S
[575/1229] Compiling aes-gcm-avx10-x86_64-apple.S
[576/1229] Compiling x_sig.cc
[577/1229] Compiling x_spki.cc
[578/1229] Compiling x_pubkey.cc
[579/1229] Compiling x_x509.cc
[580/1229] Compiling x_x509a.cc
[581/1229] Compiling x_req.cc
[582/1229] Compiling x_val.cc
[583/1229] Compiling x_name.cc
[584/1229] Compiling x_exten.cc
[585/1229] Compiling x509spki.cc
[586/1229] Compiling x_algor.cc
[587/1229] Compiling x_attrib.cc
[588/1229] Compiling x509rset.cc
[589/1229] Compiling x_crl.cc
[590/1229] Compiling x_all.cc
[591/1229] Compiling x509name.cc
[592/1229] Compiling x509cset.cc
[593/1229] Compiling x509_v3.cc
[593/1229] Compiling x509_txt.cc
[595/1229] Compiling x509_vpm.cc
[596/1229] Compiling x509_trs.cc
[597/1229] Compiling x509_set.cc
[598/1229] Compiling x509_vfy.cc
[598/1229] Compiling x509_req.cc
[600/1229] Compiling x509_obj.cc
[601/1229] Compiling x509_def.cc
[602/1229] Compiling x509_d2.cc
[603/1229] Compiling x509_ext.cc
[604/1229] Compiling x509_lu.cc
[605/1229] Compiling x509_cmp.cc
[606/1229] Compiling x509.cc
[607/1229] Compiling x509_att.cc
[608/1229] Compiling v3_skey.cc
[609/1229] Compiling v3_utl.cc
[610/1229] Compiling v3_prn.cc
[611/1229] Compiling v3_purp.cc
[612/1229] Compiling v3_pmaps.cc
[613/1229] Compiling v3_ocsp.cc
[614/1229] Compiling v3_pcons.cc
[615/1229] Compiling v3_ncons.cc
[616/1229] Compiling v3_int.cc
[617/1229] Compiling v3_lib.cc
[618/1229] Compiling v3_ia5.cc
[619/1229] Compiling v3_info.cc
[620/1229] Compiling v3_extku.cc
[621/1229] Compiling v3_enum.cc
[621/1229] Compiling v3_genn.cc
[623/1229] Compiling v3_crld.cc
[624/1229] Compiling v3_bitst.cc
[625/1229] Compiling v3_conf.cc
[626/1229] Compiling v3_cpols.cc
[627/1229] Compiling v3_bcons.cc
[628/1229] Compiling v3_akeya.cc
[629/1229] Compiling v3_akey.cc
[630/1229] Compiling v3_alt.cc
[631/1229] Compiling t_x509a.cc
[632/1229] Compiling i2d_pr.cc
[633/1229] Compiling t_crl.cc
[634/1229] Compiling t_req.cc
[635/1229] Compiling name_print.cc
[636/1229] Compiling t_x509.cc
[637/1229] Compiling rsa_pss.cc
[638/1229] Compiling policy.cc
[639/1229] Compiling by_file.cc
[640/1229] Compiling by_dir.cc
[641/1229] Compiling voprf.cc
[642/1229] Compiling a_verify.cc
[643/1229] Compiling a_sign.cc
[644/1229] Compiling algorithm.cc
[645/1229] Compiling asn1_gen.cc
[646/1229] Compiling a_digest.cc
[647/1229] Compiling trust_token.cc
[648/1229] Compiling thread.cc
[648/1229] Compiling thread_win.cc
[650/1229] Compiling thread_pthread.cc
[651/1229] Compiling thread_none.cc
[652/1229] Compiling stack.cc
[653/1229] Compiling pmbtoken.cc
[654/1229] Compiling slhdsa.cc
[655/1229] Compiling spake2plus.cc
[656/1229] Compiling sha512.cc
[657/1229] Compiling sha256.cc
[658/1229] Compiling sha1.cc
[659/1229] Compiling siphash.cc
[660/1229] Compiling rsa_print.cc
[661/1229] Compiling rsa_extra.cc
[662/1229] Compiling rsa_crypt.cc
[663/1229] Compiling rc4.cc
[664/1229] Compiling refcount.cc
[665/1229] Compiling windows.cc
[666/1229] Compiling urandom.cc
[667/1229] Compiling trusty.cc
[668/1229] Compiling rand.cc
[669/1229] Compiling rsa_asn1.cc
[670/1229] Compiling passive.cc
[671/1229] Compiling poly1305_arm_asm.S
[672/1229] Compiling ios.cc
[672/1229] Compiling getentropy.cc
[674/1229] Compiling deterministic.cc
[675/1229] Compiling forkunsafe.cc
[676/1229] Compiling fork_detect.cc
[677/1229] Compiling poly1305_vec.cc
[678/1229] Compiling pool.cc
[679/1229] Compiling poly1305_arm.cc
[680/1229] Compiling poly1305.cc
[681/1229] Compiling pkcs7.cc
[682/1229] Compiling p5_pbev2.cc
[683/1229] Compiling pkcs8.cc
[684/1229] Compiling pkcs8_x509.cc
[685/1229] Compiling pkcs7_x509.cc
[686/1229] Compiling pem_xaux.cc
[687/1229] Compiling pem_x509.cc
[688/1229] Compiling pem_pkey.cc
[689/1229] Compiling pem_pk8.cc
[690/1229] Compiling mlkem.cc
[691/1229] Compiling pem_oth.cc
[692/1229] Compiling pem_info.cc
[693/1229] Compiling pem_all.cc
[694/1229] Compiling pem_lib.cc
[694/1229] Compiling obj_xref.cc
[696/1229] Compiling obj.cc
[697/1229] Compiling poly_rq_mul.S
[698/1229] Compiling mldsa.cc
[699/1229] Compiling fips_shared_support.cc
[700/1229] Compiling mem.cc
[701/1229] Compiling md5.cc
[702/1229] Compiling md4.cc
[703/1229] Compiling lhash.cc
[704/1229] Compiling kyber.cc
[705/1229] Compiling hrss.cc
[706/1229] Compiling sign.cc
[707/1229] Compiling ex_data.cc
[708/1229] Compiling scrypt.cc
[709/1229] Compiling print.cc
[710/1229] Compiling hpke.cc
[711/1229] Compiling pbkdf.cc
[712/1229] Compiling p_x25519.cc
[713/1229] Compiling p_x25519_asn1.cc
[714/1229] Compiling p_rsa_asn1.cc
[715/1229] Compiling p_rsa.cc
[716/1229] Compiling p_ed25519.cc
[717/1229] Compiling p_hkdf.cc
[718/1229] Compiling p_ed25519_asn1.cc
[719/1229] Compiling p_ec.cc
[720/1229] Compiling p_ec_asn1.cc
[721/1229] Compiling p_dh_asn1.cc
[722/1229] Compiling p_dh.cc
[723/1229] Compiling evp_ctx.cc
[724/1229] Compiling p_dsa_asn1.cc
[725/1229] Compiling evp_asn1.cc
[726/1229] Compiling evp.cc
[727/1229] Compiling engine.cc
[728/1229] Compiling err.cc
[729/1229] Compiling ecdh.cc
[730/1229] Compiling ecdsa_asn1.cc
[731/1229] Compiling hash_to_curve.cc
[732/1229] Compiling ec_derive.cc
[733/1229] Compiling dsa.cc
[734/1229] Compiling dsa_asn1.cc
[735/1229] Compiling ec_asn1.cc
[736/1229] Compiling params.cc
[737/1229] Compiling bcm.cc
[738/1229] Compiling x25519-asm-arm.S
[739/1229] Compiling digest_extra.cc
[740/1229] Compiling dh_asn1.cc
[741/1229] Compiling des.cc
[742/1229] Compiling curve25519_64_adx.cc
[743/1229] Compiling cpu_intel.cc
[744/1229] Compiling crypto.cc
[745/1229] Compiling spake25519.cc
[746/1229] Compiling cpu_arm_linux.cc
[747/1229] Compiling curve25519.cc
[748/1229] Compiling cpu_arm_freebsd.cc
[749/1229] Compiling cpu_aarch64_win.cc
[750/1229] Compiling cpu_aarch64_sysreg.cc
[751/1229] Compiling cpu_aarch64_openbsd.cc
[752/1229] Compiling cpu_aarch64_linux.cc
[753/1229] Compiling cpu_aarch64_fuchsia.cc
[754/1229] Compiling cpu_aarch64_apple.cc
[755/1229] Compiling conf.cc
[756/1229] Compiling tls_cbc.cc
[757/1229] Compiling get_cipher.cc
[758/1229] Compiling e_rc4.cc
[759/1229] Compiling e_tls.cc
[760/1229] Compiling e_null.cc
[761/1229] Compiling e_rc2.cc
[762/1229] Compiling e_des.cc
[763/1229] Compiling e_aesgcmsiv.cc
[764/1229] Compiling e_chacha20poly1305.cc
[765/1229] Compiling e_aesctrhmac.cc
[766/1229] Compiling derive_key.cc
[767/1229] Compiling chacha.cc
[768/1229] Compiling unicode.cc
[769/1229] Compiling buf.cc
[770/1229] Compiling cbb.cc
[771/1229] Compiling cbs.cc
[772/1229] Compiling ber.cc
[773/1229] Compiling asn1_compat.cc
[774/1229] Compiling bn_asn1.cc
[775/1229] Compiling convert.cc
[776/1229] Compiling blake2.cc
[777/1229] Compiling socket_helper.cc
[778/1229] Compiling socket.cc
[779/1229] Compiling printf.cc
[780/1229] Compiling hexdump.cc
[781/1229] Compiling pair.cc
[782/1229] Compiling fd.cc
[783/1229] Compiling file.cc
[784/1229] Compiling errno.cc
[785/1229] Compiling bio_mem.cc
[786/1229] Compiling connect.cc
[787/1229] Compiling bio.cc
[788/1229] Compiling base64.cc
[789/1229] Compiling tasn_fre.cc
[789/1229] Compiling tasn_typ.cc
[790/1229] Compiling tasn_utl.cc
[792/1229] Compiling tasn_enc.cc
[793/1229] Compiling posix_time.cc
[794/1229] Compiling tasn_new.cc
[795/1229] Compiling f_string.cc
[796/1229] Compiling tasn_dec.cc
[797/1229] Compiling f_int.cc
[798/1229] Compiling asn_pack.cc
[798/1229] Compiling asn1_par.cc
[800/1229] Compiling asn1_lib.cc
[801/1229] Compiling a_utctm.cc
[802/1229] Compiling a_type.cc
[803/1229] Compiling a_time.cc
[804/1229] Compiling a_octet.cc
[805/1229] Compiling a_strnid.cc
[806/1229] Compiling a_strex.cc
[807/1229] Compiling a_object.cc
[808/1229] Compiling a_i2d_fp.cc
[809/1229] Compiling a_dup.cc
[810/1229] Compiling a_mbstr.cc
[811/1229] Compiling a_gentm.cc
[812/1229] Compiling a_d2i_fp.cc
[813/1229] Compiling a_int.cc
[814/1229] Compiling CGoogleGaxCRC32C CGoogleGaxCRC32C.c
[815/1229] Compiling fiat_p256_adx_sqr.S
[816/1229] Compiling fiat_p256_adx_mul.S
[817/1229] Compiling fiat_curve25519_adx_square.S
[818/1229] Compiling fiat_curve25519_adx_mul.S
[819/1229] Compiling chacha20_poly1305_x86_64-linux.S
[820/1229] Compiling a_bitstr.cc
[821/1229] Compiling chacha20_poly1305_x86_64-apple.S
[822/1229] Compiling chacha20_poly1305_armv8-win.S
[823/1229] Compiling chacha-x86-linux.S
[824/1229] Compiling chacha20_poly1305_armv8-apple.S
[825/1229] Compiling chacha-x86-apple.S
[826/1229] Compiling chacha20_poly1305_armv8-linux.S
[827/1229] Compiling chacha-armv8-win.S
[828/1229] Compiling chacha-armv8-apple.S
[829/1229] Compiling chacha-armv8-linux.S
[830/1229] Compiling chacha-armv4-linux.S
[831/1229] Compiling aes128gcmsiv-x86_64-linux.S
[832/1229] Compiling a_bool.cc
[833/1229] Compiling aes128gcmsiv-x86_64-apple.S
[834/1229] Compiling CCryptoBoringSSLShims shims.c
[835/1229] Compiling x86_64-mont5-linux.S
[835/1229] Compiling x86_64-mont5-apple.S
[837/1229] Compiling x86_64-mont-linux.S
[838/1229] Compiling x86_64-mont-apple.S
[839/1229] Compiling x86-mont-linux.S
[840/1229] Compiling x86-mont-apple.S
[841/1229] Compiling vpaes-x86_64-apple.S
[842/1229] Compiling vpaes-x86_64-linux.S
[843/1229] Compiling vpaes-x86-linux.S
[844/1229] Compiling vpaes-x86-apple.S
[845/1229] Compiling vpaes-armv8-win.S
[846/1229] Compiling vpaes-armv8-linux.S
[847/1229] Compiling vpaes-armv8-apple.S
[848/1229] Compiling vpaes-armv7-linux.S
[849/1229] Compiling sha512-x86_64-linux.S
[850/1229] Compiling sha512-x86_64-apple.S
[851/1229] Compiling sha512-armv8-win.S
[852/1229] Compiling sha512-armv8-apple.S
[853/1229] Compiling sha512-armv4-linux.S
[854/1229] Compiling sha512-586-linux.S
[855/1229] Compiling sha512-586-apple.S
[856/1229] Compiling sha512-armv8-linux.S
[857/1229] Compiling sha256-x86_64-linux.S
[858/1229] Compiling sha256-x86_64-apple.S
[859/1229] Compiling sha256-armv8-win.S
[860/1229] Compiling sha256-armv8-apple.S
[861/1229] Compiling sha256-armv4-linux.S
[862/1229] Compiling sha256-armv8-linux.S
[863/1229] Compiling sha256-586-linux.S
[864/1229] Compiling sha256-586-apple.S
[865/1229] Compiling sha1-x86_64-linux.S
[866/1229] Compiling sha1-x86_64-apple.S
[867/1229] Compiling sha1-armv8-win.S
[868/1229] Compiling sha1-armv8-apple.S
[869/1229] Compiling sha1-armv4-large-linux.S
[870/1229] Compiling sha1-armv8-linux.S
[870/1229] Compiling sha1-586-linux.S
[872/1229] Compiling sha1-586-apple.S
[873/1229] Compiling rsaz-avx2-linux.S
[874/1229] Compiling rsaz-avx2-apple.S
[875/1229] Compiling rdrand-x86_64-linux.S
[876/1229] Compiling rdrand-x86_64-apple.S
[877/1229] Compiling p256_beeu-x86_64-asm-apple.S
[877/1229] Compiling p256_beeu-x86_64-asm-linux.S
[879/1229] Compiling p256_beeu-armv8-asm-win.S
[880/1229] Compiling p256_beeu-armv8-asm-linux.S
[881/1229] Compiling p256_beeu-armv8-asm-apple.S
[882/1229] Compiling p256-x86_64-asm-linux.S
[883/1229] Compiling p256-x86_64-asm-apple.S
[884/1229] Compiling p256-armv8-asm-win.S
[885/1229] Compiling p256-armv8-asm-apple.S
[886/1229] Compiling p256-armv8-asm-linux.S
[886/1229] Compiling ghashv8-armv8-win.S
[886/1229] Compiling ghashv8-armv8-linux.S
[889/1229] Compiling ghashv8-armv8-apple.S
[890/1229] Compiling ghashv8-armv7-linux.S
[891/1229] Compiling ghash-x86_64-linux.S
[892/1229] Compiling ghash-x86-apple.S
[893/1229] Compiling ghash-x86_64-apple.S
[894/1229] Compiling ghash-x86-linux.S
[895/1229] Compiling ghash-ssse3-x86_64-linux.S
[896/1229] Compiling ghash-ssse3-x86_64-apple.S
[897/1229] Compiling ghash-ssse3-x86-apple.S
[898/1229] Compiling ghash-ssse3-x86-linux.S
[899/1229] Compiling ghash-neon-armv8-win.S
[900/1229] Compiling ghash-neon-armv8-apple.S
[901/1229] Compiling ghash-neon-armv8-linux.S
[902/1229] Compiling co-586-linux.S
[902/1229] Compiling co-586-apple.S
[904/1229] Compiling ghash-armv4-linux.S
[905/1229] Compiling bsaes-armv7-linux.S
[906/1229] Compiling bn-armv8-linux.S
[907/1229] Compiling bn-armv8-win.S
[908/1229] Compiling bn-armv8-apple.S
[909/1229] Compiling bn-586-linux.S
[910/1229] Compiling bn-586-apple.S
[911/1229] Compiling armv8-mont-apple.S
[912/1229] Compiling armv8-mont-win.S
[913/1229] Compiling armv8-mont-linux.S
[914/1229] Compiling armv4-mont-linux.S
[915/1229] Compiling aesv8-gcm-armv8-win.S
[916/1229] Compiling aesv8-armv8-win.S
[917/1229] Compiling aesv8-gcm-armv8-linux.S
[918/1229] Compiling aesv8-gcm-armv8-apple.S
[919/1229] Compiling aesv8-armv8-apple.S
[919/1229] Compiling aesv8-armv8-linux.S
[921/1229] Compiling aesv8-armv7-linux.S
[922/1229] Compiling aesni-x86_64-linux.S
[923/1229] Compiling aesni-x86-linux.S
[924/1229] Compiling aesni-x86-apple.S
[925/1229] Compiling aesni-x86_64-apple.S
[925/1229] Compiling aesni-gcm-x86_64-linux.S
[927/1229] Compiling aesni-gcm-x86_64-apple.S
[928/1229] Compiling aes-gcm-avx512-x86_64-linux.S
[929/1229] Compiling aes-gcm-avx512-x86_64-apple.S
[930/1229] Compiling aes-gcm-avx2-x86_64-linux.S
[931/1229] Compiling aes-gcm-avx2-x86_64-apple.S
[932/1229] Compiling xwing.cc
[933/1229] Compiling x_sig.cc
[934/1229] Compiling x_spki.cc
[935/1229] Compiling x_x509a.cc
[936/1229] Compiling x_x509.cc
[937/1229] Compiling x_req.cc
[938/1229] Compiling c-nioatomics.c
[939/1229] Compiling x_pubkey.cc
[940/1229] Compiling x_exten.cc
[941/1229] Compiling x_name.cc
[942/1229] Compiling x_attrib.cc
[943/1229] Compiling x_crl.cc
[944/1229] Compiling x_all.cc
[945/1229] Compiling c-atomics.c
[946/1229] Compiling x_algor.cc
[947/1236] Compiling x509spki.cc
[948/1236] Compiling x509name.cc
[949/1236] Compiling x509rset.cc
[951/1236] Compiling NIOConcurrencyHelpers NIOLockedValueBox.swift
[951/1236] Compiling x509cset.cc
[953/1236] Compiling NIOConcurrencyHelpers NIOThreadPoolWorkAvailable.swift
[953/1236] Compiling x509_vpm.cc
[954/1236] Compiling x509_v3.cc
[954/1236] Compiling x509_vfy.cc
[957/1236] Compiling NIOConcurrencyHelpers NIOLock.swift
[958/1236] Emitting module NIOConcurrencyHelpers
[959/1236] Compiling NIOConcurrencyHelpers NIOAtomic.swift
[960/1236] Compiling NIOConcurrencyHelpers lock.swift
[961/1236] Compiling NIOConcurrencyHelpers atomics.swift
[962/1237] Wrapping AST for NIOConcurrencyHelpers for debugging
[963/1237] Compiling x509_txt.cc
[963/1237] Compiling x509_trs.cc
[965/1237] Compiling x509_set.cc
[966/1237] Compiling x509_obj.cc
[967/1237] Compiling x509_req.cc
[968/1237] Compiling x509_ext.cc
[969/1237] Compiling x509_lu.cc
[970/1237] Compiling x509_def.cc
[971/1237] Compiling x509_d2.cc
[972/1237] Compiling x509_cmp.cc
[973/1237] Compiling x509.cc
[974/1237] Compiling x509_att.cc
[975/1237] Compiling v3_skey.cc
[976/1237] Compiling v3_utl.cc
[976/1237] Compiling v3_purp.cc
[978/1237] Compiling v3_prn.cc
[979/1237] Compiling v3_pmaps.cc
[980/1237] Compiling v3_pcons.cc
[981/1237] Compiling v3_ocsp.cc
[982/1237] Compiling v3_ncons.cc
[983/1237] Compiling v3_lib.cc
[984/1237] Compiling v3_int.cc
[985/1237] Compiling v3_info.cc
[986/1237] Compiling v3_ia5.cc
[987/1237] Compiling v3_genn.cc
[988/1237] Compiling v3_extku.cc
[989/1237] Compiling v3_enum.cc
[990/1237] Compiling v3_crld.cc
[991/1237] Compiling v3_cpols.cc
[992/1237] Compiling v3_conf.cc
[992/1237] Compiling v3_bitst.cc
[994/1237] Compiling v3_bcons.cc
[995/1237] Compiling v3_alt.cc
[996/1237] Compiling v3_akeya.cc
[997/1237] Compiling v3_akey.cc
[998/1237] Compiling t_x509a.cc
[999/1237] Compiling t_crl.cc
[1000/1237] Compiling t_x509.cc
[1001/1237] Compiling t_req.cc
[1002/1237] Compiling rsa_pss.cc
[1003/1237] Compiling i2d_pr.cc
[1004/1237] Compiling name_print.cc
[1005/1237] Compiling policy.cc
[1006/1237] Compiling by_file.cc
[1007/1237] Compiling algorithm.cc
[1008/1237] Compiling asn1_gen.cc
[1009/1237] Compiling by_dir.cc
[1010/1237] Compiling a_verify.cc
[1011/1237] Compiling a_sign.cc
[1012/1237] Compiling a_digest.cc
[1013/1237] Compiling voprf.cc
[1014/1237] Compiling thread_win.cc
[1015/1237] Compiling thread_pthread.cc
[1016/1237] Compiling trust_token.cc
[1017/1237] Compiling thread_none.cc
[1018/1237] Compiling pmbtoken.cc
[1019/1237] Compiling thread.cc
[1020/1237] Compiling stack.cc
[1021/1237] Compiling siphash.cc
[1022/1237] Compiling sha512.cc
[1023/1237] Compiling slhdsa.cc
[1024/1237] Compiling spake2plus.cc
[1025/1237] Compiling sha256.cc
[1026/1237] Compiling sha1.cc
[1027/1237] Compiling rsa_print.cc
[1028/1237] Compiling rsa_extra.cc
[1029/1237] Compiling rsa_crypt.cc
[1030/1237] Compiling refcount.cc
[1031/1237] Compiling rc4.cc
[1032/1237] Compiling windows.cc
[1033/1237] Compiling urandom.cc
[1034/1237] Compiling trusty.cc
[1035/1237] Compiling rand.cc
[1036/1237] Compiling passive.cc
[1037/1237] Compiling ios.cc
[1037/1237] Compiling rsa_asn1.cc
[1039/1237] Compiling getentropy.cc
[1040/1237] Compiling poly1305_arm_asm.S
[1041/1237] Compiling forkunsafe.cc
[1042/1237] Compiling deterministic.cc
[1043/1237] Compiling fork_detect.cc
[1044/1237] Compiling poly1305_vec.cc
[1045/1237] Compiling poly1305_arm.cc
[1046/1237] Compiling pool.cc
[1047/1237] Compiling poly1305.cc
[1048/1237] Compiling pkcs8_x509.cc
[1049/1237] Compiling pkcs8.cc
[1050/1237] Compiling p5_pbev2.cc
[1051/1237] Compiling pkcs7_x509.cc
[1052/1237] Compiling pkcs7.cc
[1053/1237] Compiling pem_xaux.cc
[1054/1237] Compiling pem_x509.cc
[1055/1237] Compiling pem_pkey.cc
[1056/1237] Compiling pem_oth.cc
[1057/1237] Compiling mlkem.cc
[1057/1237] Compiling pem_pk8.cc
[1059/1237] Compiling pem_lib.cc
[1060/1237] Compiling pem_info.cc
[1061/1237] Compiling obj_xref.cc
[1062/1237] Compiling pem_all.cc
[1063/1237] Compiling obj.cc
[1064/1237] Compiling poly_rq_mul.S
[1065/1237] Compiling mldsa.cc
[1066/1237] Compiling mem.cc
[1067/1237] Compiling fips_shared_support.cc
[1068/1237] Compiling lhash.cc
[1069/1237] Compiling md5.cc
[1070/1237] Compiling md4.cc
[1071/1237] Compiling kyber.cc
[1072/1237] Compiling fuzzer_mode.cc
[1073/1237] Compiling hrss.cc
[1073/1237] Compiling ex_data.cc
[1075/1237] Compiling hpke.cc
[1076/1237] Compiling scrypt.cc
[1077/1237] Compiling pbkdf.cc
[1078/1237] Compiling sign.cc
[1079/1237] Compiling print.cc
[1080/1237] Compiling p_x25519_asn1.cc
[1081/1237] Compiling p_x25519.cc
[1082/1237] Compiling p_rsa_asn1.cc
[1083/1237] Compiling p_rsa.cc
[1084/1237] Compiling p_hkdf.cc
[1085/1237] Compiling p_ed25519.cc
[1086/1237] Compiling p_ed25519_asn1.cc
[1087/1237] Compiling p_ec.cc
[1088/1237] Compiling p_ec_asn1.cc
[1089/1237] Compiling p_dsa_asn1.cc
[1090/1237] Compiling p_dh_asn1.cc
[1091/1237] Compiling p_dh.cc
[1092/1237] Compiling evp_ctx.cc
[1093/1237] Compiling engine.cc
[1094/1237] Compiling evp_asn1.cc
[1095/1237] Compiling err.cc
[1096/1237] Compiling ecdsa_p1363.cc
[1097/1237] Compiling evp.cc
[1098/1237] Compiling ecdh.cc
[1099/1237] Compiling ec_derive.cc
[1100/1237] Compiling hash_to_curve.cc
[1101/1237] Compiling ecdsa_asn1.cc
[1102/1237] Compiling dsa.cc
[1103/1237] Compiling ec_asn1.cc
[1104/1237] Compiling dsa_asn1.cc
[1105/1237] Compiling des.cc
[1106/1237] Compiling x25519-asm-arm.S
[1107/1237] Compiling digest_extra.cc
[1108/1237] Compiling params.cc
[1109/1237] Compiling dh_asn1.cc
[1110/1237] Compiling curve25519_64_adx.cc
[1111/1237] Compiling crypto.cc
[1112/1237] Compiling spake25519.cc
[1113/1237] Compiling cpu_intel.cc
[1114/1237] Compiling curve25519.cc
[1115/1237] Compiling cpu_arm_linux.cc
[1116/1237] Compiling cpu_arm_freebsd.cc
[1117/1237] Compiling cpu_aarch64_win.cc
[1118/1237] Compiling cpu_aarch64_sysreg.cc
[1119/1237] Compiling cpu_aarch64_openbsd.cc
[1120/1237] Compiling cpu_aarch64_linux.cc
[1121/1237] Compiling cpu_aarch64_fuchsia.cc
[1122/1237] Compiling cpu_aarch64_apple.cc
[1123/1237] Compiling conf.cc
[1124/1237] Compiling tls_cbc.cc
[1125/1237] Compiling get_cipher.cc
[1126/1237] Compiling e_tls.cc
[1127/1237] Compiling e_rc4.cc
[1128/1237] Compiling cms.cc
[1129/1237] Compiling e_rc2.cc
[1130/1237] Compiling e_null.cc
[1131/1237] Compiling e_des.cc
[1132/1237] Compiling e_chacha20poly1305.cc
[1133/1237] Compiling e_aesgcmsiv.cc
[1134/1237] Compiling derive_key.cc
[1135/1237] Compiling e_aeseax.cc
[1135/1237] Compiling e_aesctrhmac.cc
[1137/1237] Compiling chacha.cc
[1138/1237] Compiling unicode.cc
[1139/1237] Compiling buf.cc
[1140/1237] Compiling sqrt.cc
[1141/1237] Compiling cbs.cc
[1142/1237] Compiling cbb.cc
[1143/1237] Compiling exponentiation.cc
[1144/1237] Compiling ber.cc
[1145/1237] Compiling asn1_compat.cc
[1146/1237] Compiling div.cc
[1147/1237] Compiling printf.cc
[1148/1237] Compiling blake2.cc
[1149/1237] Compiling hexdump.cc
[1150/1237] Compiling file.cc
[1151/1237] Compiling bn_asn1.cc
[1152/1237] Compiling convert.cc
[1153/1237] Compiling fd.cc
[1154/1237] Compiling errno.cc
[1155/1237] Compiling bio_mem.cc
[1156/1237] Compiling base64.cc
[1157/1237] Compiling bio.cc
[1158/1237] Compiling tasn_typ.cc
[1159/1237] Compiling tasn_utl.cc
[1160/1237] Compiling tasn_fre.cc
[1161/1237] Compiling tasn_enc.cc
[1162/1237] Compiling tasn_new.cc
[1163/1237] Compiling f_string.cc
[1164/1237] Compiling posix_time.cc
[1165/1237] Compiling f_int.cc
[1166/1237] Compiling tasn_dec.cc
[1167/1237] Compiling asn_pack.cc
[1168/1237] Compiling asn1_par.cc
[1169/1237] Compiling a_utctm.cc
[1170/1237] Compiling asn1_lib.cc
[1171/1237] Compiling a_type.cc
[1172/1237] Compiling a_octet.cc
[1173/1237] Compiling bcm.cc
[1174/1237] Compiling a_time.cc
[1175/1237] Compiling a_strnid.cc
[1176/1237] Compiling a_strex.cc
[1177/1237] Compiling a_i2d_fp.cc
[1178/1237] Compiling a_mbstr.cc
[1179/1237] Compiling a_dup.cc
[1180/1237] Compiling a_object.cc
[1181/1237] Write sources
[1182/1237] Compiling a_d2i_fp.cc
[1183/1237] Write sources
[1185/1237] Compiling CAsyncHTTPClient CAsyncHTTPClient.c
[1186/1237] Compiling a_int.cc
[1187/1280] Compiling a_gentm.cc
[1188/1280] Compiling a_bool.cc
[1190/1280] Compiling Atomics UnsafeAtomic.swift
[1191/1280] Compiling Atomics UnsafeAtomicLazyReference.swift
[1192/1282] Compiling Atomics ManagedAtomic.swift
[1193/1282] Compiling Atomics ManagedAtomicLazyReference.swift
[1193/1282] Compiling aes.cc
[1195/1282] Compiling Atomics IntegerOperations.swift
[1196/1282] Compiling Atomics Unmanaged extensions.swift
[1197/1282] Compiling Atomics AtomicMemoryOrderings.swift
[1198/1282] Compiling Atomics DoubleWord.swift
[1199/1282] Compiling Atomics AtomicStorage.swift
[1200/1282] Compiling Atomics AtomicValue.swift
[1201/1282] Compiling Atomics OptionalRawRepresentable.swift
[1202/1282] Compiling Atomics RawRepresentable.swift
[1203/1282] Compiling Atomics AtomicBool.swift
[1204/1282] Compiling Algorithms Split.swift
[1205/1282] Compiling Algorithms Stride.swift
[1206/1282] Compiling Algorithms Suffix.swift
[1206/1285] Compiling a_bitstr.cc
[1208/1285] Compiling Atomics AtomicInteger.swift
[1209/1285] Compiling Atomics AtomicOptionalWrappable.swift
[1210/1285] Compiling Atomics AtomicReference.swift
[1222/1293] Compiling Algorithms Indexed.swift
[1223/1293] Compiling Algorithms Intersperse.swift
[1228/1293] Compiling Algorithms Trim.swift
[1229/1293] Compiling Algorithms Unique.swift
[1230/1293] Compiling Algorithms Windows.swift
[1231/1293] Emitting module CryptoBoringWrapper
[1232/1293] Compiling CryptoBoringWrapper RandomBytes.swift
[1233/1293] Compiling CryptoBoringWrapper CryptoKitErrors_boring.swift
[1234/1293] Compiling CryptoBoringWrapper EllipticCurve.swift
[1235/1293] Compiling CryptoBoringWrapper FiniteFieldArithmeticContext.swift
[1236/1293] Compiling CryptoBoringWrapper BoringSSLAEAD.swift
[1237/1293] Compiling Atomics IntegerConformances.swift
[1238/1293] Compiling Atomics PointerConformances.swift
[1239/1293] Compiling Atomics Primitives.native.swift
[1244/1293] Emitting module Atomics
[1245/1294] Compiling CryptoBoringWrapper EllipticCurvePoint.swift
[1246/1294] Compiling CryptoBoringWrapper ArbitraryPrecisionInteger.swift
[1248/1295] Wrapping AST for Atomics for debugging
[1249/1295] Wrapping AST for CryptoBoringWrapper for debugging
[1251/1443] Emitting module Algorithms
[1252/1444] Wrapping AST for Algorithms for debugging
[1254/1444] Compiling Crypto SubjectPublicKeyInfo.swift
[1255/1444] Compiling Crypto CryptoError_boring.swift
[1256/1444] Compiling Crypto HKDF.swift
[1257/1444] Compiling Crypto AESWrap.swift
[1258/1444] Compiling Crypto AESWrap_boring.swift
[1259/1444] Compiling Crypto Ed25519_boring.swift
[1260/1444] Compiling Crypto NISTCurvesKeys_boring.swift
[1261/1444] Compiling Crypto X25519Keys_boring.swift
[1262/1444] Compiling Crypto Curve25519.swift
[1263/1452] Compiling Crypto HPKE-LabeledExtract.swift
[1264/1452] Compiling Crypto HPKE-Utils.swift
[1265/1452] Compiling Crypto DHKEM.swift
[1266/1452] Compiling Crypto HPKE-KEM-Curve25519.swift
[1267/1452] Compiling Crypto HPKE-NIST-EC-KEMs.swift
[1268/1452] Compiling Crypto HPKE-KEM.swift
[1269/1452] Compiling Crypto HPKE-Errors.swift
[1270/1452] Compiling Crypto HPKE.swift
[1271/1452] Compiling Crypto HPKE-Context.swift
[1272/1452] Compiling Crypto HPKE-KeySchedule.swift
[1273/1452] Compiling Crypto HPKE-Modes.swift
[1274/1452] Compiling Crypto Insecure.swift
[1275/1463] Compiling Crypto Ed25519Keys.swift
[1276/1463] Compiling Crypto NISTCurvesKeys.swift
[1277/1463] Compiling Crypto X25519Keys.swift
[1278/1463] Compiling Crypto SymmetricKeys.swift
[1279/1463] Compiling Crypto HMAC.swift
[1280/1463] Compiling Crypto Insecure_HashFunctions.swift
[1281/1463] Compiling Crypto MLKEM_boring.swift
[1282/1463] Compiling Crypto MLKEM_wrapper.swift
[1283/1463] Compiling Crypto XWing_boring.swift
[1284/1463] Emitting module Crypto
[1285/1463] Compiling NIOCore AddressedEnvelope.swift
[1286/1463] Compiling NIOCore AsyncAwaitSupport.swift
[1287/1463] Compiling NIOCore AsyncChannel.swift
[1288/1463] Compiling NIOCore AsyncChannelHandler.swift
[1289/1463] Compiling NIOCore AsyncChannelInboundStream.swift
[1290/1463] Compiling NIOCore AsyncChannelOutboundWriter.swift
[1291/1463] Compiling NIOCore NIOAsyncSequenceProducer.swift
[1292/1463] Compiling NIOCore NIOAsyncSequenceProducerStrategies.swift
[1293/1463] Compiling NIOCore NIOAsyncWriter.swift
[1294/1463] Compiling NIOCore NIOThrowingAsyncSequenceProducer.swift
[1295/1463] Compiling NIOCore BSDSocketAPI.swift
[1296/1463] Compiling NIOCore ByteBuffer-aux.swift
[1306/1463] Compiling Crypto Signature.swift
[1307/1463] Compiling Crypto CryptoKitErrors_boring.swift
[1308/1463] Compiling Crypto Optional+withUnsafeBytes_boring.swift
[1309/1463] Compiling Crypto RNG_boring.swift
[1310/1463] Compiling Crypto SafeCompare_boring.swift
[1311/1463] Compiling NIOCore SingleStepByteToMessageDecoder.swift
[1312/1463] Compiling NIOCore SocketAddresses.swift
[1313/1463] Compiling NIOCore SocketOptionProvider.swift
[1314/1463] Compiling NIOCore SystemCallHelpers.swift
[1315/1463] Compiling NIOCore TimeAmount+Duration.swift
[1316/1463] Compiling NIOCore TypeAssistedChannelHandler.swift
[1317/1463] Compiling NIOCore UniversalBootstrapSupport.swift
[1318/1463] Compiling NIOCore Utilities.swift
[1319/1463] Compiling Crypto Zeroization_boring.swift
[1320/1463] Compiling Crypto _CryptoModuleAnchor.swift
[1321/1463] Compiling Crypto PrettyBytes.swift
[1322/1463] Compiling Crypto SafeCompare.swift
[1323/1463] Compiling Crypto SecureBytes.swift
[1324/1463] Compiling Crypto Zeroization.swift
[1325/1463] Compiling Crypto ECDSASignature_boring.swift
[1326/1463] Compiling Crypto ECDSA_boring.swift
[1327/1463] Compiling Crypto EdDSA_boring.swift
[1328/1463] Compiling Crypto MLDSA_boring.swift
[1329/1463] Compiling Crypto MLDSA_wrapper.swift
[1330/1463] Compiling Crypto ECDSA.swift
[1331/1463] Compiling Crypto Ed25519.swift
[1332/1463] Compiling Crypto MLDSA.swift
[1333/1463] Compiling Crypto ASN1Null.swift
[1334/1463] Compiling Crypto ASN1OctetString.swift
[1335/1463] Compiling Crypto ASN1Strings.swift
[1336/1463] Compiling Crypto ArraySliceBigint.swift
[1337/1463] Compiling Crypto GeneralizedTime.swift
[1338/1463] Compiling Crypto ObjectIdentifier.swift
[1339/1463] Compiling Crypto ECDSASignature.swift
[1340/1463] Compiling Crypto PEMDocument.swift
[1341/1463] Compiling Crypto PKCS8PrivateKey.swift
[1342/1463] Compiling Crypto SEC1PrivateKey.swift
[1343/1463] Compiling NIOCore ByteBuffer-binaryEncodedLengthPrefix.swift
[1344/1463] Compiling NIOCore ByteBuffer-conversions.swift
[1345/1463] Compiling NIOCore ByteBuffer-core.swift
[1346/1463] Compiling NIOCore ByteBuffer-hex.swift
[1347/1463] Compiling NIOCore ByteBuffer-int.swift
[1348/1463] Compiling NIOCore ByteBuffer-lengthPrefix.swift
[1349/1463] Compiling Crypto HashFunctions_SHA3.swift
[1350/1463] Compiling Crypto Digest_xkcp.swift
[1351/1463] Compiling NIOCore ByteBuffer-views.swift
[1352/1463] Compiling NIOCore Channel.swift
[1353/1463] Compiling Crypto HPKE-KDF.swift
[1354/1463] Compiling NIOCore ChannelHandlers.swift
[1391/1463] Compiling Crypto MACFunctions.swift
[1392/1463] Compiling Crypto MessageAuthenticationCode.swift
[1393/1463] Compiling Crypto AES.swift
[1411/1464] Wrapping AST for Crypto for debugging
[1413/1526] Compiling CryptoExtras PKCS8DERRepresentation.swift
[1414/1526] Compiling CryptoExtras PKCS8PrivateKey.swift
[1415/1526] Compiling CryptoExtras RFC8410AlgorithmIdentifier.swift
[1416/1526] Compiling CryptoExtras ECToolbox_boring.swift
[1417/1526] Compiling CryptoExtras ECToolbox.swift
[1418/1526] Compiling CryptoExtras HashToField.swift
[1419/1526] Compiling CryptoExtras KDF.swift
[1420/1526] Compiling CryptoExtras PBKDF2_boring.swift
[1421/1526] Compiling CryptoExtras PBKDF2_commoncrypto.swift
[1422/1526] Compiling CryptoExtras PBKDF2.swift
[1423/1526] Compiling CryptoExtras Scrypt_boring.swift
[1424/1526] Compiling CryptoExtras Scrypt.swift
[1425/1526] Compiling CryptoExtras OPRF.swift
[1426/1526] Compiling CryptoExtras OPRFClient.swift
[1427/1526] Compiling CryptoExtras OPRFServer.swift
[1428/1526] Compiling CryptoExtras VOPRF+API.swift
[1429/1526] Compiling CryptoExtras VOPRFClient.swift
[1430/1526] Compiling CryptoExtras VOPRFServer.swift
[1431/1534] Compiling CryptoExtras Data+Extensions.swift
[1432/1534] Compiling CryptoExtras DigestType.swift
[1433/1534] Compiling CryptoExtras Error.swift
[1434/1534] Compiling CryptoExtras I2OSP.swift
[1435/1534] Compiling CryptoExtras IntegerEncoding.swift
[1436/1534] Compiling CryptoExtras PEMDocument.swift
[1437/1534] Compiling CryptoExtras PrettyBytes.swift
[1438/1534] Compiling CryptoExtras SubjectPublicKeyInfo.swift
[1439/1534] Compiling CryptoExtras ThreadOps.swift
[1440/1534] Compiling CryptoExtras ThreadPosix.swift
[1441/1534] Compiling CryptoExtras ThreadSpecific.swift
[1442/1534] Compiling CryptoExtras ThreadWindows.swift
[1443/1534] Compiling CryptoExtras DLEQ.swift
[1444/1534] Compiling CryptoExtras Prover.swift
[1445/1534] Compiling CryptoExtras Verifier.swift
[1446/1534] Compiling CryptoExtras ZKPToolbox.swift
[1447/1534] Compiling CryptoExtras CMAC.swift
[1448/1534] Compiling CryptoExtras ARC+API.swift
[1449/1534] Compiling CryptoExtras ARC.swift
[1450/1534] Compiling CryptoExtras ARCCredential.swift
[1451/1534] Compiling CryptoExtras ARCEncoding.swift
[1452/1534] Compiling CryptoExtras ARCPrecredential.swift
[1453/1534] Compiling CryptoExtras ARCPresentation.swift
[1454/1534] Compiling CryptoExtras ARCRequest.swift
[1455/1534] Compiling CryptoExtras ARCResponse.swift
[1456/1534] Compiling CryptoExtras AES_CBC.swift
[1457/1534] Compiling CryptoExtras AES_CFB.swift
[1458/1534] Compiling CryptoExtras AES_CTR.swift
[1459/1534] Compiling CryptoExtras AES_GCM_SIV.swift
[1460/1534] Compiling CryptoExtras Block Function.swift
[1461/1534] Compiling CryptoExtras AES_CBC_boring.swift
[1462/1534] Compiling CryptoExtras AES_CFB_boring.swift
[1463/1534] Compiling CryptoExtras AES_CTR_boring.swift
[1464/1534] Compiling CryptoExtras AES_GCM_SIV_boring.swift
[1465/1534] Emitting module CryptoExtras
[1466/1534] Compiling CryptoExtras BoringSSLPassphraseCallbackManager.swift
[1467/1534] Compiling CryptoExtras RSA+BlindSigning.swift
[1468/1534] Compiling CryptoExtras RSA.swift
[1469/1534] Compiling CryptoExtras RSA_boring.swift
[1470/1534] Compiling CryptoExtras Reexport.swift
[1471/1534] Compiling CryptoExtras Zeroization_boring.swift
[1472/1534] Compiling CryptoExtras BoringSSLHelpers.swift
[1473/1534] Compiling CryptoExtras CryptoKitErrors_boring.swift
[1474/1534] Compiling CryptoExtras ARCServer.swift
[1475/1534] Compiling CryptoExtras ChaCha20CTR_boring.swift
[1476/1534] Compiling CryptoExtras ChaCha20CTR.swift
[1477/1534] Compiling CryptoExtras BoringSSLSHA512256Context.swift
[1478/1534] Compiling CryptoExtras BoringSSLSHA512256HashFunction.swift
[1479/1534] Compiling CryptoExtras SHA512256.swift
[1480/1534] Compiling CryptoExtras SHA512256Digest.swift
[1481/1534] Compiling CryptoExtras Curve25519+PEM.swift
[1482/1534] Compiling CryptoExtras ObjectIdentifier.swift
[1492/1535] Wrapping AST for CryptoExtras for debugging
[1494/1537] Compiling _CryptoExtras Exports.swift
[1495/1537] Emitting module _CryptoExtras
[1496/1538] Wrapping AST for _CryptoExtras for debugging
[1498/1633] Emitting module NIOCore
[1499/1637] Wrapping AST for NIOCore for debugging
[1501/1691] Compiling NIOFoundationEssentialsCompat Codable+ByteBuffer.swift
[1502/1691] Compiling NIOFoundationEssentialsCompat ByteBuffer-foundation.swift
[1503/1691] Emitting module NIOFoundationEssentialsCompat
[1505/1692] Emitting module NIOEmbedded
[1505/1692] Wrapping AST for NIOFoundationEssentialsCompat for debugging
[1507/1692] Compiling NIOEmbedded AsyncTestingChannel.swift
[1508/1692] Compiling NIOEmbedded AsyncTestingEventLoop.swift
[1509/1692] Compiling NIOEmbedded Embedded.swift
[1510/1693] Wrapping AST for NIOEmbedded for debugging
[1512/1693] Compiling NIOPosix HappyEyeballs.swift
[1513/1693] Compiling NIOPosix IO.swift
[1514/1693] Compiling NIOPosix IntegerBitPacking.swift
[1515/1693] Compiling NIOPosix IntegerTypes.swift
[1516/1693] Compiling NIOPosix Linux.swift
[1517/1693] Compiling NIOPosix LinuxCPUSet.swift
[1518/1693] Compiling NIOPosix LinuxUring.swift
[1519/1693] Compiling NIOPosix MultiThreadedEventLoopGroup.swift
[1520/1693] Compiling NIOPosix NIOPosixSendableMetatype.swift
[1521/1693] Compiling NIOPosix NIORandomizedDNSResolver.swift
[1522/1693] Compiling NIOPosix NIOThreadPool.swift
[1523/1693] Compiling NIOPosix NonBlockingFileIO.swift
[1524/1693] Compiling NIOPosix PendingDatagramWritesManager.swift
[1525/1693] Compiling NIOPosix BaseStreamSocketChannel.swift
[1526/1693] Compiling NIOPosix Bootstrap.swift
[1527/1693] Compiling NIOPosix ControlMessage.swift
[1528/1693] Compiling NIOPosix DatagramVectorReadManager.swift
[1529/1693] Compiling NIOPosix Errors+Any.swift
[1530/1693] Compiling NIOPosix FileDescriptor.swift
[1531/1693] Compiling NIOPosix GetaddrinfoResolver.swift
[1532/1693] Compiling NIOPosix BSDSocketAPICommon.swift
[1533/1693] Compiling NIOPosix BSDSocketAPIPosix.swift
[1534/1693] Compiling NIOPosix BSDSocketAPIWindows.swift
[1535/1693] Compiling NIOPosix BaseSocket.swift
[1536/1693] Compiling NIOPosix BaseSocketChannel+AccessibleTransport.swift
[1537/1693] Compiling NIOPosix BaseSocketChannel+SocketOptionProvider.swift
[1538/1693] Compiling NIOPosix BaseSocketChannel.swift
[1539/1706] Compiling NIOPosix PendingWritesManager.swift
[1540/1706] Compiling NIOPosix SelectorWSAPoll.swift
[1541/1706] Compiling NIOPosix ServerSocket.swift
[1542/1706] Compiling NIOPosix Socket.swift
[1543/1706] Compiling NIOPosix SocketChannel.swift
[1544/1706] Compiling NIOPosix SocketProtocols.swift
[1545/1706] Compiling NIOPosix StructuredConcurrencyHelpers.swift
[1546/1706] Compiling NIOPosix System.swift
[1547/1706] Compiling NIOPosix Selectable.swift
[1548/1706] Compiling NIOPosix SelectableChannel.swift
[1549/1706] Compiling NIOPosix SelectableEventLoop.swift
[1550/1706] Compiling NIOPosix SelectorEpoll.swift
[1551/1706] Compiling NIOPosix SelectorGeneric.swift
[1552/1706] Compiling X509 OneOfPolicies.swift
[1553/1706] Compiling X509 PolicyBuilder.swift
[1554/1706] Compiling X509 BasicConstraintsPolicy.swift
[1555/1706] Compiling X509 DNSNames.swift
[1556/1706] Compiling X509 ExpiryPolicy.swift
[1557/1706] Compiling X509 IPConstraints.swift
[1558/1706] Compiling X509 NameConstraintsPolicy.swift
[1559/1706] Compiling X509 RFC5280Policy.swift
[1560/1706] Compiling X509 URIConstraints.swift
[1561/1706] Compiling X509 VersionPolicy.swift
[1562/1706] Compiling X509 ServerIdentityPolicy.swift
[1563/1706] Compiling X509 TrustRootLoading.swift
[1564/1706] Compiling X509 UnverifiedChain.swift
[1565/1706] Compiling NIOPosix SelectorKqueue.swift
[1566/1706] Compiling NIOPosix SelectorUring.swift
[1567/1706] Compiling NIOPosix PipeChannel.swift
[1568/1706] Compiling NIOPosix PipePair.swift
[1569/1706] Compiling NIOPosix Pool.swift
[1570/1706] Compiling NIOPosix PosixSingletons+ConcurrencyTakeOver.swift
[1571/1706] Compiling NIOPosix PosixSingletons.swift
[1572/1706] Compiling NIOPosix RawSocketBootstrap.swift
[1573/1706] Compiling NIOPosix Resolver.swift
[1574/1706] Compiling X509 CertificateSerialNumber.swift
[1575/1706] Compiling X509 CertificateVersion.swift
[1576/1706] Compiling X509 CMSAttribute.swift
[1577/1706] Compiling X509 CMSContentInfo.swift
[1578/1706] Compiling X509 CMSEncapsulatedContentInfo.swift
[1579/1706] Compiling X509 OCSPExtensionID.swift
[1580/1706] Compiling X509 OCSPNonce.swift
[1581/1706] Compiling X509 OCSPPolicy.swift
[1582/1706] Compiling X509 OCSPRequest.swift
[1583/1706] Compiling X509 OCSPResponse.swift
[1584/1706] Compiling X509 OCSPResponseBytes.swift
[1585/1706] Compiling X509 OCSPResponseData.swift
[1586/1706] Compiling X509 OCSPResponseStatus.swift
[1587/1706] Compiling X509 OCSPSignature.swift
[1588/1706] Compiling X509 OCSPSingleRequest.swift
[1589/1706] Compiling X509 OCSPSingleResponse.swift
[1590/1706] Compiling X509 OCSPTBSRequest.swift
[1591/1706] Compiling X509 OCSPVersion.swift
[1592/1706] Compiling X509 CMSIssuerAndSerialNumber.swift
[1593/1706] Compiling X509 CMSOperations.swift
[1594/1706] Compiling X509 CMSSignature.swift
[1595/1706] Compiling X509 CMSSignedData.swift
[1596/1706] Compiling X509 CMSSignerIdentifier.swift
[1597/1706] Compiling X509 CMSSignerInfo.swift
[1598/1706] Compiling X509 CMSVersion.swift
[1599/1706] Compiling X509 Curve25519+DER.swift
[1600/1706] Compiling X509 CustomPrivateKey.swift
[1601/1706] Compiling X509 Digests.swift
[1602/1706] Compiling X509 DistinguishedName.swift
[1603/1706] Compiling X509 CommonName.swift
[1604/1706] Compiling X509 CountryName.swift
[1605/1706] Compiling X509 DNBuilder.swift
[1606/1706] Emitting module NIOPosix
[1642/1713] Emitting module X509
[1643/1713] Compiling NIOPosix Thread.swift
[1644/1713] Compiling NIOPosix ThreadPosix.swift
[1645/1713] Compiling NIOPosix ThreadWindows.swift
[1646/1713] Compiling NIOPosix Utilities.swift
[1647/1713] Compiling NIOPosix VsockAddress.swift
[1648/1713] Compiling NIOPosix VsockChannelEvents.swift
[1649/1713] Compiling NIOPosix Windows.swift
[1664/1714] Wrapping AST for NIOPosix for debugging
[1666/1716] Emitting module NIO
[1667/1716] Compiling NIO Exports.swift
[1668/1717] Wrapping AST for NIO for debugging
[1670/1756] Compiling NIOTLS TLSEvents.swift
[1671/1756] Compiling NIOSOCKS SOCKSResponse.swift
[1672/1757] Compiling NIOFoundationCompat JSONSerialization+ByteBuffer.swift
[1673/1757] Compiling NIOSOCKS SelectedAuthenticationMethod.swift
[1674/1757] Compiling NIOSOCKS ClientStateMachine.swift
[1675/1757] Emitting module NIOFoundationCompat
[1676/1757] Compiling NIOFoundationCompat WaitSpinningRunLoop.swift
[1677/1757] Emitting module NIOSOCKS
[1678/1757] Compiling NIOFoundationCompat Exports.swift
[1679/1758] Compiling NIOTLS ApplicationProtocolNegotiationHandler.swift
[1680/1758] Wrapping AST for NIOFoundationCompat for debugging
[1682/1758] Compiling NIOHTTP1 ByteCollectionUtils.swift
[1683/1758] Compiling NIOHTTP1 HTTPDecoder.swift
[1684/1758] Compiling NIOHTTP1 HTTPServerRequestMethodQueue.swift
[1685/1758] Compiling NIOHTTP1 HTTPServerUpgradeHandler.swift
[1686/1760] Compiling NIOSOCKS ServerStateMachine.swift
[1687/1760] Compiling NIOTLS SNIHandler.swift
[1688/1760] Compiling NIOTLS ProtocolNegotiationHandlerStateMachine.swift
[1689/1760] Emitting module NIOTLS
[1690/1760] Compiling NIOTLS NIOTypedApplicationProtocolNegotiationHandler.swift
[1692/1761] Compiling NIOHTTP1 HTTPEncoder.swift
[1693/1761] Compiling NIOHTTP1 HTTPHeaderValidator.swift
[1696/1761] Compiling NIOHTTP1 HTTPHeaders+Validation.swift
[1697/1761] Compiling NIOHTTP1 HTTPPipelineSetup.swift
[1698/1762] Wrapping AST for NIOTLS for debugging
[1700/1792] Compiling NIOSSL SSLCallbacks.swift
[1701/1792] Compiling NIOSSL SSLCertificate.swift
[1701/1792] Wrapping AST for NIOSOCKS for debugging
[1703/1792] Compiling NIOSSL NIOSSLHandler.swift
[1704/1792] Compiling NIOSSL NIOSSLServerHandler.swift
[1705/1792] Compiling NIOSSL FreeBSDCABundle.swift
[1706/1792] Compiling NIOSSL IdentityVerification.swift
[1707/1792] Compiling NIOSSL LinuxCABundle.swift
[1708/1792] Emitting module NIOHTTP1
[1709/1792] Compiling X509 ValidatedCertificateChain.swift
[1710/1792] Compiling X509 VerificationDiagnostic.swift
[1711/1792] Compiling X509 Verifier.swift
[1712/1792] Compiling X509 VerifierPolicy.swift
[1713/1792] Compiling X509 AlgorithmIdentifier.swift
[1714/1792] Compiling X509 ECDSASignature.swift
[1715/1792] Compiling X509 RSAPKCS1PublicKey.swift
[1716/1792] Compiling X509 SubjectPublicKeyInfo.swift
[1717/1792] Compiling X509 TBSCertificate.swift
[1718/1792] Compiling X509 Time.swift
[1719/1792] Compiling X509 TimeCalculations.swift
[1720/1792] Compiling X509 Validity.swift
[1721/1792] Compiling X509 X509SendableMetatype.swift
[1722/1793] Compiling NIOSSL SSLCertificateExtensions.swift
[1723/1793] Compiling NIOSSL SSLCertificateName.swift
[1724/1793] Wrapping AST for X509 for debugging
[1726/1860] Compiling JWTKit MLDSAError.swift
[1727/1860] Compiling JWTKit MLDSAKey.swift
[1728/1860] Compiling JWTKit JWTSerializer.swift
[1729/1860] Compiling JWTKit JWTSigner.swift
[1732/1860] Compiling JWTKit JWTKeyCollection+MLDSA.swift
[1733/1860] Compiling JWTKit MLDSA.swift
[1734/1860] Compiling JWTKit MLDSA65+MLDSAKey.swift
[1735/1860] Compiling JWTKit MLDSA87+MLDSAKey.swift
[1738/1860] Compiling JWTKit MLDSASigner.swift
[1739/1869] Compiling JWTKit AudienceClaim.swift
[1740/1869] Compiling JWTKit BoolClaim.swift
[1741/1869] Compiling JWTKit ExpirationClaim.swift
[1742/1869] Compiling JWTKit GoogleHostedDomainClaim.swift
[1743/1869] Compiling JWTKit IDClaim.swift
[1744/1869] Compiling JWTKit IssuedAtClaim.swift
[1745/1869] Compiling JWTKit IssuerClaim.swift
[1746/1869] Compiling JWTKit JWTClaim.swift
[1747/1869] Compiling JWTKit JWTMultiValueClaim.swift
[1748/1869] Compiling JWTKit JWTUnixEpochClaim.swift
[1749/1869] Compiling JWTKit ECDSASigningAlgorithm.swift
[1750/1869] Compiling JWTKit JWTKeyCollection+ECDSA.swift
[1751/1869] Compiling JWTKit P256+CurveType.swift
[1752/1869] Compiling JWTKit P384+CurveType.swift
[1753/1869] Compiling JWTKit P521+CurveType.swift
[1754/1869] Compiling JWTKit EdDSA.swift
[1755/1869] Compiling JWTKit EdDSACurve.swift
[1756/1869] Compiling JWTKit EdDSAError.swift
[1757/1869] Compiling JWTKit EdDSASigner.swift
[1758/1869] Compiling JWTKit JWTKeyCollection+EdDSA.swift
[1762/1875] Wrapping AST for NIOHTTP1 for debugging
[1764/1887] Emitting module NIOSSL
[1765/1891] Compiling NIOHPACK HPACKEncoder.swift
[1766/1891] Compiling NIOHPACK HPACKErrors.swift
[1767/1891] Compiling NIOHPACK DynamicHeaderTable.swift
[1768/1891] Compiling NIOHPACK HPACKDecoder.swift
[1769/1891] Compiling NIOHPACK HPACKHeader.swift
[1770/1891] Compiling JWTKit JWTHeader+CommonFields.swift
[1771/1891] Compiling JWTKit JWTHeader.swift
[1772/1891] Compiling JWTKit JWTHeaderField.swift
[1773/1891] Compiling JWTKit JWTKeyCollection.swift
[1774/1891] Compiling JWTKit JWTParser+MandatoryVerificationFields.swift
[1775/1891] Compiling JWTKit JWTParser.swift
[1776/1891] Compiling JWTKit JWTPayload.swift
[1778/1891] Compiling NIOHPACK IndexedHeaderTable.swift
[1779/1892] Compiling NIOHPACK HeaderTables.swift
[1783/1892] Compiling JWTKit MLDSAType.swift
[1784/1892] Compiling JWTKit JWTKeyCollection+UnsecuredNone.swift
[1785/1892] Compiling JWTKit UnsecuredNoneSigner.swift
[1786/1892] Compiling JWTKit JWTKeyCollection+RSA.swift
[1787/1892] Compiling JWTKit RSA.swift
[1788/1892] Compiling JWTKit RSAError.swift
[1789/1892] Compiling JWTKit RSASigner.swift
[1790/1892] Compiling JWTKit Base64URL.swift
[1791/1892] Compiling JWTKit CryptoSigner.swift
[1792/1892] Compiling JWTKit LocaleClaim.swift
[1793/1892] Compiling JWTKit NotBeforeClaim.swift
[1794/1892] Compiling JWTKit SubjectClaim.swift
[1795/1892] Compiling JWTKit TenantIDClaim.swift
[1796/1892] Compiling JWTKit ECDSA.swift
[1797/1892] Compiling JWTKit ECDSACurve.swift
[1798/1892] Compiling JWTKit ECDSACurveType.swift
[1799/1892] Compiling JWTKit ECDSAError.swift
[1800/1892] Compiling JWTKit ECDSAKeyTypes.swift
[1801/1892] Compiling JWTKit ECDSASigner.swift
[1802/1892] Compiling JWTKit HMAC.swift
[1803/1892] Compiling JWTKit HMACError.swift
[1804/1892] Compiling JWTKit HMACSigner.swift
[1805/1892] Compiling JWTKit JWTKeyCollection+HMAC.swift
[1806/1892] Compiling JWTKit Insecure.swift
[1807/1892] Compiling JWTKit JWK.swift
[1808/1892] Compiling JWTKit JWKIdentifier.swift
[1809/1892] Compiling JWTKit JWKS.swift
[1810/1892] Compiling JWTKit JWKSigner.swift
[1811/1892] Compiling NIOHTTPCompression HTTPDecompressor.swift
[1812/1892] Compiling NIOHPACK IntegerCoding.swift
[1813/1892] Emitting module NIOHTTPCompression
[1814/1892] Compiling NIOHTTPCompression HTTPCompression.swift
[1815/1892] Compiling NIOHTTPCompression HTTPDecompression.swift
[1816/1892] Emitting module JWTKit
[1817/1892] Compiling JWTKit JWTAlgorithm.swift
[1818/1892] Compiling JWTKit JWTError.swift
[1830/1892] Compiling NIOHPACK StaticHeaderTable.swift
[1831/1892] Compiling NIOHTTPCompression HTTPResponseCompressor.swift
[1832/1892] Emitting module NIOHPACK
[1833/1892] Compiling NIOHTTPCompression HTTPRequestCompressor.swift
[1834/1893] Wrapping AST for NIOHTTPCompression for debugging
[1848/1893] Compiling NIOHPACK HuffmanTables.swift
[1851/1893] Compiling NIOHPACK HuffmanCoding.swift
[1852/1894] Wrapping AST for NIOHPACK for debugging
[1854/1957] Compiling JWTKit CustomizedJSONCoders.swift
[1855/1957] Compiling JWTKit Utilities.swift
[1856/1957] Compiling JWTKit AppleIdentityToken.swift
[1857/1957] Compiling JWTKit FirebaseAuthIdentityToken.swift
[1858/1957] Compiling JWTKit GoogleIdentityToken.swift
[1859/1957] Compiling JWTKit MicrosoftIdentityToken.swift
[1860/1957] Compiling JWTKit EmptyPolicy.swift
[1861/1957] Compiling JWTKit ValidationTimePayload.swift
[1862/1957] Compiling JWTKit X5CVerifier.swift
[1864/1958] Compiling NIOHTTP2 HTTP2CommonInboundStreamMultiplexer.swift
[1865/1958] Compiling NIOHTTP2 HTTP2ConnectionStateChange.swift
[1866/1958] Compiling NIOHTTP2 HTTP2Error.swift
[1867/1958] Compiling NIOHTTP2 HTTP2ErrorCode.swift
[1867/1958] Wrapping AST for JWTKit for debugging
[1869/1959] Wrapping AST for NIOSSL for debugging
[1871/1959] Compiling NIOHTTP2 MaySendFrames.swift
[1872/1959] Compiling NIOHTTP2 SendingDataState.swift
[1873/1959] Compiling NIOHTTP2 SendingGoawayState.swift
[1874/1959] Compiling NIOHTTP2 SendingHeadersState.swift
[1875/1959] Compiling NIOHTTP2 SendingPushPromiseState.swift
[1876/1959] Compiling NIOHTTP2 SendingRstStreamState.swift
[1877/1959] Compiling NIOHTTP2 SendingWindowUpdateState.swift
[1878/1959] Compiling NIOHTTP2 HTTP2SettingsState.swift
[1879/1959] Compiling NIOHTTP2 HasExtendedConnectSettings.swift
[1880/1967] Compiling NIOHTTP2 HasFlowControlWindows.swift
[1881/1967] Compiling NIOHTTP2 HasLocalSettings.swift
[1882/1967] Compiling NIOHTTP2 HasRemoteSettings.swift
[1883/1967] Compiling NIOHTTP2 LocallyQuiescingState.swift
[1884/1967] Compiling NIOHTTP2 QuiescingState.swift
[1885/1967] Compiling NIOHTTP2 RemotelyQuiescingState.swift
[1886/1967] Compiling NIOHTTP2 SendAndReceiveGoawayState.swift
[1887/1967] Compiling NIOHTTP2 StateMachineResult.swift
[1888/1967] Compiling NIOHTTP2 ContentLengthVerifier.swift
[1889/1967] Emitting module NIOHTTP2
[1890/1967] Compiling NIOHTTP2 HTTP2StreamMultiplexer.swift
[1891/1967] Compiling NIOHTTP2 HTTP2ToHTTP1Codec.swift
[1892/1967] Compiling NIOHTTP2 HTTP2UserEvents.swift
[1893/1967] Compiling NIOHTTP2 InboundEventBuffer.swift
[1894/1967] Compiling NIOHTTP2 InboundWindowManager.swift
[1895/1967] Compiling NIOHTTP2 MultiplexerAbstractChannel.swift
[1896/1967] Compiling NIOHTTP2 NIOHTTP2FrameDelegate.swift
[1897/1967] Compiling NIOHTTP2 NIOHTTP2ServerConnectionManagementHandler+StateMachine.swift
[1898/1967] Compiling NIOHTTP2 DOSHeuristics.swift
[1899/1967] Compiling NIOHTTP2 Error+Any.swift
[1900/1967] Compiling NIOHTTP2 ConcurrentStreamBuffer.swift
[1901/1967] Compiling NIOHTTP2 ControlFrameBuffer.swift
[1902/1967] Compiling NIOHTTP2 OutboundFlowControlBuffer.swift
[1903/1967] Compiling NIOHTTP2 OutboundFrameBuffer.swift
[1904/1967] Compiling NIOHTTP2 GlitchesMonitor.swift
[1905/1967] Compiling NIOHTTP2 HPACKHeaders+Validation.swift
[1906/1967] Compiling NIOHTTP2 HTTP2ChannelHandler+InboundStreamMultiplexer.swift
[1907/1967] Compiling NIOHTTP2 NIOHTTP2ServerConnectionManagementHandler.swift
[1908/1967] Compiling NIOHTTP2 StreamChannelFlowController.swift
[1909/1967] Compiling NIOHTTP2 StreamChannelList.swift
[1910/1967] Compiling NIOHTTP2 StreamMap.swift
[1911/1967] Compiling NIOHTTP2 StreamStateMachine.swift
[1912/1967] Compiling NIOHTTP2 Timer.swift
[1913/1967] Compiling NIOHTTP2 UnsafeTransfer.swift
[1914/1967] Compiling NIOHTTP2 WatermarkedFlowController.swift
[1915/1967] Compiling NIOHTTP2 ConnectionStateMachine.swift
[1916/1967] Compiling NIOHTTP2 ConnectionStreamsState.swift
[1917/1967] Compiling NIOHTTP2 MayReceiveFrames.swift
[1918/1967] Compiling NIOHTTP2 ReceivingDataState.swift
[1919/1967] Compiling NIOHTTP2 ReceivingGoAwayState.swift
[1920/1967] Compiling NIOHTTP2 ReceivingHeadersState.swift
[1921/1967] Compiling NIOHTTP2 ReceivingPushPromiseState.swift
[1922/1967] Compiling NIOHTTP2 ReceivingRstStreamState.swift
[1923/1967] Compiling NIOHTTP2 ReceivingWindowUpdateState.swift
[1924/1967] Compiling NIOHTTP2 HTTP2FrameParser.swift
[1925/1967] Compiling NIOHTTP2 HTTP2PingData.swift
[1926/1967] Compiling NIOHTTP2 HTTP2PipelineHelpers.swift
[1927/1967] Compiling NIOHTTP2 HTTP2Settings.swift
[1928/1967] Compiling NIOHTTP2 HTTP2Stream.swift
[1929/1967] Compiling NIOHTTP2 HTTP2StreamChannel+OutboundStreamMultiplexer.swift
[1930/1967] Compiling NIOHTTP2 HTTP2StreamChannel.swift
[1931/1967] Compiling NIOHTTP2 HTTP2StreamDelegate.swift
[1932/1967] Compiling NIOHTTP2 HTTP2StreamID.swift
[1933/1967] Compiling NIOHTTP2 HTTP2ChannelHandler+InlineStreamMultiplexer.swift
[1934/1967] Compiling NIOHTTP2 HTTP2ChannelHandler.swift
[1939/1967] Compiling NIOHTTP2 HTTP2FlowControlWindow.swift
[1940/1967] Compiling NIOHTTP2 HTTP2Frame.swift
[1941/1967] Compiling NIOHTTP2 HTTP2FrameEncoder.swift
[1942/1968] Wrapping AST for NIOHTTP2 for debugging
[1944/2032] Emitting module AsyncHTTPClient
[1945/2040] Compiling AsyncHTTPClient HTTPClientResponse.swift
[1946/2040] Compiling AsyncHTTPClient SingleIteratorPrecondition.swift
[1947/2040] Compiling AsyncHTTPClient Transaction+StateMachine.swift
[1948/2040] Compiling AsyncHTTPClient Transaction.swift
[1949/2040] Compiling AsyncHTTPClient Base64.swift
[1950/2040] Compiling AsyncHTTPClient BasicAuth.swift
[1951/2040] Compiling AsyncHTTPClient BestEffortHashableTLSConfiguration.swift
[1952/2040] Compiling AsyncHTTPClient Configuration+BrowserLike.swift
[1953/2040] Compiling AsyncHTTPClient ConnectionPool.swift
[1954/2040] Compiling AsyncHTTPClient AnyAsyncSequence.swift
[1955/2040] Compiling AsyncHTTPClient AnyAsyncSequenceProucerDelete.swift
[1956/2040] Compiling AsyncHTTPClient AsyncLazySequence.swift
[1957/2040] Compiling AsyncHTTPClient HTTPClient+execute.swift
[1958/2040] Compiling AsyncHTTPClient HTTPClient+shutdown.swift
[1959/2040] Compiling AsyncHTTPClient HTTPClient+tracing.swift
[1960/2040] Compiling AsyncHTTPClient HTTPClientRequest+Prepared.swift
[1961/2040] Compiling AsyncHTTPClient HTTPClientRequest+auth.swift
[1962/2040] Compiling AsyncHTTPClient HTTPClientRequest.swift
[1963/2040] Compiling AsyncHTTPClient HTTP1ProxyConnectHandler.swift
[1964/2040] Compiling AsyncHTTPClient SOCKSEventsHandler.swift
[1965/2040] Compiling AsyncHTTPClient TLSEventsHandler.swift
[1966/2040] Compiling AsyncHTTPClient HTTP1ClientChannelHandler.swift
[1967/2040] Compiling AsyncHTTPClient HTTP1Connection.swift
[1968/2040] Compiling AsyncHTTPClient HTTP1ConnectionStateMachine.swift
[1969/2040] Compiling AsyncHTTPClient HTTP2ClientRequestHandler.swift
[1970/2040] Compiling AsyncHTTPClient HTTP2Connection.swift
[1971/2040] Compiling AsyncHTTPClient HTTP2IdleHandler.swift
[1972/2040] Compiling AsyncHTTPClient RequestValidation.swift
[1973/2040] Compiling AsyncHTTPClient SSLContextCache.swift
[1974/2040] Compiling AsyncHTTPClient Scheme.swift
[1975/2040] Compiling AsyncHTTPClient Singleton.swift
[1976/2040] Compiling AsyncHTTPClient StringConvertibleInstances.swift
[1977/2040] Compiling AsyncHTTPClient StructuredConcurrencyHelpers.swift
[1978/2040] Compiling AsyncHTTPClient TracingSupport.swift
[1979/2040] Compiling AsyncHTTPClient Utils.swift
[1980/2040] Compiling AsyncHTTPClient LRUCache.swift
[1981/2040] Compiling AsyncHTTPClient NIOLoopBound+Execute.swift
[1982/2040] Compiling AsyncHTTPClient NWErrorHandler.swift
[1983/2040] Compiling AsyncHTTPClient NWWaitingHandler.swift
[1984/2040] Compiling AsyncHTTPClient TLSConfiguration.swift
[1985/2040] Compiling AsyncHTTPClient RedirectState.swift
[1986/2040] Compiling AsyncHTTPClient RequestBag+StateMachine.swift
[1987/2040] Compiling AsyncHTTPClient RequestBag+Tracing.swift
[1988/2040] Compiling AsyncHTTPClient RequestBag.swift
[1989/2040] Compiling AsyncHTTPClient RequestOptions.swift
[1990/2040] Compiling AsyncHTTPClient HTTPConnectionPool+Backoff.swift
[1991/2040] Compiling AsyncHTTPClient HTTPConnectionPool+HTTP1Connections.swift
[1992/2040] Compiling AsyncHTTPClient HTTPConnectionPool+HTTP1StateMachine.swift
[1993/2040] Compiling AsyncHTTPClient HTTPConnectionPool+HTTP2Connections.swift
[1994/2040] Compiling AsyncHTTPClient HTTPConnectionPool+HTTP2StateMachine.swift
[1995/2040] Compiling AsyncHTTPClient HTTPConnectionPool+RequestQueue.swift
[1996/2040] Compiling AsyncHTTPClient HTTPConnectionPool+StateMachine.swift
[1997/2040] Compiling AsyncHTTPClient ConnectionTarget.swift
[1998/2040] Compiling AsyncHTTPClient HTTPConnectionEvent.swift
[1999/2040] Compiling AsyncHTTPClient HTTPConnectionPool+Factory.swift
[2000/2040] Compiling AsyncHTTPClient HTTPConnectionPool+Manager.swift
[2001/2040] Compiling AsyncHTTPClient HTTPConnectionPool.swift
[2002/2040] Compiling AsyncHTTPClient HTTPExecutableRequest.swift
[2003/2040] Compiling AsyncHTTPClient HTTPRequestStateMachine+Demand.swift
[2004/2040] Compiling AsyncHTTPClient HTTPRequestStateMachine.swift
[2005/2040] Compiling AsyncHTTPClient RequestBodyLength.swift
[2006/2040] Compiling AsyncHTTPClient RequestFramingMetadata.swift
[2007/2040] Compiling AsyncHTTPClient DeconstructedURL.swift
[2008/2040] Compiling AsyncHTTPClient FileDownloadDelegate.swift
[2009/2040] Compiling AsyncHTTPClient FoundationExtensions.swift
[2010/2040] Compiling AsyncHTTPClient HTTPClient+HTTPCookie.swift
[2011/2040] Compiling AsyncHTTPClient HTTPClient+Proxy.swift
[2012/2040] Compiling AsyncHTTPClient HTTPClient+StructuredConcurrency.swift
[2013/2040] Compiling AsyncHTTPClient HTTPClient.swift
[2014/2040] Compiling AsyncHTTPClient HTTPClientConfiguration+SwiftConfiguration.swift
[2015/2040] Compiling AsyncHTTPClient HTTPHandler.swift
[2016/2041] Wrapping AST for AsyncHTTPClient for debugging
[2018/2064] Emitting module GoogleAuth
[2019/2067] Compiling GoogleAuth ADC.swift
[2020/2067] Compiling GoogleAuth ADCPath.swift
[2021/2067] Compiling GoogleAuth ADCResolver.swift
[2022/2067] Compiling GoogleAuth AuthHeaders.swift
[2023/2067] Compiling GoogleAuth SubjectTokenProvider.swift
[2024/2067] Compiling GoogleAuth MDSAccessTokenProvider.swift
[2025/2067] Compiling GoogleAuth MDSCredentials.swift
[2026/2067] Compiling GoogleAuth ServiceAccountCredentials.swift
[2027/2067] Compiling GoogleAuth ServiceAccountData.swift
[2028/2067] Compiling GoogleAuth ServiceAccountTokenProvider.swift
[2029/2067] Compiling GoogleAuth UserAccountData.swift
[2030/2067] Compiling GoogleAuth UserAccountTokenProvider.swift
[2031/2067] Compiling GoogleAuth UserCredentials.swift
[2032/2067] Compiling GoogleAuth CredentialParserRegistry.swift
[2033/2067] Compiling GoogleAuth Credentials.swift
[2034/2067] Compiling GoogleAuth CredentialsError.swift
[2035/2067] Compiling GoogleAuth AuthHTTPClient.swift
[2036/2067] Compiling GoogleAuth AuthHTTPError.swift
[2037/2067] Compiling GoogleAuth RetryEngine.swift
[2038/2067] Compiling GoogleAuth AnonymousCredentials.swift
[2039/2067] Compiling GoogleAuth ApiKeyCredentials.swift
[2040/2067] Compiling GoogleAuth ExternalAccountCredentials.swift
[2041/2067] Compiling GoogleAuth STSHandler.swift
[2042/2067] Compiling GoogleAuth TokenCache.swift
[2043/2067] Compiling GoogleAuth PackageVersion.swift
[2044/2068] Wrapping AST for GoogleAuth for debugging
[2046/2126] Compiling GoogleGax Pagination.swift
/host/spi-builder-workspace/.build/checkouts/swift-google-gax/Sources/GoogleGax/Pagination.swift:44:22: error: cannot convert '@Sendable (String) async throws -> (response: ResponseType, items: [Item], nextToken: String)' to 'nonisolated(nonsending) @Sendable (String) async throws -> (response: ResponseType, items: [Item], nextToken: String)' because crossing of an isolation boundary requires parameter and result types to conform to 'Sendable' protocol
 42 |   ) where ResponseType: _PaginatedResponse<Item> {
 43 |     self.initialPageToken = initialPageToken ?? ""
 44 |     self.fetchPage = { token in
    |                      |- error: cannot convert '@Sendable (String) async throws -> (response: ResponseType, items: [Item], nextToken: String)' to 'nonisolated(nonsending) @Sendable (String) async throws -> (response: ResponseType, items: [Item], nextToken: String)' because crossing of an isolation boundary requires parameter and result types to conform to 'Sendable' protocol
    |                      `- note: type 'Item' does not conform to 'Sendable' protocol
 45 |       let response = try await listRpc(token)
 46 |       return (response, response._getPaginatedItems(), response._nextPageToken())
[2047/2126] Compiling GoogleGax PollingBackoffPolicy.swift
/host/spi-builder-workspace/.build/checkouts/swift-google-gax/Sources/GoogleGax/Pagination.swift:44:22: error: cannot convert '@Sendable (String) async throws -> (response: ResponseType, items: [Item], nextToken: String)' to 'nonisolated(nonsending) @Sendable (String) async throws -> (response: ResponseType, items: [Item], nextToken: String)' because crossing of an isolation boundary requires parameter and result types to conform to 'Sendable' protocol
 42 |   ) where ResponseType: _PaginatedResponse<Item> {
 43 |     self.initialPageToken = initialPageToken ?? ""
 44 |     self.fetchPage = { token in
    |                      |- error: cannot convert '@Sendable (String) async throws -> (response: ResponseType, items: [Item], nextToken: String)' to 'nonisolated(nonsending) @Sendable (String) async throws -> (response: ResponseType, items: [Item], nextToken: String)' because crossing of an isolation boundary requires parameter and result types to conform to 'Sendable' protocol
    |                      `- note: type 'Item' does not conform to 'Sendable' protocol
 45 |       let response = try await listRpc(token)
 46 |       return (response, response._getPaginatedItems(), response._nextPageToken())
[2048/2126] Compiling GoogleGax PollingErrorPolicy.swift
/host/spi-builder-workspace/.build/checkouts/swift-google-gax/Sources/GoogleGax/Pagination.swift:44:22: error: cannot convert '@Sendable (String) async throws -> (response: ResponseType, items: [Item], nextToken: String)' to 'nonisolated(nonsending) @Sendable (String) async throws -> (response: ResponseType, items: [Item], nextToken: String)' because crossing of an isolation boundary requires parameter and result types to conform to 'Sendable' protocol
 42 |   ) where ResponseType: _PaginatedResponse<Item> {
 43 |     self.initialPageToken = initialPageToken ?? ""
 44 |     self.fetchPage = { token in
    |                      |- error: cannot convert '@Sendable (String) async throws -> (response: ResponseType, items: [Item], nextToken: String)' to 'nonisolated(nonsending) @Sendable (String) async throws -> (response: ResponseType, items: [Item], nextToken: String)' because crossing of an isolation boundary requires parameter and result types to conform to 'Sendable' protocol
    |                      `- note: type 'Item' does not conform to 'Sendable' protocol
 45 |       let response = try await listRpc(token)
 46 |       return (response, response._getPaginatedItems(), response._nextPageToken())
[2049/2126] Compiling GoogleGax PollingResult.swift
/host/spi-builder-workspace/.build/checkouts/swift-google-gax/Sources/GoogleGax/Pagination.swift:44:22: error: cannot convert '@Sendable (String) async throws -> (response: ResponseType, items: [Item], nextToken: String)' to 'nonisolated(nonsending) @Sendable (String) async throws -> (response: ResponseType, items: [Item], nextToken: String)' because crossing of an isolation boundary requires parameter and result types to conform to 'Sendable' protocol
 42 |   ) where ResponseType: _PaginatedResponse<Item> {
 43 |     self.initialPageToken = initialPageToken ?? ""
 44 |     self.fetchPage = { token in
    |                      |- error: cannot convert '@Sendable (String) async throws -> (response: ResponseType, items: [Item], nextToken: String)' to 'nonisolated(nonsending) @Sendable (String) async throws -> (response: ResponseType, items: [Item], nextToken: String)' because crossing of an isolation boundary requires parameter and result types to conform to 'Sendable' protocol
    |                      `- note: type 'Item' does not conform to 'Sendable' protocol
 45 |       let response = try await listRpc(token)
 46 |       return (response, response._getPaginatedItems(), response._nextPageToken())
[2050/2126] Compiling GoogleGax PollingState.swift
/host/spi-builder-workspace/.build/checkouts/swift-google-gax/Sources/GoogleGax/Pagination.swift:44:22: error: cannot convert '@Sendable (String) async throws -> (response: ResponseType, items: [Item], nextToken: String)' to 'nonisolated(nonsending) @Sendable (String) async throws -> (response: ResponseType, items: [Item], nextToken: String)' because crossing of an isolation boundary requires parameter and result types to conform to 'Sendable' protocol
 42 |   ) where ResponseType: _PaginatedResponse<Item> {
 43 |     self.initialPageToken = initialPageToken ?? ""
 44 |     self.fetchPage = { token in
    |                      |- error: cannot convert '@Sendable (String) async throws -> (response: ResponseType, items: [Item], nextToken: String)' to 'nonisolated(nonsending) @Sendable (String) async throws -> (response: ResponseType, items: [Item], nextToken: String)' because crossing of an isolation boundary requires parameter and result types to conform to 'Sendable' protocol
    |                      `- note: type 'Item' does not conform to 'Sendable' protocol
 45 |       let response = try await listRpc(token)
 46 |       return (response, response._getPaginatedItems(), response._nextPageToken())
[2051/2126] Compiling GoogleGax ProtobufConversionError.swift
/host/spi-builder-workspace/.build/checkouts/swift-google-gax/Sources/GoogleGax/Pagination.swift:44:22: error: cannot convert '@Sendable (String) async throws -> (response: ResponseType, items: [Item], nextToken: String)' to 'nonisolated(nonsending) @Sendable (String) async throws -> (response: ResponseType, items: [Item], nextToken: String)' because crossing of an isolation boundary requires parameter and result types to conform to 'Sendable' protocol
 42 |   ) where ResponseType: _PaginatedResponse<Item> {
 43 |     self.initialPageToken = initialPageToken ?? ""
 44 |     self.fetchPage = { token in
    |                      |- error: cannot convert '@Sendable (String) async throws -> (response: ResponseType, items: [Item], nextToken: String)' to 'nonisolated(nonsending) @Sendable (String) async throws -> (response: ResponseType, items: [Item], nextToken: String)' because crossing of an isolation boundary requires parameter and result types to conform to 'Sendable' protocol
    |                      `- note: type 'Item' does not conform to 'Sendable' protocol
 45 |       let response = try await listRpc(token)
 46 |       return (response, response._getPaginatedItems(), response._nextPageToken())
[2052/2126] Compiling GoogleGax QueryParameter.swift
/host/spi-builder-workspace/.build/checkouts/swift-google-gax/Sources/GoogleGax/Pagination.swift:44:22: error: cannot convert '@Sendable (String) async throws -> (response: ResponseType, items: [Item], nextToken: String)' to 'nonisolated(nonsending) @Sendable (String) async throws -> (response: ResponseType, items: [Item], nextToken: String)' because crossing of an isolation boundary requires parameter and result types to conform to 'Sendable' protocol
 42 |   ) where ResponseType: _PaginatedResponse<Item> {
 43 |     self.initialPageToken = initialPageToken ?? ""
 44 |     self.fetchPage = { token in
    |                      |- error: cannot convert '@Sendable (String) async throws -> (response: ResponseType, items: [Item], nextToken: String)' to 'nonisolated(nonsending) @Sendable (String) async throws -> (response: ResponseType, items: [Item], nextToken: String)' because crossing of an isolation boundary requires parameter and result types to conform to 'Sendable' protocol
    |                      `- note: type 'Item' does not conform to 'Sendable' protocol
 45 |       let response = try await listRpc(token)
 46 |       return (response, response._getPaginatedItems(), response._nextPageToken())
[2053/2126] Compiling GoogleGax RequestError.swift
/host/spi-builder-workspace/.build/checkouts/swift-google-gax/Sources/GoogleGax/Pagination.swift:44:22: error: cannot convert '@Sendable (String) async throws -> (response: ResponseType, items: [Item], nextToken: String)' to 'nonisolated(nonsending) @Sendable (String) async throws -> (response: ResponseType, items: [Item], nextToken: String)' because crossing of an isolation boundary requires parameter and result types to conform to 'Sendable' protocol
 42 |   ) where ResponseType: _PaginatedResponse<Item> {
 43 |     self.initialPageToken = initialPageToken ?? ""
 44 |     self.fetchPage = { token in
    |                      |- error: cannot convert '@Sendable (String) async throws -> (response: ResponseType, items: [Item], nextToken: String)' to 'nonisolated(nonsending) @Sendable (String) async throws -> (response: ResponseType, items: [Item], nextToken: String)' because crossing of an isolation boundary requires parameter and result types to conform to 'Sendable' protocol
    |                      `- note: type 'Item' does not conform to 'Sendable' protocol
 45 |       let response = try await listRpc(token)
 46 |       return (response, response._getPaginatedItems(), response._nextPageToken())
[2054/2134] Compiling GoogleGax AIP194+PollingErrorPolicy.swift
[2055/2134] Compiling GoogleGax AIP194+RetryPolicy.swift
[2056/2134] Compiling GoogleGax AIP194.swift
[2057/2134] Compiling GoogleGax AdaptiveThrottler.swift
[2058/2134] Compiling GoogleGax AlwaysPoll.swift
[2059/2134] Compiling GoogleGax AlwaysRetry.swift
[2060/2134] Compiling GoogleGax ApiClientHeader.swift
[2061/2134] Compiling GoogleGax BackoffPolicy.swift
[2062/2134] Compiling GoogleGax BasePollingErrorPolicy.swift
[2063/2134] Emitting module GoogleGax
[2064/2134] Compiling GoogleGax LimitedAttemptCount+PollingErrorPolicy.swift
[2065/2134] Compiling GoogleGax LimitedAttemptCount+RetryPolicy.swift
[2066/2134] Compiling GoogleGax LimitedAttemptCount.swift
[2067/2134] Compiling GoogleGax LimitedElapsedTime+PollingErrorPolicy.swift
[2068/2134] Compiling GoogleGax LimitedElapsedTime+RetryPolicy.swift
[2069/2134] Compiling GoogleGax LimitedElapsedTime.swift
[2070/2134] Compiling GoogleGax LongRunningOperations.swift
[2071/2134] Compiling GoogleGax NeverRetry.swift
[2072/2134] Compiling GoogleGax RequestOptions.swift
[2073/2134] Compiling GoogleGax RetryLoop.swift
[2074/2134] Compiling GoogleGax RetryPolicy.swift
[2075/2134] Compiling GoogleGax RetryResult.swift
[2076/2134] Compiling GoogleGax RetryState.swift
[2077/2134] Compiling GoogleGax RetryThrottler.swift
[2078/2134] Compiling GoogleGax RetryThrottlerError.swift
[2079/2134] Compiling GoogleGax RoutingMatcher.swift
[2080/2134] Compiling GoogleGax ContinueOnIO.swift
[2081/2134] Compiling GoogleGax CredentialsProtocol.swift
[2082/2134] Compiling GoogleGax ErrorWrapper.swift
[2083/2134] Compiling GoogleGax ExponentialBackoff+BackoffPolicy.swift
[2084/2134] Compiling GoogleGax ExponentialBackoff+PollingBackoffPolicy.swift
[2085/2134] Compiling GoogleGax ExponentialBackoff.swift
[2086/2134] Compiling GoogleGax HTTPClient.swift
[2087/2134] Compiling GoogleGax HTTPClientHolder.swift
[2088/2134] Compiling GoogleGax BaseRetryPolicy.swift
[2089/2134] Compiling GoogleGax BindingError.swift
[2090/2134] Compiling GoogleGax CRC32C.swift
[2091/2134] Compiling GoogleGax CircuitBreaker.swift
[2092/2134] Compiling GoogleGax ClientError.swift
[2093/2134] Compiling GoogleGax ClientOptions.swift
[2094/2134] Compiling GoogleGax ContinueOnIO+PollingErrorPolicy.swift
[2095/2134] Compiling GoogleGax ContinueOnIO+RetryPolicy.swift
[2096/2134] Compiling GoogleGax ServiceError.swift
[2097/2134] Compiling GoogleGax StatusDetail.swift
[2098/2134] Compiling GoogleGax StrictIdempotency.swift
[2099/2134] Compiling GoogleGax ThrottleResult.swift
[2100/2134] Compiling GoogleGax TooManyRequests+PollingErrorPolicy.swift
[2101/2134] Compiling GoogleGax TooManyRequests+RetryPolicy.swift
[2102/2134] Compiling GoogleGax TooManyRequests.swift
[2103/2134] Compiling GoogleGax PackageVersion.swift
[2104/2134] Compiling GoogleGax HTTPClientProtocol.swift
[2105/2134] Compiling GoogleGax HTTPClientRequest.swift
[2106/2134] Compiling GoogleGax HTTPClientResponse.swift
[2107/2134] Compiling GoogleGax HTTPHeaders.swift
[2108/2134] Compiling GoogleGax HTTPResponseBody.swift
[2109/2134] Compiling GoogleGax HeaderNames.swift
[2110/2134] Compiling GoogleGax Host.swift
[2111/2134] Compiling GoogleGax InProgressResult.swift
BUILD FAILURE 6.2 android