The Swift Package Index logo.Swift Package Index

Build Information

Failed to build SwiftBlake3, reference main (2126a9), with Swift 6.4 for Android on 22 Sep 2026 19:40:27 UTC.

Build Command

bash -c docker run --pull=always --rm -v "checkouts-54344844-1":/host -w "$PWD" -e JAVA_HOME="/root/.sdkman/candidates/java/current" -e SPI_BUILD="1" -e SPI_PROCESSING="1" registry.gitlab.com/saguaro1/spi-images:android-6.4-latest swift build --swift-sdk aarch64-unknown-linux-android28 2>&1

Build Log

========================================
RunAll
========================================
Builder version: 5.1.0
Interrupt handler set up.
========================================
Checkout
========================================
Clone URL: https://github.com/thecoolwinter/SwiftBlake3.git
Reference: main
Initialized empty Git repository in /host/spi-builder-workspace/.git/
hint: Using 'master' as the name for the initial branch. This default branch name
hint: is subject to change. To configure the initial branch name to use in all
hint: of your new repositories, which will suppress this warning, call:
hint:
hint: 	git config --global init.defaultBranch <name>
hint:
hint: Names commonly chosen instead of 'master' are 'main', 'trunk' and
hint: 'development'. The just-created branch can be renamed via this command:
hint:
hint: 	git branch -m <name>
From https://github.com/thecoolwinter/SwiftBlake3
 * branch            main       -> FETCH_HEAD
 * [new branch]      main       -> origin/main
HEAD is now at 2126a9f Add Quick Benchmarks Script
Submodule path 'lib/blake3': checked out 'df610ddc3b93841ffc59a87e3da659a15910eb46'
Submodule 'lib/blake3' (https://github.com/BLAKE3-team/BLAKE3) registered for path 'lib/blake3'
Cloning into '/host/spi-builder-workspace/lib/blake3'...
Cloned https://github.com/thecoolwinter/SwiftBlake3.git
Revision (git rev-parse @):
2126a9fb2831f93e4ddc03ec536ed21f07c2ddb4
SPI manifest file found: $PWD/.spi.yml
SUCCESS checkout https://github.com/thecoolwinter/SwiftBlake3.git at main
========================================
Build
========================================
Selected platform:         android
Swift version:             6.4
Building package at path:  $PWD
https://github.com/thecoolwinter/SwiftBlake3.git
Running build ...
bash -c docker run --pull=always --rm -v "checkouts-54344844-1":/host -w "$PWD" -e JAVA_HOME="/root/.sdkman/candidates/java/current" -e SPI_BUILD="1" -e SPI_PROCESSING="1" registry.gitlab.com/saguaro1/spi-images:android-6.4-latest swift build --swift-sdk aarch64-unknown-linux-android28 2>&1
android-6.4-latest: Pulling from saguaro1/spi-images
Digest: sha256:abadcff584c273feba50641b454858d377ba30b35ea7287a94f45ebd8afd0ea0
Status: Image is up to date for registry.gitlab.com/saguaro1/spi-images:android-6.4-latest
Fetching https://github.com/apple/swift-crypto.git
[1/18549] Fetching swift-crypto
Fetched https://github.com/apple/swift-crypto.git (1.18s)
Computing version for https://github.com/apple/swift-crypto.git
Computed https://github.com/apple/swift-crypto.git at 3.15.1 (2.38s)
Fetching https://github.com/apple/swift-asn1.git
[1/1983] Fetching swift-asn1
Fetched https://github.com/apple/swift-asn1.git (0.52s)
Computing version for https://github.com/apple/swift-asn1.git
Computed https://github.com/apple/swift-asn1.git at 1.7.3 (1.70s)
Creating working copy for https://github.com/apple/swift-crypto.git
Working copy of https://github.com/apple/swift-crypto.git resolved at 3.15.1
Creating working copy for https://github.com/apple/swift-asn1.git
Working copy of https://github.com/apple/swift-asn1.git resolved at 1.7.3
Building for debugging...
[Computing dependencies]
[Pre-planning 1 / 273]
[Planning deferred tasks]
[Starting]
[33 / 450] CCryptoBoringSSL
[61 / 451] CCryptoBoringSSL
[62 / 459] CryptoBoringWrapper
[63 / 459] CCryptoBoringSSL
[64 / 459] blake3-c
[66 / 459] CCryptoBoringSSL
[68 / 459] CCryptoBoringSSL
[69 / 459] CCryptoBoringSSL
[70 / 459] CCryptoBoringSSL
[72 / 459] CCryptoBoringSSL
[75 / 459] CCryptoBoringSSL
[78 / 459] CCryptoBoringSSL
[80 / 459] CCryptoBoringSSL
[81 / 459] CCryptoBoringSSL
[82 / 459] CCryptoBoringSSL
[83 / 459] CCryptoBoringSSL
[84 / 459] CCryptoBoringSSL
[85 / 459] CCryptoBoringSSL
[88 / 459] CCryptoBoringSSL
[89 / 459] CCryptoBoringSSL
[91 / 459] CCryptoBoringSSL
[92 / 459] CCryptoBoringSSL
[93 / 459] CCryptoBoringSSL
[95 / 459] CCryptoBoringSSL
[96 / 459] CryptoBoringWrapper
[102 / 459] CCryptoBoringSSL
[103 / 459] CCryptoBoringSSL
[104 / 459] CCryptoBoringSSL
[107 / 459] CCryptoBoringSSL
[109 / 459] CCryptoBoringSSL
[112 / 459] CCryptoBoringSSL
[115 / 459] CCryptoBoringSSL
[116 / 459] CCryptoBoringSSL
[118 / 459] CCryptoBoringSSL
[119 / 459] CCryptoBoringSSL
[120 / 459] CCryptoBoringSSL
[121 / 459] CCryptoBoringSSL
[125 / 459] CCryptoBoringSSL
[127 / 459] CCryptoBoringSSL
[130 / 459] CCryptoBoringSSL
[132 / 459] CCryptoBoringSSL
[133 / 459] CCryptoBoringSSL
[134 / 459] CCryptoBoringSSL
[136 / 459] CCryptoBoringSSL
[140 / 459] CCryptoBoringSSL
[141 / 459] CCryptoBoringSSL
[143 / 459] CCryptoBoringSSL
[145 / 459] CCryptoBoringSSL
[146 / 459] CCryptoBoringSSL
[147 / 459] CCryptoBoringSSL
[149 / 459] CCryptoBoringSSL
[151 / 459] CCryptoBoringSSL
[153 / 459] CCryptoBoringSSL
[154 / 459] CCryptoBoringSSL
[157 / 459] CCryptoBoringSSL
[159 / 459] CCryptoBoringSSL
[161 / 459] CCryptoBoringSSL
[163 / 459] CCryptoBoringSSL
[164 / 459] CCryptoBoringSSL
[166 / 459] CCryptoBoringSSL
[167 / 459] CCryptoBoringSSL
[170 / 459] CCryptoBoringSSL
[173 / 459] CCryptoBoringSSL
[176 / 459] CCryptoBoringSSL
[179 / 459] CCryptoBoringSSL
[183 / 459] CCryptoBoringSSL
[189 / 459] CCryptoBoringSSL
[193 / 459] CCryptoBoringSSL
[194 / 459] CCryptoBoringSSL
[196 / 459] CCryptoBoringSSL
[198 / 459] CCryptoBoringSSL
[200 / 459] CCryptoBoringSSL
[202 / 459] CCryptoBoringSSL
[203 / 459] CCryptoBoringSSL
[207 / 459] CCryptoBoringSSL
[208 / 459] CCryptoBoringSSL
[210 / 459] CCryptoBoringSSL
[211 / 459] CCryptoBoringSSL
[212 / 459] CCryptoBoringSSL
[214 / 459] CCryptoBoringSSL
[215 / 459] CCryptoBoringSSL
[216 / 459] CCryptoBoringSSL
[218 / 459] CCryptoBoringSSL
[219 / 459] CCryptoBoringSSL
[222 / 459] CCryptoBoringSSL
[223 / 459] CCryptoBoringSSL
[225 / 459] CCryptoBoringSSL
[227 / 459] CCryptoBoringSSL
[228 / 459] CCryptoBoringSSL
[232 / 459] CCryptoBoringSSL
[234 / 459] CCryptoBoringSSL
[236 / 459] CCryptoBoringSSL
[237 / 459] CCryptoBoringSSL
[239 / 459] CCryptoBoringSSL
[241 / 459] CCryptoBoringSSL
[244 / 459] CCryptoBoringSSL
[247 / 459] CCryptoBoringSSL
[249 / 459] CCryptoBoringSSL
[250 / 459] CCryptoBoringSSL
[252 / 459] CCryptoBoringSSL
[253 / 459] CCryptoBoringSSL
[255 / 459] CCryptoBoringSSL
[256 / 459] CCryptoBoringSSL
[258 / 459] CCryptoBoringSSL
[259 / 459] CCryptoBoringSSL
[260 / 459] CCryptoBoringSSL
[262 / 459] CCryptoBoringSSL
[265 / 459] CCryptoBoringSSL
[266 / 459] CCryptoBoringSSL
[267 / 459] CCryptoBoringSSL
[268 / 459] CCryptoBoringSSL
[270 / 459] CCryptoBoringSSL
[272 / 459] CCryptoBoringSSL
[273 / 459] CCryptoBoringSSL
[274 / 459] CCryptoBoringSSL
[276 / 459] CCryptoBoringSSL
[280 / 459] CCryptoBoringSSL
[282 / 459] CCryptoBoringSSL
[286 / 459] CCryptoBoringSSL
[291 / 459] CCryptoBoringSSL
[293 / 459] CCryptoBoringSSL
[295 / 459] CCryptoBoringSSL
[297 / 459] CCryptoBoringSSL
[298 / 459] CCryptoBoringSSL
[301 / 459] CCryptoBoringSSL
[303 / 459] CCryptoBoringSSL
[304 / 459] CCryptoBoringSSL
[306 / 459] CCryptoBoringSSL
[307 / 459] CCryptoBoringSSL
[308 / 459] CCryptoBoringSSL
[310 / 459] CCryptoBoringSSL
[311 / 459] CCryptoBoringSSL
[314 / 459] CCryptoBoringSSL
[315 / 459] CCryptoBoringSSL
[317 / 459] CCryptoBoringSSL
[320 / 459] CCryptoBoringSSL
[321 / 459] CCryptoBoringSSL
[322 / 459] CCryptoBoringSSL
[323 / 459] CCryptoBoringSSL
[326 / 459] CCryptoBoringSSL
[327 / 459] CCryptoBoringSSL
[328 / 459] CCryptoBoringSSL
[330 / 459] CCryptoBoringSSL
[331 / 459] CCryptoBoringSSL
[333 / 459] CCryptoBoringSSL
[334 / 459] CCryptoBoringSSL
[335 / 459] CCryptoBoringSSL
[336 / 459] CCryptoBoringSSL
[337 / 459] CCryptoBoringSSL
[339 / 459] CCryptoBoringSSL
[340 / 459] CCryptoBoringSSL
[342 / 459] CCryptoBoringSSL
[346 / 459] CCryptoBoringSSL
[348 / 459] CCryptoBoringSSL
[352 / 459] CCryptoBoringSSL
[355 / 459] CCryptoBoringSSL
[358 / 459] CCryptoBoringSSL
[363 / 459] CCryptoBoringSSL
[366 / 459] CCryptoBoringSSL
[367 / 459] CCryptoBoringSSL
[369 / 459] CCryptoBoringSSL
[371 / 459] CCryptoBoringSSL
[372 / 459] CCryptoBoringSSL
[373 / 459] CCryptoBoringSSL
[374 / 459] CCryptoBoringSSL
[378 / 459] CCryptoBoringSSL
[379 / 459] CCryptoBoringSSL
[380 / 459] CCryptoBoringSSL
[382 / 459] CCryptoBoringSSL
[383 / 459] CCryptoBoringSSL
[385 / 459] CCryptoBoringSSL
[386 / 459] CCryptoBoringSSL
[389 / 459] CCryptoBoringSSL
[391 / 459] CCryptoBoringSSL
[393 / 459] CCryptoBoringSSL
[396 / 459] CCryptoBoringSSL
[399 / 459] CCryptoBoringSSL
[404 / 459] CCryptoBoringSSL
[406 / 459] CCryptoBoringSSL
[410 / 459] CCryptoBoringSSL
[412 / 459] CCryptoBoringSSL
[413 / 459] CCryptoBoringSSL
[415 / 459] CCryptoBoringSSL
[416 / 459] CCryptoBoringSSL
[418 / 459] CCryptoBoringSSL
[419 / 459] CCryptoBoringSSL
[421 / 459] CCryptoBoringSSL
[422 / 459] CCryptoBoringSSL
[423 / 459] CCryptoBoringSSL
[425 / 459] CCryptoBoringSSL
[426 / 459] CCryptoBoringSSL
[428 / 459] blake3-c
[430 / 459] CryptoBoringWrapper
[431 / 459] CryptoBoringWrapper
[431 / 459] CCryptoBoringSSL
[434 / 459] CryptoBoringWrapper
[435 / 459] CryptoBoringWrapper
[437 / 460] Crypto
[441 / 469] Crypto
[442 / 469] Crypto
[444 / 469] Crypto
[450 / 469] Crypto-product
[455 / 474] Blake3
[456 / 475] CryptoBoringWrapper
[457 / 475] Crypto
[460 / 475] CCryptoBoringSSLShims
[461 / 475] Crypto
[464 / 476] Crypto
[464 / 476] Blake3
error: SwiftCompile normal aarch64 /host/spi-builder-workspace/Sources/Benchmarks/Benchmarks.swift failed with a nonzero exit code. Command line:     cd /host
    builtin-SwiftPerFileCompile Benchmarks.swift
[473 / 479] Benchmarks-product
/host/spi-builder-workspace/Sources/Benchmarks/Benchmarks.swift:19:16: error: cannot find 'mach_timebase_info' in scope
17 |
18 |     // Timer
19 |     var info = mach_timebase_info()
   |                `- error: cannot find 'mach_timebase_info' in scope
20 |     guard mach_timebase_info(&info) == KERN_SUCCESS else { fatalError() }
21 |     let start = mach_absolute_time()
/host/spi-builder-workspace/Sources/Benchmarks/Benchmarks.swift:20:11: error: cannot find 'mach_timebase_info' in scope
18 |     // Timer
19 |     var info = mach_timebase_info()
20 |     guard mach_timebase_info(&info) == KERN_SUCCESS else { fatalError() }
   |           `- error: cannot find 'mach_timebase_info' in scope
21 |     let start = mach_absolute_time()
22 |
/host/spi-builder-workspace/Sources/Benchmarks/Benchmarks.swift:20:40: error: cannot find 'KERN_SUCCESS' in scope
18 |     // Timer
19 |     var info = mach_timebase_info()
20 |     guard mach_timebase_info(&info) == KERN_SUCCESS else { fatalError() }
   |                                        `- error: cannot find 'KERN_SUCCESS' in scope
21 |     let start = mach_absolute_time()
22 |
/host/spi-builder-workspace/Sources/Benchmarks/Benchmarks.swift:21:17: error: cannot find 'mach_absolute_time' in scope
19 |     var info = mach_timebase_info()
20 |     guard mach_timebase_info(&info) == KERN_SUCCESS else { fatalError() }
21 |     let start = mach_absolute_time()
   |                 `- error: cannot find 'mach_absolute_time' in scope
22 |
23 |     for _ in 0..<iterations {
/host/spi-builder-workspace/Sources/Benchmarks/Benchmarks.swift:29:15: error: cannot find 'mach_absolute_time' in scope
27 |     }
28 |
29 |     let end = mach_absolute_time()
   |               `- error: cannot find 'mach_absolute_time' in scope
30 |     let elapsed = end - start
31 |     let nanos = elapsed * UInt64(info.numer) / UInt64(info.denom)
/host/spi-builder-workspace/Sources/Benchmarks/Benchmarks.swift:32:50: error: cannot find 'NSEC_PER_SEC' in scope
30 |     let elapsed = end - start
31 |     let nanos = elapsed * UInt64(info.numer) / UInt64(info.denom)
32 |     let sec = TimeInterval(nanos) / TimeInterval(NSEC_PER_SEC)
   |                                                  `- error: cannot find 'NSEC_PER_SEC' in scope
33 |
34 |     // Throughput
Failed frontend command:
/root/.local/share/swiftly/toolchains/6.4.x-snapshot-2026-09-04/usr/bin/swift-frontend -frontend -c -primary-file /host/spi-builder-workspace/Sources/Benchmarks/Benchmarks.swift -emit-dependencies-path /host/spi-builder-workspace/.build/out/Intermediates.noindex/SwiftBlake3.build/Debug-android-aarch64/Benchmarks-p.build/Objects-normal/aarch64/Benchmarks.d -emit-const-values-path /host/spi-builder-workspace/.build/out/Intermediates.noindex/SwiftBlake3.build/Debug-android-aarch64/Benchmarks-p.build/Objects-normal/aarch64/Benchmarks.swiftconstvalues -emit-reference-dependencies-path /host/spi-builder-workspace/.build/out/Intermediates.noindex/SwiftBlake3.build/Debug-android-aarch64/Benchmarks-p.build/Objects-normal/aarch64/Benchmarks.swiftdeps -serialize-diagnostics-path /host/spi-builder-workspace/.build/out/Intermediates.noindex/SwiftBlake3.build/Debug-android-aarch64/Benchmarks-p.build/Objects-normal/aarch64/Benchmarks.dia -target aarch64-unknown-linux-android28 -Xllvm -aarch64-use-tbi -disable-objc-interop -sdk /android-ndk/android-ndk-r27d/toolchains/llvm/prebuilt/linux-x86_64/sysroot -sysroot /android-ndk/android-ndk-r27d/toolchains/llvm/prebuilt/linux-x86_64/sysroot -I /host/spi-builder-workspace/.build/out/Products/Debug-android-aarch64 -module-cache-path /host/spi-builder-workspace/.build/out/ModuleCache.noindex -color-diagnostics -Xcc -fcolor-diagnostics -enable-testing -g -debug-info-format\=dwarf -dwarf-version\=4 -swift-version 6 -Onone -D SWIFT_PACKAGE -D DEBUG -D Xcode -serialize-debugging-options -enable-experimental-feature DebugDescriptionMacro -empty-abi-descriptor -external-plugin-path /root/.local/share/swiftly/toolchains/6.4.x-snapshot-2026-09-04/usr/lib/swift/host/plugins/testing\#/root/.local/share/swiftly/toolchains/6.4.x-snapshot-2026-09-04/usr/bin/swift-plugin-server -validate-clang-modules-once -clang-build-session-file /host/spi-builder-workspace/.build/out/ModuleCache.noindex/Session.modulevalidation -Xcc -working-directory -Xcc /host -resource-dir /root/.swiftpm/swift-sdks/swift-6.4.x-DEVELOPMENT-SNAPSHOT-2026-09-04-a_android.artifactbundle/swift-android/swift-resources/usr/lib/swift-aarch64 -enable-anonymous-context-mangled-names -file-compilation-dir /host -Xcc -resource-dir -Xcc /android-ndk/android-ndk-r27d/toolchains/llvm/prebuilt/linux-x86_64/lib/clang/18 -Xcc -fmodule-map-file\=/host/spi-builder-workspace/.build/checkouts/swift-crypto/Sources/CCryptoBoringSSLShims/include/module.modulemap -Xcc -fmodule-map-file\=/host/spi-builder-workspace/.build/checkouts/swift-crypto/Sources/CCryptoBoringSSL/include/module.modulemap -Xcc -fmodule-map-file\=/host/spi-builder-workspace/.build/out/Intermediates.noindex/GeneratedModuleMaps-android-aarch64/blake3-c.modulemap -Xcc -fno-omit-frame-pointer -Xcc -D_LIBCPP_HARDENING_MODE\=_LIBCPP_HARDENING_MODE_DEBUG -Xcc -fmodules-prune-interval\=86400 -Xcc -fmodules-prune-after\=345600 -Xcc -I/host/spi-builder-workspace/.build/checkouts/swift-crypto/Sources/CCryptoBoringSSLShims/include -Xcc -I/host/spi-builder-workspace/.build/checkouts/swift-crypto/Sources/CCryptoBoringSSL/include -Xcc -I/host/spi-builder-workspace/Sources/blake3-c/include -Xcc -I/host/spi-builder-workspace/.build/out/Products/Debug-android-aarch64/include -Xcc -I/host/spi-builder-workspace/.build/out/Intermediates.noindex/SwiftBlake3.build/Debug-android-aarch64/Benchmarks-p.build/DerivedSources-normal/aarch64 -Xcc -I/host/spi-builder-workspace/.build/out/Intermediates.noindex/SwiftBlake3.build/Debug-android-aarch64/Benchmarks-p.build/DerivedSources/aarch64 -Xcc -I/host/spi-builder-workspace/.build/out/Intermediates.noindex/SwiftBlake3.build/Debug-android-aarch64/Benchmarks-p.build/DerivedSources -Xcc -DSWIFT_PACKAGE -Xcc -DDEBUG\=1 -no-auto-bridging-header-chaining -module-name Benchmarks -package-name spi_builder_workspace -const-gather-protocols-file /host/spi-builder-workspace/.build/out/Intermediates.noindex/SwiftBlake3.build/Debug-android-aarch64/Benchmarks-p.build/Objects-normal/aarch64/Benchmarks_const_extract_protocols.json -in-process-plugin-server-path /root/.local/share/swiftly/toolchains/6.4.x-snapshot-2026-09-04/usr/lib/swift/host/libSwiftInProcPluginServer.so -plugin-path /root/.local/share/swiftly/toolchains/6.4.x-snapshot-2026-09-04/usr/lib/swift/host/plugins -plugin-path /root/.local/share/swiftly/toolchains/6.4.x-snapshot-2026-09-04/usr/local/lib/swift/host/plugins -parse-as-library -o /host/spi-builder-workspace/.build/out/Intermediates.noindex/SwiftBlake3.build/Debug-android-aarch64/Benchmarks-p.build/Objects-normal/aarch64/Benchmarks.o -index-unit-output-path /SwiftBlake3.build/Debug-android-aarch64/Benchmarks-p.build/Objects-normal/aarch64/Benchmarks.o -index-store-path /host/spi-builder-workspace/.build/out -index-system-modules
error: Build failed
BUILD FAILURE 6.4 android