The Swift Package Index logo.Swift Package Index

Build Information

Failed to build GoogleCloudDeveloperConnectV1, reference main (568128), with Swift 6.2 for Android on 11 Oct 2026 02:32:48 UTC.

Build Command

bash -c docker run --pull=always --rm -v "checkouts-54344847-0":/host -w "$PWD" -e JAVA_HOME="/root/.sdkman/candidates/java/current" -e SPI_BUILD="1" -e SPI_PROCESSING="1" registry.gitlab.com/saguaro1/spi-images:android-6.2-latest swift build --swift-sdk aarch64-unknown-linux-android28 2>&1

Build Log

========================================
RunAll
========================================
Builder version: 5.1.1
Interrupt handler set up.
========================================
Checkout
========================================
Clone URL: https://github.com/googleapis/swift-google-cloud-developerconnect-v1.git
Reference: main
Initialized empty Git repository in /host/spi-builder-workspace/.git/
hint: Using 'master' as the name for the initial branch. This default branch name
hint: is subject to change. To configure the initial branch name to use in all
hint: of your new repositories, which will suppress this warning, call:
hint:
hint: 	git config --global init.defaultBranch <name>
hint:
hint: Names commonly chosen instead of 'master' are 'main', 'trunk' and
hint: 'development'. The just-created branch can be renamed via this command:
hint:
hint: 	git branch -m <name>
From https://github.com/googleapis/swift-google-cloud-developerconnect-v1
 * branch            main       -> FETCH_HEAD
 * [new branch]      main       -> origin/main
HEAD is now at 5681287 chore: release circa 2026-10-07 (#1382)
Cloned https://github.com/googleapis/swift-google-cloud-developerconnect-v1.git
Revision (git rev-parse @):
56812874195bc4f378ddb88aa1d91cc678dba860
SPI manifest file found: $PWD/.spi.yml
SUCCESS checkout https://github.com/googleapis/swift-google-cloud-developerconnect-v1.git at main
========================================
Build
========================================
Selected platform:         android
Swift version:             6.2
Building package at path:  $PWD
https://github.com/googleapis/swift-google-cloud-developerconnect-v1.git
Running build ...
bash -c docker run --pull=always --rm -v "checkouts-54344847-0":/host -w "$PWD" -e JAVA_HOME="/root/.sdkman/candidates/java/current" -e SPI_BUILD="1" -e SPI_PROCESSING="1" registry.gitlab.com/saguaro1/spi-images:android-6.2-latest swift build --swift-sdk aarch64-unknown-linux-android28 2>&1
android-6.2-latest: Pulling from saguaro1/spi-images
Digest: sha256:a839c9ce201f1dacc8eb056626ec7ab0a1c6d53d7b77c83feda395f4507c51be
Status: Image is up to date for registry.gitlab.com/saguaro1/spi-images:android-6.2-latest
Fetching https://github.com/googleapis/swift-google-gax
Fetching https://github.com/apple/swift-log
Fetching https://github.com/googleapis/swift-google-rpc
Fetching https://github.com/googleapis/swift-google-cloud-location
Fetching https://github.com/googleapis/swift-google-longrunning
Fetching https://github.com/googleapis/swift-google-wkt
[1/619] Fetching swift-google-longrunning
[336/1171] Fetching swift-google-longrunning, swift-google-cloud-location
[974/2194] Fetching swift-google-longrunning, swift-google-cloud-location, swift-google-wkt
Fetched https://github.com/googleapis/swift-google-longrunning from cache (0.41s)
[452/1575] Fetching swift-google-cloud-location, swift-google-wkt
Fetching https://github.com/googleapis/swift-google-auth
[646/3323] Fetching swift-google-cloud-location, swift-google-wkt, swift-google-gax
Fetched https://github.com/googleapis/swift-google-cloud-location from cache (0.43s)
[363/2771] Fetching swift-google-wkt, swift-google-gax
[830/11028] Fetching swift-google-wkt, swift-google-gax, swift-log
[1725/11450] Fetching swift-google-wkt, swift-google-gax, swift-log, swift-google-rpc
Fetched https://github.com/googleapis/swift-google-wkt from cache (0.47s)
[1996/10427] Fetching swift-google-gax, swift-log, swift-google-rpc
Fetched https://github.com/googleapis/swift-google-gax from cache (0.50s)
[2322/8679] Fetching swift-log, swift-google-rpc
Fetched https://github.com/googleapis/swift-google-rpc from cache (0.60s)
Fetched https://github.com/apple/swift-log from cache (0.60s)
[1/1023] Fetching swift-google-auth
Fetched https://github.com/googleapis/swift-google-auth from cache (0.41s)
Computing version for https://github.com/googleapis/swift-google-wkt
Computed https://github.com/googleapis/swift-google-wkt at 0.5.0 (0.97s)
Fetching https://github.com/swift-extras/swift-extras-base64
[1/954] Fetching swift-extras-base64
Fetched https://github.com/swift-extras/swift-extras-base64 from cache (0.39s)
Computing version for https://github.com/googleapis/swift-google-rpc
Computed https://github.com/googleapis/swift-google-rpc at 0.5.0 (0.54s)
Computing version for https://github.com/googleapis/swift-google-longrunning
Computed https://github.com/googleapis/swift-google-longrunning at 0.5.0 (0.16s)
Computing version for https://github.com/googleapis/swift-google-gax
Computed https://github.com/googleapis/swift-google-gax at 0.5.0 (0.16s)
Fetching https://github.com/swift-server/async-http-client.git
Fetching https://github.com/apple/swift-nio
[1/16464] Fetching async-http-client
[16465/102838] Fetching async-http-client, swift-nio
Fetched https://github.com/swift-server/async-http-client.git from cache (1.03s)
[1728/86374] Fetching swift-nio
Fetched https://github.com/apple/swift-nio from cache (4.11s)
Computing version for https://github.com/googleapis/swift-google-cloud-location
Computed https://github.com/googleapis/swift-google-cloud-location at 0.5.0 (4.32s)
Computing version for https://github.com/googleapis/swift-google-auth
Computed https://github.com/googleapis/swift-google-auth at 0.5.0 (0.19s)
Fetching https://github.com/vapor/jwt-kit.git
Fetching https://github.com/apple/swift-system.git
[1/7241] Fetching swift-system
[1088/17495] Fetching swift-system, jwt-kit
Fetched https://github.com/apple/swift-system.git from cache (0.68s)
[2667/10254] Fetching jwt-kit
Fetched https://github.com/vapor/jwt-kit.git from cache (0.91s)
Computing version for https://github.com/swift-extras/swift-extras-base64
Computed https://github.com/swift-extras/swift-extras-base64 at 1.2.0 (1.05s)
Computing version for https://github.com/swift-server/async-http-client.git
Computed https://github.com/swift-server/async-http-client.git at 1.36.2 (0.18s)
Fetching https://github.com/apple/swift-atomics.git
Fetching https://github.com/apple/swift-algorithms.git
Fetching https://github.com/apple/swift-nio-extras.git
Fetching https://github.com/apple/swift-distributed-tracing.git
Fetching https://github.com/apple/swift-service-context.git
[1/1889] Fetching swift-atomics
[134/3389] Fetching swift-atomics, swift-service-context
[1807/10092] Fetching swift-atomics, swift-service-context, swift-nio-extras
[2168/16256] Fetching swift-atomics, swift-service-context, swift-nio-extras, swift-algorithms
Fetched https://github.com/apple/swift-service-context.git from cache (0.44s)
[3600/14756] Fetching swift-atomics, swift-nio-extras, swift-algorithms
Fetching https://github.com/apple/swift-nio-transport-services.git
[7365/21307] Fetching swift-atomics, swift-nio-extras, swift-algorithms, swift-distributed-tracing
Fetched https://github.com/apple/swift-nio-extras.git from cache (0.56s)
[14539/14604] Fetching swift-atomics, swift-algorithms, swift-distributed-tracing
Fetching https://github.com/apple/swift-nio-ssl.git
Fetched https://github.com/apple/swift-algorithms.git from cache (0.57s)
Fetching https://github.com/apple/swift-configuration.git
Fetching https://github.com/apple/swift-nio-http2.git
Fetched https://github.com/apple/swift-atomics.git from cache (0.63s)
Fetched https://github.com/apple/swift-distributed-tracing.git from cache (0.63s)
[1/16861] Fetching swift-nio-ssl
[1013/20789] Fetching swift-nio-ssl, swift-configuration
[6459/33083] Fetching swift-nio-ssl, swift-configuration, swift-nio-http2
Fetched https://github.com/apple/swift-configuration.git from cache (0.60s)
[6092/29155] Fetching swift-nio-ssl, swift-nio-http2
[6676/32022] Fetching swift-nio-ssl, swift-nio-http2, swift-nio-transport-services
Fetched https://github.com/apple/swift-nio-transport-services.git from cache (0.89s)
[11832/29155] Fetching swift-nio-ssl, swift-nio-http2
Fetched https://github.com/apple/swift-nio-http2.git from cache (1.28s)
Fetched https://github.com/apple/swift-nio-ssl.git from cache (1.73s)
Computing version for https://github.com/apple/swift-service-context.git
Computed https://github.com/apple/swift-service-context.git at 1.3.0 (2.50s)
Computing version for https://github.com/apple/swift-algorithms.git
Computed https://github.com/apple/swift-algorithms.git at 1.2.1 (0.99s)
Fetching https://github.com/apple/swift-numerics.git
[1/6728] Fetching swift-numerics
Fetched https://github.com/apple/swift-numerics.git from cache (0.56s)
Computing version for https://github.com/apple/swift-log
Computed https://github.com/apple/swift-log at 1.16.1 (0.73s)
Computing version for https://github.com/apple/swift-distributed-tracing.git
Computed https://github.com/apple/swift-distributed-tracing.git at 1.5.0 (0.18s)
Computing version for https://github.com/apple/swift-atomics.git
Computed https://github.com/apple/swift-atomics.git at 1.3.1 (0.15s)
Computing version for https://github.com/apple/swift-numerics.git
Computed https://github.com/apple/swift-numerics.git at 1.1.1 (0.15s)
Computing version for https://github.com/apple/swift-nio
Computed https://github.com/apple/swift-nio at 2.104.0 (0.35s)
Fetching https://github.com/apple/swift-collections.git
[1/28703] Fetching swift-collections
Fetched https://github.com/apple/swift-collections.git from cache (2.12s)
Computing version for https://github.com/apple/swift-configuration.git
Computed https://github.com/apple/swift-configuration.git at 1.2.2 (2.93s)
Fetching https://github.com/swift-server/swift-service-lifecycle
[1/2867] Fetching swift-service-lifecycle
Fetched https://github.com/swift-server/swift-service-lifecycle from cache (0.49s)
Computing version for https://github.com/apple/swift-nio-transport-services.git
Computed https://github.com/apple/swift-nio-transport-services.git at 1.28.0 (0.65s)
Computing version for https://github.com/swift-server/swift-service-lifecycle
Computed https://github.com/swift-server/swift-service-lifecycle at 2.12.1 (0.15s)
Fetching https://github.com/apple/swift-async-algorithms.git
[1/6820] Fetching swift-async-algorithms
Fetched https://github.com/apple/swift-async-algorithms.git from cache (0.56s)
Computing version for https://github.com/apple/swift-async-algorithms.git
Computed https://github.com/apple/swift-async-algorithms.git at 1.1.7 (0.77s)
Computing version for https://github.com/apple/swift-collections.git
Computed https://github.com/apple/swift-collections.git at 1.7.2 (0.24s)
Computing version for https://github.com/apple/swift-nio-http2.git
Computed https://github.com/apple/swift-nio-http2.git at 1.46.0 (0.16s)
Computing version for https://github.com/vapor/jwt-kit.git
Computed https://github.com/vapor/jwt-kit.git at 5.7.1 (0.15s)
Fetching https://github.com/apple/swift-certificates.git
Fetching https://github.com/apple/swift-crypto.git
[1/18629] Fetching swift-crypto
[2/26238] Fetching swift-crypto, swift-certificates
Fetched https://github.com/apple/swift-certificates.git from cache (0.55s)
[2050/18629] Fetching swift-crypto
Fetched https://github.com/apple/swift-crypto.git from cache (1.35s)
Computing version for https://github.com/apple/swift-crypto.git
Computed https://github.com/apple/swift-crypto.git at 4.5.2 (1.98s)
Fetching https://github.com/apple/swift-asn1.git
[1/2009] Fetching swift-asn1
Fetched https://github.com/apple/swift-asn1.git from cache (0.40s)
Computing version for https://github.com/apple/swift-asn1.git
Computed https://github.com/apple/swift-asn1.git at 1.7.3 (0.58s)
Computing version for https://github.com/apple/swift-certificates.git
Computed https://github.com/apple/swift-certificates.git at 1.21.0 (0.21s)
Computing version for https://github.com/apple/swift-nio-ssl.git
Computed https://github.com/apple/swift-nio-ssl.git at 2.37.5 (0.20s)
Computing version for https://github.com/apple/swift-system.git
Computed https://github.com/apple/swift-system.git at 1.8.1 (0.18s)
Computing version for https://github.com/apple/swift-nio-extras.git
Computed https://github.com/apple/swift-nio-extras.git at 1.35.1 (0.28s)
Fetching https://github.com/apple/swift-http-types.git
Fetching https://github.com/apple/swift-http-structured-headers.git
[1/1253] Fetching swift-http-structured-headers
[252/3192] Fetching swift-http-structured-headers, swift-http-types
Fetched https://github.com/apple/swift-http-structured-headers.git from cache (0.43s)
Fetched https://github.com/apple/swift-http-types.git from cache (0.43s)
Computing version for https://github.com/apple/swift-http-structured-headers.git
Computed https://github.com/apple/swift-http-structured-headers.git at 1.7.0 (0.60s)
Computing version for https://github.com/apple/swift-http-types.git
Computed https://github.com/apple/swift-http-types.git at 1.8.0 (0.18s)
Creating working copy for https://github.com/vapor/jwt-kit.git
Working copy of https://github.com/vapor/jwt-kit.git resolved at 5.7.1
Creating working copy for https://github.com/googleapis/swift-google-cloud-location
Working copy of https://github.com/googleapis/swift-google-cloud-location resolved at 0.5.0
Creating working copy for https://github.com/apple/swift-asn1.git
Working copy of https://github.com/apple/swift-asn1.git resolved at 1.7.3
Creating working copy for https://github.com/apple/swift-collections.git
Working copy of https://github.com/apple/swift-collections.git resolved at 1.7.2
Creating working copy for https://github.com/apple/swift-service-context.git
Working copy of https://github.com/apple/swift-service-context.git resolved at 1.3.0
Creating working copy for https://github.com/swift-server/swift-service-lifecycle
Working copy of https://github.com/swift-server/swift-service-lifecycle resolved at 2.12.1
Creating working copy for https://github.com/apple/swift-crypto.git
Working copy of https://github.com/apple/swift-crypto.git resolved at 4.5.2
Creating working copy for https://github.com/apple/swift-system.git
Working copy of https://github.com/apple/swift-system.git resolved at 1.8.1
Creating working copy for https://github.com/googleapis/swift-google-longrunning
Working copy of https://github.com/googleapis/swift-google-longrunning resolved at 0.5.0
Creating working copy for https://github.com/apple/swift-distributed-tracing.git
Working copy of https://github.com/apple/swift-distributed-tracing.git resolved at 1.5.0
Creating working copy for https://github.com/swift-extras/swift-extras-base64
Working copy of https://github.com/swift-extras/swift-extras-base64 resolved at 1.2.0
Creating working copy for https://github.com/apple/swift-algorithms.git
Working copy of https://github.com/apple/swift-algorithms.git resolved at 1.2.1
Creating working copy for https://github.com/googleapis/swift-google-auth
Working copy of https://github.com/googleapis/swift-google-auth resolved at 0.5.0
Creating working copy for https://github.com/googleapis/swift-google-gax
Working copy of https://github.com/googleapis/swift-google-gax resolved at 0.5.0
Creating working copy for https://github.com/apple/swift-nio
Working copy of https://github.com/apple/swift-nio resolved at 2.104.0
Creating working copy for https://github.com/apple/swift-nio-extras.git
Working copy of https://github.com/apple/swift-nio-extras.git resolved at 1.35.1
Creating working copy for https://github.com/apple/swift-atomics.git
Working copy of https://github.com/apple/swift-atomics.git resolved at 1.3.1
Creating working copy for https://github.com/apple/swift-configuration.git
Working copy of https://github.com/apple/swift-configuration.git resolved at 1.2.2
Creating working copy for https://github.com/googleapis/swift-google-rpc
Working copy of https://github.com/googleapis/swift-google-rpc resolved at 0.5.0
Creating working copy for https://github.com/apple/swift-certificates.git
Working copy of https://github.com/apple/swift-certificates.git resolved at 1.21.0
Creating working copy for https://github.com/swift-server/async-http-client.git
Working copy of https://github.com/swift-server/async-http-client.git resolved at 1.36.2
Creating working copy for https://github.com/apple/swift-nio-ssl.git
Working copy of https://github.com/apple/swift-nio-ssl.git resolved at 2.37.5
Creating working copy for https://github.com/apple/swift-nio-transport-services.git
Working copy of https://github.com/apple/swift-nio-transport-services.git resolved at 1.28.0
Creating working copy for https://github.com/apple/swift-http-structured-headers.git
Working copy of https://github.com/apple/swift-http-structured-headers.git resolved at 1.7.0
Creating working copy for https://github.com/apple/swift-numerics.git
Working copy of https://github.com/apple/swift-numerics.git resolved at 1.1.1
Creating working copy for https://github.com/apple/swift-async-algorithms.git
Working copy of https://github.com/apple/swift-async-algorithms.git resolved at 1.1.7
Creating working copy for https://github.com/googleapis/swift-google-wkt
Working copy of https://github.com/googleapis/swift-google-wkt resolved at 0.5.0
Creating working copy for https://github.com/apple/swift-http-types.git
Working copy of https://github.com/apple/swift-http-types.git resolved at 1.8.0
Creating working copy for https://github.com/apple/swift-nio-http2.git
Working copy of https://github.com/apple/swift-nio-http2.git resolved at 1.46.0
Creating working copy for https://github.com/apple/swift-log
Working copy of https://github.com/apple/swift-log resolved at 1.16.1
Building for debugging...
[0/1070] Compiling a_dup.cc
[1/1070] Compiling asn1_par.cc
[2/1070] Compiling _NumericsShims _NumericsShims.c
[2/1070] Write sources
[7/1070] Write swift-version--11D90AFD9DD3AB2.txt
[7/1070] Write sources
[30/1070] Compiling _AtomicsShims.c
[31/1076] Compiling f_int.cc
[32/1076] Compiling a_d2i_fp.cc
[33/1095] Compiling asn_pack.cc
[34/1095] Compiling a_octet.cc
[36/1098] Emitting module _NIOBase64
[36/1098] Compiling a_gentm.cc
[38/1098] Emitting module ServiceContextModule
[39/1120] Emitting module _CertificateInternals
[39/1120] Compiling a_object.cc
[39/1120] Write sources
[60/1148] Emitting module InternalCollectionsUtilities
[61/1151] Compiling RealModule Float80+Real.swift
[62/1152] Compiling InternalCollectionsUtilities UnsafeRawBufferPointer+Extras.swift
[63/1152] Compiling InternalCollectionsUtilities _SortedCollection.swift
[64/1152] Compiling InternalCollectionsUtilities _UniqueCollection.swift
[65/1152] Compiling InternalCollectionsUtilities Strideable+LimitHelpers.swift
[66/1152] Compiling InternalCollectionsUtilities String+Padding.swift
[67/1152] Compiling InternalCollectionsUtilities TemporaryAllocation.swift
[68/1152] Compiling InternalCollectionsUtilities _UnsafeBitSet+Index.swift
[69/1152] Compiling InternalCollectionsUtilities _UnsafeBitSet+_Word.swift
[70/1152] Compiling InternalCollectionsUtilities _UnsafeBitSet.swift
[71/1152] Compiling InternalCollectionsUtilities UnsafeBufferPointer+Extras.swift
[72/1152] Compiling InternalCollectionsUtilities UnsafeMutableBufferPointer+Extras.swift
[73/1152] Compiling InternalCollectionsUtilities MutableSpan+Extras.swift
[74/1152] Compiling InternalCollectionsUtilities OutputSpan+Extras.swift
[75/1152] Compiling InternalCollectionsUtilities RandomAccessCollection+Offsets.swift
[76/1152] Compiling InternalCollectionsUtilities Span+Extras.swift
[77/1152] Compiling InternalCollectionsUtilities FixedWidthInteger+roundUpToPowerOfTwo.swift
[78/1152] Compiling InternalCollectionsUtilities Integer rank.swift
[79/1152] Compiling InternalCollectionsUtilities UInt+first and last set bit.swift
[80/1152] Compiling InternalCollectionsUtilities UInt+reversed.swift
[81/1152] Compiling InternalCollectionsUtilities Iterable+CopyContents.swift
[82/1152] Compiling InternalCollectionsUtilities Iterable+Equality.swift
[83/1152] Compiling InternalCollectionsUtilities LifetimeOverride.swift
[84/1152] Compiling InternalCollectionsUtilities MutableRef.swift
[87/1152] Compiling InternalCollectionsUtilities UnsafeMutablePointer+Extras.swift
[88/1152] Compiling InternalCollectionsUtilities UnsafeMutableRawBufferPointer+Extras.swift
[89/1152] Compiling InternalCollectionsUtilities UnsafePointer+Extras.swift
[90/1152] Compiling InternalCollectionsUtilities BorrowingIteratorProtocol+Equality.swift
[91/1152] Compiling InternalCollectionsUtilities BorrowingIteratorProtocol+Extras.swift
[92/1152] Compiling InternalCollectionsUtilities Debugging.swift
[93/1152] Compiling InternalCollectionsUtilities Descriptions.swift
[95/1153] Compiling RealModule RelaxedArithmetic.swift
[96/1153] Compiling Logging LoggingSystem.swift
[96/1154] Write sources
[98/1154] Compiling _NIOBase64 Base64.swift
[100/1155] Compiling RealModule RealFunctions.swift
[101/1155] Compiling RealModule Float16+Real.swift
[104/1155] Compiling RealModule Real.swift
[105/1155] Emitting module _NIODataStructures
[106/1155] Compiling Logging Logger+With.swift
[107/1159] Compiling ServiceContextModule ServiceContext.swift
[108/1159] Compiling ServiceContextModule ServiceContextKey.swift
[109/1160] Wrapping AST for InternalCollectionsUtilities for debugging
[111/1160] Compiling SpanPreview OutputSpan+InputSpanHelpers.swift
[111/1160] Write sources
[114/1160] Emitting module SpanPreview
[115/1160] Compiling SpanPreview MutableSpan+InputSpanHelpers.swift
[116/1160] Compiling SpanPreview InputSpan.swift
[117/1161] Wrapping AST for _NIOBase64 for debugging
[119/1161] Emitting module RealModule
[119/1161] Write sources
[160/1168] Compiling CXKCPShims shims.c
[163/1168] Compiling Logging Logger.swift
[163/1171] Wrapping AST for ServiceContextModule for debugging
[165/1173] Compiling _NIODataStructures Heap.swift
[166/1173] Compiling _NIODataStructures PriorityQueue.swift
[167/1173] Compiling _NIODataStructures _TinyArray.swift
[170/1174] Compiling Logging Logger+Attributes.swift
[171/1181] Compiling Instrumentation NoOpInstrument.swift
[172/1181] Wrapping AST for SpanPreview for debugging
[174/1216] Compiling _CertificateInternals _TinyArray.swift
[175/1217] Compiling SimpleFIPS202.c
[176/1217] Wrapping AST for RealModule for debugging
[177/1217] Wrapping AST for _NIODataStructures for debugging
[179/1217] Compiling Instrumentation MultiplexInstrument.swift
[179/1217] Compiling KeccakSponge.c
[180/1217] Compiling KeccakHash.c
[181/1217] Wrapping AST for _CertificateInternals for debugging
[182/1217] Compiling CNIOWindows shim.c
[183/1217] Compiling CSystem shims.c
[184/1217] Compiling CNIOWASI CNIOWASI.c
[185/1217] Compiling CNIOWindows WSAStartup.c
[186/1241] Compiling CNIOPosix event_loop_id.c
[187/1254] Compiling CNIOOpenBSD shim.c
[189/1254] Compiling SystemPackage FileOperations.swift
[190/1254] Compiling SystemPackage FilePath.swift
[191/1256] Compiling SystemPackage PlatformString.swift
[192/1256] Compiling DequeModule UniqueDeque+ContainerOperations.swift
[193/1256] Compiling DequeModule UniqueDeque+Deprecations.swift
[194/1256] Compiling DequeModule UniqueDeque+Descriptions.swift
[195/1256] Compiling DequeModule UniqueDeque+Equatable.swift
[196/1256] Compiling DequeModule UniqueDeque+Hashable.swift
[196/1261] Compiling CNIOLinux shim.c
[197/1261] Compiling CNIOLinux liburing_shims.c
[199/1261] Compiling SystemPackage Exports.swift
[200/1261] Compiling SystemPackage Mocking.swift
[201/1261] Compiling SystemPackage IOCompletion.swift
[202/1261] Compiling SystemPackage IORequest.swift
[203/1261] Compiling SystemPackage IORing+Util.swift
[204/1261] Compiling SystemPackage FileDescriptor.swift
[205/1261] Compiling SystemPackage FileHelpers.swift
[208/1261] Compiling SwiftASN1 DER.swift
[209/1261] Compiling SwiftASN1 Errors.swift
[209/1261] Compiling KeccakP-1600-opt64.c
[211/1261] Compiling SystemPackage FilePathComponentView.swift
[212/1261] Compiling SystemPackage FilePathComponents.swift
[213/1261] Compiling SystemPackage FileFlags.swift
[214/1261] Compiling SystemPackage FileMode.swift
[215/1261] Compiling SystemPackage FileType.swift
[215/1261] Compiling CNIOLLHTTP c_nio_http.c
[216/1261] Compiling CNIOLLHTTP c_nio_api.c
[217/1261] Compiling CNIOLLHTTP c_nio_llhttp.c
[218/1261] Compiling CNIOFreeBSD shim.c
[219/1261] Compiling CNIOExtrasZlib zutil.c
[221/1261] Compiling SystemPackage FilePathTempWindows.swift
[222/1261] Compiling SystemPackage FilePathWindows.swift
[223/1261] Compiling SystemPackage FilePermissions.swift
[224/1261] Compiling SystemPackage Backcompat.swift
[225/1261] Compiling SystemPackage CInterop.swift
[226/1261] Compiling SystemPackage Constants.swift
[227/1261] Compiling SystemPackage IORing.swift
[228/1261] Compiling SystemPackage RawIORequest.swift
[229/1261] Compiling SystemPackage RawBuffer.swift
[230/1261] Compiling SystemPackage Syscalls.swift
[231/1261] Compiling SystemPackage WindowsSyscallAdapters.swift
[232/1261] Compiling SystemPackage MachPort.swift
[232/1261] Compiling CNIOExtrasZlib inftrees.c
[233/1261] Compiling CNIOExtrasZlib trees.c
[234/1261] Compiling CNIOExtrasZlib inflate.c
[235/1261] Compiling CNIOExtrasZlib inffast.c
[236/1261] Compiling CNIOExtrasZlib deflate.c
[237/1261] Compiling CNIOExtrasZlib adler32.c
[238/1261] Compiling CNIODarwin shim.c
[239/1261] Compiling CNIOExtrasZlib crc32.c
[241/1261] Compiling SystemPackage FilePathParsing.swift
[242/1261] Compiling SystemPackage FilePathString.swift
[243/1261] Compiling SystemPackage FilePathSyntax.swift
[245/1261] Compiling fiat_p256_adx_sqr.S
[246/1261] Compiling fiat_p256_adx_mul.S
[247/1261] Compiling fiat_curve25519_adx_square.S
[248/1261] Compiling fiat_curve25519_adx_mul.S
[250/1261] Compiling ExtrasBase64 Base32.swift
[250/1261] Compiling CNIOBoringSSLShims shims.c
[256/1261] Compiling SystemPackage Identifiers.swift
[257/1261] Compiling SystemPackage Stat.swift
[258/1261] Compiling SystemPackage Errno.swift
[259/1261] Compiling SystemPackage ErrnoWindows.swift
[271/1266] Emitting module SwiftASN1
[272/1266] Compiling Logging MetadataProvider.swift
[273/1266] Emitting module Logging
[299/1268] Compiling Instrumentation Instrument.swift
[300/1268] Compiling Instrumentation InstrumentationSystem.swift
[301/1268] Compiling Instrumentation Locks.swift
[302/1268] Emitting module Instrumentation
[303/1269] Wrapping AST for Logging for debugging
[309/1269] Wrapping AST for SwiftASN1 for debugging
[311/1277] Emitting module SystemPackage
[312/1277] Compiling Tracing TracingTime.swift
[313/1278] Compiling Tracing TracerProtocol.swift
[314/1278] Emitting module Tracing
[315/1278] Compiling Tracing WithTracer.swift
[316/1278] Compiling Tracing Tracer.swift
[317/1278] Compiling Tracing TracerProtocol+Legacy.swift
[329/1278] Compiling Tracing SpanProtocol.swift
[330/1278] Compiling Tracing NoOpTracer.swift
[331/1278] Compiling Tracing InstrumentationSystem+Tracing.swift
[333/1279] Compiling SystemPackage SystemString.swift
[334/1279] Compiling SystemPackage Util+StringArray.swift
[335/1279] Compiling SystemPackage Util.swift
[336/1279] Compiling SystemPackage UtilConsumers.swift
[337/1279] Compiling SystemPackage WinSDK+Overlay.swift
[337/1279] Wrapping AST for Tracing for debugging
[339/1280] Wrapping AST for Instrumentation for debugging
[340/1280] Compiling tls_record.cc
[341/1280] Compiling tls13_enc.cc
[342/1280] Wrapping AST for SystemPackage for debugging
[343/1280] Compiling tls_method.cc
[344/1280] Compiling tls13_server.cc
[346/1280] Emitting module DequeModule
[347/1280] Compiling DequeModule UniqueDeque+Replacements.swift
[348/1280] Compiling DequeModule UniqueDeque.swift
[349/1280] Compiling DequeModule _DequeSlot.swift
[350/1280] Compiling DequeModule _UnsafeDequeHandle.swift
[351/1280] Compiling DequeModule _UnsafeDequeSegments.swift
[352/1281] Compiling t1_enc.cc
[353/1281] Compiling ssl_x509.cc
[354/1281] Compiling tls13_both.cc
[355/1281] Wrapping AST for DequeModule for debugging
[356/1324] Compiling ssl_versions.cc
[357/1324] Compiling tls13_client.cc
[358/1324] Compiling ssl_stat.cc
[359/1324] Compiling ssl_transcript.cc
[361/1324] Compiling ExtrasBase64 Base64.swift
[362/1324] Compiling ExtrasBase64 Base64+Span.swift
[363/1324] Emitting module Configuration
[363/1329] Compiling ssl_file.cc
[364/1329] Compiling ssl_credential.cc
[365/1329] Compiling ssl_key_share.cc
[367/1329] Compiling Configuration EnvironmentKeyEncoder.swift
[368/1329] Compiling Configuration EnvironmentVariablesProvider.swift
[369/1329] Compiling Configuration CommonProviderFileSystem.swift
[370/1329] Compiling Configuration DirectoryFilesProvider.swift
[371/1329] Compiling Configuration FileProvider.swift
[372/1329] Compiling Configuration FileProviderSnapshot.swift
[372/1329] Compiling ssl_session.cc
[373/1329] Compiling ssl_privkey.cc
[374/1329] Compiling ssl_cipher.cc
[375/1329] Compiling ssl_lib.cc
[377/1329] Emitting module ExtrasBase64
[378/1329] Compiling ExtrasBase64 Base32+Span.swift
[379/1330] Compiling ssl_asn1.cc
[380/1330] Compiling ssl_cert.cc
[381/1330] Wrapping AST for ExtrasBase64 for debugging
[383/1353] Compiling GoogleWKT WKTAny.swift
[384/1353] Compiling GoogleWKT WKTAnyError.swift
[385/1353] Compiling GoogleWKT WKTBoolValue.swift
[386/1353] Compiling GoogleWKT WKTBytesValue.swift
[387/1353] Compiling Configuration CommandLineArgumentsProvider.swift
[388/1353] Compiling Configuration EnvironmentFileParser.swift
[389/1353] Compiling GoogleWKT WKTUInt32Value.swift
[390/1353] Compiling GoogleWKT WKTUInt64Value.swift
[391/1353] Compiling GoogleWKT WKTFloatValue.swift
[392/1353] Compiling GoogleWKT WKTInt32Value.swift
[393/1353] Compiling GoogleWKT WKTInt64Value.swift
[394/1353] Compiling GoogleWKT WKTRecursive.swift
[395/1361] Compiling Configuration CombineLatestManyStorage.swift
[396/1361] Compiling Configuration AsyncSequences.swift
[397/1361] Compiling Configuration FoundationExtensions.swift
[398/1361] Compiling Configuration Span.swift
[399/1361] Compiling Configuration ConfigBytesFromStringDecoder.swift
[400/1361] Compiling Configuration MutableInMemoryProvider.swift
[401/1361] Compiling Configuration ConfigProvider+Operators.swift
[402/1361] Compiling Configuration KeyMappingProvider.swift
[403/1361] Compiling Configuration SecretsSpecifier.swift
[404/1361] Compiling Configuration AsyncCombineLatestManySequence.swift
[405/1361] Compiling Configuration CombineLatestManyStateMachine.swift
[406/1361] Compiling Configuration JSONSnapshot.swift
[407/1361] Compiling Configuration PropertyListSnapshot.swift
[408/1361] Compiling Configuration ReloadingFileProvider.swift
[409/1361] Compiling Configuration ReloadingFileProviderMetrics.swift
[410/1361] Compiling Configuration YAMLSnapshot.swift
[411/1361] Compiling Configuration InMemoryProvider.swift
[411/1361] Compiling s3_pkt.cc
[412/1361] Compiling ssl_buffer.cc
[413/1361] Compiling ssl_aead_ctx.cc
[414/1361] Compiling s3_lib.cc
[416/1361] Emitting module GoogleWKT
[417/1365] Compiling GoogleWKT AnyPackable.swift
[418/1365] Compiling GoogleWKT DecodeToDefault.swift
[419/1365] Compiling GoogleWKT DiscoveryBase64.swift
[420/1365] Compiling GoogleWKT ProtoJSONDecoder.swift
[421/1365] Compiling GoogleWKT ProtoJSONEncoder.swift
[422/1365] Compiling GoogleWKT UnknownFields.swift
[423/1365] Compiling GoogleWKT WKTDoubleValue.swift
[424/1365] Compiling GoogleWKT WKTDuration.swift
[425/1365] Compiling GoogleWKT WKTEmpty.swift
[426/1365] Compiling GoogleWKT WKTFieldMask.swift
[427/1365] Compiling GoogleWKT WKTStringValue.swift
[428/1365] Compiling GoogleWKT WKTTimestamp.swift
[428/1366] Compiling s3_both.cc
[430/1366] Compiling handshake.cc
[435/1366] Wrapping AST for Configuration for debugging
[449/1366] Compiling handshake_client.cc
[450/1366] Compiling handshake_server.cc
[452/1366] Compiling GoogleWKT WKTSourceContext.swift
[453/1366] Compiling GoogleWKT WKTSyntax.swift
[454/1366] Compiling GoogleWKT WKTType.swift
[455/1366] Compiling GoogleWKT PackageVersion.swift
[456/1366] Compiling GoogleWKT WKTField.swift
[457/1366] Compiling GoogleWKT WKTMethod.swift
[458/1366] Compiling GoogleWKT WKTMixin.swift
[459/1366] Compiling GoogleWKT WKTOption.swift
[460/1366] Compiling GoogleWKT WKTValue.swift
[461/1366] Compiling GoogleWKT WKTApi.swift
[462/1366] Compiling GoogleWKT WKTEnum.swift
[463/1366] Compiling GoogleWKT WKTEnumValue.swift
[463/1366] Compiling handoff.cc
[470/1382] Compiling extensions.cc
[472/1382] Compiling GoogleRpc LocalizedMessage.swift
[473/1382] Compiling GoogleRpc PackageVersion.swift
[473/1384] Wrapping AST for GoogleWKT for debugging
[474/1384] Compiling d1_pkt.cc
[476/1384] Compiling GoogleRpc HttpRequest.swift
[477/1384] Compiling GoogleRpc HttpResponse.swift
[478/1384] Emitting module GoogleRpc
[479/1384] Compiling GoogleRpc DebugInfo.swift
[480/1384] Compiling GoogleRpc ErrorInfo.swift
[481/1384] Compiling GoogleRpc BadRequest.swift
[482/1384] Compiling GoogleRpc Code.swift
[483/1384] Compiling GoogleRpc Help.swift
[484/1384] Compiling GoogleRpc HttpHeader.swift
[484/1384] Compiling encrypted_client_hello.cc
[485/1384] Compiling d1_srtp.cc
[486/1384] Compiling md5-x86_64-linux.S
[487/1384] Compiling md5-586-linux.S
[489/1384] Compiling GoogleRpc PreconditionFailure.swift
[490/1384] Compiling GoogleRpc QuotaFailure.swift
[491/1384] Compiling GoogleRpc RequestInfo.swift
[492/1384] Compiling GoogleRpc ResourceInfo.swift
[493/1384] Compiling GoogleRpc RetryInfo.swift
[494/1384] Compiling GoogleRpc Status.swift
[494/1385] Compiling dtls_record.cc
[495/1385] Compiling md5-x86_64-apple.S
[497/1385] Compiling md5-586-apple.S
[498/1385] Compiling chacha20_poly1305_x86_64-linux.S
[499/1385] Compiling chacha20_poly1305_x86_64-apple.S
[500/1385] Wrapping AST for GoogleRpc for debugging
[501/1385] Compiling chacha20_poly1305_armv8-apple.S
[502/1385] Compiling chacha20_poly1305_armv8-win.S
[503/1385] Compiling chacha-x86_64-linux.S
[504/1385] Compiling chacha-x86_64-apple.S
[505/1385] Compiling dtls_method.cc
[506/1385] Compiling chacha20_poly1305_armv8-linux.S
[507/1385] Compiling chacha-x86-linux.S
[508/1385] Compiling chacha-x86-apple.S
[509/1385] Compiling chacha-armv8-win.S
[510/1385] Compiling chacha-armv8-apple.S
[510/1385] Compiling chacha-armv8-linux.S
[512/1385] Compiling chacha-armv4-linux.S
[513/1385] Compiling x86_64-mont5-linux.S
[513/1385] Compiling aes128gcmsiv-x86_64-linux.S
[515/1385] Compiling aes128gcmsiv-x86_64-apple.S
[516/1385] Compiling x86_64-mont5-apple.S
[517/1385] Compiling x86_64-mont-linux.S
[518/1385] Compiling x86-mont-linux.S
[519/1385] Compiling x86_64-mont-apple.S
[520/1385] Compiling x86-mont-apple.S
[521/1385] Compiling vpaes-x86_64-apple.S
[521/1385] Compiling vpaes-x86-apple.S
[523/1385] Compiling d1_lib.cc
[524/1385] Compiling vpaes-x86_64-linux.S
[525/1385] Compiling vpaes-x86-linux.S
[526/1385] Compiling vpaes-armv7-linux.S
[527/1385] Compiling vpaes-armv8-apple.S
[528/1385] Compiling vpaes-armv8-win.S
[528/1385] Compiling vpaes-armv8-linux.S
[530/1385] Compiling sha512-x86_64-linux.S
[531/1385] Compiling sha512-x86_64-apple.S
[532/1385] Compiling sha512-armv8-win.S
[533/1385] Compiling sha512-586-linux.S
[534/1385] Compiling sha512-armv8-apple.S
[535/1385] Compiling sha512-armv4-linux.S
[536/1385] Compiling sha512-armv8-linux.S
[537/1385] Compiling sha512-586-apple.S
[538/1385] Compiling sha256-x86_64-linux.S
[539/1385] Compiling sha256-x86_64-apple.S
[540/1385] Compiling sha256-armv8-win.S
[541/1385] Compiling bio_ssl.cc
[542/1385] Compiling sha256-armv8-linux.S
[543/1385] Compiling sha256-armv8-apple.S
[544/1385] Compiling err_data.cc
[545/1385] Compiling sha256-586-linux.S
[546/1385] Compiling sha1-x86_64-linux.S
[547/1385] Compiling sha256-586-apple.S
[548/1385] Compiling sha256-armv4-linux.S
[549/1385] Compiling sha1-x86_64-apple.S
[550/1385] Compiling sha1-armv8-win.S
[551/1385] Compiling sha1-armv4-large-linux.S
[552/1385] Compiling sha1-586-apple.S
[553/1385] Compiling sha1-armv8-linux.S
[554/1385] Compiling sha1-586-linux.S
[555/1385] Compiling sha1-armv8-apple.S
[556/1385] Compiling rsaz-avx2-linux.S
[557/1385] Compiling rsaz-avx2-apple.S
[558/1385] Compiling rdrand-x86_64-linux.S
[559/1385] Compiling p256_beeu-x86_64-asm-linux.S
[560/1385] Compiling p256_beeu-x86_64-asm-apple.S
[561/1385] Compiling p256_beeu-armv8-asm-linux.S
[562/1385] Compiling rdrand-x86_64-apple.S
[563/1385] Compiling p256-x86_64-asm-linux.S
[564/1385] Compiling p256_beeu-armv8-asm-win.S
[565/1385] Compiling p256_beeu-armv8-asm-apple.S
[566/1385] Compiling p256-x86_64-asm-apple.S
[567/1385] Compiling p256-armv8-asm-win.S
[568/1385] Compiling p256-armv8-asm-apple.S
[569/1385] Compiling ghashv8-armv8-win.S
[570/1385] Compiling ghashv8-armv7-linux.S
[571/1385] Compiling p256-armv8-asm-linux.S
[572/1385] Compiling ghashv8-armv8-apple.S
[573/1385] Compiling ghashv8-armv8-linux.S
[574/1385] Compiling ghash-x86_64-linux.S
[575/1385] Compiling ghash-x86_64-apple.S
[576/1385] Compiling ghash-x86-apple.S
[577/1385] Compiling ghash-x86-linux.S
[578/1385] Compiling ghash-ssse3-x86_64-apple.S
[579/1385] Compiling ghash-ssse3-x86_64-linux.S
[580/1385] Compiling ghash-ssse3-x86-linux.S
[581/1385] Compiling ghash-ssse3-x86-apple.S
[581/1385] Compiling ghash-neon-armv8-win.S
[583/1385] Compiling ghash-neon-armv8-linux.S
[584/1385] Compiling ghash-armv4-linux.S
[585/1385] Compiling ghash-neon-armv8-apple.S
[586/1385] Compiling co-586-linux.S
[587/1385] Compiling bsaes-armv7-linux.S
[588/1385] Compiling bn-armv8-win.S
[589/1385] Compiling co-586-apple.S
[590/1385] Compiling bn-armv8-apple.S
[591/1385] Compiling bn-armv8-linux.S
[592/1385] Compiling bn-586-apple.S
[593/1385] Compiling armv8-mont-win.S
[594/1385] Compiling bn-586-linux.S
[595/1385] Compiling armv8-mont-linux.S
[596/1385] Compiling armv4-mont-linux.S
[597/1385] Compiling aesv8-gcm-armv8-win.S
[598/1385] Compiling d1_both.cc
[599/1385] Compiling armv8-mont-apple.S
[600/1385] Compiling aesv8-gcm-armv8-apple.S
[601/1385] Compiling aesv8-armv8-win.S
[602/1385] Compiling aesv8-armv8-apple.S
[603/1385] Compiling aesv8-armv7-linux.S
[604/1385] Compiling aesni-x86_64-apple.S
[605/1385] Compiling aesv8-armv8-linux.S
[606/1385] Compiling aesni-x86-linux.S
[607/1385] Compiling aesv8-gcm-armv8-linux.S
[608/1385] Compiling aesni-x86_64-linux.S
[609/1385] Compiling aesni-gcm-x86_64-apple.S
[610/1385] Compiling aesni-gcm-x86_64-linux.S
[611/1385] Compiling aesni-x86-apple.S
[612/1385] Compiling aes-gcm-avx2-x86_64-linux.S
[613/1385] Compiling aes-gcm-avx10-x86_64-apple.S
[614/1385] Compiling aes-gcm-avx2-x86_64-apple.S
[615/1385] Compiling aes-gcm-avx10-x86_64-linux.S
[616/1385] Compiling x_req.cc
[617/1385] Compiling x_val.cc
[618/1385] Compiling x_pubkey.cc
[619/1385] Compiling x_sig.cc
[620/1385] Compiling x_x509.cc
[621/1385] Compiling x_spki.cc
[622/1385] Compiling x_x509a.cc
[623/1385] Compiling x_name.cc
[624/1385] Compiling x_exten.cc
[625/1385] Compiling x_attrib.cc
[626/1385] Compiling x_crl.cc
[627/1385] Compiling x509spki.cc
[628/1385] Compiling x_algor.cc
[629/1385] Compiling x_all.cc
[630/1385] Compiling x509rset.cc
[631/1385] Compiling x509name.cc
[632/1385] Compiling x509cset.cc
[633/1385] Compiling x509_txt.cc
[633/1385] Compiling x509_trs.cc
[635/1385] Compiling x509_v3.cc
[636/1385] Compiling x509_vpm.cc
[637/1385] Compiling x509_vfy.cc
[638/1385] Compiling x509_set.cc
[639/1385] Compiling x509_req.cc
[640/1385] Compiling x509_obj.cc
[641/1385] Compiling x509_def.cc
[642/1385] Compiling x509_ext.cc
[643/1385] Compiling x509_d2.cc
[644/1385] Compiling x509_lu.cc
[645/1385] Compiling x509_att.cc
[646/1385] Compiling x509.cc
[647/1385] Compiling x509_cmp.cc
[648/1385] Compiling v3_skey.cc
[649/1385] Compiling v3_purp.cc
[650/1385] Compiling v3_utl.cc
[651/1385] Compiling v3_ocsp.cc
[652/1385] Compiling v3_pcons.cc
[653/1385] Compiling v3_pmaps.cc
[654/1385] Compiling v3_prn.cc
[655/1385] Compiling v3_ncons.cc
[656/1385] Compiling v3_lib.cc
[657/1385] Compiling v3_int.cc
[658/1385] Compiling v3_info.cc
[659/1385] Compiling v3_ia5.cc
[660/1385] Compiling v3_enum.cc
[661/1385] Compiling v3_genn.cc
[662/1385] Compiling v3_extku.cc
[663/1385] Compiling v3_crld.cc
[664/1385] Compiling v3_cpols.cc
[665/1385] Compiling v3_conf.cc
[666/1385] Compiling v3_bitst.cc
[667/1385] Compiling v3_alt.cc
[668/1385] Compiling v3_bcons.cc
[668/1385] Compiling v3_akeya.cc
[670/1385] Compiling v3_akey.cc
[671/1385] Compiling t_x509a.cc
[672/1385] Compiling t_x509.cc
[673/1385] Compiling i2d_pr.cc
[674/1385] Compiling t_req.cc
[675/1385] Compiling t_crl.cc
[676/1385] Compiling by_file.cc
[677/1385] Compiling name_print.cc
[678/1385] Compiling rsa_pss.cc
[679/1385] Compiling policy.cc
[680/1385] Compiling asn1_gen.cc
[681/1385] Compiling by_dir.cc
[682/1385] Compiling algorithm.cc
[683/1385] Compiling a_verify.cc
[684/1385] Compiling a_digest.cc
[685/1385] Compiling a_sign.cc
[686/1385] Compiling trust_token.cc
[687/1385] Compiling voprf.cc
[688/1385] Compiling thread_pthread.cc
[689/1385] Compiling thread_win.cc
[690/1385] Compiling thread_none.cc
[691/1385] Compiling thread.cc
[692/1385] Compiling siphash.cc
[693/1385] Compiling stack.cc
[694/1385] Compiling pmbtoken.cc
[695/1385] Compiling slhdsa.cc
[696/1385] Compiling sha1.cc
[697/1385] Compiling sha512.cc
[698/1385] Compiling spake2plus.cc
[699/1385] Compiling sha256.cc
[700/1385] Compiling rsa_extra.cc
[701/1385] Compiling rsa_print.cc
[702/1385] Compiling rsa_crypt.cc
[703/1385] Compiling rc4.cc
[704/1385] Compiling refcount.cc
[705/1385] Compiling windows.cc
[706/1385] Compiling urandom.cc
[707/1385] Compiling rsa_asn1.cc
[708/1385] Compiling rand.cc
[709/1385] Compiling trusty.cc
[710/1385] Compiling passive.cc
[711/1385] Compiling ios.cc
[712/1385] Compiling poly1305_arm_asm.S
[713/1385] Compiling getentropy.cc
[714/1385] Compiling fork_detect.cc
[715/1385] Compiling forkunsafe.cc
[716/1385] Compiling deterministic.cc
[717/1385] Compiling poly1305_arm.cc
[718/1385] Compiling poly1305_vec.cc
[719/1385] Compiling poly1305.cc
[720/1385] Compiling pool.cc
[721/1385] Compiling pkcs8_x509.cc
[722/1385] Compiling pkcs8.cc
[723/1385] Compiling p5_pbev2.cc
[724/1385] Compiling pkcs7.cc
[725/1385] Compiling pkcs7_x509.cc
[726/1385] Compiling pem_x509.cc
[727/1385] Compiling pem_xaux.cc
[728/1385] Compiling pem_pkey.cc
[729/1385] Compiling pem_pk8.cc
[730/1385] Compiling pem_lib.cc
[731/1385] Compiling pem_oth.cc
[732/1385] Compiling mlkem.cc
[733/1385] Compiling pem_info.cc
[734/1385] Compiling obj_xref.cc
[735/1385] Compiling pem_all.cc
[736/1385] Compiling obj.cc
[737/1385] Compiling mldsa.cc
[738/1385] Compiling poly_rq_mul.S
[739/1385] Compiling fips_shared_support.cc
[740/1385] Compiling mem.cc
[741/1385] Compiling md5.cc
[742/1385] Compiling md4.cc
[743/1385] Compiling lhash.cc
[744/1385] Compiling kyber.cc
[745/1385] Compiling scrypt.cc
[746/1385] Compiling ex_data.cc
[747/1385] Compiling sign.cc
[748/1385] Compiling hpke.cc
[749/1385] Compiling print.cc
[750/1385] Compiling hrss.cc
[751/1385] Compiling pbkdf.cc
[752/1385] Compiling p_x25519.cc
[753/1385] Compiling p_rsa_asn1.cc
[754/1385] Compiling p_x25519_asn1.cc
[755/1385] Compiling p_hkdf.cc
[756/1385] Compiling p_ed25519.cc
[757/1385] Compiling p_rsa.cc
[758/1385] Compiling p_ed25519_asn1.cc
[759/1385] Compiling p_ec_asn1.cc
[760/1385] Compiling p_ec.cc
[761/1385] Compiling p_dh.cc
[762/1385] Compiling p_dsa_asn1.cc
[763/1385] Compiling p_dh_asn1.cc
[764/1385] Compiling evp_ctx.cc
[765/1385] Compiling evp.cc
[766/1385] Compiling evp_asn1.cc
[767/1385] Compiling err.cc
[768/1385] Compiling engine.cc
[769/1385] Compiling hash_to_curve.cc
[770/1385] Compiling ecdh.cc
[771/1385] Compiling ec_derive.cc
[772/1385] Compiling ecdsa_asn1.cc
[773/1385] Compiling dsa.cc
[774/1385] Compiling ec_asn1.cc
[775/1385] Compiling dsa_asn1.cc
[776/1385] Compiling params.cc
[777/1385] Compiling x25519-asm-arm.S
[778/1385] Compiling bcm.cc
[779/1385] Compiling digest_extra.cc
[780/1385] Compiling des.cc
[781/1385] Compiling curve25519_64_adx.cc
[782/1385] Compiling dh_asn1.cc
[783/1385] Compiling crypto.cc
[784/1385] Compiling cpu_intel.cc
[785/1385] Compiling spake25519.cc
[786/1385] Compiling cpu_arm_linux.cc
[787/1385] Compiling curve25519.cc
[788/1385] Compiling cpu_arm_freebsd.cc
[789/1385] Compiling cpu_aarch64_win.cc
[790/1385] Compiling cpu_aarch64_sysreg.cc
[791/1385] Compiling cpu_aarch64_openbsd.cc
[792/1385] Compiling cpu_aarch64_linux.cc
[793/1385] Compiling cpu_aarch64_fuchsia.cc
[794/1385] Compiling cpu_aarch64_apple.cc
[795/1385] Compiling conf.cc
[796/1385] Compiling tls_cbc.cc
[797/1385] Compiling get_cipher.cc
[798/1385] Compiling e_tls.cc
[799/1385] Compiling e_rc4.cc
[800/1385] Compiling e_rc2.cc
[801/1385] Compiling e_null.cc
[802/1385] Compiling e_des.cc
[803/1385] Compiling e_chacha20poly1305.cc
[804/1385] Compiling e_aesgcmsiv.cc
[805/1385] Compiling e_aesctrhmac.cc
[806/1385] Compiling derive_key.cc
[807/1385] Compiling chacha.cc
[808/1385] Compiling unicode.cc
[809/1385] Compiling buf.cc
[809/1385] Compiling cbb.cc
[811/1385] Compiling ber.cc
[811/1385] Compiling cbs.cc
[813/1385] Compiling asn1_compat.cc
[814/1385] Compiling bn_asn1.cc
[815/1385] Compiling convert.cc
[816/1385] Compiling blake2.cc
[817/1385] Compiling socket.cc
[818/1385] Compiling socket_helper.cc
[819/1385] Compiling printf.cc
[820/1385] Compiling pair.cc
[821/1385] Compiling hexdump.cc
[822/1385] Compiling file.cc
[823/1385] Compiling fd.cc
[824/1385] Compiling errno.cc
[825/1385] Compiling connect.cc
[825/1385] Compiling bio_mem.cc
[827/1385] Compiling base64.cc
[828/1385] Compiling bio.cc
[829/1385] Compiling tasn_typ.cc
[830/1385] Compiling tasn_fre.cc
[831/1385] Compiling tasn_utl.cc
[832/1385] Compiling tasn_enc.cc
[833/1385] Compiling tasn_new.cc
[834/1385] Compiling f_string.cc
[834/1385] Compiling posix_time.cc
[836/1385] Compiling tasn_dec.cc
[837/1385] Compiling f_int.cc
[838/1385] Compiling asn_pack.cc
[839/1385] Compiling asn1_par.cc
[840/1385] Compiling asn1_lib.cc
[841/1385] Compiling a_utctm.cc
[842/1385] Compiling a_time.cc
[843/1385] Compiling a_type.cc
[844/1385] Compiling a_octet.cc
[845/1385] Compiling a_strnid.cc
[846/1385] Compiling a_strex.cc
[847/1385] Compiling a_object.cc
[848/1385] Compiling a_i2d_fp.cc
[849/1385] Compiling a_dup.cc
[850/1385] Compiling a_mbstr.cc
[851/1385] Compiling a_d2i_fp.cc
[852/1385] Compiling CGoogleGaxCRC32C CGoogleGaxCRC32C.c
[853/1385] Compiling a_gentm.cc
[854/1385] Compiling a_int.cc
[855/1385] Compiling fiat_p256_adx_sqr.S
[856/1385] Compiling fiat_p256_adx_mul.S
[857/1385] Compiling fiat_curve25519_adx_mul.S
[858/1385] Compiling fiat_curve25519_adx_square.S
[859/1385] Compiling md5-x86_64-linux.S
[860/1385] Compiling md5-x86_64-apple.S
[861/1385] Compiling md5-586-linux.S
[861/1385] Compiling a_bitstr.cc
[863/1385] Compiling md5-586-apple.S
[864/1385] Compiling chacha20_poly1305_x86_64-apple.S
[865/1385] Compiling chacha20_poly1305_armv8-win.S
[866/1385] Compiling chacha20_poly1305_x86_64-linux.S
[867/1385] Compiling chacha20_poly1305_armv8-apple.S
[868/1385] Compiling chacha-x86_64-linux.S
[869/1385] Compiling a_bool.cc
[870/1385] Compiling CCryptoBoringSSLShims shims.c
[871/1385] Compiling chacha-x86_64-apple.S
[872/1385] Compiling chacha20_poly1305_armv8-linux.S
[873/1385] Compiling chacha-x86-linux.S
[874/1385] Compiling chacha-x86-apple.S
[875/1385] Compiling chacha-armv8-win.S
[876/1385] Compiling chacha-armv8-apple.S
[877/1385] Compiling chacha-armv4-linux.S
[878/1385] Compiling aes128gcmsiv-x86_64-linux.S
[879/1385] Compiling aes128gcmsiv-x86_64-apple.S
[880/1385] Compiling chacha-armv8-linux.S
[881/1385] Compiling x86_64-mont5-linux.S
[882/1385] Compiling x86_64-mont5-apple.S
[883/1385] Compiling x86_64-mont-linux.S
[884/1385] Compiling x86_64-mont-apple.S
[885/1385] Compiling x86-mont-apple.S
[886/1385] Compiling x86-mont-linux.S
[887/1385] Compiling vpaes-x86_64-linux.S
[888/1385] Compiling vpaes-x86-linux.S
[889/1385] Compiling vpaes-x86_64-apple.S
[890/1385] Compiling vpaes-x86-apple.S
[891/1385] Compiling vpaes-armv8-win.S
[892/1385] Compiling vpaes-armv8-linux.S
[893/1385] Compiling vpaes-armv8-apple.S
[894/1385] Compiling vpaes-armv7-linux.S
[895/1385] Compiling sha512-x86_64-linux.S
[896/1385] Compiling sha512-armv8-win.S
[897/1385] Compiling sha512-x86_64-apple.S
[898/1385] Compiling sha512-armv8-apple.S
[899/1385] Compiling sha512-armv4-linux.S
[900/1385] Compiling sha512-586-linux.S
[901/1385] Compiling sha512-586-apple.S
[902/1385] Compiling sha512-armv8-linux.S
[903/1385] Compiling err_data.cc
[904/1385] Compiling sha256-x86_64-linux.S
[905/1385] Compiling sha256-x86_64-apple.S
[906/1385] Compiling sha256-armv8-win.S
[907/1385] Compiling sha256-armv8-apple.S
[908/1385] Compiling sha256-armv4-linux.S
[909/1385] Compiling sha256-armv8-linux.S
[910/1385] Compiling sha256-586-apple.S
[911/1385] Compiling sha256-586-linux.S
[912/1385] Compiling sha1-x86_64-linux.S
[913/1385] Compiling sha1-x86_64-apple.S
[914/1385] Compiling sha1-armv8-win.S
[915/1385] Compiling sha1-armv8-apple.S
[916/1385] Compiling sha1-586-linux.S
[916/1385] Compiling sha1-armv4-large-linux.S
[918/1385] Compiling sha1-armv8-linux.S
[919/1385] Compiling sha1-586-apple.S
[920/1385] Compiling rsaz-avx2-linux.S
[921/1385] Compiling rsaz-avx2-apple.S
[922/1385] Compiling rdrand-x86_64-linux.S
[923/1385] Compiling p256_beeu-x86_64-asm-linux.S
[924/1385] Compiling rdrand-x86_64-apple.S
[925/1385] Compiling p256_beeu-x86_64-asm-apple.S
[926/1385] Compiling p256_beeu-armv8-asm-win.S
[927/1385] Compiling p256_beeu-armv8-asm-linux.S
[928/1385] Compiling p256_beeu-armv8-asm-apple.S
[929/1385] Compiling p256-armv8-asm-win.S
[930/1385] Compiling p256-x86_64-asm-apple.S
[931/1385] Compiling p256-x86_64-asm-linux.S
[932/1385] Compiling p256-armv8-asm-apple.S
[933/1385] Compiling p256-armv8-asm-linux.S
[934/1385] Compiling ghashv8-armv8-apple.S
[935/1385] Compiling ghashv8-armv8-win.S
[936/1385] Compiling ghashv8-armv8-linux.S
[937/1385] Compiling ghashv8-armv7-linux.S
[937/1385] Compiling ghash-x86_64-apple.S
[939/1385] Compiling ghash-x86-linux.S
[940/1385] Compiling ghash-x86_64-linux.S
[941/1385] Compiling ghash-x86-apple.S
[942/1385] Compiling ghash-ssse3-x86_64-linux.S
[943/1385] Compiling ghash-ssse3-x86_64-apple.S
[944/1385] Compiling ghash-ssse3-x86-apple.S
[945/1385] Compiling ghash-ssse3-x86-linux.S
[946/1385] Compiling ghash-neon-armv8-linux.S
[947/1385] Compiling ghash-neon-armv8-win.S
[948/1385] Compiling ghash-neon-armv8-apple.S
[949/1385] Compiling co-586-linux.S
[950/1385] Compiling ghash-armv4-linux.S
[951/1385] Compiling bsaes-armv7-linux.S
[952/1385] Compiling co-586-apple.S
[953/1385] Compiling bn-armv8-win.S
[954/1385] Compiling bn-armv8-linux.S
[955/1385] Compiling bn-586-linux.S
[956/1385] Compiling bn-armv8-apple.S
[957/1385] Compiling bn-586-apple.S
[958/1385] Compiling armv8-mont-win.S
[959/1385] Compiling armv8-mont-apple.S
[960/1385] Compiling armv4-mont-linux.S
[961/1385] Compiling armv8-mont-linux.S
[962/1385] Compiling aesv8-gcm-armv8-win.S
[963/1385] Compiling aesv8-armv8-win.S
[964/1385] Compiling aesv8-gcm-armv8-apple.S
[965/1385] Compiling aesv8-gcm-armv8-linux.S
[966/1385] Compiling aesv8-armv8-linux.S
[967/1385] Compiling aesv8-armv8-apple.S
[968/1385] Compiling aesv8-armv7-linux.S
[969/1385] Compiling aesni-x86_64-linux.S
[970/1385] Compiling aesni-x86-apple.S
[971/1385] Compiling aesni-x86_64-apple.S
[972/1385] Compiling aesni-x86-linux.S
[973/1385] Compiling aesni-gcm-x86_64-apple.S
[974/1385] Compiling aesni-gcm-x86_64-linux.S
[975/1385] Compiling aes-gcm-avx512-x86_64-linux.S
[976/1385] Compiling aes-gcm-avx512-x86_64-apple.S
[977/1385] Compiling aes-gcm-avx2-x86_64-linux.S
[978/1385] Compiling aes-gcm-avx2-x86_64-apple.S
[979/1385] Compiling xwing.cc
[980/1385] Compiling x_x509a.cc
[981/1385] Compiling x_spki.cc
[982/1385] Compiling x_x509.cc
[983/1385] Compiling x_sig.cc
[984/1385] Compiling x_req.cc
[985/1385] Compiling c-nioatomics.c
[986/1385] Compiling x_pubkey.cc
[987/1385] Compiling x_exten.cc
[988/1385] Compiling x_name.cc
[989/1385] Compiling c-atomics.c
[990/1385] Compiling x_crl.cc
[991/1385] Compiling x_attrib.cc
[992/1392] Compiling x_all.cc
[993/1392] Compiling x_algor.cc
[995/1392] Compiling NIOConcurrencyHelpers NIOLock.swift
[996/1392] Compiling NIOConcurrencyHelpers lock.swift
[996/1392] Compiling x509rset.cc
[997/1392] Compiling x509spki.cc
[999/1392] Compiling NIOConcurrencyHelpers NIOThreadPoolWorkAvailable.swift
[1000/1392] Compiling NIOConcurrencyHelpers NIOLockedValueBox.swift
[1001/1392] Compiling NIOConcurrencyHelpers atomics.swift
[1001/1392] Compiling x509cset.cc
[1003/1392] Compiling NIOConcurrencyHelpers NIOAtomic.swift
[1004/1392] Emitting module NIOConcurrencyHelpers
[1004/1393] Compiling x509name.cc
[1006/1393] Compiling x509_vpm.cc
[1007/1393] Wrapping AST for NIOConcurrencyHelpers for debugging
[1007/1393] Compiling x509_vfy.cc
[1009/1393] Compiling x509_v3.cc
[1010/1393] Compiling x509_txt.cc
[1011/1393] Compiling x509_trs.cc
[1012/1393] Compiling x509_set.cc
[1013/1393] Compiling x509_req.cc
[1014/1393] Compiling x509_obj.cc
[1015/1393] Compiling x509_ext.cc
[1016/1393] Compiling x509_lu.cc
[1017/1393] Compiling x509_def.cc
[1018/1393] Compiling x509_d2.cc
[1019/1393] Compiling x509_cmp.cc
[1020/1393] Compiling x509.cc
[1021/1393] Compiling x509_att.cc
[1022/1393] Compiling v3_utl.cc
[1023/1393] Compiling v3_skey.cc
[1024/1393] Compiling v3_purp.cc
[1025/1393] Compiling v3_prn.cc
[1026/1393] Compiling v3_pmaps.cc
[1027/1393] Compiling v3_pcons.cc
[1028/1393] Compiling v3_ocsp.cc
[1029/1393] Compiling v3_ncons.cc
[1030/1393] Compiling v3_int.cc
[1031/1393] Compiling v3_lib.cc
[1032/1393] Compiling v3_info.cc
[1033/1393] Compiling v3_ia5.cc
[1034/1393] Compiling v3_genn.cc
[1035/1393] Compiling v3_extku.cc
[1036/1393] Compiling v3_enum.cc
[1037/1393] Compiling v3_crld.cc
[1038/1393] Compiling v3_cpols.cc
[1039/1393] Compiling v3_conf.cc
[1040/1393] Compiling v3_bitst.cc
[1041/1393] Compiling v3_bcons.cc
[1042/1393] Compiling v3_alt.cc
[1043/1393] Compiling v3_akeya.cc
[1044/1393] Compiling v3_akey.cc
[1045/1393] Compiling t_x509a.cc
[1046/1393] Compiling t_x509.cc
[1047/1393] Compiling t_crl.cc
[1048/1393] Compiling t_req.cc
[1049/1393] Compiling rsa_pss.cc
[1050/1393] Compiling i2d_pr.cc
[1051/1393] Compiling policy.cc
[1052/1393] Compiling name_print.cc
[1053/1393] Compiling by_file.cc
[1054/1393] Compiling asn1_gen.cc
[1054/1393] Compiling algorithm.cc
[1056/1393] Compiling by_dir.cc
[1057/1393] Compiling a_verify.cc
[1058/1393] Compiling a_sign.cc
[1059/1393] Compiling thread_win.cc
[1059/1393] Compiling voprf.cc
[1061/1393] Compiling a_digest.cc
[1062/1393] Compiling thread_pthread.cc
[1063/1393] Compiling trust_token.cc
[1064/1393] Compiling thread_none.cc
[1065/1393] Compiling thread.cc
[1066/1393] Compiling pmbtoken.cc
[1067/1393] Compiling siphash.cc
[1068/1393] Compiling stack.cc
[1069/1393] Compiling sha512.cc
[1070/1393] Compiling sha256.cc
[1071/1393] Compiling sha1.cc
[1072/1393] Compiling slhdsa.cc
[1073/1393] Compiling spake2plus.cc
[1074/1393] Compiling rsa_print.cc
[1075/1393] Compiling rsa_extra.cc
[1076/1393] Compiling refcount.cc
[1077/1393] Compiling rsa_crypt.cc
[1078/1393] Compiling rc4.cc
[1079/1393] Compiling windows.cc
[1080/1393] Compiling trusty.cc
[1081/1393] Compiling urandom.cc
[1082/1393] Compiling rand.cc
[1083/1393] Compiling rsa_asn1.cc
[1084/1393] Compiling ios.cc
[1085/1393] Compiling getentropy.cc
[1086/1393] Compiling passive.cc
[1087/1393] Compiling poly1305_arm_asm.S
[1088/1393] Compiling forkunsafe.cc
[1089/1393] Compiling deterministic.cc
[1090/1393] Compiling fork_detect.cc
[1091/1393] Compiling poly1305_vec.cc
[1092/1393] Compiling poly1305_arm.cc
[1093/1393] Compiling poly1305.cc
[1094/1393] Compiling pool.cc
[1095/1393] Compiling pkcs8_x509.cc
[1096/1393] Compiling pkcs8.cc
[1097/1393] Compiling p5_pbev2.cc
[1098/1393] Compiling pkcs7.cc
[1099/1393] Compiling pkcs7_x509.cc
[1100/1393] Compiling pem_xaux.cc
[1101/1393] Compiling pem_x509.cc
[1102/1393] Compiling pem_pkey.cc
[1103/1393] Compiling pem_pk8.cc
[1104/1393] Compiling pem_oth.cc
[1105/1393] Compiling mlkem.cc
[1106/1393] Compiling pem_info.cc
[1107/1393] Compiling obj_xref.cc
[1108/1393] Compiling pem_lib.cc
[1109/1393] Compiling pem_all.cc
[1110/1393] Compiling obj.cc
[1111/1393] Compiling poly_rq_mul.S
[1112/1393] Compiling mldsa.cc
[1113/1393] Compiling lhash.cc
[1113/1393] Compiling mem.cc
[1115/1393] Compiling fips_shared_support.cc
[1116/1393] Compiling md5.cc
[1117/1393] Compiling md4.cc
[1118/1393] Compiling kyber.cc
[1119/1393] Compiling fuzzer_mode.cc
[1120/1393] Compiling hrss.cc
[1121/1393] Compiling ex_data.cc
[1122/1393] Compiling hpke.cc
[1123/1393] Compiling scrypt.cc
[1124/1393] Compiling print.cc
[1125/1393] Compiling pbkdf.cc
[1126/1393] Compiling sign.cc
[1127/1393] Compiling p_x25519_asn1.cc
[1128/1393] Compiling p_x25519.cc
[1129/1393] Compiling p_rsa_asn1.cc
[1130/1393] Compiling p_rsa.cc
[1131/1393] Compiling p_hkdf.cc
[1132/1393] Compiling p_ed25519_asn1.cc
[1133/1393] Compiling p_ed25519.cc
[1134/1393] Compiling p_ec_asn1.cc
[1135/1393] Compiling p_ec.cc
[1136/1393] Compiling p_dsa_asn1.cc
[1137/1393] Compiling p_dh_asn1.cc
[1138/1393] Compiling p_dh.cc
[1139/1393] Compiling evp_ctx.cc
[1140/1393] Compiling err.cc
[1141/1393] Compiling evp_asn1.cc
[1142/1393] Compiling ecdsa_p1363.cc
[1143/1393] Compiling engine.cc
[1144/1393] Compiling evp.cc
[1145/1393] Compiling ecdh.cc
[1146/1393] Compiling ecdsa_asn1.cc
[1147/1393] Compiling ec_derive.cc
[1148/1393] Compiling hash_to_curve.cc
[1149/1393] Compiling dsa.cc
[1150/1393] Compiling ec_asn1.cc
[1151/1393] Compiling dsa_asn1.cc
[1152/1393] Compiling digest_extra.cc
[1153/1393] Compiling curve25519_64_adx.cc
[1154/1393] Compiling x25519-asm-arm.S
[1155/1393] Compiling des.cc
[1156/1393] Compiling params.cc
[1157/1393] Compiling dh_asn1.cc
[1158/1393] Compiling spake25519.cc
[1159/1393] Compiling curve25519.cc
[1160/1393] Compiling crypto.cc
[1161/1393] Compiling cpu_intel.cc
[1162/1393] Compiling cpu_arm_linux.cc
[1163/1393] Compiling cpu_arm_freebsd.cc
[1164/1393] Compiling cpu_aarch64_win.cc
[1165/1393] Compiling cpu_aarch64_sysreg.cc
[1166/1393] Compiling cpu_aarch64_openbsd.cc
[1166/1393] Compiling cpu_aarch64_linux.cc
[1168/1393] Compiling cpu_aarch64_fuchsia.cc
[1169/1393] Compiling cpu_aarch64_apple.cc
[1170/1393] Compiling conf.cc
[1171/1393] Compiling get_cipher.cc
[1172/1393] Compiling tls_cbc.cc
[1173/1393] Compiling e_tls.cc
[1174/1393] Compiling e_rc4.cc
[1175/1393] Compiling cms.cc
[1176/1393] Compiling e_rc2.cc
[1177/1393] Compiling e_null.cc
[1178/1393] Compiling e_des.cc
[1179/1393] Compiling e_chacha20poly1305.cc
[1180/1393] Compiling e_aesgcmsiv.cc
[1181/1393] Compiling derive_key.cc
[1182/1393] Compiling e_aeseax.cc
[1183/1393] Compiling e_aesctrhmac.cc
[1184/1393] Compiling chacha.cc
[1185/1393] Compiling unicode.cc
[1186/1393] Compiling buf.cc
[1187/1393] Compiling sqrt.cc
[1188/1393] Compiling cbs.cc
[1189/1393] Compiling cbb.cc
[1190/1393] Compiling ber.cc
[1191/1393] Compiling asn1_compat.cc
[1192/1393] Compiling exponentiation.cc
[1193/1393] Compiling div.cc
[1194/1393] Compiling blake2.cc
[1195/1393] Compiling hexdump.cc
[1196/1393] Compiling printf.cc
[1197/1393] Compiling pair.cc
[1198/1393] Compiling bn_asn1.cc
[1199/1393] Compiling convert.cc
[1200/1393] Compiling file.cc
[1201/1393] Compiling fd.cc
[1202/1393] Compiling errno.cc
[1203/1393] Compiling bio_mem.cc
[1204/1393] Compiling base64.cc
[1205/1393] Compiling bio.cc
[1206/1393] Compiling tasn_utl.cc
[1207/1393] Compiling tasn_typ.cc
[1208/1393] Compiling tasn_fre.cc
[1209/1393] Compiling tasn_enc.cc
[1210/1393] Compiling posix_time.cc
[1211/1393] Compiling tasn_new.cc
[1212/1393] Compiling tasn_dec.cc
[1213/1393] Compiling f_string.cc
[1214/1393] Compiling asn1_lib.cc
[1215/1393] Compiling a_utctm.cc
[1216/1393] Compiling a_type.cc
[1217/1393] Compiling a_time.cc
[1218/1393] Compiling a_strnid.cc
[1219/1393] Compiling a_mbstr.cc
[1220/1393] Compiling bcm.cc
[1220/1393] Write sources
[1224/1393] Compiling a_i2d_fp.cc
[1225/1393] Compiling CAsyncHTTPClient CAsyncHTTPClient.c
[1226/1393] Compiling a_strex.cc
[1227/1436] Compiling a_bool.cc
[1229/1436] Compiling Atomics AtomicStorage.swift
[1230/1436] Compiling Atomics AtomicValue.swift
[1230/1438] Compiling a_int.cc
[1232/1438] Compiling Atomics UnsafeAtomic.swift
[1233/1438] Compiling Atomics UnsafeAtomicLazyReference.swift
[1233/1438] Compiling aes.cc
[1235/1438] Compiling Atomics ManagedAtomic.swift
[1236/1438] Compiling Atomics ManagedAtomicLazyReference.swift
[1236/1438] Compiling a_bitstr.cc
[1238/1438] Compiling Atomics AtomicMemoryOrderings.swift
[1239/1438] Compiling Atomics DoubleWord.swift
[1240/1446] Compiling Atomics IntegerOperations.swift
[1241/1446] Compiling Atomics Unmanaged extensions.swift
[1242/1446] Compiling Atomics AtomicInteger.swift
[1243/1446] Compiling Atomics AtomicOptionalWrappable.swift
[1244/1446] Compiling Atomics AtomicReference.swift
[1248/1449] Compiling Atomics Primitives.native.swift
[1252/1449] Compiling Algorithms Permutations.swift
[1253/1449] Compiling Algorithms Product.swift
[1254/1449] Compiling Algorithms Split.swift
[1255/1449] Compiling Algorithms Stride.swift
[1256/1449] Compiling Algorithms Suffix.swift
[1257/1449] Compiling CryptoBoringWrapper RandomBytes.swift
[1261/1449] Compiling Atomics OptionalRawRepresentable.swift
[1262/1449] Compiling Atomics RawRepresentable.swift
[1263/1449] Compiling Atomics AtomicBool.swift
[1264/1449] Compiling Atomics IntegerConformances.swift
[1265/1449] Compiling Atomics PointerConformances.swift
[1270/1449] Compiling CryptoBoringWrapper CryptoKitErrors_boring.swift
[1271/1449] Compiling Algorithms Trim.swift
[1272/1449] Compiling Algorithms Unique.swift
[1273/1449] Compiling Algorithms Windows.swift
[1274/1449] Compiling CryptoBoringWrapper EllipticCurve.swift
[1275/1449] Compiling CryptoBoringWrapper ArbitraryPrecisionInteger.swift
[1276/1449] Compiling CryptoBoringWrapper EllipticCurvePoint.swift
[1277/1449] Compiling CryptoBoringWrapper FiniteFieldArithmeticContext.swift
[1278/1449] Compiling CryptoBoringWrapper BoringSSLAEAD.swift
[1279/1449] Emitting module CryptoBoringWrapper
[1280/1450] Wrapping AST for CryptoBoringWrapper for debugging
[1288/1450] Emitting module Atomics
[1289/1535] Wrapping AST for Atomics for debugging
[1291/1599] Emitting module Algorithms
[1292/1600] Wrapping AST for Algorithms for debugging
[1294/1600] Compiling NIOCore ChannelInvoker.swift
[1295/1600] Compiling NIOCore ChannelOption.swift
[1296/1600] Compiling NIOCore ChannelPipeline.swift
[1297/1600] Compiling NIOCore CircularBuffer.swift
[1298/1600] Compiling NIOCore Codec.swift
[1299/1600] Compiling NIOCore ConvenienceOptionSupport.swift
[1300/1600] Compiling NIOCore DeadChannel.swift
[1301/1600] Compiling NIOCore DispatchQueue+WithFuture.swift
[1302/1600] Compiling NIOCore EventLoop+Deprecated.swift
[1303/1600] Compiling NIOCore EventLoop+SerialExecutor.swift
[1304/1600] Compiling NIOCore EventLoop.swift
[1305/1600] Compiling NIOCore EventLoopFuture+AssumeIsolated.swift
[1306/1611] Compiling NIOCore NIOSendable.swift
[1307/1611] Compiling NIOCore NIOSplitLinesMessageDecoder.swift
[1308/1611] Compiling NIOCore NIOTransportAccessibleChannelCore.swift
[1309/1611] Compiling NIOCore RecvByteBufferAllocator.swift
[1310/1611] Compiling Crypto HashFunctions.swift
[1311/1611] Compiling Crypto HashFunctions_SHA2.swift
[1312/1611] Compiling Crypto HashFunctions_SHA3.swift
[1313/1611] Compiling Crypto Digest_xkcp.swift
[1314/1611] Compiling Crypto HPKE-AEAD.swift
[1315/1611] Compiling Crypto HPKE-Ciphersuite.swift
[1316/1611] Compiling Crypto HPKE-KDF.swift
[1317/1611] Compiling Crypto HPKE-KexKeyDerivation.swift
[1318/1611] Compiling NIOCore ByteBuffer-binaryEncodedLengthPrefix.swift
[1319/1611] Compiling NIOCore ByteBuffer-conversions.swift
[1320/1611] Compiling NIOCore ByteBuffer-core.swift
[1321/1611] Compiling NIOCore ByteBuffer-hex.swift
[1322/1611] Compiling NIOCore ByteBuffer-int.swift
[1323/1611] Compiling NIOCore ByteBuffer-lengthPrefix.swift
[1324/1611] Compiling NIOCore ByteBuffer-multi-int.swift
[1325/1611] Compiling NIOCore ByteBuffer-quicBinaryEncodingStrategy.swift
[1326/1611] Compiling NIOCore ByteBuffer-views.swift
[1327/1611] Compiling NIOCore Channel.swift
[1328/1611] Compiling NIOCore ChannelHandler.swift
[1329/1611] Compiling NIOCore ChannelHandlers.swift
[1330/1611] Compiling NIOCore EventLoopFuture+Deprecated.swift
[1331/1611] Compiling NIOCore EventLoopFuture+WithEventLoop.swift
[1332/1611] Compiling NIOCore EventLoopFuture.swift
[1333/1611] Compiling NIOCore FileDescriptor.swift
[1334/1611] Compiling NIOCore FileHandle.swift
[1335/1611] Compiling NIOCore FileRegion.swift
[1336/1611] Compiling NIOCore GlobalSingletons.swift
[1337/1611] Compiling NIOCore IO.swift
[1338/1611] Compiling NIOCore IOData.swift
[1339/1611] Compiling NIOCore IPProtocol.swift
[1340/1611] Compiling NIOCore IntegerBitPacking.swift
[1341/1611] Emitting module Crypto
[1342/1611] Compiling NIOCore AddressedEnvelope.swift
[1343/1611] Compiling NIOCore AsyncAwaitSupport.swift
[1344/1611] Compiling NIOCore AsyncChannel.swift
[1345/1611] Compiling NIOCore AsyncChannelHandler.swift
[1346/1611] Compiling NIOCore AsyncChannelInboundStream.swift
[1347/1611] Compiling NIOCore AsyncChannelOutboundWriter.swift
[1348/1611] Compiling NIOCore NIOAsyncSequenceProducer.swift
[1349/1611] Compiling NIOCore NIOAsyncSequenceProducerStrategies.swift
[1350/1611] Compiling NIOCore NIOAsyncWriter.swift
[1351/1611] Compiling NIOCore NIOThrowingAsyncSequenceProducer.swift
[1352/1611] Compiling NIOCore BSDSocketAPI.swift
[1353/1611] Compiling NIOCore ByteBuffer-aux.swift
[1363/1619] Compiling NIOCore NIOCoreSendableMetatype.swift
[1364/1619] Compiling NIOCore NIODecodedAsyncSequence.swift
[1365/1619] Compiling NIOCore NIOLoopBound.swift
[1366/1619] Compiling NIOCore NIOPooledRecvBufferAllocator.swift
[1367/1619] Compiling NIOCore NIOScheduledCallback.swift
[1374/1619] Compiling NIOCore IntegerTypes.swift
[1375/1619] Compiling NIOCore Interfaces.swift
[1376/1619] Compiling NIOCore Linux.swift
[1377/1619] Compiling NIOCore MarkedCircularBuffer.swift
[1378/1619] Compiling NIOCore MulticastChannel.swift
[1379/1619] Compiling NIOCore NIOAny.swift
[1380/1619] Compiling NIOCore NIOCloseOnErrorHandler.swift
[1381/1619] Compiling Crypto HPKE-LabeledExtract.swift
[1382/1619] Compiling Crypto HPKE-Utils.swift
[1383/1619] Compiling Crypto DHKEM.swift
[1384/1619] Compiling Crypto HPKE-KEM-Curve25519.swift
[1385/1619] Compiling Crypto HPKE-NIST-EC-KEMs.swift
[1386/1619] Compiling Crypto HPKE-KEM.swift
[1387/1619] Compiling Crypto HPKE-Errors.swift
[1388/1619] Compiling Crypto HPKE.swift
[1389/1619] Compiling Crypto HPKE-Context.swift
[1390/1619] Compiling Crypto HPKE-KeySchedule.swift
[1391/1619] Compiling Crypto HPKE-Modes.swift
[1392/1619] Compiling Crypto Insecure.swift
[1405/1619] Compiling Crypto Signature.swift
[1406/1619] Compiling Crypto CryptoKitErrors_boring.swift
[1407/1619] Compiling Crypto Optional+withUnsafeBytes_boring.swift
[1408/1619] Compiling Crypto RNG_boring.swift
[1409/1619] Compiling Crypto SafeCompare_boring.swift
[1410/1619] Compiling Crypto Zeroization_boring.swift
[1411/1619] Compiling Crypto _CryptoModuleAnchor.swift
[1412/1619] Compiling Crypto PrettyBytes.swift
[1413/1619] Compiling Crypto SafeCompare.swift
[1414/1619] Compiling Crypto SecureBytes.swift
[1415/1619] Compiling Crypto Zeroization.swift
[1416/1620] Wrapping AST for Crypto for debugging
[1418/1682] Compiling CryptoExtras AES_CBC.swift
[1419/1682] Compiling CryptoExtras AES_CFB.swift
[1420/1682] Compiling CryptoExtras AES_CTR.swift
[1421/1682] Compiling CryptoExtras AES_GCM_SIV.swift
[1422/1682] Compiling CryptoExtras Block Function.swift
[1423/1682] Compiling CryptoExtras AES_CBC_boring.swift
[1424/1682] Compiling CryptoExtras AES_CFB_boring.swift
[1425/1682] Compiling CryptoExtras AES_CTR_boring.swift
[1426/1682] Compiling CryptoExtras AES_GCM_SIV_boring.swift
[1427/1682] Compiling CryptoExtras ARCServer.swift
[1428/1682] Compiling CryptoExtras ChaCha20CTR_boring.swift
[1429/1682] Compiling CryptoExtras ChaCha20CTR.swift
[1430/1682] Compiling CryptoExtras BoringSSLSHA512256Context.swift
[1431/1682] Compiling CryptoExtras BoringSSLSHA512256HashFunction.swift
[1432/1682] Compiling CryptoExtras SHA512256.swift
[1433/1682] Compiling CryptoExtras SHA512256Digest.swift
[1434/1682] Compiling CryptoExtras Curve25519+PEM.swift
[1435/1682] Compiling CryptoExtras ObjectIdentifier.swift
[1436/1682] Compiling CryptoExtras Data+Extensions.swift
[1437/1682] Compiling CryptoExtras DigestType.swift
[1438/1682] Compiling CryptoExtras Error.swift
[1439/1682] Compiling CryptoExtras I2OSP.swift
[1440/1682] Compiling CryptoExtras IntegerEncoding.swift
[1441/1682] Compiling CryptoExtras PEMDocument.swift
[1442/1682] Compiling CryptoExtras PrettyBytes.swift
[1443/1682] Compiling CryptoExtras SubjectPublicKeyInfo.swift
[1444/1690] Compiling CryptoExtras ThreadSpecific.swift
[1445/1690] Compiling CryptoExtras ThreadWindows.swift
[1446/1690] Compiling CryptoExtras DLEQ.swift
[1447/1690] Compiling CryptoExtras Prover.swift
[1448/1690] Compiling CryptoExtras Verifier.swift
[1449/1690] Compiling CryptoExtras ZKPToolbox.swift
[1450/1690] Compiling NIOCore UniversalBootstrapSupport.swift
[1451/1690] Compiling NIOCore Utilities.swift
[1461/1690] Compiling CryptoExtras ThreadOps.swift
[1462/1690] Compiling CryptoExtras ThreadPosix.swift
[1469/1690] Compiling CryptoExtras PBKDF2.swift
[1470/1690] Compiling CryptoExtras Scrypt_boring.swift
[1471/1690] Compiling CryptoExtras Scrypt.swift
[1472/1690] Compiling CryptoExtras OPRF.swift
[1473/1690] Compiling CryptoExtras OPRFClient.swift
[1474/1690] Compiling CryptoExtras OPRFServer.swift
[1475/1690] Compiling CryptoExtras VOPRF+API.swift
[1476/1690] Compiling CryptoExtras VOPRFClient.swift
[1477/1690] Compiling CryptoExtras VOPRFServer.swift
[1478/1690] Emitting module CryptoExtras
[1479/1690] Compiling CryptoExtras BoringSSLPassphraseCallbackManager.swift
[1480/1690] Compiling CryptoExtras RSA+BlindSigning.swift
[1481/1690] Compiling CryptoExtras RSA.swift
[1482/1690] Compiling CryptoExtras RSA_boring.swift
[1483/1690] Compiling CryptoExtras Reexport.swift
[1484/1690] Compiling CryptoExtras Zeroization_boring.swift
[1485/1690] Compiling CryptoExtras BoringSSLHelpers.swift
[1486/1690] Compiling CryptoExtras CryptoKitErrors_boring.swift
[1487/1690] Compiling CryptoExtras PKCS8DERRepresentation.swift
[1488/1690] Compiling CryptoExtras PKCS8PrivateKey.swift
[1489/1690] Compiling CryptoExtras RFC8410AlgorithmIdentifier.swift
[1490/1690] Compiling CryptoExtras ECToolbox_boring.swift
[1491/1690] Compiling CryptoExtras ECToolbox.swift
[1492/1690] Compiling CryptoExtras HashToField.swift
[1493/1690] Compiling CryptoExtras KDF.swift
[1494/1690] Compiling CryptoExtras PBKDF2_boring.swift
[1495/1690] Compiling CryptoExtras PBKDF2_commoncrypto.swift
[1496/1690] Compiling CryptoExtras CMAC.swift
[1497/1690] Compiling CryptoExtras ARC+API.swift
[1498/1690] Compiling CryptoExtras ARC.swift
[1499/1690] Compiling CryptoExtras ARCCredential.swift
[1500/1690] Compiling CryptoExtras ARCEncoding.swift
[1501/1690] Compiling CryptoExtras ARCPrecredential.swift
[1502/1690] Compiling CryptoExtras ARCPresentation.swift
[1503/1690] Compiling CryptoExtras ARCRequest.swift
[1504/1690] Compiling CryptoExtras ARCResponse.swift
[1514/1691] Wrapping AST for CryptoExtras for debugging
[1516/1693] Compiling _CryptoExtras Exports.swift
[1517/1693] Emitting module _CryptoExtras
[1518/1694] Wrapping AST for _CryptoExtras for debugging
[1520/1789] Compiling X509 CMSIssuerAndSerialNumber.swift
[1521/1789] Compiling X509 CMSOperations.swift
[1522/1789] Compiling X509 CMSSignature.swift
[1523/1789] Compiling X509 CMSSignedData.swift
[1524/1789] Compiling X509 CMSSignerIdentifier.swift
[1525/1789] Compiling X509 CMSSignerInfo.swift
[1526/1789] Compiling X509 CMSVersion.swift
[1527/1789] Compiling X509 Curve25519+DER.swift
[1528/1789] Compiling X509 CustomPrivateKey.swift
[1529/1789] Compiling X509 OCSPResponse.swift
[1530/1789] Compiling X509 OCSPResponseBytes.swift
[1531/1789] Compiling X509 OCSPResponseData.swift
[1532/1789] Compiling X509 OCSPResponseStatus.swift
[1533/1789] Compiling X509 OCSPSignature.swift
[1534/1789] Compiling X509 OCSPSingleRequest.swift
[1535/1789] Compiling X509 OCSPSingleResponse.swift
[1536/1789] Compiling X509 OCSPTBSRequest.swift
[1537/1789] Compiling X509 OCSPVersion.swift
[1538/1789] Emitting module NIOCore
[1539/1792] Wrapping AST for NIOCore for debugging
[1541/1847] Compiling NIOFoundationEssentialsCompat Codable+ByteBuffer.swift
[1542/1847] Compiling NIOFoundationEssentialsCompat ByteBuffer-foundation.swift
[1543/1847] Emitting module NIOFoundationEssentialsCompat
[1545/1848] Compiling NIOPosix SelectorUring.swift
[1546/1848] Compiling NIOPosix SelectorWSAPoll.swift
[1547/1848] Compiling NIOPosix ServerSocket.swift
[1548/1848] Compiling NIOPosix Socket.swift
[1549/1848] Compiling NIOPosix SocketChannel.swift
[1550/1848] Compiling NIOPosix SocketProtocols.swift
[1551/1848] Compiling NIOPosix StructuredConcurrencyHelpers.swift
[1552/1848] Compiling NIOPosix System.swift
[1553/1848] Compiling X509 CertificatePublicKey.swift
[1554/1848] Compiling X509 CertificateSerialNumber.swift
[1555/1848] Compiling X509 CertificateVersion.swift
[1556/1848] Compiling X509 CMSAttribute.swift
[1557/1848] Compiling X509 CMSContentInfo.swift
[1558/1848] Compiling X509 CMSEncapsulatedContentInfo.swift
[1558/1861] Wrapping AST for NIOFoundationEssentialsCompat for debugging
[1560/1861] Compiling NIOEmbedded AsyncTestingChannel.swift
[1561/1861] Emitting module NIOEmbedded
[1562/1861] Compiling NIOPosix BSDSocketAPICommon.swift
[1563/1861] Compiling NIOPosix BSDSocketAPIPosix.swift
[1564/1861] Compiling NIOPosix BSDSocketAPIWindows.swift
[1565/1861] Compiling NIOPosix BaseSocket.swift
[1566/1861] Compiling NIOPosix BaseSocketChannel+AccessibleTransport.swift
[1567/1861] Compiling NIOPosix BaseSocketChannel+SocketOptionProvider.swift
[1568/1861] Compiling NIOPosix BaseSocketChannel.swift
[1569/1861] Compiling NIOPosix BaseStreamSocketChannel.swift
[1570/1861] Compiling NIOPosix Bootstrap.swift
[1571/1861] Compiling NIOPosix ControlMessage.swift
[1572/1861] Compiling NIOPosix DatagramVectorReadManager.swift
[1573/1861] Compiling NIOPosix Errors+Any.swift
[1574/1861] Compiling NIOPosix FileDescriptor.swift
[1575/1861] Compiling NIOPosix GetaddrinfoResolver.swift
[1576/1861] Compiling NIOPosix Resolver.swift
[1577/1861] Compiling NIOPosix MultiThreadedEventLoopGroup.swift
[1578/1861] Compiling NIOPosix NIOPosixSendableMetatype.swift
[1579/1861] Compiling NIOPosix NIORandomizedDNSResolver.swift
[1580/1861] Compiling NIOPosix NIOThreadPool.swift
[1581/1861] Compiling NIOPosix NonBlockingFileIO.swift
[1582/1861] Compiling NIOPosix PendingDatagramWritesManager.swift
[1583/1861] Compiling NIOPosix PendingWritesManager.swift
[1584/1861] Compiling NIOPosix Selectable.swift
[1585/1861] Compiling NIOPosix SelectableChannel.swift
[1586/1861] Compiling NIOPosix SelectableEventLoop.swift
[1587/1861] Compiling NIOPosix SelectorEpoll.swift
[1588/1861] Compiling NIOPosix SelectorGeneric.swift
[1589/1861] Compiling NIOPosix SelectorKqueue.swift
[1590/1861] Compiling NIOPosix HappyEyeballs.swift
[1591/1861] Compiling NIOPosix IO.swift
[1592/1861] Compiling NIOPosix IntegerBitPacking.swift
[1593/1861] Compiling NIOPosix IntegerTypes.swift
[1594/1861] Compiling NIOPosix Linux.swift
[1595/1861] Compiling NIOPosix LinuxCPUSet.swift
[1596/1861] Compiling NIOPosix LinuxUring.swift
[1597/1861] Compiling NIOPosix PipeChannel.swift
[1598/1861] Compiling NIOPosix PipePair.swift
[1599/1861] Compiling NIOPosix Pool.swift
[1600/1861] Compiling NIOPosix PosixSingletons+ConcurrencyTakeOver.swift
[1601/1861] Compiling NIOPosix PosixSingletons.swift
[1602/1861] Compiling NIOPosix RawSocketBootstrap.swift
[1603/1861] Compiling NIOEmbedded AsyncTestingEventLoop.swift
[1604/1861] Compiling NIOEmbedded Embedded.swift
[1605/1862] Wrapping AST for NIOEmbedded for debugging
[1607/1862] Compiling X509 NameConstraints.swift
[1608/1862] Compiling X509 SubjectAlternativeName.swift
[1609/1862] Compiling X509 SubjectKeyIdentifier.swift
[1610/1862] Compiling X509 Extension.swift
[1611/1862] Compiling X509 Extensions.swift
[1612/1862] Compiling X509 ExtensionsBuilder.swift
[1613/1862] Compiling X509 GeneralName.swift
[1614/1862] Compiling X509 Lock.swift
[1615/1862] Compiling X509 LockedValueBox.swift
[1616/1862] Compiling X509 BasicOCSPResponse.swift
[1617/1862] Compiling X509 DirectoryString.swift
[1618/1862] Compiling X509 OCSPCertID.swift
[1619/1862] Compiling X509 OCSPCertStatus.swift
[1620/1862] Compiling X509 OneOfPolicies.swift
[1621/1862] Compiling X509 PolicyBuilder.swift
[1622/1862] Compiling X509 BasicConstraintsPolicy.swift
[1623/1862] Compiling X509 DNSNames.swift
[1624/1862] Compiling X509 ExpiryPolicy.swift
[1625/1862] Compiling X509 IPConstraints.swift
[1626/1862] Compiling X509 NameConstraintsPolicy.swift
[1627/1862] Compiling X509 RFC5280Policy.swift
[1628/1862] Compiling X509 URIConstraints.swift
[1629/1862] Compiling X509 VersionPolicy.swift
[1630/1862] Compiling X509 ServerIdentityPolicy.swift
[1631/1862] Compiling X509 TrustRootLoading.swift
[1632/1862] Compiling X509 UnverifiedChain.swift
[1633/1862] Compiling X509 PKCS8PrivateKey.swift
[1634/1862] Compiling X509 PromiseAndFuture.swift
[1635/1862] Compiling X509 RDNAttribute.swift
[1636/1862] Compiling X509 RandomNumberGenerator+bytes.swift
[1637/1862] Compiling X509 RelativeDistinguishedName.swift
[1638/1862] Compiling X509 SEC1PrivateKey.swift
[1639/1862] Compiling X509 SecKeyWrapper.swift
[1640/1862] Compiling X509 Signature.swift
[1641/1862] Compiling X509 SignatureAlgorithm.swift
[1642/1862] Compiling X509 AllOfPolicies.swift
[1643/1862] Compiling X509 AnyPolicy.swift
[1644/1862] Compiling X509 CertificateStore.swift
[1645/1862] Compiling X509 CustomCertificateStore.swift
[1646/1862] Emitting module NIOPosix
[1647/1869] Emitting module X509
[1683/1869] Compiling NIOPosix Thread.swift
[1684/1869] Compiling NIOPosix ThreadPosix.swift
[1685/1869] Compiling NIOPosix ThreadWindows.swift
[1686/1869] Compiling NIOPosix Utilities.swift
[1687/1869] Compiling NIOPosix VsockAddress.swift
[1688/1869] Compiling NIOPosix VsockChannelEvents.swift
[1689/1869] Compiling NIOPosix Windows.swift
[1704/1870] Wrapping AST for NIOPosix for debugging
[1706/1872] Compiling NIO Exports.swift
[1707/1872] Emitting module NIO
[1708/1872] Compiling X509 ValidatedCertificateChain.swift
[1709/1872] Compiling X509 VerificationDiagnostic.swift
[1710/1872] Compiling X509 Verifier.swift
[1711/1872] Compiling X509 VerifierPolicy.swift
[1712/1872] Compiling X509 AlgorithmIdentifier.swift
[1713/1872] Compiling X509 ECDSASignature.swift
[1714/1872] Compiling X509 RSAPKCS1PublicKey.swift
[1715/1872] Compiling X509 SubjectPublicKeyInfo.swift
[1716/1872] Compiling X509 TBSCertificate.swift
[1717/1872] Compiling X509 Time.swift
[1718/1872] Compiling X509 TimeCalculations.swift
[1719/1872] Compiling X509 Validity.swift
[1720/1872] Compiling X509 X509SendableMetatype.swift
[1722/1874] Wrapping AST for NIO for debugging
[1723/1913] Wrapping AST for X509 for debugging
[1725/1980] Emitting module NIOFoundationCompat
[1726/1980] Compiling NIOTLS TLSEvents.swift
[1727/1980] Compiling NIOFoundationCompat JSONSerialization+ByteBuffer.swift
[1728/1980] Compiling NIOFoundationCompat Exports.swift
[1729/1980] Compiling NIOFoundationCompat WaitSpinningRunLoop.swift
[1730/1980] Compiling NIOSOCKS SOCKSResponse.swift
[1731/1981] Emitting module NIOTLS
[1732/1981] Compiling NIOSOCKS SelectedAuthenticationMethod.swift
[1733/1981] Compiling NIOSOCKS ClientStateMachine.swift
[1734/1981] Compiling NIOTLS ApplicationProtocolNegotiationHandler.swift
[1736/1982] Compiling NIOTLS NIOTypedApplicationProtocolNegotiationHandler.swift
[1737/1982] Emitting module NIOSOCKS
[1738/1982] Compiling JWTKit LocaleClaim.swift
[1739/1982] Compiling JWTKit NotBeforeClaim.swift
[1739/1982] Wrapping AST for NIOFoundationCompat for debugging
[1741/1982] Compiling JWTKit ECDSA.swift
[1742/1982] Compiling JWTKit ECDSACurve.swift
[1743/1982] Compiling JWTKit SubjectClaim.swift
[1744/1982] Compiling JWTKit TenantIDClaim.swift
[1745/1982] Compiling JWTKit ECDSACurveType.swift
[1746/1982] Compiling JWTKit ECDSAError.swift
[1747/1982] Compiling NIOSOCKS ServerStateMachine.swift
[1748/1983] Compiling NIOTLS SNIHandler.swift
[1749/1983] Compiling NIOTLS ProtocolNegotiationHandlerStateMachine.swift
[1751/1984] Wrapping AST for NIOTLS for debugging
[1754/2016] Wrapping AST for NIOSOCKS for debugging
[1756/2016] Compiling NIOSSL SSLCertificateExtensions.swift
[1757/2016] Compiling NIOSSL SSLCertificateName.swift
[1758/2016] Compiling NIOSSL String+unsafeUninitializedCapacity.swift
[1759/2016] Compiling NIOSSL SSLContext.swift
[1760/2016] Compiling NIOSSL SSLErrors.swift
[1761/2016] Compiling NIOSSL SSLInit.swift
[1762/2016] Compiling NIOSSL SSLPKCS12Bundle.swift
[1763/2016] Compiling NIOSSL SubjectAlternativeName.swift
[1764/2016] Compiling NIOSSL NIOSSLSecureBytes.swift
[1765/2016] Compiling NIOSSL RNG.swift
[1766/2016] Compiling NIOSSL SafeCompare.swift
[1767/2016] Compiling JWTKit JWTKeyCollection+EdDSA.swift
[1768/2025] Compiling JWTKit MLDSAType.swift
[1769/2025] Compiling JWTKit JWTKeyCollection+UnsecuredNone.swift
[1770/2025] Compiling JWTKit UnsecuredNoneSigner.swift
[1771/2025] Compiling JWTKit JWTKeyCollection+RSA.swift
[1772/2025] Compiling JWTKit RSA.swift
[1773/2025] Compiling JWTKit RSAError.swift
[1774/2025] Compiling JWTKit RSASigner.swift
[1775/2025] Compiling JWTKit Base64URL.swift
[1776/2025] Compiling JWTKit CryptoSigner.swift
[1777/2025] Compiling JWTKit JWTSerializer.swift
[1778/2025] Compiling JWTKit JWTSigner.swift
[1779/2025] Compiling JWTKit JWTKeyCollection+MLDSA.swift
[1780/2025] Compiling JWTKit MLDSA.swift
[1781/2025] Compiling JWTKit MLDSA65+MLDSAKey.swift
[1782/2025] Compiling JWTKit MLDSA87+MLDSAKey.swift
[1783/2025] Compiling JWTKit MLDSAError.swift
[1784/2025] Compiling JWTKit MLDSAKey.swift
[1785/2025] Compiling JWTKit MLDSASigner.swift
[1786/2025] Compiling NIOSSL IdentityVerification.swift
[1787/2025] Compiling NIOSSL SSLCertificate.swift
[1788/2025] Emitting module JWTKit
[1789/2025] Compiling NIOSSL NIOSSLServerHandler.swift
[1790/2025] Compiling NIOSSL ObjectIdentifier.swift
[1791/2025] Compiling NIOSSL PosixPort.swift
[1792/2025] Compiling NIOSSL SSLCallbacks.swift
[1793/2025] Compiling NIOSSL LinuxCABundle.swift
[1794/2025] Compiling NIOSSL NIOSSLClientHandler.swift
[1795/2025] Compiling NIOSSL NIOSSLHandler+Configuration.swift
[1796/2025] Compiling NIOSSL NIOSSLHandler.swift
[1797/2025] Compiling NIOSSL AndroidCABundle.swift
[1798/2025] Compiling NIOSSL ByteBufferBIO.swift
[1799/2025] Compiling NIOSSL CustomPrivateKey.swift
[1800/2025] Compiling NIOSSL FreeBSDCABundle.swift
[1805/2025] Compiling NIOSSL SSLConnection.swift
[1806/2025] Compiling NIOSSL SSLPrivateKey.swift
[1807/2025] Compiling NIOSSL SSLPublicKey.swift
[1808/2025] Compiling NIOSSL SecurityFrameworkCertificateVerification.swift
[1815/2025] Emitting module NIOHTTP1
[1816/2025] Compiling JWTKit JWTAlgorithm.swift
[1817/2025] Compiling JWTKit JWTError.swift
[1818/2025] Compiling JWTKit JWTHeader+CommonFields.swift
[1819/2025] Compiling JWTKit JWTHeader.swift
[1820/2025] Compiling JWTKit JWTHeaderField.swift
[1821/2025] Compiling JWTKit JWTKeyCollection.swift
[1822/2025] Compiling JWTKit JWTParser+MandatoryVerificationFields.swift
[1823/2025] Compiling JWTKit JWTParser.swift
[1824/2025] Compiling JWTKit JWTPayload.swift
[1825/2025] Compiling JWTKit HMAC.swift
[1826/2025] Compiling JWTKit HMACError.swift
[1827/2025] Compiling JWTKit HMACSigner.swift
[1828/2025] Compiling JWTKit JWTKeyCollection+HMAC.swift
[1829/2025] Compiling JWTKit Insecure.swift
[1830/2025] Compiling JWTKit JWK.swift
[1831/2025] Compiling JWTKit JWKIdentifier.swift
[1832/2025] Compiling JWTKit JWKS.swift
[1833/2025] Compiling JWTKit JWKSigner.swift
[1840/2026] Wrapping AST for NIOHTTP1 for debugging
[1842/2043] Emitting module NIOHTTPCompression
[1843/2043] Compiling NIOHPACK DynamicHeaderTable.swift
[1844/2043] Compiling NIOHPACK HPACKDecoder.swift
[1845/2044] Compiling NIOHPACK IntegerCoding.swift
[1846/2044] Compiling NIOHPACK IndexedHeaderTable.swift
[1847/2044] Compiling NIOHPACK HuffmanTables.swift
[1848/2044] Compiling JWTKit CustomizedJSONCoders.swift
[1849/2044] Compiling JWTKit Utilities.swift
[1850/2044] Compiling JWTKit AppleIdentityToken.swift
[1851/2044] Compiling JWTKit FirebaseAuthIdentityToken.swift
[1852/2044] Compiling JWTKit GoogleIdentityToken.swift
[1853/2044] Compiling JWTKit MicrosoftIdentityToken.swift
[1854/2044] Compiling JWTKit EmptyPolicy.swift
[1855/2044] Compiling JWTKit ValidationTimePayload.swift
[1856/2044] Compiling JWTKit X5CVerifier.swift
[1862/2049] Compiling NIOHTTPCompression HTTPCompression.swift
[1863/2049] Compiling NIOHPACK HuffmanCoding.swift
[1864/2049] Compiling NIOHTTPCompression HTTPDecompression.swift
[1865/2049] Compiling NIOHTTPCompression HTTPDecompressor.swift
[1866/2049] Compiling NIOHTTPCompression HTTPRequestCompressor.swift
[1867/2049] Compiling NIOHTTPCompression HTTPResponseCompressor.swift
[1868/2049] Compiling NIOHPACK StaticHeaderTable.swift
[1868/2050] Wrapping AST for JWTKit for debugging
[1871/2050] Emitting module NIOSSL
[1871/2050] Wrapping AST for NIOHTTPCompression for debugging
[1873/2050] Emitting module NIOHPACK
[1874/2050] Compiling NIOHPACK HPACKHeader.swift
[1875/2050] Compiling NIOHPACK HeaderTables.swift
[1876/2050] Compiling NIOHPACK HPACKEncoder.swift
[1877/2050] Compiling NIOHPACK HPACKErrors.swift
[1903/2051] Wrapping AST for NIOHPACK for debugging
[1905/2114] Compiling NIOHTTP2 MaySendFrames.swift
[1906/2114] Compiling NIOHTTP2 SendingDataState.swift
[1907/2114] Compiling NIOHTTP2 SendingGoawayState.swift
[1908/2114] Compiling NIOHTTP2 SendingHeadersState.swift
[1909/2114] Compiling NIOHTTP2 SendingPushPromiseState.swift
[1910/2114] Compiling NIOHTTP2 SendingRstStreamState.swift
[1911/2114] Compiling NIOHTTP2 SendingWindowUpdateState.swift
[1912/2114] Compiling NIOHTTP2 HTTP2SettingsState.swift
[1913/2114] Compiling NIOHTTP2 HasExtendedConnectSettings.swift
[1914/2114] Compiling NIOHTTP2 HasFlowControlWindows.swift
[1915/2114] Compiling NIOHTTP2 HasLocalSettings.swift
[1916/2114] Compiling NIOHTTP2 HasRemoteSettings.swift
[1917/2114] Compiling NIOHTTP2 LocallyQuiescingState.swift
[1918/2114] Compiling NIOHTTP2 QuiescingState.swift
[1919/2114] Compiling NIOHTTP2 RemotelyQuiescingState.swift
[1920/2114] Compiling NIOHTTP2 SendAndReceiveGoawayState.swift
[1921/2114] Compiling NIOHTTP2 StateMachineResult.swift
[1922/2114] Compiling NIOHTTP2 ContentLengthVerifier.swift
[1923/2122] Compiling NIOHTTP2 ReceivingDataState.swift
[1924/2122] Compiling NIOHTTP2 ReceivingGoAwayState.swift
[1925/2122] Compiling NIOHTTP2 ReceivingHeadersState.swift
[1926/2122] Compiling NIOHTTP2 ReceivingPushPromiseState.swift
[1927/2123] Wrapping AST for NIOSSL for debugging
[1929/2123] Emitting module NIOHTTP2
[1930/2123] Compiling NIOHTTP2 HTTP2StreamMultiplexer.swift
[1931/2123] Compiling NIOHTTP2 HTTP2ToHTTP1Codec.swift
[1932/2123] Compiling NIOHTTP2 HTTP2UserEvents.swift
[1933/2123] Compiling NIOHTTP2 InboundEventBuffer.swift
[1934/2123] Compiling NIOHTTP2 InboundWindowManager.swift
[1935/2123] Compiling NIOHTTP2 MultiplexerAbstractChannel.swift
[1936/2123] Compiling NIOHTTP2 NIOHTTP2FrameDelegate.swift
[1937/2123] Compiling NIOHTTP2 NIOHTTP2ServerConnectionManagementHandler+StateMachine.swift
[1938/2123] Compiling NIOHTTP2 DOSHeuristics.swift
[1939/2123] Compiling NIOHTTP2 Error+Any.swift
[1940/2123] Compiling NIOHTTP2 ConcurrentStreamBuffer.swift
[1941/2123] Compiling NIOHTTP2 ControlFrameBuffer.swift
[1942/2123] Compiling NIOHTTP2 OutboundFlowControlBuffer.swift
[1943/2123] Compiling NIOHTTP2 OutboundFrameBuffer.swift
[1944/2123] Compiling NIOHTTP2 GlitchesMonitor.swift
[1945/2123] Compiling NIOHTTP2 HPACKHeaders+Validation.swift
[1946/2123] Compiling NIOHTTP2 HTTP2ChannelHandler+InboundStreamMultiplexer.swift
[1947/2123] Compiling NIOHTTP2 NIOHTTP2ServerConnectionManagementHandler.swift
[1948/2123] Compiling NIOHTTP2 StreamChannelFlowController.swift
[1949/2123] Compiling NIOHTTP2 StreamChannelList.swift
[1950/2123] Compiling NIOHTTP2 StreamMap.swift
[1951/2123] Compiling NIOHTTP2 StreamStateMachine.swift
[1952/2123] Compiling NIOHTTP2 Timer.swift
[1953/2123] Compiling NIOHTTP2 UnsafeTransfer.swift
[1954/2123] Compiling NIOHTTP2 WatermarkedFlowController.swift
[1955/2123] Compiling NIOHTTP2 HTTP2FrameParser.swift
[1956/2123] Compiling NIOHTTP2 HTTP2PingData.swift
[1957/2123] Compiling NIOHTTP2 HTTP2PipelineHelpers.swift
[1958/2123] Compiling NIOHTTP2 HTTP2Settings.swift
[1959/2123] Compiling NIOHTTP2 HTTP2Stream.swift
[1960/2123] Compiling NIOHTTP2 HTTP2StreamChannel+OutboundStreamMultiplexer.swift
[1961/2123] Compiling NIOHTTP2 HTTP2StreamChannel.swift
[1962/2123] Compiling NIOHTTP2 HTTP2StreamDelegate.swift
[1963/2123] Compiling NIOHTTP2 HTTP2StreamID.swift
[1964/2123] Compiling NIOHTTP2 ConnectionStateMachine.swift
[1965/2123] Compiling NIOHTTP2 ConnectionStreamsState.swift
[1966/2123] Compiling NIOHTTP2 MayReceiveFrames.swift
[1971/2123] Compiling NIOHTTP2 ReceivingRstStreamState.swift
[1972/2123] Compiling NIOHTTP2 ReceivingWindowUpdateState.swift
[1973/2123] Compiling NIOHTTP2 HTTP2ChannelHandler+InlineStreamMultiplexer.swift
[1974/2123] Compiling NIOHTTP2 HTTP2ChannelHandler.swift
[1975/2123] Compiling NIOHTTP2 HTTP2CommonInboundStreamMultiplexer.swift
[1976/2123] Compiling NIOHTTP2 HTTP2ConnectionStateChange.swift
[1977/2123] Compiling NIOHTTP2 HTTP2Error.swift
[1978/2123] Compiling NIOHTTP2 HTTP2ErrorCode.swift
[1979/2123] Compiling NIOHTTP2 HTTP2FlowControlWindow.swift
[1980/2123] Compiling NIOHTTP2 HTTP2Frame.swift
[1981/2123] Compiling NIOHTTP2 HTTP2FrameEncoder.swift
[1982/2124] Wrapping AST for NIOHTTP2 for debugging
[1984/2188] Emitting module AsyncHTTPClient
[1985/2196] Compiling AsyncHTTPClient LRUCache.swift
[1986/2196] Compiling AsyncHTTPClient NIOLoopBound+Execute.swift
[1987/2196] Compiling AsyncHTTPClient NWErrorHandler.swift
[1988/2196] Compiling AsyncHTTPClient NWWaitingHandler.swift
[1989/2196] Compiling AsyncHTTPClient TLSConfiguration.swift
[1990/2196] Compiling AsyncHTTPClient RedirectState.swift
[1991/2196] Compiling AsyncHTTPClient RequestBag+StateMachine.swift
[1992/2196] Compiling AsyncHTTPClient RequestBag+Tracing.swift
[1993/2196] Compiling AsyncHTTPClient RequestBag.swift
[1994/2196] Compiling AsyncHTTPClient RequestValidation.swift
[1995/2196] Compiling AsyncHTTPClient SSLContextCache.swift
[1996/2196] Compiling AsyncHTTPClient Scheme.swift
[1997/2196] Compiling AsyncHTTPClient Singleton.swift
[1998/2196] Compiling AsyncHTTPClient StringConvertibleInstances.swift
[1999/2196] Compiling AsyncHTTPClient StructuredConcurrencyHelpers.swift
[2000/2196] Compiling AsyncHTTPClient TracingSupport.swift
[2001/2196] Compiling AsyncHTTPClient Utils.swift
[2002/2196] Compiling AsyncHTTPClient HTTP1ProxyConnectHandler.swift
[2003/2196] Compiling AsyncHTTPClient SOCKSEventsHandler.swift
[2004/2196] Compiling AsyncHTTPClient TLSEventsHandler.swift
[2005/2196] Compiling AsyncHTTPClient HTTP1ClientChannelHandler.swift
[2006/2196] Compiling AsyncHTTPClient HTTP1Connection.swift
[2007/2196] Compiling AsyncHTTPClient HTTP1ConnectionStateMachine.swift
[2008/2196] Compiling AsyncHTTPClient HTTP2ClientRequestHandler.swift
[2009/2196] Compiling AsyncHTTPClient HTTP2Connection.swift
[2010/2196] Compiling AsyncHTTPClient HTTP2IdleHandler.swift
[2011/2196] Compiling AsyncHTTPClient HTTPConnectionEvent.swift
[2012/2196] Compiling AsyncHTTPClient HTTPConnectionPool+Factory.swift
[2013/2196] Compiling AsyncHTTPClient HTTPConnectionPool+Manager.swift
[2014/2196] Compiling AsyncHTTPClient HTTPConnectionPool.swift
[2015/2196] Compiling AsyncHTTPClient HTTPExecutableRequest.swift
[2016/2196] Compiling AsyncHTTPClient HTTPRequestStateMachine+Demand.swift
[2017/2196] Compiling AsyncHTTPClient HTTPRequestStateMachine.swift
[2018/2196] Compiling AsyncHTTPClient RequestBodyLength.swift
[2019/2196] Compiling AsyncHTTPClient RequestFramingMetadata.swift
[2020/2196] Compiling AsyncHTTPClient AnyAsyncSequence.swift
[2021/2196] Compiling AsyncHTTPClient AnyAsyncSequenceProucerDelete.swift
[2022/2196] Compiling AsyncHTTPClient AsyncLazySequence.swift
[2023/2196] Compiling AsyncHTTPClient HTTPClient+execute.swift
[2024/2196] Compiling AsyncHTTPClient HTTPClient+shutdown.swift
[2025/2196] Compiling AsyncHTTPClient HTTPClient+tracing.swift
[2026/2196] Compiling AsyncHTTPClient HTTPClientRequest+Prepared.swift
[2027/2196] Compiling AsyncHTTPClient HTTPClientRequest+auth.swift
[2028/2196] Compiling AsyncHTTPClient HTTPClientRequest.swift
[2029/2196] Compiling AsyncHTTPClient HTTPClientResponse.swift
[2030/2196] Compiling AsyncHTTPClient SingleIteratorPrecondition.swift
[2031/2196] Compiling AsyncHTTPClient Transaction+StateMachine.swift
[2032/2196] Compiling AsyncHTTPClient Transaction.swift
[2033/2196] Compiling AsyncHTTPClient Base64.swift
[2034/2196] Compiling AsyncHTTPClient BasicAuth.swift
[2035/2196] Compiling AsyncHTTPClient BestEffortHashableTLSConfiguration.swift
[2036/2196] Compiling AsyncHTTPClient Configuration+BrowserLike.swift
[2037/2196] Compiling AsyncHTTPClient ConnectionPool.swift
[2038/2196] Compiling AsyncHTTPClient RequestOptions.swift
[2039/2196] Compiling AsyncHTTPClient HTTPConnectionPool+Backoff.swift
[2040/2196] Compiling AsyncHTTPClient HTTPConnectionPool+HTTP1Connections.swift
[2041/2196] Compiling AsyncHTTPClient HTTPConnectionPool+HTTP1StateMachine.swift
[2042/2196] Compiling AsyncHTTPClient HTTPConnectionPool+HTTP2Connections.swift
[2043/2196] Compiling AsyncHTTPClient HTTPConnectionPool+HTTP2StateMachine.swift
[2044/2196] Compiling AsyncHTTPClient HTTPConnectionPool+RequestQueue.swift
[2045/2196] Compiling AsyncHTTPClient HTTPConnectionPool+StateMachine.swift
[2046/2196] Compiling AsyncHTTPClient ConnectionTarget.swift
[2047/2196] Compiling AsyncHTTPClient DeconstructedURL.swift
[2048/2196] Compiling AsyncHTTPClient FileDownloadDelegate.swift
[2049/2196] Compiling AsyncHTTPClient FoundationExtensions.swift
[2050/2196] Compiling AsyncHTTPClient HTTPClient+HTTPCookie.swift
[2051/2196] Compiling AsyncHTTPClient HTTPClient+Proxy.swift
[2052/2196] Compiling AsyncHTTPClient HTTPClient+StructuredConcurrency.swift
[2053/2196] Compiling AsyncHTTPClient HTTPClient.swift
[2054/2196] Compiling AsyncHTTPClient HTTPClientConfiguration+SwiftConfiguration.swift
[2055/2196] Compiling AsyncHTTPClient HTTPHandler.swift
[2056/2197] Wrapping AST for AsyncHTTPClient for debugging
[2058/2220] Emitting module GoogleAuth
[2059/2223] Compiling GoogleAuth AnonymousCredentials.swift
[2060/2223] Compiling GoogleAuth ApiKeyCredentials.swift
[2061/2223] Compiling GoogleAuth ExternalAccountCredentials.swift
[2062/2223] Compiling GoogleAuth SubjectTokenProvider.swift
[2063/2223] Compiling GoogleAuth MDSAccessTokenProvider.swift
[2064/2223] Compiling GoogleAuth MDSCredentials.swift
[2065/2223] Compiling GoogleAuth UserAccountData.swift
[2066/2223] Compiling GoogleAuth UserAccountTokenProvider.swift
[2067/2223] Compiling GoogleAuth UserCredentials.swift
[2068/2223] Compiling GoogleAuth ServiceAccountCredentials.swift
[2069/2223] Compiling GoogleAuth ServiceAccountData.swift
[2070/2223] Compiling GoogleAuth ServiceAccountTokenProvider.swift
[2071/2223] Compiling GoogleAuth ADC.swift
[2072/2223] Compiling GoogleAuth ADCPath.swift
[2073/2223] Compiling GoogleAuth ADCResolver.swift
[2074/2223] Compiling GoogleAuth AuthHeaders.swift
[2075/2223] Compiling GoogleAuth AuthHTTPClient.swift
[2076/2223] Compiling GoogleAuth AuthHTTPError.swift
[2077/2223] Compiling GoogleAuth RetryEngine.swift
[2078/2223] Compiling GoogleAuth CredentialParserRegistry.swift
[2079/2223] Compiling GoogleAuth Credentials.swift
[2080/2223] Compiling GoogleAuth CredentialsError.swift
[2081/2223] Compiling GoogleAuth STSHandler.swift
[2082/2223] Compiling GoogleAuth TokenCache.swift
[2083/2223] Compiling GoogleAuth PackageVersion.swift
[2084/2224] Wrapping AST for GoogleAuth for debugging
[2086/2282] Compiling GoogleGax Pagination.swift
/host/spi-builder-workspace/.build/checkouts/swift-google-gax/Sources/GoogleGax/Pagination.swift:44:22: error: cannot convert '@Sendable (String) async throws -> (response: ResponseType, items: [Item], nextToken: String)' to 'nonisolated(nonsending) @Sendable (String) async throws -> (response: ResponseType, items: [Item], nextToken: String)' because crossing of an isolation boundary requires parameter and result types to conform to 'Sendable' protocol
 42 |   ) where ResponseType: _PaginatedResponse<Item> {
 43 |     self.initialPageToken = initialPageToken ?? ""
 44 |     self.fetchPage = { token in
    |                      |- error: cannot convert '@Sendable (String) async throws -> (response: ResponseType, items: [Item], nextToken: String)' to 'nonisolated(nonsending) @Sendable (String) async throws -> (response: ResponseType, items: [Item], nextToken: String)' because crossing of an isolation boundary requires parameter and result types to conform to 'Sendable' protocol
    |                      `- note: type 'Item' does not conform to 'Sendable' protocol
 45 |       let response = try await listRpc(token)
 46 |       return (response, response._getPaginatedItems(), response._nextPageToken())
[2087/2282] Compiling GoogleGax PollingBackoffPolicy.swift
/host/spi-builder-workspace/.build/checkouts/swift-google-gax/Sources/GoogleGax/Pagination.swift:44:22: error: cannot convert '@Sendable (String) async throws -> (response: ResponseType, items: [Item], nextToken: String)' to 'nonisolated(nonsending) @Sendable (String) async throws -> (response: ResponseType, items: [Item], nextToken: String)' because crossing of an isolation boundary requires parameter and result types to conform to 'Sendable' protocol
 42 |   ) where ResponseType: _PaginatedResponse<Item> {
 43 |     self.initialPageToken = initialPageToken ?? ""
 44 |     self.fetchPage = { token in
    |                      |- error: cannot convert '@Sendable (String) async throws -> (response: ResponseType, items: [Item], nextToken: String)' to 'nonisolated(nonsending) @Sendable (String) async throws -> (response: ResponseType, items: [Item], nextToken: String)' because crossing of an isolation boundary requires parameter and result types to conform to 'Sendable' protocol
    |                      `- note: type 'Item' does not conform to 'Sendable' protocol
 45 |       let response = try await listRpc(token)
 46 |       return (response, response._getPaginatedItems(), response._nextPageToken())
[2088/2282] Compiling GoogleGax PollingErrorPolicy.swift
/host/spi-builder-workspace/.build/checkouts/swift-google-gax/Sources/GoogleGax/Pagination.swift:44:22: error: cannot convert '@Sendable (String) async throws -> (response: ResponseType, items: [Item], nextToken: String)' to 'nonisolated(nonsending) @Sendable (String) async throws -> (response: ResponseType, items: [Item], nextToken: String)' because crossing of an isolation boundary requires parameter and result types to conform to 'Sendable' protocol
 42 |   ) where ResponseType: _PaginatedResponse<Item> {
 43 |     self.initialPageToken = initialPageToken ?? ""
 44 |     self.fetchPage = { token in
    |                      |- error: cannot convert '@Sendable (String) async throws -> (response: ResponseType, items: [Item], nextToken: String)' to 'nonisolated(nonsending) @Sendable (String) async throws -> (response: ResponseType, items: [Item], nextToken: String)' because crossing of an isolation boundary requires parameter and result types to conform to 'Sendable' protocol
    |                      `- note: type 'Item' does not conform to 'Sendable' protocol
 45 |       let response = try await listRpc(token)
 46 |       return (response, response._getPaginatedItems(), response._nextPageToken())
[2089/2282] Compiling GoogleGax PollingResult.swift
/host/spi-builder-workspace/.build/checkouts/swift-google-gax/Sources/GoogleGax/Pagination.swift:44:22: error: cannot convert '@Sendable (String) async throws -> (response: ResponseType, items: [Item], nextToken: String)' to 'nonisolated(nonsending) @Sendable (String) async throws -> (response: ResponseType, items: [Item], nextToken: String)' because crossing of an isolation boundary requires parameter and result types to conform to 'Sendable' protocol
 42 |   ) where ResponseType: _PaginatedResponse<Item> {
 43 |     self.initialPageToken = initialPageToken ?? ""
 44 |     self.fetchPage = { token in
    |                      |- error: cannot convert '@Sendable (String) async throws -> (response: ResponseType, items: [Item], nextToken: String)' to 'nonisolated(nonsending) @Sendable (String) async throws -> (response: ResponseType, items: [Item], nextToken: String)' because crossing of an isolation boundary requires parameter and result types to conform to 'Sendable' protocol
    |                      `- note: type 'Item' does not conform to 'Sendable' protocol
 45 |       let response = try await listRpc(token)
 46 |       return (response, response._getPaginatedItems(), response._nextPageToken())
[2090/2282] Compiling GoogleGax PollingState.swift
/host/spi-builder-workspace/.build/checkouts/swift-google-gax/Sources/GoogleGax/Pagination.swift:44:22: error: cannot convert '@Sendable (String) async throws -> (response: ResponseType, items: [Item], nextToken: String)' to 'nonisolated(nonsending) @Sendable (String) async throws -> (response: ResponseType, items: [Item], nextToken: String)' because crossing of an isolation boundary requires parameter and result types to conform to 'Sendable' protocol
 42 |   ) where ResponseType: _PaginatedResponse<Item> {
 43 |     self.initialPageToken = initialPageToken ?? ""
 44 |     self.fetchPage = { token in
    |                      |- error: cannot convert '@Sendable (String) async throws -> (response: ResponseType, items: [Item], nextToken: String)' to 'nonisolated(nonsending) @Sendable (String) async throws -> (response: ResponseType, items: [Item], nextToken: String)' because crossing of an isolation boundary requires parameter and result types to conform to 'Sendable' protocol
    |                      `- note: type 'Item' does not conform to 'Sendable' protocol
 45 |       let response = try await listRpc(token)
 46 |       return (response, response._getPaginatedItems(), response._nextPageToken())
[2091/2282] Compiling GoogleGax ProtobufConversionError.swift
/host/spi-builder-workspace/.build/checkouts/swift-google-gax/Sources/GoogleGax/Pagination.swift:44:22: error: cannot convert '@Sendable (String) async throws -> (response: ResponseType, items: [Item], nextToken: String)' to 'nonisolated(nonsending) @Sendable (String) async throws -> (response: ResponseType, items: [Item], nextToken: String)' because crossing of an isolation boundary requires parameter and result types to conform to 'Sendable' protocol
 42 |   ) where ResponseType: _PaginatedResponse<Item> {
 43 |     self.initialPageToken = initialPageToken ?? ""
 44 |     self.fetchPage = { token in
    |                      |- error: cannot convert '@Sendable (String) async throws -> (response: ResponseType, items: [Item], nextToken: String)' to 'nonisolated(nonsending) @Sendable (String) async throws -> (response: ResponseType, items: [Item], nextToken: String)' because crossing of an isolation boundary requires parameter and result types to conform to 'Sendable' protocol
    |                      `- note: type 'Item' does not conform to 'Sendable' protocol
 45 |       let response = try await listRpc(token)
 46 |       return (response, response._getPaginatedItems(), response._nextPageToken())
[2092/2282] Compiling GoogleGax QueryParameter.swift
/host/spi-builder-workspace/.build/checkouts/swift-google-gax/Sources/GoogleGax/Pagination.swift:44:22: error: cannot convert '@Sendable (String) async throws -> (response: ResponseType, items: [Item], nextToken: String)' to 'nonisolated(nonsending) @Sendable (String) async throws -> (response: ResponseType, items: [Item], nextToken: String)' because crossing of an isolation boundary requires parameter and result types to conform to 'Sendable' protocol
 42 |   ) where ResponseType: _PaginatedResponse<Item> {
 43 |     self.initialPageToken = initialPageToken ?? ""
 44 |     self.fetchPage = { token in
    |                      |- error: cannot convert '@Sendable (String) async throws -> (response: ResponseType, items: [Item], nextToken: String)' to 'nonisolated(nonsending) @Sendable (String) async throws -> (response: ResponseType, items: [Item], nextToken: String)' because crossing of an isolation boundary requires parameter and result types to conform to 'Sendable' protocol
    |                      `- note: type 'Item' does not conform to 'Sendable' protocol
 45 |       let response = try await listRpc(token)
 46 |       return (response, response._getPaginatedItems(), response._nextPageToken())
[2093/2282] Compiling GoogleGax RequestError.swift
/host/spi-builder-workspace/.build/checkouts/swift-google-gax/Sources/GoogleGax/Pagination.swift:44:22: error: cannot convert '@Sendable (String) async throws -> (response: ResponseType, items: [Item], nextToken: String)' to 'nonisolated(nonsending) @Sendable (String) async throws -> (response: ResponseType, items: [Item], nextToken: String)' because crossing of an isolation boundary requires parameter and result types to conform to 'Sendable' protocol
 42 |   ) where ResponseType: _PaginatedResponse<Item> {
 43 |     self.initialPageToken = initialPageToken ?? ""
 44 |     self.fetchPage = { token in
    |                      |- error: cannot convert '@Sendable (String) async throws -> (response: ResponseType, items: [Item], nextToken: String)' to 'nonisolated(nonsending) @Sendable (String) async throws -> (response: ResponseType, items: [Item], nextToken: String)' because crossing of an isolation boundary requires parameter and result types to conform to 'Sendable' protocol
    |                      `- note: type 'Item' does not conform to 'Sendable' protocol
 45 |       let response = try await listRpc(token)
 46 |       return (response, response._getPaginatedItems(), response._nextPageToken())
[2094/2290] Compiling GoogleGax AIP194+PollingErrorPolicy.swift
[2095/2290] Compiling GoogleGax AIP194+RetryPolicy.swift
[2096/2290] Compiling GoogleGax AIP194.swift
[2097/2290] Compiling GoogleGax AdaptiveThrottler.swift
[2098/2290] Compiling GoogleGax AlwaysPoll.swift
[2099/2290] Compiling GoogleGax AlwaysRetry.swift
[2100/2290] Compiling GoogleGax ApiClientHeader.swift
[2101/2290] Compiling GoogleGax BackoffPolicy.swift
[2102/2290] Compiling GoogleGax BasePollingErrorPolicy.swift
[2103/2290] Emitting module GoogleGax
[2104/2290] Compiling GoogleGax RequestOptions.swift
[2105/2290] Compiling GoogleGax RetryLoop.swift
[2106/2290] Compiling GoogleGax RetryPolicy.swift
[2107/2290] Compiling GoogleGax RetryResult.swift
[2108/2290] Compiling GoogleGax RetryState.swift
[2109/2290] Compiling GoogleGax RetryThrottler.swift
[2110/2290] Compiling GoogleGax RetryThrottlerError.swift
[2111/2290] Compiling GoogleGax RoutingMatcher.swift
[2112/2290] Compiling GoogleGax LimitedAttemptCount+PollingErrorPolicy.swift
[2113/2290] Compiling GoogleGax LimitedAttemptCount+RetryPolicy.swift
[2114/2290] Compiling GoogleGax LimitedAttemptCount.swift
[2115/2290] Compiling GoogleGax LimitedElapsedTime+PollingErrorPolicy.swift
[2116/2290] Compiling GoogleGax LimitedElapsedTime+RetryPolicy.swift
[2117/2290] Compiling GoogleGax LimitedElapsedTime.swift
[2118/2290] Compiling GoogleGax LongRunningOperations.swift
[2119/2290] Compiling GoogleGax NeverRetry.swift
[2120/2290] Compiling GoogleGax ContinueOnIO.swift
[2121/2290] Compiling GoogleGax CredentialsProtocol.swift
[2122/2290] Compiling GoogleGax ErrorWrapper.swift
[2123/2290] Compiling GoogleGax ExponentialBackoff+BackoffPolicy.swift
[2124/2290] Compiling GoogleGax ExponentialBackoff+PollingBackoffPolicy.swift
[2125/2290] Compiling GoogleGax ExponentialBackoff.swift
[2126/2290] Compiling GoogleGax HTTPClient.swift
[2127/2290] Compiling GoogleGax HTTPClientHolder.swift
[2128/2290] Compiling GoogleGax BaseRetryPolicy.swift
[2129/2290] Compiling GoogleGax BindingError.swift
[2130/2290] Compiling GoogleGax CRC32C.swift
[2131/2290] Compiling GoogleGax CircuitBreaker.swift
[2132/2290] Compiling GoogleGax ClientError.swift
[2133/2290] Compiling GoogleGax ClientOptions.swift
[2134/2290] Compiling GoogleGax ContinueOnIO+PollingErrorPolicy.swift
[2135/2290] Compiling GoogleGax ContinueOnIO+RetryPolicy.swift
[2136/2290] Compiling GoogleGax HTTPClientProtocol.swift
[2137/2290] Compiling GoogleGax HTTPClientRequest.swift
[2138/2290] Compiling GoogleGax HTTPClientResponse.swift
[2139/2290] Compiling GoogleGax HTTPHeaders.swift
[2140/2290] Compiling GoogleGax HTTPResponseBody.swift
[2141/2290] Compiling GoogleGax HeaderNames.swift
[2142/2290] Compiling GoogleGax Host.swift
[2143/2290] Compiling GoogleGax InProgressResult.swift
[2144/2290] Compiling GoogleGax ServiceError.swift
[2145/2290] Compiling GoogleGax StatusDetail.swift
[2146/2290] Compiling GoogleGax StrictIdempotency.swift
[2147/2290] Compiling GoogleGax ThrottleResult.swift
[2148/2290] Compiling GoogleGax TooManyRequests+PollingErrorPolicy.swift
[2149/2290] Compiling GoogleGax TooManyRequests+RetryPolicy.swift
[2150/2290] Compiling GoogleGax TooManyRequests.swift
[2151/2290] Compiling GoogleGax PackageVersion.swift
BUILD FAILURE 6.2 android