Build Information
Failed to build Web3swift, reference develop (f48d7a), with Swift 6.4 for watchOS using Xcode 27.0 on 23 Sep 2026 02:25:48 UTC.
Build Command
env DEVELOPER_DIR=/Applications/Xcode-27.0.0-Release.Candidate.app xcrun xcodebuild -IDEClonedSourcePackagesDirPathOverride=$PWD/.dependencies -skipMacroValidation -skipPackagePluginValidation -derivedDataPath $PWD/.derivedData build -scheme Web3swift -destination generic/platform=watchOSBuild Log
SwiftDriver Web3Core normal arm64 com.apple.xcode.tools.swift.compiler (in target 'Web3Core' from project 'Web3swift')
cd /Users/admin/builder/spi-builder-workspace/.swiftpm/xcode
builtin-SwiftDriver -- /Applications/Xcode-27.0.0-Release.Candidate.app/Contents/Developer/Toolchains/XcodeDefault.xctoolchain/usr/bin/swiftc -parse-as-library -module-name Web3Core -Onone @/Users/admin/builder/spi-builder-workspace/.derivedData/Build/Intermediates.noindex/Web3swift.build/Debug-watchos/Web3Core-t.build/Objects-normal/arm64/Web3Core.SwiftFileList -DSWIFT_PACKAGE -DDEBUG -DSWIFT_MODULE_RESOURCE_BUNDLE_UNAVAILABLE -Xcc -fmodule-map-file\=/Users/admin/builder/spi-builder-workspace/.derivedData/Build/Intermediates.noindex/GeneratedModuleMaps-watchos/secp256k1_bindings.modulemap -DXcode -plugin-path /Applications/Xcode-27.0.0-Release.Candidate.app/Contents/Developer/Toolchains/XcodeDefault.xctoolchain/usr/lib/swift/host/plugins/testing -enable-experimental-feature DebugDescriptionMacro -sdk /Applications/Xcode-27.0.0-Release.Candidate.app/Contents/Developer/Platforms/WatchOS.platform/Developer/SDKs/WatchOS27.0.sdk -target arm64-apple-watchos9.0 -g -module-cache-path /Users/admin/builder/spi-builder-workspace/.derivedData/ModuleCache.noindex -Xfrontend -serialize-debugging-options -profile-coverage-mapping -profile-generate -enable-testing -index-store-path /Users/admin/builder/spi-builder-workspace/.derivedData/Index.noindex/DataStore -Xcc -D_LIBCPP_HARDENING_MODE\=_LIBCPP_HARDENING_MODE_DEBUG -swift-version 5 -I /Users/admin/builder/spi-builder-workspace/.derivedData/Build/Products/Debug-watchos -Isystem /Applications/Xcode-27.0.0-Release.Candidate.app/Contents/Developer/Platforms/WatchOS.platform/Developer/usr/lib -F /Users/admin/builder/spi-builder-workspace/.derivedData/Build/Products/Debug-watchos/PackageFrameworks -F /Users/admin/builder/spi-builder-workspace/.derivedData/Build/Products/Debug-watchos -F /Applications/Xcode-27.0.0-Release.Candidate.app/Contents/Developer/Platforms/WatchOS.platform/Developer/Library/Frameworks -F /Applications/Xcode-27.0.0-Release.Candidate.app/Contents/Developer/Platforms/WatchOS.platform/Developer/SDKs/WatchOS27.0.sdk/Developer/Library/Frameworks -c -j10 -enable-batch-mode -incremental -Xcc -ivfsstatcache -Xcc /Users/admin/builder/spi-builder-workspace/.derivedData/SDKStatCaches.noindex/watchos27.0-24R360-e829b21a6f8c9b70876ba0858053c04477534ef55a1706bf4c1112bbb242f0a2.sdkstatcache -output-file-map /Users/admin/builder/spi-builder-workspace/.derivedData/Build/Intermediates.noindex/Web3swift.build/Debug-watchos/Web3Core-t.build/Objects-normal/arm64/Web3Core-OutputFileMap.json -save-temps -no-color-diagnostics -explicit-module-build -module-cache-path /Users/admin/builder/spi-builder-workspace/.derivedData/Build/Intermediates.noindex/SwiftExplicitPrecompiledModules -clang-scanner-module-cache-path /Users/admin/builder/spi-builder-workspace/.derivedData/ModuleCache.noindex -sdk-module-cache-path /Users/admin/builder/spi-builder-workspace/.derivedData/SDKExplicitPrecompiledModules -emit-dependencies -emit-module -emit-module-path /Users/admin/builder/spi-builder-workspace/.derivedData/Build/Intermediates.noindex/Web3swift.build/Debug-watchos/Web3Core-t.build/Objects-normal/arm64/Web3Core.swiftmodule -serialize-diagnostics -dependency-scan-serialize-diagnostics-path /Users/admin/builder/spi-builder-workspace/.derivedData/Build/Intermediates.noindex/Web3swift.build/Debug-watchos/Web3Core-t.build/Objects-normal/arm64/Web3Core-dependency-scan.dia -validate-clang-modules-once -clang-build-session-file /Users/admin/builder/spi-builder-workspace/.derivedData/ModuleCache.noindex/Session.modulevalidation -Xcc -fmodules-prune-interval\=86400 -Xcc -fmodules-prune-after\=345600 -package-name spi_builder_workspace -emit-const-values -const-gather-protocols-list /Users/admin/builder/spi-builder-workspace/.derivedData/Build/Intermediates.noindex/Web3swift.build/Debug-watchos/Web3Core-t.build/Objects-normal/arm64/Web3Core_const_extract_protocols.json -Xcc -I/Users/admin/builder/spi-builder-workspace/.dependencies/checkouts/secp256k1.swift/Sources/secp256k1_bindings/include -Xcc -I/Users/admin/builder/spi-builder-workspace/.derivedData/Build/Products/Debug-watchos/include -Xcc -I/Users/admin/builder/spi-builder-workspace/.derivedData/Build/Intermediates.noindex/Web3swift.build/Debug-watchos/Web3Core-t.build/DerivedSources-normal/arm64 -Xcc -I/Users/admin/builder/spi-builder-workspace/.derivedData/Build/Intermediates.noindex/Web3swift.build/Debug-watchos/Web3Core-t.build/DerivedSources/arm64 -Xcc -I/Users/admin/builder/spi-builder-workspace/.derivedData/Build/Intermediates.noindex/Web3swift.build/Debug-watchos/Web3Core-t.build/DerivedSources -Xcc -DSWIFT_PACKAGE -Xcc -DDEBUG\=1 -emit-objc-header -emit-objc-header-path /Users/admin/builder/spi-builder-workspace/.derivedData/Build/Intermediates.noindex/Web3swift.build/Debug-watchos/Web3Core-t.build/Objects-normal/arm64/Web3Core-Swift.h -working-directory /Users/admin/builder/spi-builder-workspace/.swiftpm/xcode -experimental-emit-module-separately -disable-cmo
SwiftDriverJobDiscovery normal arm64 Compiling Codable.swift, Comparable.swift, DataConversion.swift, Division.swift, Exponentiation.swift, FloatingPointConversion.swift, GCD.swift, Hashable.swift, IntegerConversion.swift, Multiplication.swift, PrimeTest.swift (in target 'CryptoSwift' from project 'CryptoSwift')
SwiftDriverJobDiscovery normal arm64 Compiling Random.swift, Shifts.swift, SquareRoot.swift, Strideable.swift, StringConversion.swift, Subtraction.swift, WordsAndBits.swift, ChaCha20.swift, Checksum.swift, Cipher.swift, Collection+Extension.swift (in target 'CryptoSwift' from project 'CryptoSwift')
SwiftDriverJobDiscovery normal arm64 Compiling RSA+Cipher.swift, RSA+Signature.swift, RSA.swift, Rabbit.swift, SHA1.swift, SHA2.swift, SHA3.swift, Scrypt.swift, SecureBytes.swift, Signature.swift, StreamDecryptor.swift (in target 'CryptoSwift' from project 'CryptoSwift')
SwiftDriverJobDiscovery normal arm64_32 Compiling Bit.swift, BlockCipher.swift, BlockDecryptor.swift, BlockEncryptor.swift, BlockMode.swift, BlockModeOptions.swift, CBC.swift, CCM.swift, CFB.swift, CTR.swift, CipherModeWorker.swift, ECB.swift (in target 'CryptoSwift' from project 'CryptoSwift')
SwiftCompile normal arm64_32 Compiling\ Encodable+Extensions.swift,\ NSRegularExpression+Extension.swift,\ NativeTypesEncoding+Extension.swift,\ RIPEMD160+StackOveflow.swift,\ String+Extension.swift,\ Utilities.swift,\ Web3Error.swift /Users/admin/builder/spi-builder-workspace/Sources/Web3Core/Utility/Encodable+Extensions.swift /Users/admin/builder/spi-builder-workspace/Sources/Web3Core/Utility/NSRegularExpression+Extension.swift /Users/admin/builder/spi-builder-workspace/Sources/Web3Core/Utility/NativeTypesEncoding+Extension.swift /Users/admin/builder/spi-builder-workspace/Sources/Web3Core/Utility/RIPEMD160+StackOveflow.swift /Users/admin/builder/spi-builder-workspace/Sources/Web3Core/Utility/String+Extension.swift /Users/admin/builder/spi-builder-workspace/Sources/Web3Core/Utility/Utilities.swift /Users/admin/builder/spi-builder-workspace/Sources/Web3Core/Web3Error/Web3Error.swift (in target 'Web3Core' from project 'Web3swift')
SwiftCompile normal arm64_32 /Users/admin/builder/spi-builder-workspace/Sources/Web3Core/Utility/Encodable+Extensions.swift (in target 'Web3Core' from project 'Web3swift')
cd /Users/admin/builder/spi-builder-workspace/.swiftpm/xcode
builtin-SwiftPerFileCompile Encodable+Extensions.swift
SwiftCompile normal arm64_32 /Users/admin/builder/spi-builder-workspace/Sources/Web3Core/Utility/NSRegularExpression+Extension.swift (in target 'Web3Core' from project 'Web3swift')
cd /Users/admin/builder/spi-builder-workspace/.swiftpm/xcode
builtin-SwiftPerFileCompile NSRegularExpression+Extension.swift
SwiftCompile normal arm64_32 /Users/admin/builder/spi-builder-workspace/Sources/Web3Core/Utility/NativeTypesEncoding+Extension.swift (in target 'Web3Core' from project 'Web3swift')
cd /Users/admin/builder/spi-builder-workspace/.swiftpm/xcode
builtin-SwiftPerFileCompile NativeTypesEncoding+Extension.swift
SwiftCompile normal arm64_32 /Users/admin/builder/spi-builder-workspace/Sources/Web3Core/Utility/RIPEMD160+StackOveflow.swift (in target 'Web3Core' from project 'Web3swift')
cd /Users/admin/builder/spi-builder-workspace/.swiftpm/xcode
builtin-SwiftPerFileCompile RIPEMD160+StackOveflow.swift
SwiftCompile normal arm64_32 /Users/admin/builder/spi-builder-workspace/Sources/Web3Core/Utility/String+Extension.swift (in target 'Web3Core' from project 'Web3swift')
cd /Users/admin/builder/spi-builder-workspace/.swiftpm/xcode
builtin-SwiftPerFileCompile String+Extension.swift
SwiftCompile normal arm64_32 /Users/admin/builder/spi-builder-workspace/Sources/Web3Core/Utility/Utilities.swift (in target 'Web3Core' from project 'Web3swift')
cd /Users/admin/builder/spi-builder-workspace/.swiftpm/xcode
builtin-SwiftPerFileCompile Utilities.swift
SwiftCompile normal arm64_32 /Users/admin/builder/spi-builder-workspace/Sources/Web3Core/Web3Error/Web3Error.swift (in target 'Web3Core' from project 'Web3swift')
cd /Users/admin/builder/spi-builder-workspace/.swiftpm/xcode
builtin-SwiftPerFileCompile Web3Error.swift
SwiftEmitModule normal arm64_32 Emitting\ module\ for\ Web3Core (in target 'Web3Core' from project 'Web3swift')
SwiftCompile normal arm64_32 (in target 'Web3Core' from project 'Web3swift')
cd /Users/admin/builder/spi-builder-workspace/.swiftpm/xcode
SwiftCompile normal arm64_32 Compiling\ TxPoolContent.swift,\ TxPoolStatus.swift,\ Web3ProviderProtocol.swift,\ CodableTransaction.swift,\ AbstractEnvelope.swift,\ EIP1559Envelope.swift,\ EIP2718Envelope.swift /Users/admin/builder/spi-builder-workspace/Sources/Web3Core/Structure/TxPool/TxPoolContent.swift /Users/admin/builder/spi-builder-workspace/Sources/Web3Core/Structure/TxPool/TxPoolStatus.swift /Users/admin/builder/spi-builder-workspace/Sources/Web3Core/Structure/Web3ProviderProtocol.swift /Users/admin/builder/spi-builder-workspace/Sources/Web3Core/Transaction/CodableTransaction.swift /Users/admin/builder/spi-builder-workspace/Sources/Web3Core/Transaction/Envelope/AbstractEnvelope.swift /Users/admin/builder/spi-builder-workspace/Sources/Web3Core/Transaction/Envelope/EIP1559Envelope.swift /Users/admin/builder/spi-builder-workspace/Sources/Web3Core/Transaction/Envelope/EIP2718Envelope.swift (in target 'Web3Core' from project 'Web3swift')
SwiftCompile normal arm64_32 /Users/admin/builder/spi-builder-workspace/Sources/Web3Core/Structure/TxPool/TxPoolContent.swift (in target 'Web3Core' from project 'Web3swift')
cd /Users/admin/builder/spi-builder-workspace/.swiftpm/xcode
builtin-SwiftPerFileCompile TxPoolContent.swift
SwiftCompile normal arm64_32 /Users/admin/builder/spi-builder-workspace/Sources/Web3Core/Structure/TxPool/TxPoolStatus.swift (in target 'Web3Core' from project 'Web3swift')
cd /Users/admin/builder/spi-builder-workspace/.swiftpm/xcode
builtin-SwiftPerFileCompile TxPoolStatus.swift
SwiftCompile normal arm64_32 /Users/admin/builder/spi-builder-workspace/Sources/Web3Core/Structure/Web3ProviderProtocol.swift (in target 'Web3Core' from project 'Web3swift')
cd /Users/admin/builder/spi-builder-workspace/.swiftpm/xcode
builtin-SwiftPerFileCompile Web3ProviderProtocol.swift
SwiftCompile normal arm64_32 /Users/admin/builder/spi-builder-workspace/Sources/Web3Core/Transaction/CodableTransaction.swift (in target 'Web3Core' from project 'Web3swift')
cd /Users/admin/builder/spi-builder-workspace/.swiftpm/xcode
builtin-SwiftPerFileCompile CodableTransaction.swift
SwiftCompile normal arm64_32 /Users/admin/builder/spi-builder-workspace/Sources/Web3Core/Transaction/Envelope/AbstractEnvelope.swift (in target 'Web3Core' from project 'Web3swift')
cd /Users/admin/builder/spi-builder-workspace/.swiftpm/xcode
builtin-SwiftPerFileCompile AbstractEnvelope.swift
SwiftCompile normal arm64_32 /Users/admin/builder/spi-builder-workspace/Sources/Web3Core/Transaction/Envelope/EIP1559Envelope.swift (in target 'Web3Core' from project 'Web3swift')
cd /Users/admin/builder/spi-builder-workspace/.swiftpm/xcode
builtin-SwiftPerFileCompile EIP1559Envelope.swift
SwiftCompile normal arm64_32 /Users/admin/builder/spi-builder-workspace/Sources/Web3Core/Transaction/Envelope/EIP2718Envelope.swift (in target 'Web3Core' from project 'Web3swift')
cd /Users/admin/builder/spi-builder-workspace/.swiftpm/xcode
builtin-SwiftPerFileCompile EIP2718Envelope.swift
SwiftCompile normal arm64_32 Compiling\ IBAN.swift,\ KeystoreManager.swift,\ KeystoreParams.swift,\ PathAddressStorage.swift,\ PlainKeystore.swift,\ GasOracle.swift,\ RLP.swift,\ Base58.swift /Users/admin/builder/spi-builder-workspace/Sources/Web3Core/KeystoreManager/IBAN.swift /Users/admin/builder/spi-builder-workspace/Sources/Web3Core/KeystoreManager/KeystoreManager.swift /Users/admin/builder/spi-builder-workspace/Sources/Web3Core/KeystoreManager/KeystoreParams.swift /Users/admin/builder/spi-builder-workspace/Sources/Web3Core/KeystoreManager/PathAddressStorage.swift /Users/admin/builder/spi-builder-workspace/Sources/Web3Core/KeystoreManager/PlainKeystore.swift /Users/admin/builder/spi-builder-workspace/Sources/Web3Core/Oracle/GasOracle.swift /Users/admin/builder/spi-builder-workspace/Sources/Web3Core/RLP/RLP.swift /Users/admin/builder/spi-builder-workspace/Sources/Web3Core/Structure/Base58.swift (in target 'Web3Core' from project 'Web3swift')
SwiftCompile normal arm64_32 /Users/admin/builder/spi-builder-workspace/Sources/Web3Core/KeystoreManager/IBAN.swift (in target 'Web3Core' from project 'Web3swift')
cd /Users/admin/builder/spi-builder-workspace/.swiftpm/xcode
builtin-SwiftPerFileCompile IBAN.swift
SwiftCompile normal arm64_32 /Users/admin/builder/spi-builder-workspace/Sources/Web3Core/KeystoreManager/KeystoreManager.swift (in target 'Web3Core' from project 'Web3swift')
cd /Users/admin/builder/spi-builder-workspace/.swiftpm/xcode
builtin-SwiftPerFileCompile KeystoreManager.swift
SwiftCompile normal arm64_32 /Users/admin/builder/spi-builder-workspace/Sources/Web3Core/KeystoreManager/KeystoreParams.swift (in target 'Web3Core' from project 'Web3swift')
cd /Users/admin/builder/spi-builder-workspace/.swiftpm/xcode
builtin-SwiftPerFileCompile KeystoreParams.swift
SwiftCompile normal arm64_32 /Users/admin/builder/spi-builder-workspace/Sources/Web3Core/KeystoreManager/PathAddressStorage.swift (in target 'Web3Core' from project 'Web3swift')
cd /Users/admin/builder/spi-builder-workspace/.swiftpm/xcode
builtin-SwiftPerFileCompile PathAddressStorage.swift
SwiftCompile normal arm64_32 /Users/admin/builder/spi-builder-workspace/Sources/Web3Core/KeystoreManager/PlainKeystore.swift (in target 'Web3Core' from project 'Web3swift')
cd /Users/admin/builder/spi-builder-workspace/.swiftpm/xcode
builtin-SwiftPerFileCompile PlainKeystore.swift
SwiftCompile normal arm64_32 /Users/admin/builder/spi-builder-workspace/Sources/Web3Core/Oracle/GasOracle.swift (in target 'Web3Core' from project 'Web3swift')
cd /Users/admin/builder/spi-builder-workspace/.swiftpm/xcode
builtin-SwiftPerFileCompile GasOracle.swift
SwiftCompile normal arm64_32 /Users/admin/builder/spi-builder-workspace/Sources/Web3Core/RLP/RLP.swift (in target 'Web3Core' from project 'Web3swift')
cd /Users/admin/builder/spi-builder-workspace/.swiftpm/xcode
builtin-SwiftPerFileCompile RLP.swift
SwiftCompile normal arm64_32 /Users/admin/builder/spi-builder-workspace/Sources/Web3Core/Structure/Base58.swift (in target 'Web3Core' from project 'Web3swift')
cd /Users/admin/builder/spi-builder-workspace/.swiftpm/xcode
builtin-SwiftPerFileCompile Base58.swift
SwiftCompile normal arm64_32 Compiling\ TransactionMetadata.swift,\ Array+Extension.swift,\ BigUInt+Extension.swift,\ CryptoExtension.swift,\ Data+Extension.swift,\ Decodable+Extensions.swift,\ Dictionary+Extension.swift /Users/admin/builder/spi-builder-workspace/Sources/Web3Core/Transaction/TransactionMetadata.swift /Users/admin/builder/spi-builder-workspace/Sources/Web3Core/Utility/Array+Extension.swift /Users/admin/builder/spi-builder-workspace/Sources/Web3Core/Utility/BigUInt+Extension.swift /Users/admin/builder/spi-builder-workspace/Sources/Web3Core/Utility/CryptoExtension.swift /Users/admin/builder/spi-builder-workspace/Sources/Web3Core/Utility/Data+Extension.swift /Users/admin/builder/spi-builder-workspace/Sources/Web3Core/Utility/Decodable+Extensions.swift /Users/admin/builder/spi-builder-workspace/Sources/Web3Core/Utility/Dictionary+Extension.swift (in target 'Web3Core' from project 'Web3swift')
SwiftCompile normal arm64_32 /Users/admin/builder/spi-builder-workspace/Sources/Web3Core/Transaction/TransactionMetadata.swift (in target 'Web3Core' from project 'Web3swift')
cd /Users/admin/builder/spi-builder-workspace/.swiftpm/xcode
builtin-SwiftPerFileCompile TransactionMetadata.swift
SwiftCompile normal arm64_32 /Users/admin/builder/spi-builder-workspace/Sources/Web3Core/Utility/Array+Extension.swift (in target 'Web3Core' from project 'Web3swift')
cd /Users/admin/builder/spi-builder-workspace/.swiftpm/xcode
builtin-SwiftPerFileCompile Array+Extension.swift
SwiftCompile normal arm64_32 /Users/admin/builder/spi-builder-workspace/Sources/Web3Core/Utility/BigUInt+Extension.swift (in target 'Web3Core' from project 'Web3swift')
cd /Users/admin/builder/spi-builder-workspace/.swiftpm/xcode
builtin-SwiftPerFileCompile BigUInt+Extension.swift
SwiftCompile normal arm64_32 /Users/admin/builder/spi-builder-workspace/Sources/Web3Core/Utility/CryptoExtension.swift (in target 'Web3Core' from project 'Web3swift')
cd /Users/admin/builder/spi-builder-workspace/.swiftpm/xcode
builtin-SwiftPerFileCompile CryptoExtension.swift
SwiftCompile normal arm64_32 /Users/admin/builder/spi-builder-workspace/Sources/Web3Core/Utility/Data+Extension.swift (in target 'Web3Core' from project 'Web3swift')
cd /Users/admin/builder/spi-builder-workspace/.swiftpm/xcode
builtin-SwiftPerFileCompile Data+Extension.swift
SwiftCompile normal arm64_32 /Users/admin/builder/spi-builder-workspace/Sources/Web3Core/Utility/Decodable+Extensions.swift (in target 'Web3Core' from project 'Web3swift')
cd /Users/admin/builder/spi-builder-workspace/.swiftpm/xcode
builtin-SwiftPerFileCompile Decodable+Extensions.swift
SwiftCompile normal arm64_32 /Users/admin/builder/spi-builder-workspace/Sources/Web3Core/Utility/Dictionary+Extension.swift (in target 'Web3Core' from project 'Web3swift')
cd /Users/admin/builder/spi-builder-workspace/.swiftpm/xcode
builtin-SwiftPerFileCompile Dictionary+Extension.swift
SwiftDriverJobDiscovery normal arm64 Compiling NoPadding.swift, Operators.swift, DER.swift, PBKDF1.swift, PBKDF2.swift, PKCS1v15.swift, PKCS5.swift, PKCS7.swift, PKCS7Padding.swift, Padding.swift, Poly1305.swift (in target 'CryptoSwift' from project 'CryptoSwift')
SwiftCompile normal arm64_32 Compiling\ EIP2930Envelope.swift,\ EnvelopeFactory.swift,\ LegacyEnvelope.swift,\ EIP2930Compatible.swift,\ EthereumBloomFilter.swift,\ EventfilterParameters.swift,\ Policies.swift /Users/admin/builder/spi-builder-workspace/Sources/Web3Core/Transaction/Envelope/EIP2930Envelope.swift /Users/admin/builder/spi-builder-workspace/Sources/Web3Core/Transaction/Envelope/EnvelopeFactory.swift /Users/admin/builder/spi-builder-workspace/Sources/Web3Core/Transaction/Envelope/LegacyEnvelope.swift /Users/admin/builder/spi-builder-workspace/Sources/Web3Core/Transaction/Envelope/Protocols/EIP2930Compatible.swift /Users/admin/builder/spi-builder-workspace/Sources/Web3Core/Transaction/EthereumBloomFilter.swift /Users/admin/builder/spi-builder-workspace/Sources/Web3Core/Transaction/EventfilterParameters.swift /Users/admin/builder/spi-builder-workspace/Sources/Web3Core/Transaction/Policies.swift (in target 'Web3Core' from project 'Web3swift')
SwiftCompile normal arm64_32 /Users/admin/builder/spi-builder-workspace/Sources/Web3Core/Transaction/Envelope/EIP2930Envelope.swift (in target 'Web3Core' from project 'Web3swift')
cd /Users/admin/builder/spi-builder-workspace/.swiftpm/xcode
builtin-SwiftPerFileCompile EIP2930Envelope.swift
SwiftCompile normal arm64_32 /Users/admin/builder/spi-builder-workspace/Sources/Web3Core/Transaction/Envelope/EnvelopeFactory.swift (in target 'Web3Core' from project 'Web3swift')
cd /Users/admin/builder/spi-builder-workspace/.swiftpm/xcode
builtin-SwiftPerFileCompile EnvelopeFactory.swift
SwiftCompile normal arm64_32 /Users/admin/builder/spi-builder-workspace/Sources/Web3Core/Transaction/Envelope/LegacyEnvelope.swift (in target 'Web3Core' from project 'Web3swift')
cd /Users/admin/builder/spi-builder-workspace/.swiftpm/xcode
builtin-SwiftPerFileCompile LegacyEnvelope.swift
SwiftCompile normal arm64_32 /Users/admin/builder/spi-builder-workspace/Sources/Web3Core/Transaction/Envelope/Protocols/EIP2930Compatible.swift (in target 'Web3Core' from project 'Web3swift')
cd /Users/admin/builder/spi-builder-workspace/.swiftpm/xcode
builtin-SwiftPerFileCompile EIP2930Compatible.swift
SwiftCompile normal arm64_32 /Users/admin/builder/spi-builder-workspace/Sources/Web3Core/Transaction/EthereumBloomFilter.swift (in target 'Web3Core' from project 'Web3swift')
cd /Users/admin/builder/spi-builder-workspace/.swiftpm/xcode
builtin-SwiftPerFileCompile EthereumBloomFilter.swift
SwiftCompile normal arm64_32 /Users/admin/builder/spi-builder-workspace/Sources/Web3Core/Transaction/EventfilterParameters.swift (in target 'Web3Core' from project 'Web3swift')
cd /Users/admin/builder/spi-builder-workspace/.swiftpm/xcode
builtin-SwiftPerFileCompile EventfilterParameters.swift
SwiftCompile normal arm64_32 /Users/admin/builder/spi-builder-workspace/Sources/Web3Core/Transaction/Policies.swift (in target 'Web3Core' from project 'Web3swift')
cd /Users/admin/builder/spi-builder-workspace/.swiftpm/xcode
builtin-SwiftPerFileCompile Policies.swift
SwiftCompile normal arm64_32 Compiling\ ABIParsing.swift,\ ABITypeParser.swift,\ Sequence+ABIExtension.swift,\ EthereumAddress.swift,\ APIRequest+ComputedProperties.swift,\ APIRequest+Methods.swift,\ APIRequest+UtilityTypes.swift,\ APIRequest.swift /Users/admin/builder/spi-builder-workspace/Sources/Web3Core/EthereumABI/ABIParsing.swift /Users/admin/builder/spi-builder-workspace/Sources/Web3Core/EthereumABI/ABITypeParser.swift /Users/admin/builder/spi-builder-workspace/Sources/Web3Core/EthereumABI/Sequence+ABIExtension.swift /Users/admin/builder/spi-builder-workspace/Sources/Web3Core/EthereumAddress/EthereumAddress.swift /Users/admin/builder/spi-builder-workspace/Sources/Web3Core/EthereumNetwork/Request/APIRequest+ComputedProperties.swift /Users/admin/builder/spi-builder-workspace/Sources/Web3Core/EthereumNetwork/Request/APIRequest+Methods.swift /Users/admin/builder/spi-builder-workspace/Sources/Web3Core/EthereumNetwork/Request/APIRequest+UtilityTypes.swift /Users/admin/builder/spi-builder-workspace/Sources/Web3Core/EthereumNetwork/Request/APIRequest.swift (in target 'Web3Core' from project 'Web3swift')
/Users/admin/builder/spi-builder-workspace/Sources/Web3Core/EthereumABI/Sequence+ABIExtension.swift:31:37: warning: 'methodString' is deprecated: Please, use 'selector' property instead. [#DeprecatedDeclaration]
29 | appendFunction(function.name!, function)
30 | appendFunction(function.signature, function)
31 | appendFunction(function.methodString.addHexPrefix().lowercased(), function)
| |- warning: 'methodString' is deprecated: Please, use 'selector' property instead. [#DeprecatedDeclaration]
| `- note: use 'selector' instead
32 |
33 | /// ABI cannot have two functions with exactly the same name and input arguments
/Users/admin/builder/spi-builder-workspace/Sources/Web3Core/EthereumABI/Sequence+ABIExtension.swift:60:26: warning: 'methodString' is deprecated: Please, use 'selector' property instead. [#DeprecatedDeclaration]
58 | errors[error.name] = error
59 | errors[error.signature] = error
60 | errors[error.methodString.addHexPrefix().lowercased()] = error
| |- warning: 'methodString' is deprecated: Please, use 'selector' property instead. [#DeprecatedDeclaration]
| `- note: use 'selector' instead
61 | }
62 | return errors
[#DeprecatedDeclaration]: <https://docs.swift.org/compiler/documentation/diagnostics/deprecated-declaration>
SwiftCompile normal arm64_32 /Users/admin/builder/spi-builder-workspace/Sources/Web3Core/EthereumABI/ABIParsing.swift (in target 'Web3Core' from project 'Web3swift')
cd /Users/admin/builder/spi-builder-workspace/.swiftpm/xcode
builtin-SwiftPerFileCompile ABIParsing.swift
SwiftCompile normal arm64_32 /Users/admin/builder/spi-builder-workspace/Sources/Web3Core/EthereumABI/ABITypeParser.swift (in target 'Web3Core' from project 'Web3swift')
cd /Users/admin/builder/spi-builder-workspace/.swiftpm/xcode
builtin-SwiftPerFileCompile ABITypeParser.swift
SwiftCompile normal arm64_32 /Users/admin/builder/spi-builder-workspace/Sources/Web3Core/EthereumABI/Sequence+ABIExtension.swift (in target 'Web3Core' from project 'Web3swift')
cd /Users/admin/builder/spi-builder-workspace/.swiftpm/xcode
builtin-SwiftPerFileCompile Sequence+ABIExtension.swift
SwiftCompile normal arm64_32 /Users/admin/builder/spi-builder-workspace/Sources/Web3Core/EthereumAddress/EthereumAddress.swift (in target 'Web3Core' from project 'Web3swift')
cd /Users/admin/builder/spi-builder-workspace/.swiftpm/xcode
builtin-SwiftPerFileCompile EthereumAddress.swift
SwiftCompile normal arm64_32 /Users/admin/builder/spi-builder-workspace/Sources/Web3Core/EthereumNetwork/Request/APIRequest+ComputedProperties.swift (in target 'Web3Core' from project 'Web3swift')
cd /Users/admin/builder/spi-builder-workspace/.swiftpm/xcode
builtin-SwiftPerFileCompile APIRequest+ComputedProperties.swift
SwiftCompile normal arm64_32 /Users/admin/builder/spi-builder-workspace/Sources/Web3Core/EthereumNetwork/Request/APIRequest+Methods.swift (in target 'Web3Core' from project 'Web3swift')
cd /Users/admin/builder/spi-builder-workspace/.swiftpm/xcode
builtin-SwiftPerFileCompile APIRequest+Methods.swift
SwiftCompile normal arm64_32 /Users/admin/builder/spi-builder-workspace/Sources/Web3Core/EthereumNetwork/Request/APIRequest+UtilityTypes.swift (in target 'Web3Core' from project 'Web3swift')
cd /Users/admin/builder/spi-builder-workspace/.swiftpm/xcode
builtin-SwiftPerFileCompile APIRequest+UtilityTypes.swift
SwiftCompile normal arm64_32 /Users/admin/builder/spi-builder-workspace/Sources/Web3Core/EthereumNetwork/Request/APIRequest.swift (in target 'Web3Core' from project 'Web3swift')
cd /Users/admin/builder/spi-builder-workspace/.swiftpm/xcode
builtin-SwiftPerFileCompile APIRequest.swift
SwiftDriverJobDiscovery normal arm64_32 Compiling NoPadding.swift, Operators.swift, DER.swift, PBKDF1.swift, PBKDF2.swift, PKCS1v15.swift, PKCS5.swift, PKCS7.swift, PKCS7Padding.swift, Padding.swift, Poly1305.swift (in target 'CryptoSwift' from project 'CryptoSwift')
SwiftEmitModule normal arm64 Emitting\ module\ for\ Web3Core (in target 'Web3Core' from project 'Web3swift')
SwiftCompile normal arm64 (in target 'Web3Core' from project 'Web3swift')
cd /Users/admin/builder/spi-builder-workspace/.swiftpm/xcode
SwiftDriverJobDiscovery normal arm64 Compiling GCM.swift, OCB.swift, OFB.swift, PCBC.swift, Blowfish.swift, CBCMAC.swift, CMAC.swift, Addition.swift, BigInt.swift, BigUInt.swift, BitwiseOps.swift, CS.swift (in target 'CryptoSwift' from project 'CryptoSwift')
SwiftCompile normal arm64 Compiling\ AbstractKeystore.swift,\ BIP32HDNode.swift,\ BIP32Keystore.swift,\ BIP39+WordLists.swift,\ BIP39.swift,\ BIP44.swift,\ EthereumKeystoreV3.swift,\ EtherscanTransactionChecker.swift /Users/admin/builder/spi-builder-workspace/Sources/Web3Core/KeystoreManager/AbstractKeystore.swift /Users/admin/builder/spi-builder-workspace/Sources/Web3Core/KeystoreManager/BIP32HDNode.swift /Users/admin/builder/spi-builder-workspace/Sources/Web3Core/KeystoreManager/BIP32Keystore.swift /Users/admin/builder/spi-builder-workspace/Sources/Web3Core/KeystoreManager/BIP39+WordLists.swift /Users/admin/builder/spi-builder-workspace/Sources/Web3Core/KeystoreManager/BIP39.swift /Users/admin/builder/spi-builder-workspace/Sources/Web3Core/KeystoreManager/BIP44.swift /Users/admin/builder/spi-builder-workspace/Sources/Web3Core/KeystoreManager/EthereumKeystoreV3.swift /Users/admin/builder/spi-builder-workspace/Sources/Web3Core/KeystoreManager/EtherscanTransactionChecker.swift (in target 'Web3Core' from project 'Web3swift')
SwiftCompile normal arm64 /Users/admin/builder/spi-builder-workspace/Sources/Web3Core/KeystoreManager/AbstractKeystore.swift (in target 'Web3Core' from project 'Web3swift')
cd /Users/admin/builder/spi-builder-workspace/.swiftpm/xcode
builtin-SwiftPerFileCompile AbstractKeystore.swift
SwiftCompile normal arm64 /Users/admin/builder/spi-builder-workspace/Sources/Web3Core/KeystoreManager/BIP32HDNode.swift (in target 'Web3Core' from project 'Web3swift')
cd /Users/admin/builder/spi-builder-workspace/.swiftpm/xcode
builtin-SwiftPerFileCompile BIP32HDNode.swift
SwiftCompile normal arm64 /Users/admin/builder/spi-builder-workspace/Sources/Web3Core/KeystoreManager/BIP32Keystore.swift (in target 'Web3Core' from project 'Web3swift')
cd /Users/admin/builder/spi-builder-workspace/.swiftpm/xcode
builtin-SwiftPerFileCompile BIP32Keystore.swift
SwiftCompile normal arm64 /Users/admin/builder/spi-builder-workspace/Sources/Web3Core/KeystoreManager/BIP39+WordLists.swift (in target 'Web3Core' from project 'Web3swift')
cd /Users/admin/builder/spi-builder-workspace/.swiftpm/xcode
builtin-SwiftPerFileCompile BIP39+WordLists.swift
SwiftCompile normal arm64 /Users/admin/builder/spi-builder-workspace/Sources/Web3Core/KeystoreManager/BIP39.swift (in target 'Web3Core' from project 'Web3swift')
cd /Users/admin/builder/spi-builder-workspace/.swiftpm/xcode
builtin-SwiftPerFileCompile BIP39.swift
SwiftCompile normal arm64 /Users/admin/builder/spi-builder-workspace/Sources/Web3Core/KeystoreManager/BIP44.swift (in target 'Web3Core' from project 'Web3swift')
cd /Users/admin/builder/spi-builder-workspace/.swiftpm/xcode
builtin-SwiftPerFileCompile BIP44.swift
SwiftCompile normal arm64 /Users/admin/builder/spi-builder-workspace/Sources/Web3Core/KeystoreManager/EthereumKeystoreV3.swift (in target 'Web3Core' from project 'Web3swift')
cd /Users/admin/builder/spi-builder-workspace/.swiftpm/xcode
builtin-SwiftPerFileCompile EthereumKeystoreV3.swift
SwiftCompile normal arm64 /Users/admin/builder/spi-builder-workspace/Sources/Web3Core/KeystoreManager/EtherscanTransactionChecker.swift (in target 'Web3Core' from project 'Web3swift')
cd /Users/admin/builder/spi-builder-workspace/.swiftpm/xcode
builtin-SwiftPerFileCompile EtherscanTransactionChecker.swift
SwiftDriverJobDiscovery normal arm64_32 Compiling StreamEncryptor.swift, String+Extension.swift, UInt128.swift, UInt16+Extension.swift, UInt32+Extension.swift, UInt64+Extension.swift, UInt8+Extension.swift, Updatable.swift, Utils.swift, XChaCha20.swift, ZeroPadding.swift (in target 'CryptoSwift' from project 'CryptoSwift')
SwiftCompile normal arm64 Compiling\ TransactionMetadata.swift,\ Array+Extension.swift,\ BigUInt+Extension.swift,\ CryptoExtension.swift,\ Data+Extension.swift,\ Decodable+Extensions.swift,\ Dictionary+Extension.swift /Users/admin/builder/spi-builder-workspace/Sources/Web3Core/Transaction/TransactionMetadata.swift /Users/admin/builder/spi-builder-workspace/Sources/Web3Core/Utility/Array+Extension.swift /Users/admin/builder/spi-builder-workspace/Sources/Web3Core/Utility/BigUInt+Extension.swift /Users/admin/builder/spi-builder-workspace/Sources/Web3Core/Utility/CryptoExtension.swift /Users/admin/builder/spi-builder-workspace/Sources/Web3Core/Utility/Data+Extension.swift /Users/admin/builder/spi-builder-workspace/Sources/Web3Core/Utility/Decodable+Extensions.swift /Users/admin/builder/spi-builder-workspace/Sources/Web3Core/Utility/Dictionary+Extension.swift (in target 'Web3Core' from project 'Web3swift')
SwiftCompile normal arm64 /Users/admin/builder/spi-builder-workspace/Sources/Web3Core/Transaction/TransactionMetadata.swift (in target 'Web3Core' from project 'Web3swift')
cd /Users/admin/builder/spi-builder-workspace/.swiftpm/xcode
builtin-SwiftPerFileCompile TransactionMetadata.swift
SwiftCompile normal arm64 /Users/admin/builder/spi-builder-workspace/Sources/Web3Core/Utility/Array+Extension.swift (in target 'Web3Core' from project 'Web3swift')
cd /Users/admin/builder/spi-builder-workspace/.swiftpm/xcode
builtin-SwiftPerFileCompile Array+Extension.swift
SwiftCompile normal arm64 /Users/admin/builder/spi-builder-workspace/Sources/Web3Core/Utility/BigUInt+Extension.swift (in target 'Web3Core' from project 'Web3swift')
cd /Users/admin/builder/spi-builder-workspace/.swiftpm/xcode
builtin-SwiftPerFileCompile BigUInt+Extension.swift
SwiftCompile normal arm64 /Users/admin/builder/spi-builder-workspace/Sources/Web3Core/Utility/CryptoExtension.swift (in target 'Web3Core' from project 'Web3swift')
cd /Users/admin/builder/spi-builder-workspace/.swiftpm/xcode
builtin-SwiftPerFileCompile CryptoExtension.swift
SwiftCompile normal arm64 /Users/admin/builder/spi-builder-workspace/Sources/Web3Core/Utility/Data+Extension.swift (in target 'Web3Core' from project 'Web3swift')
cd /Users/admin/builder/spi-builder-workspace/.swiftpm/xcode
builtin-SwiftPerFileCompile Data+Extension.swift
SwiftCompile normal arm64 /Users/admin/builder/spi-builder-workspace/Sources/Web3Core/Utility/Decodable+Extensions.swift (in target 'Web3Core' from project 'Web3swift')
cd /Users/admin/builder/spi-builder-workspace/.swiftpm/xcode
builtin-SwiftPerFileCompile Decodable+Extensions.swift
SwiftCompile normal arm64 /Users/admin/builder/spi-builder-workspace/Sources/Web3Core/Utility/Dictionary+Extension.swift (in target 'Web3Core' from project 'Web3swift')
cd /Users/admin/builder/spi-builder-workspace/.swiftpm/xcode
builtin-SwiftPerFileCompile Dictionary+Extension.swift
SwiftDriverJobDiscovery normal arm64_32 Compiling RSA+Cipher.swift, RSA+Signature.swift, RSA.swift, Rabbit.swift, SHA1.swift, SHA2.swift, SHA3.swift, Scrypt.swift, SecureBytes.swift, Signature.swift, StreamDecryptor.swift (in target 'CryptoSwift' from project 'CryptoSwift')
SwiftCompile normal arm64 Compiling\ APIRequestParameterType.swift,\ RequestParameter+Encodable.swift,\ RequestParameter+RawRepresentable.swift,\ RequestParameter.swift,\ Async+BackwardCapability.swift,\ HexDecodable+Extensions.swift,\ HexDecodableProtocols.swift,\ IntegerInitableWithRadix.swift /Users/admin/builder/spi-builder-workspace/Sources/Web3Core/EthereumNetwork/RequestParameter/APIRequestParameterType.swift /Users/admin/builder/spi-builder-workspace/Sources/Web3Core/EthereumNetwork/RequestParameter/RequestParameter+Encodable.swift /Users/admin/builder/spi-builder-workspace/Sources/Web3Core/EthereumNetwork/RequestParameter/RequestParameter+RawRepresentable.swift /Users/admin/builder/spi-builder-workspace/Sources/Web3Core/EthereumNetwork/RequestParameter/RequestParameter.swift /Users/admin/builder/spi-builder-workspace/Sources/Web3Core/EthereumNetwork/Utility/Async+BackwardCapability.swift /Users/admin/builder/spi-builder-workspace/Sources/Web3Core/EthereumNetwork/Utility/HexDecodable+Extensions.swift /Users/admin/builder/spi-builder-workspace/Sources/Web3Core/EthereumNetwork/Utility/HexDecodableProtocols.swift /Users/admin/builder/spi-builder-workspace/Sources/Web3Core/EthereumNetwork/Utility/IntegerInitableWithRadix.swift (in target 'Web3Core' from project 'Web3swift')
SwiftCompile normal arm64 /Users/admin/builder/spi-builder-workspace/Sources/Web3Core/EthereumNetwork/RequestParameter/APIRequestParameterType.swift (in target 'Web3Core' from project 'Web3swift')
cd /Users/admin/builder/spi-builder-workspace/.swiftpm/xcode
builtin-SwiftPerFileCompile APIRequestParameterType.swift
SwiftCompile normal arm64 /Users/admin/builder/spi-builder-workspace/Sources/Web3Core/EthereumNetwork/RequestParameter/RequestParameter+Encodable.swift (in target 'Web3Core' from project 'Web3swift')
cd /Users/admin/builder/spi-builder-workspace/.swiftpm/xcode
builtin-SwiftPerFileCompile RequestParameter+Encodable.swift
SwiftCompile normal arm64 /Users/admin/builder/spi-builder-workspace/Sources/Web3Core/EthereumNetwork/RequestParameter/RequestParameter+RawRepresentable.swift (in target 'Web3Core' from project 'Web3swift')
cd /Users/admin/builder/spi-builder-workspace/.swiftpm/xcode
builtin-SwiftPerFileCompile RequestParameter+RawRepresentable.swift
SwiftCompile normal arm64 /Users/admin/builder/spi-builder-workspace/Sources/Web3Core/EthereumNetwork/RequestParameter/RequestParameter.swift (in target 'Web3Core' from project 'Web3swift')
cd /Users/admin/builder/spi-builder-workspace/.swiftpm/xcode
builtin-SwiftPerFileCompile RequestParameter.swift
SwiftCompile normal arm64 /Users/admin/builder/spi-builder-workspace/Sources/Web3Core/EthereumNetwork/Utility/Async+BackwardCapability.swift (in target 'Web3Core' from project 'Web3swift')
cd /Users/admin/builder/spi-builder-workspace/.swiftpm/xcode
builtin-SwiftPerFileCompile Async+BackwardCapability.swift
SwiftCompile normal arm64 /Users/admin/builder/spi-builder-workspace/Sources/Web3Core/EthereumNetwork/Utility/HexDecodable+Extensions.swift (in target 'Web3Core' from project 'Web3swift')
cd /Users/admin/builder/spi-builder-workspace/.swiftpm/xcode
builtin-SwiftPerFileCompile HexDecodable+Extensions.swift
SwiftCompile normal arm64 /Users/admin/builder/spi-builder-workspace/Sources/Web3Core/EthereumNetwork/Utility/HexDecodableProtocols.swift (in target 'Web3Core' from project 'Web3swift')
cd /Users/admin/builder/spi-builder-workspace/.swiftpm/xcode
builtin-SwiftPerFileCompile HexDecodableProtocols.swift
SwiftCompile normal arm64 /Users/admin/builder/spi-builder-workspace/Sources/Web3Core/EthereumNetwork/Utility/IntegerInitableWithRadix.swift (in target 'Web3Core' from project 'Web3swift')
cd /Users/admin/builder/spi-builder-workspace/.swiftpm/xcode
builtin-SwiftPerFileCompile IntegerInitableWithRadix.swift
SwiftDriverJobDiscovery normal arm64_32 Emitting module for Web3Core (in target 'Web3Core' from project 'Web3swift')
SwiftDriver\ Compilation\ Requirements Web3Core normal arm64_32 com.apple.xcode.tools.swift.compiler (in target 'Web3Core' from project 'Web3swift')
cd /Users/admin/builder/spi-builder-workspace/.swiftpm/xcode
builtin-Swift-Compilation-Requirements -- /Applications/Xcode-27.0.0-Release.Candidate.app/Contents/Developer/Toolchains/XcodeDefault.xctoolchain/usr/bin/swiftc -parse-as-library -module-name Web3Core -Onone @/Users/admin/builder/spi-builder-workspace/.derivedData/Build/Intermediates.noindex/Web3swift.build/Debug-watchos/Web3Core-t.build/Objects-normal/arm64_32/Web3Core.SwiftFileList -DSWIFT_PACKAGE -DDEBUG -DSWIFT_MODULE_RESOURCE_BUNDLE_UNAVAILABLE -Xcc -fmodule-map-file\=/Users/admin/builder/spi-builder-workspace/.derivedData/Build/Intermediates.noindex/GeneratedModuleMaps-watchos/secp256k1_bindings.modulemap -DXcode -plugin-path /Applications/Xcode-27.0.0-Release.Candidate.app/Contents/Developer/Toolchains/XcodeDefault.xctoolchain/usr/lib/swift/host/plugins/testing -enable-experimental-feature DebugDescriptionMacro -sdk /Applications/Xcode-27.0.0-Release.Candidate.app/Contents/Developer/Platforms/WatchOS.platform/Developer/SDKs/WatchOS27.0.sdk -target arm64_32-apple-watchos9.0 -g -module-cache-path /Users/admin/builder/spi-builder-workspace/.derivedData/ModuleCache.noindex -Xfrontend -serialize-debugging-options -profile-coverage-mapping -profile-generate -enable-testing -index-store-path /Users/admin/builder/spi-builder-workspace/.derivedData/Index.noindex/DataStore -Xcc -D_LIBCPP_HARDENING_MODE\=_LIBCPP_HARDENING_MODE_DEBUG -swift-version 5 -I /Users/admin/builder/spi-builder-workspace/.derivedData/Build/Products/Debug-watchos -Isystem /Applications/Xcode-27.0.0-Release.Candidate.app/Contents/Developer/Platforms/WatchOS.platform/Developer/usr/lib -F /Users/admin/builder/spi-builder-workspace/.derivedData/Build/Products/Debug-watchos/PackageFrameworks -F /Users/admin/builder/spi-builder-workspace/.derivedData/Build/Products/Debug-watchos -F /Applications/Xcode-27.0.0-Release.Candidate.app/Contents/Developer/Platforms/WatchOS.platform/Developer/Library/Frameworks -F /Applications/Xcode-27.0.0-Release.Candidate.app/Contents/Developer/Platforms/WatchOS.platform/Developer/SDKs/WatchOS27.0.sdk/Developer/Library/Frameworks -c -j10 -enable-batch-mode -incremental -Xcc -ivfsstatcache -Xcc /Users/admin/builder/spi-builder-workspace/.derivedData/SDKStatCaches.noindex/watchos27.0-24R360-e829b21a6f8c9b70876ba0858053c04477534ef55a1706bf4c1112bbb242f0a2.sdkstatcache -output-file-map /Users/admin/builder/spi-builder-workspace/.derivedData/Build/Intermediates.noindex/Web3swift.build/Debug-watchos/Web3Core-t.build/Objects-normal/arm64_32/Web3Core-OutputFileMap.json -save-temps -no-color-diagnostics -explicit-module-build -module-cache-path /Users/admin/builder/spi-builder-workspace/.derivedData/Build/Intermediates.noindex/SwiftExplicitPrecompiledModules -clang-scanner-module-cache-path /Users/admin/builder/spi-builder-workspace/.derivedData/ModuleCache.noindex -sdk-module-cache-path /Users/admin/builder/spi-builder-workspace/.derivedData/SDKExplicitPrecompiledModules -emit-dependencies -emit-module -emit-module-path /Users/admin/builder/spi-builder-workspace/.derivedData/Build/Intermediates.noindex/Web3swift.build/Debug-watchos/Web3Core-t.build/Objects-normal/arm64_32/Web3Core.swiftmodule -serialize-diagnostics -dependency-scan-serialize-diagnostics-path /Users/admin/builder/spi-builder-workspace/.derivedData/Build/Intermediates.noindex/Web3swift.build/Debug-watchos/Web3Core-t.build/Objects-normal/arm64_32/Web3Core-dependency-scan.dia -validate-clang-modules-once -clang-build-session-file /Users/admin/builder/spi-builder-workspace/.derivedData/ModuleCache.noindex/Session.modulevalidation -Xcc -fmodules-prune-interval\=86400 -Xcc -fmodules-prune-after\=345600 -package-name spi_builder_workspace -emit-const-values -const-gather-protocols-list /Users/admin/builder/spi-builder-workspace/.derivedData/Build/Intermediates.noindex/Web3swift.build/Debug-watchos/Web3Core-t.build/Objects-normal/arm64_32/Web3Core_const_extract_protocols.json -Xcc -I/Users/admin/builder/spi-builder-workspace/.dependencies/checkouts/secp256k1.swift/Sources/secp256k1_bindings/include -Xcc -I/Users/admin/builder/spi-builder-workspace/.derivedData/Build/Products/Debug-watchos/include -Xcc -I/Users/admin/builder/spi-builder-workspace/.derivedData/Build/Intermediates.noindex/Web3swift.build/Debug-watchos/Web3Core-t.build/DerivedSources-normal/arm64_32 -Xcc -I/Users/admin/builder/spi-builder-workspace/.derivedData/Build/Intermediates.noindex/Web3swift.build/Debug-watchos/Web3Core-t.build/DerivedSources/arm64_32 -Xcc -I/Users/admin/builder/spi-builder-workspace/.derivedData/Build/Intermediates.noindex/Web3swift.build/Debug-watchos/Web3Core-t.build/DerivedSources -Xcc -DSWIFT_PACKAGE -Xcc -DDEBUG\=1 -emit-objc-header -emit-objc-header-path /Users/admin/builder/spi-builder-workspace/.derivedData/Build/Intermediates.noindex/Web3swift.build/Debug-watchos/Web3Core-t.build/Objects-normal/arm64_32/Web3Core-Swift.h -working-directory /Users/admin/builder/spi-builder-workspace/.swiftpm/xcode -experimental-emit-module-separately -disable-cmo
SwiftDriverJobDiscovery normal arm64_32 Compiling TransactionMetadata.swift, Array+Extension.swift, BigUInt+Extension.swift, CryptoExtension.swift, Data+Extension.swift, Decodable+Extensions.swift, Dictionary+Extension.swift (in target 'Web3Core' from project 'Web3swift')
SwiftCompile normal arm64 Compiling\ Encodable+Extensions.swift,\ NSRegularExpression+Extension.swift,\ NativeTypesEncoding+Extension.swift,\ RIPEMD160+StackOveflow.swift,\ String+Extension.swift,\ Utilities.swift,\ Web3Error.swift /Users/admin/builder/spi-builder-workspace/Sources/Web3Core/Utility/Encodable+Extensions.swift /Users/admin/builder/spi-builder-workspace/Sources/Web3Core/Utility/NSRegularExpression+Extension.swift /Users/admin/builder/spi-builder-workspace/Sources/Web3Core/Utility/NativeTypesEncoding+Extension.swift /Users/admin/builder/spi-builder-workspace/Sources/Web3Core/Utility/RIPEMD160+StackOveflow.swift /Users/admin/builder/spi-builder-workspace/Sources/Web3Core/Utility/String+Extension.swift /Users/admin/builder/spi-builder-workspace/Sources/Web3Core/Utility/Utilities.swift /Users/admin/builder/spi-builder-workspace/Sources/Web3Core/Web3Error/Web3Error.swift (in target 'Web3Core' from project 'Web3swift')
SwiftCompile normal arm64 /Users/admin/builder/spi-builder-workspace/Sources/Web3Core/Utility/Encodable+Extensions.swift (in target 'Web3Core' from project 'Web3swift')
cd /Users/admin/builder/spi-builder-workspace/.swiftpm/xcode
builtin-SwiftPerFileCompile Encodable+Extensions.swift
SwiftCompile normal arm64 /Users/admin/builder/spi-builder-workspace/Sources/Web3Core/Utility/NSRegularExpression+Extension.swift (in target 'Web3Core' from project 'Web3swift')
cd /Users/admin/builder/spi-builder-workspace/.swiftpm/xcode
builtin-SwiftPerFileCompile NSRegularExpression+Extension.swift
SwiftCompile normal arm64 /Users/admin/builder/spi-builder-workspace/Sources/Web3Core/Utility/NativeTypesEncoding+Extension.swift (in target 'Web3Core' from project 'Web3swift')
cd /Users/admin/builder/spi-builder-workspace/.swiftpm/xcode
builtin-SwiftPerFileCompile NativeTypesEncoding+Extension.swift
SwiftCompile normal arm64 /Users/admin/builder/spi-builder-workspace/Sources/Web3Core/Utility/RIPEMD160+StackOveflow.swift (in target 'Web3Core' from project 'Web3swift')
cd /Users/admin/builder/spi-builder-workspace/.swiftpm/xcode
builtin-SwiftPerFileCompile RIPEMD160+StackOveflow.swift
SwiftCompile normal arm64 /Users/admin/builder/spi-builder-workspace/Sources/Web3Core/Utility/String+Extension.swift (in target 'Web3Core' from project 'Web3swift')
cd /Users/admin/builder/spi-builder-workspace/.swiftpm/xcode
builtin-SwiftPerFileCompile String+Extension.swift
SwiftCompile normal arm64 /Users/admin/builder/spi-builder-workspace/Sources/Web3Core/Utility/Utilities.swift (in target 'Web3Core' from project 'Web3swift')
cd /Users/admin/builder/spi-builder-workspace/.swiftpm/xcode
builtin-SwiftPerFileCompile Utilities.swift
SwiftCompile normal arm64 /Users/admin/builder/spi-builder-workspace/Sources/Web3Core/Web3Error/Web3Error.swift (in target 'Web3Core' from project 'Web3swift')
cd /Users/admin/builder/spi-builder-workspace/.swiftpm/xcode
builtin-SwiftPerFileCompile Web3Error.swift
Copy /Users/admin/builder/spi-builder-workspace/.derivedData/Build/Products/Debug-watchos/Web3Core.swiftmodule/arm64_32-apple-watchos.swiftmodule /Users/admin/builder/spi-builder-workspace/.derivedData/Build/Intermediates.noindex/Web3swift.build/Debug-watchos/Web3Core-t.build/Objects-normal/arm64_32/Web3Core.swiftmodule (in target 'Web3Core' from project 'Web3swift')
cd /Users/admin/builder/spi-builder-workspace
builtin-copy -exclude .DS_Store -exclude CVS -exclude .svn -exclude .git -exclude .hg -resolve-src-symlinks -rename /Users/admin/builder/spi-builder-workspace/.derivedData/Build/Intermediates.noindex/Web3swift.build/Debug-watchos/Web3Core-t.build/Objects-normal/arm64_32/Web3Core.swiftmodule /Users/admin/builder/spi-builder-workspace/.derivedData/Build/Products/Debug-watchos/Web3Core.swiftmodule/arm64_32-apple-watchos.swiftmodule
SwiftDriverJobDiscovery normal arm64_32 Compiling TxPoolContent.swift, TxPoolStatus.swift, Web3ProviderProtocol.swift, CodableTransaction.swift, AbstractEnvelope.swift, EIP1559Envelope.swift, EIP2718Envelope.swift (in target 'Web3Core' from project 'Web3swift')
Copy /Users/admin/builder/spi-builder-workspace/.derivedData/Build/Products/Debug-watchos/Web3Core.swiftmodule/arm64_32-apple-watchos.swiftdoc /Users/admin/builder/spi-builder-workspace/.derivedData/Build/Intermediates.noindex/Web3swift.build/Debug-watchos/Web3Core-t.build/Objects-normal/arm64_32/Web3Core.swiftdoc (in target 'Web3Core' from project 'Web3swift')
cd /Users/admin/builder/spi-builder-workspace
builtin-copy -exclude .DS_Store -exclude CVS -exclude .svn -exclude .git -exclude .hg -resolve-src-symlinks -rename /Users/admin/builder/spi-builder-workspace/.derivedData/Build/Intermediates.noindex/Web3swift.build/Debug-watchos/Web3Core-t.build/Objects-normal/arm64_32/Web3Core.swiftdoc /Users/admin/builder/spi-builder-workspace/.derivedData/Build/Products/Debug-watchos/Web3Core.swiftmodule/arm64_32-apple-watchos.swiftdoc
Copy /Users/admin/builder/spi-builder-workspace/.derivedData/Build/Products/Debug-watchos/Web3Core.swiftmodule/arm64_32-apple-watchos.abi.json /Users/admin/builder/spi-builder-workspace/.derivedData/Build/Intermediates.noindex/Web3swift.build/Debug-watchos/Web3Core-t.build/Objects-normal/arm64_32/Web3Core.abi.json (in target 'Web3Core' from project 'Web3swift')
cd /Users/admin/builder/spi-builder-workspace
builtin-copy -exclude .DS_Store -exclude CVS -exclude .svn -exclude .git -exclude .hg -resolve-src-symlinks -rename /Users/admin/builder/spi-builder-workspace/.derivedData/Build/Intermediates.noindex/Web3swift.build/Debug-watchos/Web3Core-t.build/Objects-normal/arm64_32/Web3Core.abi.json /Users/admin/builder/spi-builder-workspace/.derivedData/Build/Products/Debug-watchos/Web3Core.swiftmodule/arm64_32-apple-watchos.abi.json
Copy /Users/admin/builder/spi-builder-workspace/.derivedData/Build/Products/Debug-watchos/Web3Core.swiftmodule/Project/arm64_32-apple-watchos.swiftsourceinfo /Users/admin/builder/spi-builder-workspace/.derivedData/Build/Intermediates.noindex/Web3swift.build/Debug-watchos/Web3Core-t.build/Objects-normal/arm64_32/Web3Core.swiftsourceinfo (in target 'Web3Core' from project 'Web3swift')
cd /Users/admin/builder/spi-builder-workspace
builtin-copy -exclude .DS_Store -exclude CVS -exclude .svn -exclude .git -exclude .hg -resolve-src-symlinks -rename /Users/admin/builder/spi-builder-workspace/.derivedData/Build/Intermediates.noindex/Web3swift.build/Debug-watchos/Web3Core-t.build/Objects-normal/arm64_32/Web3Core.swiftsourceinfo /Users/admin/builder/spi-builder-workspace/.derivedData/Build/Products/Debug-watchos/Web3Core.swiftmodule/Project/arm64_32-apple-watchos.swiftsourceinfo
SwiftCompile normal arm64 Compiling\ ABIParsing.swift,\ ABITypeParser.swift,\ Sequence+ABIExtension.swift,\ EthereumAddress.swift,\ APIRequest+ComputedProperties.swift,\ APIRequest+Methods.swift,\ APIRequest+UtilityTypes.swift,\ APIRequest.swift /Users/admin/builder/spi-builder-workspace/Sources/Web3Core/EthereumABI/ABIParsing.swift /Users/admin/builder/spi-builder-workspace/Sources/Web3Core/EthereumABI/ABITypeParser.swift /Users/admin/builder/spi-builder-workspace/Sources/Web3Core/EthereumABI/Sequence+ABIExtension.swift /Users/admin/builder/spi-builder-workspace/Sources/Web3Core/EthereumAddress/EthereumAddress.swift /Users/admin/builder/spi-builder-workspace/Sources/Web3Core/EthereumNetwork/Request/APIRequest+ComputedProperties.swift /Users/admin/builder/spi-builder-workspace/Sources/Web3Core/EthereumNetwork/Request/APIRequest+Methods.swift /Users/admin/builder/spi-builder-workspace/Sources/Web3Core/EthereumNetwork/Request/APIRequest+UtilityTypes.swift /Users/admin/builder/spi-builder-workspace/Sources/Web3Core/EthereumNetwork/Request/APIRequest.swift (in target 'Web3Core' from project 'Web3swift')
/Users/admin/builder/spi-builder-workspace/Sources/Web3Core/EthereumABI/Sequence+ABIExtension.swift:31:37: warning: 'methodString' is deprecated: Please, use 'selector' property instead. [#DeprecatedDeclaration]
29 | appendFunction(function.name!, function)
30 | appendFunction(function.signature, function)
31 | appendFunction(function.methodString.addHexPrefix().lowercased(), function)
| |- warning: 'methodString' is deprecated: Please, use 'selector' property instead. [#DeprecatedDeclaration]
| `- note: use 'selector' instead
32 |
33 | /// ABI cannot have two functions with exactly the same name and input arguments
/Users/admin/builder/spi-builder-workspace/Sources/Web3Core/EthereumABI/Sequence+ABIExtension.swift:60:26: warning: 'methodString' is deprecated: Please, use 'selector' property instead. [#DeprecatedDeclaration]
58 | errors[error.name] = error
59 | errors[error.signature] = error
60 | errors[error.methodString.addHexPrefix().lowercased()] = error
| |- warning: 'methodString' is deprecated: Please, use 'selector' property instead. [#DeprecatedDeclaration]
| `- note: use 'selector' instead
61 | }
62 | return errors
[#DeprecatedDeclaration]: <https://docs.swift.org/compiler/documentation/diagnostics/deprecated-declaration>
SwiftCompile normal arm64 /Users/admin/builder/spi-builder-workspace/Sources/Web3Core/EthereumABI/ABIParsing.swift (in target 'Web3Core' from project 'Web3swift')
cd /Users/admin/builder/spi-builder-workspace/.swiftpm/xcode
builtin-SwiftPerFileCompile ABIParsing.swift
SwiftCompile normal arm64 /Users/admin/builder/spi-builder-workspace/Sources/Web3Core/EthereumABI/ABITypeParser.swift (in target 'Web3Core' from project 'Web3swift')
cd /Users/admin/builder/spi-builder-workspace/.swiftpm/xcode
builtin-SwiftPerFileCompile ABITypeParser.swift
SwiftCompile normal arm64 /Users/admin/builder/spi-builder-workspace/Sources/Web3Core/EthereumABI/Sequence+ABIExtension.swift (in target 'Web3Core' from project 'Web3swift')
cd /Users/admin/builder/spi-builder-workspace/.swiftpm/xcode
builtin-SwiftPerFileCompile Sequence+ABIExtension.swift
SwiftCompile normal arm64 /Users/admin/builder/spi-builder-workspace/Sources/Web3Core/EthereumAddress/EthereumAddress.swift (in target 'Web3Core' from project 'Web3swift')
cd /Users/admin/builder/spi-builder-workspace/.swiftpm/xcode
builtin-SwiftPerFileCompile EthereumAddress.swift
SwiftCompile normal arm64 /Users/admin/builder/spi-builder-workspace/Sources/Web3Core/EthereumNetwork/Request/APIRequest+ComputedProperties.swift (in target 'Web3Core' from project 'Web3swift')
cd /Users/admin/builder/spi-builder-workspace/.swiftpm/xcode
builtin-SwiftPerFileCompile APIRequest+ComputedProperties.swift
SwiftCompile normal arm64 /Users/admin/builder/spi-builder-workspace/Sources/Web3Core/EthereumNetwork/Request/APIRequest+Methods.swift (in target 'Web3Core' from project 'Web3swift')
cd /Users/admin/builder/spi-builder-workspace/.swiftpm/xcode
builtin-SwiftPerFileCompile APIRequest+Methods.swift
SwiftCompile normal arm64 /Users/admin/builder/spi-builder-workspace/Sources/Web3Core/EthereumNetwork/Request/APIRequest+UtilityTypes.swift (in target 'Web3Core' from project 'Web3swift')
cd /Users/admin/builder/spi-builder-workspace/.swiftpm/xcode
builtin-SwiftPerFileCompile APIRequest+UtilityTypes.swift
SwiftCompile normal arm64 /Users/admin/builder/spi-builder-workspace/Sources/Web3Core/EthereumNetwork/Request/APIRequest.swift (in target 'Web3Core' from project 'Web3swift')
cd /Users/admin/builder/spi-builder-workspace/.swiftpm/xcode
builtin-SwiftPerFileCompile APIRequest.swift
SwiftCompile normal arm64 Compiling\ ContractProtocol.swift,\ EthereumContract.swift,\ ABI.swift,\ ABIDecoding.swift,\ ABIElements.swift,\ ABIEncoding.swift,\ ABIError.swift,\ ABIParameterTypes.swift /Users/admin/builder/spi-builder-workspace/Sources/Web3Core/Contract/ContractProtocol.swift /Users/admin/builder/spi-builder-workspace/Sources/Web3Core/Contract/EthereumContract.swift /Users/admin/builder/spi-builder-workspace/Sources/Web3Core/EthereumABI/ABI.swift /Users/admin/builder/spi-builder-workspace/Sources/Web3Core/EthereumABI/ABIDecoding.swift /Users/admin/builder/spi-builder-workspace/Sources/Web3Core/EthereumABI/ABIElements.swift /Users/admin/builder/spi-builder-workspace/Sources/Web3Core/EthereumABI/ABIEncoding.swift /Users/admin/builder/spi-builder-workspace/Sources/Web3Core/EthereumABI/ABIError.swift /Users/admin/builder/spi-builder-workspace/Sources/Web3Core/EthereumABI/ABIParameterTypes.swift (in target 'Web3Core' from project 'Web3swift')
/Users/admin/builder/spi-builder-workspace/Sources/Web3Core/Contract/ContractProtocol.swift:382:56: warning: 'methodEncoding' is deprecated: Please, use 'selectorEncoded' property instead. [#DeprecatedDeclaration]
380 | public func decodeEthError(_ data: Data) -> [String: Any]? {
381 | guard data.count >= 4,
382 | let err = errors.first(where: { $0.value.methodEncoding == data[0..<4] })?.value else {
| |- warning: 'methodEncoding' is deprecated: Please, use 'selectorEncoded' property instead. [#DeprecatedDeclaration]
| `- note: use 'selectorEncoded' instead
383 | return nil
384 | }
/Users/admin/builder/spi-builder-workspace/Sources/Web3Core/EthereumABI/ABIElements.swift:210:16: warning: 'methodEncoding' is deprecated: Please, use 'selectorEncoded' property instead. [#DeprecatedDeclaration]
208 | guard parameters.count == inputs.count,
209 | let data = ABIEncoder.encode(types: inputs, values: parameters) else { return nil }
210 | return methodEncoding + data
| |- warning: 'methodEncoding' is deprecated: Please, use 'selectorEncoded' property instead. [#DeprecatedDeclaration]
| `- note: use 'selectorEncoded' instead
211 | }
212 | }
/Users/admin/builder/spi-builder-workspace/Sources/Web3Core/EthereumABI/ABIElements.swift:375:68: warning: 'methodEncoding' is deprecated: Please, use 'selectorEncoded' property instead. [#DeprecatedDeclaration]
373 | extension ABI.Element.Function {
374 | public func decodeInputData(_ rawData: Data) -> [String: Any]? {
375 | return ABIDecoder.decodeInputData(rawData, methodEncoding: methodEncoding, inputs: inputs)
| |- warning: 'methodEncoding' is deprecated: Please, use 'selectorEncoded' property instead. [#DeprecatedDeclaration]
| `- note: use 'selectorEncoded' instead
376 | }
377 |
/Users/admin/builder/spi-builder-workspace/Sources/Web3Core/EthereumABI/ABIEncoding.swift:468:45: warning: expression implicitly coerced from 'Data?' to 'Any'
466 | return Data(v ? [0b1] : [0b0])
467 | } else if let v = value as? Int {
468 | return ABIEncoder.convertToData(BigInt(exactly: v)?.abiEncode(bits: 256)!)!
| | |- note: provide a default value to avoid this warning
| | |- note: force-unwrap the value to avoid this warning
| | `- note: explicitly cast to 'Any' with 'as Any' to silence this warning
| `- warning: expression implicitly coerced from 'Data?' to 'Any'
469 | } else if let v = value as? Int8 {
470 | return ABIEncoder.convertToData(BigInt(exactly: v)?.abiEncode(bits: 8))!
/Users/admin/builder/spi-builder-workspace/Sources/Web3Core/EthereumABI/ABIEncoding.swift:470:45: warning: expression implicitly coerced from 'Data?' to 'Any'
468 | return ABIEncoder.convertToData(BigInt(exactly: v)?.abiEncode(bits: 256)!)!
469 | } else if let v = value as? Int8 {
470 | return ABIEncoder.convertToData(BigInt(exactly: v)?.abiEncode(bits: 8))!
| | |- note: provide a default value to avoid this warning
| | |- note: force-unwrap the value to avoid this warning
| | `- note: explicitly cast to 'Any' with 'as Any' to silence this warning
| `- warning: expression implicitly coerced from 'Data?' to 'Any'
471 | } else if let v = value as? Int16 {
472 | return ABIEncoder.convertToData(BigInt(exactly: v)?.abiEncode(bits: 16)!)!
/Users/admin/builder/spi-builder-workspace/Sources/Web3Core/EthereumABI/ABIEncoding.swift:472:45: warning: expression implicitly coerced from 'Data?' to 'Any'
470 | return ABIEncoder.convertToData(BigInt(exactly: v)?.abiEncode(bits: 8))!
471 | } else if let v = value as? Int16 {
472 | return ABIEncoder.convertToData(BigInt(exactly: v)?.abiEncode(bits: 16)!)!
| | |- note: provide a default value to avoid this warning
| | |- note: force-unwrap the value to avoid this warning
| | `- note: explicitly cast to 'Any' with 'as Any' to silence this warning
| `- warning: expression implicitly coerced from 'Data?' to 'Any'
473 | } else if let v = value as? Int32 {
474 | return ABIEncoder.convertToData(BigInt(exactly: v)?.abiEncode(bits: 32)!)!
/Users/admin/builder/spi-builder-workspace/Sources/Web3Core/EthereumABI/ABIEncoding.swift:474:45: warning: expression implicitly coerced from 'Data?' to 'Any'
472 | return ABIEncoder.convertToData(BigInt(exactly: v)?.abiEncode(bits: 16)!)!
473 | } else if let v = value as? Int32 {
474 | return ABIEncoder.convertToData(BigInt(exactly: v)?.abiEncode(bits: 32)!)!
| | |- note: provide a default value to avoid this warning
| | |- note: force-unwrap the value to avoid this warning
| | `- note: explicitly cast to 'Any' with 'as Any' to silence this warning
| `- warning: expression implicitly coerced from 'Data?' to 'Any'
475 | } else if let v = value as? Int64 {
476 | return ABIEncoder.convertToData(BigInt(exactly: v)?.abiEncode(bits: 64)!)!
/Users/admin/builder/spi-builder-workspace/Sources/Web3Core/EthereumABI/ABIEncoding.swift:476:45: warning: expression implicitly coerced from 'Data?' to 'Any'
474 | return ABIEncoder.convertToData(BigInt(exactly: v)?.abiEncode(bits: 32)!)!
475 | } else if let v = value as? Int64 {
476 | return ABIEncoder.convertToData(BigInt(exactly: v)?.abiEncode(bits: 64)!)!
| | |- note: provide a default value to avoid this warning
| | |- note: force-unwrap the value to avoid this warning
| | `- note: explicitly cast to 'Any' with 'as Any' to silence this warning
| `- warning: expression implicitly coerced from 'Data?' to 'Any'
477 | } else if let v = value as? UInt {
478 | return ABIEncoder.convertToData(BigUInt(exactly: v)?.abiEncode(bits: 256)!)!
/Users/admin/builder/spi-builder-workspace/Sources/Web3Core/EthereumABI/ABIEncoding.swift:478:45: warning: expression implicitly coerced from 'Data?' to 'Any'
476 | return ABIEncoder.convertToData(BigInt(exactly: v)?.abiEncode(bits: 64)!)!
477 | } else if let v = value as? UInt {
478 | return ABIEncoder.convertToData(BigUInt(exactly: v)?.abiEncode(bits: 256)!)!
| | |- note: provide a default value to avoid this warning
| | |- note: force-unwrap the value to avoid this warning
| | `- note: explicitly cast to 'Any' with 'as Any' to silence this warning
| `- warning: expression implicitly coerced from 'Data?' to 'Any'
479 | } else if let v = value as? UInt8 {
480 | return ABIEncoder.convertToData(BigUInt(exactly: v)?.abiEncode(bits: 8)!)!
/Users/admin/builder/spi-builder-workspace/Sources/Web3Core/EthereumABI/ABIEncoding.swift:480:45: warning: expression implicitly coerced from 'Data?' to 'Any'
478 | return ABIEncoder.convertToData(BigUInt(exactly: v)?.abiEncode(bits: 256)!)!
479 | } else if let v = value as? UInt8 {
480 | return ABIEncoder.convertToData(BigUInt(exactly: v)?.abiEncode(bits: 8)!)!
| | |- note: provide a default value to avoid this warning
| | |- note: force-unwrap the value to avoid this warning
| | `- note: explicitly cast to 'Any' with 'as Any' to silence this warning
| `- warning: expression implicitly coerced from 'Data?' to 'Any'
481 | } else if let v = value as? UInt16 {
482 | return ABIEncoder.convertToData(BigUInt(exactly: v)?.abiEncode(bits: 16)!)!
SwiftCompile normal arm64 /Users/admin/builder/spi-builder-workspace/Sources/Web3Core/Contract/ContractProtocol.swift (in target 'Web3Core' from project 'Web3swift')
cd /Users/admin/builder/spi-builder-workspace/.swiftpm/xcode
builtin-SwiftPerFileCompile ContractProtocol.swift
SwiftCompile normal arm64 /Users/admin/builder/spi-builder-workspace/Sources/Web3Core/Contract/EthereumContract.swift (in target 'Web3Core' from project 'Web3swift')
cd /Users/admin/builder/spi-builder-workspace/.swiftpm/xcode
builtin-SwiftPerFileCompile EthereumContract.swift
SwiftCompile normal arm64 /Users/admin/builder/spi-builder-workspace/Sources/Web3Core/EthereumABI/ABI.swift (in target 'Web3Core' from project 'Web3swift')
cd /Users/admin/builder/spi-builder-workspace/.swiftpm/xcode
builtin-SwiftPerFileCompile ABI.swift
SwiftCompile normal arm64 /Users/admin/builder/spi-builder-workspace/Sources/Web3Core/EthereumABI/ABIDecoding.swift (in target 'Web3Core' from project 'Web3swift')
cd /Users/admin/builder/spi-builder-workspace/.swiftpm/xcode
builtin-SwiftPerFileCompile ABIDecoding.swift
SwiftCompile normal arm64 /Users/admin/builder/spi-builder-workspace/Sources/Web3Core/EthereumABI/ABIElements.swift (in target 'Web3Core' from project 'Web3swift')
cd /Users/admin/builder/spi-builder-workspace/.swiftpm/xcode
builtin-SwiftPerFileCompile ABIElements.swift
SwiftCompile normal arm64 /Users/admin/builder/spi-builder-workspace/Sources/Web3Core/EthereumABI/ABIEncoding.swift (in target 'Web3Core' from project 'Web3swift')
cd /Users/admin/builder/spi-builder-workspace/.swiftpm/xcode
builtin-SwiftPerFileCompile ABIEncoding.swift
SwiftCompile normal arm64 /Users/admin/builder/spi-builder-workspace/Sources/Web3Core/EthereumABI/ABIError.swift (in target 'Web3Core' from project 'Web3swift')
cd /Users/admin/builder/spi-builder-workspace/.swiftpm/xcode
builtin-SwiftPerFileCompile ABIError.swift
SwiftCompile normal arm64 /Users/admin/builder/spi-builder-workspace/Sources/Web3Core/EthereumABI/ABIParameterTypes.swift (in target 'Web3Core' from project 'Web3swift')
cd /Users/admin/builder/spi-builder-workspace/.swiftpm/xcode
builtin-SwiftPerFileCompile ABIParameterTypes.swift
/Users/admin/builder/spi-builder-workspace/Sources/Web3Core/EthereumABI/ABIEncoding.swift:482:45: warning: expression implicitly coerced from 'Data?' to 'Any'
480 | return ABIEncoder.convertToData(BigUInt(exactly: v)?.abiEncode(bits: 8)!)!
481 | } else if let v = value as? UInt16 {
482 | return ABIEncoder.convertToData(BigUInt(exactly: v)?.abiEncode(bits: 16)!)!
| | |- note: provide a default value to avoid this warning
| | |- note: force-unwrap the value to avoid this warning
| | `- note: explicitly cast to 'Any' with 'as Any' to silence this warning
| `- warning: expression implicitly coerced from 'Data?' to 'Any'
483 | } else if let v = value as? UInt32 {
484 | return ABIEncoder.convertToData(BigUInt(exactly: v)?.abiEncode(bits: 32)!)!
/Users/admin/builder/spi-builder-workspace/Sources/Web3Core/EthereumABI/ABIEncoding.swift:484:45: warning: expression implicitly coerced from 'Data?' to 'Any'
482 | return ABIEncoder.convertToData(BigUInt(exactly: v)?.abiEncode(bits: 16)!)!
483 | } else if let v = value as? UInt32 {
484 | return ABIEncoder.convertToData(BigUInt(exactly: v)?.abiEncode(bits: 32)!)!
| | |- note: provide a default value to avoid this warning
| | |- note: force-unwrap the value to avoid this warning
| | `- note: explicitly cast to 'Any' with 'as Any' to silence this warning
| `- warning: expression implicitly coerced from 'Data?' to 'Any'
485 | } else if let v = value as? UInt64 {
486 | return ABIEncoder.convertToData(BigUInt(exactly: v)?.abiEncode(bits: 64)!)!
SwiftDriverJobDiscovery normal arm64 Compiling APIRequestParameterType.swift, RequestParameter+Encodable.swift, RequestParameter+RawRepresentable.swift, RequestParameter.swift, Async+BackwardCapability.swift, HexDecodable+Extensions.swift, HexDecodableProtocols.swift, IntegerInitableWithRadix.swift (in target 'Web3Core' from project 'Web3swift')
SwiftCompile normal arm64 Compiling\ EIP2930Envelope.swift,\ EnvelopeFactory.swift,\ LegacyEnvelope.swift,\ EIP2930Compatible.swift,\ EthereumBloomFilter.swift,\ EventfilterParameters.swift,\ Policies.swift /Users/admin/builder/spi-builder-workspace/Sources/Web3Core/Transaction/Envelope/EIP2930Envelope.swift /Users/admin/builder/spi-builder-workspace/Sources/Web3Core/Transaction/Envelope/EnvelopeFactory.swift /Users/admin/builder/spi-builder-workspace/Sources/Web3Core/Transaction/Envelope/LegacyEnvelope.swift /Users/admin/builder/spi-builder-workspace/Sources/Web3Core/Transaction/Envelope/Protocols/EIP2930Compatible.swift /Users/admin/builder/spi-builder-workspace/Sources/Web3Core/Transaction/EthereumBloomFilter.swift /Users/admin/builder/spi-builder-workspace/Sources/Web3Core/Transaction/EventfilterParameters.swift /Users/admin/builder/spi-builder-workspace/Sources/Web3Core/Transaction/Policies.swift (in target 'Web3Core' from project 'Web3swift')
SwiftCompile normal arm64 /Users/admin/builder/spi-builder-workspace/Sources/Web3Core/Transaction/Envelope/EIP2930Envelope.swift (in target 'Web3Core' from project 'Web3swift')
cd /Users/admin/builder/spi-builder-workspace/.swiftpm/xcode
builtin-SwiftPerFileCompile EIP2930Envelope.swift
SwiftCompile normal arm64 /Users/admin/builder/spi-builder-workspace/Sources/Web3Core/Transaction/Envelope/EnvelopeFactory.swift (in target 'Web3Core' from project 'Web3swift')
cd /Users/admin/builder/spi-builder-workspace/.swiftpm/xcode
builtin-SwiftPerFileCompile EnvelopeFactory.swift
SwiftCompile normal arm64 /Users/admin/builder/spi-builder-workspace/Sources/Web3Core/Transaction/Envelope/LegacyEnvelope.swift (in target 'Web3Core' from project 'Web3swift')
cd /Users/admin/builder/spi-builder-workspace/.swiftpm/xcode
builtin-SwiftPerFileCompile LegacyEnvelope.swift
SwiftCompile normal arm64 /Users/admin/builder/spi-builder-workspace/Sources/Web3Core/Transaction/Envelope/Protocols/EIP2930Compatible.swift (in target 'Web3Core' from project 'Web3swift')
cd /Users/admin/builder/spi-builder-workspace/.swiftpm/xcode
builtin-SwiftPerFileCompile EIP2930Compatible.swift
SwiftCompile normal arm64 /Users/admin/builder/spi-builder-workspace/Sources/Web3Core/Transaction/EthereumBloomFilter.swift (in target 'Web3Core' from project 'Web3swift')
cd /Users/admin/builder/spi-builder-workspace/.swiftpm/xcode
builtin-SwiftPerFileCompile EthereumBloomFilter.swift
SwiftCompile normal arm64 /Users/admin/builder/spi-builder-workspace/Sources/Web3Core/Transaction/EventfilterParameters.swift (in target 'Web3Core' from project 'Web3swift')
cd /Users/admin/builder/spi-builder-workspace/.swiftpm/xcode
builtin-SwiftPerFileCompile EventfilterParameters.swift
SwiftCompile normal arm64 /Users/admin/builder/spi-builder-workspace/Sources/Web3Core/Transaction/Policies.swift (in target 'Web3Core' from project 'Web3swift')
cd /Users/admin/builder/spi-builder-workspace/.swiftpm/xcode
builtin-SwiftPerFileCompile Policies.swift
SwiftDriverJobDiscovery normal arm64_32 Compiling ABIParsing.swift, ABITypeParser.swift, Sequence+ABIExtension.swift, EthereumAddress.swift, APIRequest+ComputedProperties.swift, APIRequest+Methods.swift, APIRequest+UtilityTypes.swift, APIRequest.swift (in target 'Web3Core' from project 'Web3swift')
SwiftCompile normal arm64 Compiling\ TxPoolContent.swift,\ TxPoolStatus.swift,\ Web3ProviderProtocol.swift,\ CodableTransaction.swift,\ AbstractEnvelope.swift,\ EIP1559Envelope.swift,\ EIP2718Envelope.swift /Users/admin/builder/spi-builder-workspace/Sources/Web3Core/Structure/TxPool/TxPoolContent.swift /Users/admin/builder/spi-builder-workspace/Sources/Web3Core/Structure/TxPool/TxPoolStatus.swift /Users/admin/builder/spi-builder-workspace/Sources/Web3Core/Structure/Web3ProviderProtocol.swift /Users/admin/builder/spi-builder-workspace/Sources/Web3Core/Transaction/CodableTransaction.swift /Users/admin/builder/spi-builder-workspace/Sources/Web3Core/Transaction/Envelope/AbstractEnvelope.swift /Users/admin/builder/spi-builder-workspace/Sources/Web3Core/Transaction/Envelope/EIP1559Envelope.swift /Users/admin/builder/spi-builder-workspace/Sources/Web3Core/Transaction/Envelope/EIP2718Envelope.swift (in target 'Web3Core' from project 'Web3swift')
SwiftCompile normal arm64 /Users/admin/builder/spi-builder-workspace/Sources/Web3Core/Structure/TxPool/TxPoolContent.swift (in target 'Web3Core' from project 'Web3swift')
cd /Users/admin/builder/spi-builder-workspace/.swiftpm/xcode
builtin-SwiftPerFileCompile TxPoolContent.swift
SwiftCompile normal arm64 /Users/admin/builder/spi-builder-workspace/Sources/Web3Core/Structure/TxPool/TxPoolStatus.swift (in target 'Web3Core' from project 'Web3swift')
cd /Users/admin/builder/spi-builder-workspace/.swiftpm/xcode
builtin-SwiftPerFileCompile TxPoolStatus.swift
SwiftCompile normal arm64 /Users/admin/builder/spi-builder-workspace/Sources/Web3Core/Structure/Web3ProviderProtocol.swift (in target 'Web3Core' from project 'Web3swift')
cd /Users/admin/builder/spi-builder-workspace/.swiftpm/xcode
builtin-SwiftPerFileCompile Web3ProviderProtocol.swift
SwiftCompile normal arm64 /Users/admin/builder/spi-builder-workspace/Sources/Web3Core/Transaction/CodableTransaction.swift (in target 'Web3Core' from project 'Web3swift')
cd /Users/admin/builder/spi-builder-workspace/.swiftpm/xcode
builtin-SwiftPerFileCompile CodableTransaction.swift
SwiftCompile normal arm64 /Users/admin/builder/spi-builder-workspace/Sources/Web3Core/Transaction/Envelope/AbstractEnvelope.swift (in target 'Web3Core' from project 'Web3swift')
cd /Users/admin/builder/spi-builder-workspace/.swiftpm/xcode
builtin-SwiftPerFileCompile AbstractEnvelope.swift
SwiftCompile normal arm64 /Users/admin/builder/spi-builder-workspace/Sources/Web3Core/Transaction/Envelope/EIP1559Envelope.swift (in target 'Web3Core' from project 'Web3swift')
cd /Users/admin/builder/spi-builder-workspace/.swiftpm/xcode
builtin-SwiftPerFileCompile EIP1559Envelope.swift
SwiftCompile normal arm64 /Users/admin/builder/spi-builder-workspace/Sources/Web3Core/Transaction/Envelope/EIP2718Envelope.swift (in target 'Web3Core' from project 'Web3swift')
cd /Users/admin/builder/spi-builder-workspace/.swiftpm/xcode
builtin-SwiftPerFileCompile EIP2718Envelope.swift
SwiftDriverJobDiscovery normal arm64 Emitting module for Web3Core (in target 'Web3Core' from project 'Web3swift')
SwiftDriver\ Compilation\ Requirements Web3Core normal arm64 com.apple.xcode.tools.swift.compiler (in target 'Web3Core' from project 'Web3swift')
cd /Users/admin/builder/spi-builder-workspace/.swiftpm/xcode
builtin-Swift-Compilation-Requirements -- /Applications/Xcode-27.0.0-Release.Candidate.app/Contents/Developer/Toolchains/XcodeDefault.xctoolchain/usr/bin/swiftc -parse-as-library -module-name Web3Core -Onone @/Users/admin/builder/spi-builder-workspace/.derivedData/Build/Intermediates.noindex/Web3swift.build/Debug-watchos/Web3Core-t.build/Objects-normal/arm64/Web3Core.SwiftFileList -DSWIFT_PACKAGE -DDEBUG -DSWIFT_MODULE_RESOURCE_BUNDLE_UNAVAILABLE -Xcc -fmodule-map-file\=/Users/admin/builder/spi-builder-workspace/.derivedData/Build/Intermediates.noindex/GeneratedModuleMaps-watchos/secp256k1_bindings.modulemap -DXcode -plugin-path /Applications/Xcode-27.0.0-Release.Candidate.app/Contents/Developer/Toolchains/XcodeDefault.xctoolchain/usr/lib/swift/host/plugins/testing -enable-experimental-feature DebugDescriptionMacro -sdk /Applications/Xcode-27.0.0-Release.Candidate.app/Contents/Developer/Platforms/WatchOS.platform/Developer/SDKs/WatchOS27.0.sdk -target arm64-apple-watchos9.0 -g -module-cache-path /Users/admin/builder/spi-builder-workspace/.derivedData/ModuleCache.noindex -Xfrontend -serialize-debugging-options -profile-coverage-mapping -profile-generate -enable-testing -index-store-path /Users/admin/builder/spi-builder-workspace/.derivedData/Index.noindex/DataStore -Xcc -D_LIBCPP_HARDENING_MODE\=_LIBCPP_HARDENING_MODE_DEBUG -swift-version 5 -I /Users/admin/builder/spi-builder-workspace/.derivedData/Build/Products/Debug-watchos -Isystem /Applications/Xcode-27.0.0-Release.Candidate.app/Contents/Developer/Platforms/WatchOS.platform/Developer/usr/lib -F /Users/admin/builder/spi-builder-workspace/.derivedData/Build/Products/Debug-watchos/PackageFrameworks -F /Users/admin/builder/spi-builder-workspace/.derivedData/Build/Products/Debug-watchos -F /Applications/Xcode-27.0.0-Release.Candidate.app/Contents/Developer/Platforms/WatchOS.platform/Developer/Library/Frameworks -F /Applications/Xcode-27.0.0-Release.Candidate.app/Contents/Developer/Platforms/WatchOS.platform/Developer/SDKs/WatchOS27.0.sdk/Developer/Library/Frameworks -c -j10 -enable-batch-mode -incremental -Xcc -ivfsstatcache -Xcc /Users/admin/builder/spi-builder-workspace/.derivedData/SDKStatCaches.noindex/watchos27.0-24R360-e829b21a6f8c9b70876ba0858053c04477534ef55a1706bf4c1112bbb242f0a2.sdkstatcache -output-file-map /Users/admin/builder/spi-builder-workspace/.derivedData/Build/Intermediates.noindex/Web3swift.build/Debug-watchos/Web3Core-t.build/Objects-normal/arm64/Web3Core-OutputFileMap.json -save-temps -no-color-diagnostics -explicit-module-build -module-cache-path /Users/admin/builder/spi-builder-workspace/.derivedData/Build/Intermediates.noindex/SwiftExplicitPrecompiledModules -clang-scanner-module-cache-path /Users/admin/builder/spi-builder-workspace/.derivedData/ModuleCache.noindex -sdk-module-cache-path /Users/admin/builder/spi-builder-workspace/.derivedData/SDKExplicitPrecompiledModules -emit-dependencies -emit-module -emit-module-path /Users/admin/builder/spi-builder-workspace/.derivedData/Build/Intermediates.noindex/Web3swift.build/Debug-watchos/Web3Core-t.build/Objects-normal/arm64/Web3Core.swiftmodule -serialize-diagnostics -dependency-scan-serialize-diagnostics-path /Users/admin/builder/spi-builder-workspace/.derivedData/Build/Intermediates.noindex/Web3swift.build/Debug-watchos/Web3Core-t.build/Objects-normal/arm64/Web3Core-dependency-scan.dia -validate-clang-modules-once -clang-build-session-file /Users/admin/builder/spi-builder-workspace/.derivedData/ModuleCache.noindex/Session.modulevalidation -Xcc -fmodules-prune-interval\=86400 -Xcc -fmodules-prune-after\=345600 -package-name spi_builder_workspace -emit-const-values -const-gather-protocols-list /Users/admin/builder/spi-builder-workspace/.derivedData/Build/Intermediates.noindex/Web3swift.build/Debug-watchos/Web3Core-t.build/Objects-normal/arm64/Web3Core_const_extract_protocols.json -Xcc -I/Users/admin/builder/spi-builder-workspace/.dependencies/checkouts/secp256k1.swift/Sources/secp256k1_bindings/include -Xcc -I/Users/admin/builder/spi-builder-workspace/.derivedData/Build/Products/Debug-watchos/include -Xcc -I/Users/admin/builder/spi-builder-workspace/.derivedData/Build/Intermediates.noindex/Web3swift.build/Debug-watchos/Web3Core-t.build/DerivedSources-normal/arm64 -Xcc -I/Users/admin/builder/spi-builder-workspace/.derivedData/Build/Intermediates.noindex/Web3swift.build/Debug-watchos/Web3Core-t.build/DerivedSources/arm64 -Xcc -I/Users/admin/builder/spi-builder-workspace/.derivedData/Build/Intermediates.noindex/Web3swift.build/Debug-watchos/Web3Core-t.build/DerivedSources -Xcc -DSWIFT_PACKAGE -Xcc -DDEBUG\=1 -emit-objc-header -emit-objc-header-path /Users/admin/builder/spi-builder-workspace/.derivedData/Build/Intermediates.noindex/Web3swift.build/Debug-watchos/Web3Core-t.build/Objects-normal/arm64/Web3Core-Swift.h -working-directory /Users/admin/builder/spi-builder-workspace/.swiftpm/xcode -experimental-emit-module-separately -disable-cmo
SwiftDriverJobDiscovery normal arm64 Compiling TransactionMetadata.swift, Array+Extension.swift, BigUInt+Extension.swift, CryptoExtension.swift, Data+Extension.swift, Decodable+Extensions.swift, Dictionary+Extension.swift (in target 'Web3Core' from project 'Web3swift')
SwiftCompile normal arm64 Compiling\ Block.swift,\ BlockNumber.swift,\ Event+Protocol.swift,\ EventLog.swift,\ SECP256k1.swift,\ TransactionDetails.swift,\ TransactionInBlock.swift,\ TransactionReceipt.swift /Users/admin/builder/spi-builder-workspace/Sources/Web3Core/Structure/Block/Block.swift /Users/admin/builder/spi-builder-workspace/Sources/Web3Core/Structure/Block/BlockNumber.swift /Users/admin/builder/spi-builder-workspace/Sources/Web3Core/Structure/Event+Protocol.swift /Users/admin/builder/spi-builder-workspace/Sources/Web3Core/Structure/EventLog/EventLog.swift /Users/admin/builder/spi-builder-workspace/Sources/Web3Core/Structure/SECP256k1.swift /Users/admin/builder/spi-builder-workspace/Sources/Web3Core/Structure/Transaction/TransactionDetails.swift /Users/admin/builder/spi-builder-workspace/Sources/Web3Core/Structure/Transaction/TransactionInBlock.swift /Users/admin/builder/spi-builder-workspace/Sources/Web3Core/Structure/Transaction/TransactionReceipt.swift (in target 'Web3Core' from project 'Web3swift')
SwiftCompile normal arm64 /Users/admin/builder/spi-builder-workspace/Sources/Web3Core/Structure/Block/Block.swift (in target 'Web3Core' from project 'Web3swift')
cd /Users/admin/builder/spi-builder-workspace/.swiftpm/xcode
builtin-SwiftPerFileCompile Block.swift
SwiftCompile normal arm64 /Users/admin/builder/spi-builder-workspace/Sources/Web3Core/Structure/Block/BlockNumber.swift (in target 'Web3Core' from project 'Web3swift')
cd /Users/admin/builder/spi-builder-workspace/.swiftpm/xcode
builtin-SwiftPerFileCompile BlockNumber.swift
SwiftCompile normal arm64 /Users/admin/builder/spi-builder-workspace/Sources/Web3Core/Structure/Event+Protocol.swift (in target 'Web3Core' from project 'Web3swift')
cd /Users/admin/builder/spi-builder-workspace/.swiftpm/xcode
builtin-SwiftPerFileCompile Event+Protocol.swift
SwiftCompile normal arm64 /Users/admin/builder/spi-builder-workspace/Sources/Web3Core/Structure/EventLog/EventLog.swift (in target 'Web3Core' from project 'Web3swift')
cd /Users/admin/builder/spi-builder-workspace/.swiftpm/xcode
builtin-SwiftPerFileCompile EventLog.swift
SwiftCompile normal arm64 /Users/admin/builder/spi-builder-workspace/Sources/Web3Core/Structure/SECP256k1.swift (in target 'Web3Core' from project 'Web3swift')
cd /Users/admin/builder/spi-builder-workspace/.swiftpm/xcode
builtin-SwiftPerFileCompile SECP256k1.swift
SwiftCompile normal arm64 /Users/admin/builder/spi-builder-workspace/Sources/Web3Core/Structure/Transaction/TransactionDetails.swift (in target 'Web3Core' from project 'Web3swift')
cd /Users/admin/builder/spi-builder-workspace/.swiftpm/xcode
builtin-SwiftPerFileCompile TransactionDetails.swift
SwiftCompile normal arm64 /Users/admin/builder/spi-builder-workspace/Sources/Web3Core/Structure/Transaction/TransactionInBlock.swift (in target 'Web3Core' from project 'Web3swift')
cd /Users/admin/builder/spi-builder-workspace/.swiftpm/xcode
builtin-SwiftPerFileCompile TransactionInBlock.swift
SwiftCompile normal arm64 /Users/admin/builder/spi-builder-workspace/Sources/Web3Core/Structure/Transaction/TransactionReceipt.swift (in target 'Web3Core' from project 'Web3swift')
cd /Users/admin/builder/spi-builder-workspace/.swiftpm/xcode
builtin-SwiftPerFileCompile TransactionReceipt.swift
SwiftMergeGeneratedHeaders /Users/admin/builder/spi-builder-workspace/.derivedData/Build/Intermediates.noindex/GeneratedModuleMaps-watchos/Web3Core-Swift.h /Users/admin/builder/spi-builder-workspace/.derivedData/Build/Intermediates.noindex/Web3swift.build/Debug-watchos/Web3Core-t.build/Objects-normal/arm64/Web3Core-Swift.h /Users/admin/builder/spi-builder-workspace/.derivedData/Build/Intermediates.noindex/Web3swift.build/Debug-watchos/Web3Core-t.build/Objects-normal/arm64_32/Web3Core-Swift.h (in target 'Web3Core' from project 'Web3swift')
cd /Users/admin/builder/spi-builder-workspace
builtin-swiftHeaderTool -arch arm64 /Users/admin/builder/spi-builder-workspace/.derivedData/Build/Intermediates.noindex/Web3swift.build/Debug-watchos/Web3Core-t.build/Objects-normal/arm64/Web3Core-Swift.h -arch arm64_32 /Users/admin/builder/spi-builder-workspace/.derivedData/Build/Intermediates.noindex/Web3swift.build/Debug-watchos/Web3Core-t.build/Objects-normal/arm64_32/Web3Core-Swift.h -o /Users/admin/builder/spi-builder-workspace/.derivedData/Build/Intermediates.noindex/GeneratedModuleMaps-watchos/Web3Core-Swift.h
SwiftDriverJobDiscovery normal arm64_32 Compiling Encodable+Extensions.swift, NSRegularExpression+Extension.swift, NativeTypesEncoding+Extension.swift, RIPEMD160+StackOveflow.swift, String+Extension.swift, Utilities.swift, Web3Error.swift (in target 'Web3Core' from project 'Web3swift')
Copy /Users/admin/builder/spi-builder-workspace/.derivedData/Build/Products/Debug-watchos/Web3Core.swiftmodule/arm64-apple-watchos.swiftmodule /Users/admin/builder/spi-builder-workspace/.derivedData/Build/Intermediates.noindex/Web3swift.build/Debug-watchos/Web3Core-t.build/Objects-normal/arm64/Web3Core.swiftmodule (in target 'Web3Core' from project 'Web3swift')
cd /Users/admin/builder/spi-builder-workspace
builtin-copy -exclude .DS_Store -exclude CVS -exclude .svn -exclude .git -exclude .hg -resolve-src-symlinks -rename /Users/admin/builder/spi-builder-workspace/.derivedData/Build/Intermediates.noindex/Web3swift.build/Debug-watchos/Web3Core-t.build/Objects-normal/arm64/Web3Core.swiftmodule /Users/admin/builder/spi-builder-workspace/.derivedData/Build/Products/Debug-watchos/Web3Core.swiftmodule/arm64-apple-watchos.swiftmodule
Copy /Users/admin/builder/spi-builder-workspace/.derivedData/Build/Products/Debug-watchos/Web3Core.swiftmodule/arm64-apple-watchos.swiftdoc /Users/admin/builder/spi-builder-workspace/.derivedData/Build/Intermediates.noindex/Web3swift.build/Debug-watchos/Web3Core-t.build/Objects-normal/arm64/Web3Core.swiftdoc (in target 'Web3Core' from project 'Web3swift')
cd /Users/admin/builder/spi-builder-workspace
builtin-copy -exclude .DS_Store -exclude CVS -exclude .svn -exclude .git -exclude .hg -resolve-src-symlinks -rename /Users/admin/builder/spi-builder-workspace/.derivedData/Build/Intermediates.noindex/Web3swift.build/Debug-watchos/Web3Core-t.build/Objects-normal/arm64/Web3Core.swiftdoc /Users/admin/builder/spi-builder-workspace/.derivedData/Build/Products/Debug-watchos/Web3Core.swiftmodule/arm64-apple-watchos.swiftdoc
Copy /Users/admin/builder/spi-builder-workspace/.derivedData/Build/Products/Debug-watchos/Web3Core.swiftmodule/arm64-apple-watchos.abi.json /Users/admin/builder/spi-builder-workspace/.derivedData/Build/Intermediates.noindex/Web3swift.build/Debug-watchos/Web3Core-t.build/Objects-normal/arm64/Web3Core.abi.json (in target 'Web3Core' from project 'Web3swift')
cd /Users/admin/builder/spi-builder-workspace
builtin-copy -exclude .DS_Store -exclude CVS -exclude .svn -exclude .git -exclude .hg -resolve-src-symlinks -rename /Users/admin/builder/spi-builder-workspace/.derivedData/Build/Intermediates.noindex/Web3swift.build/Debug-watchos/Web3Core-t.build/Objects-normal/arm64/Web3Core.abi.json /Users/admin/builder/spi-builder-workspace/.derivedData/Build/Products/Debug-watchos/Web3Core.swiftmodule/arm64-apple-watchos.abi.json
Copy /Users/admin/builder/spi-builder-workspace/.derivedData/Build/Products/Debug-watchos/Web3Core.swiftmodule/Project/arm64-apple-watchos.swiftsourceinfo /Users/admin/builder/spi-builder-workspace/.derivedData/Build/Intermediates.noindex/Web3swift.build/Debug-watchos/Web3Core-t.build/Objects-normal/arm64/Web3Core.swiftsourceinfo (in target 'Web3Core' from project 'Web3swift')
cd /Users/admin/builder/spi-builder-workspace
builtin-copy -exclude .DS_Store -exclude CVS -exclude .svn -exclude .git -exclude .hg -resolve-src-symlinks -rename /Users/admin/builder/spi-builder-workspace/.derivedData/Build/Intermediates.noindex/Web3swift.build/Debug-watchos/Web3Core-t.build/Objects-normal/arm64/Web3Core.swiftsourceinfo /Users/admin/builder/spi-builder-workspace/.derivedData/Build/Products/Debug-watchos/Web3Core.swiftmodule/Project/arm64-apple-watchos.swiftsourceinfo
SwiftCompile normal arm64_32 Compiling\ APIRequestParameterType.swift,\ RequestParameter+Encodable.swift,\ RequestParameter+RawRepresentable.swift,\ RequestParameter.swift,\ Async+BackwardCapability.swift,\ HexDecodable+Extensions.swift,\ HexDecodableProtocols.swift,\ IntegerInitableWithRadix.swift /Users/admin/builder/spi-builder-workspace/Sources/Web3Core/EthereumNetwork/RequestParameter/APIRequestParameterType.swift /Users/admin/builder/spi-builder-workspace/Sources/Web3Core/EthereumNetwork/RequestParameter/RequestParameter+Encodable.swift /Users/admin/builder/spi-builder-workspace/Sources/Web3Core/EthereumNetwork/RequestParameter/RequestParameter+RawRepresentable.swift /Users/admin/builder/spi-builder-workspace/Sources/Web3Core/EthereumNetwork/RequestParameter/RequestParameter.swift /Users/admin/builder/spi-builder-workspace/Sources/Web3Core/EthereumNetwork/Utility/Async+BackwardCapability.swift /Users/admin/builder/spi-builder-workspace/Sources/Web3Core/EthereumNetwork/Utility/HexDecodable+Extensions.swift /Users/admin/builder/spi-builder-workspace/Sources/Web3Core/EthereumNetwork/Utility/HexDecodableProtocols.swift /Users/admin/builder/spi-builder-workspace/Sources/Web3Core/EthereumNetwork/Utility/IntegerInitableWithRadix.swift (in target 'Web3Core' from project 'Web3swift')
SwiftCompile normal arm64_32 /Users/admin/builder/spi-builder-workspace/Sources/Web3Core/EthereumNetwork/RequestParameter/APIRequestParameterType.swift (in target 'Web3Core' from project 'Web3swift')
cd /Users/admin/builder/spi-builder-workspace/.swiftpm/xcode
builtin-SwiftPerFileCompile APIRequestParameterType.swift
SwiftCompile normal arm64_32 /Users/admin/builder/spi-builder-workspace/Sources/Web3Core/EthereumNetwork/RequestParameter/RequestParameter+Encodable.swift (in target 'Web3Core' from project 'Web3swift')
cd /Users/admin/builder/spi-builder-workspace/.swiftpm/xcode
builtin-SwiftPerFileCompile RequestParameter+Encodable.swift
SwiftCompile normal arm64_32 /Users/admin/builder/spi-builder-workspace/Sources/Web3Core/EthereumNetwork/RequestParameter/RequestParameter+RawRepresentable.swift (in target 'Web3Core' from project 'Web3swift')
cd /Users/admin/builder/spi-builder-workspace/.swiftpm/xcode
builtin-SwiftPerFileCompile RequestParameter+RawRepresentable.swift
SwiftCompile normal arm64_32 /Users/admin/builder/spi-builder-workspace/Sources/Web3Core/EthereumNetwork/RequestParameter/RequestParameter.swift (in target 'Web3Core' from project 'Web3swift')
cd /Users/admin/builder/spi-builder-workspace/.swiftpm/xcode
builtin-SwiftPerFileCompile RequestParameter.swift
SwiftCompile normal arm64_32 /Users/admin/builder/spi-builder-workspace/Sources/Web3Core/EthereumNetwork/Utility/Async+BackwardCapability.swift (in target 'Web3Core' from project 'Web3swift')
cd /Users/admin/builder/spi-builder-workspace/.swiftpm/xcode
builtin-SwiftPerFileCompile Async+BackwardCapability.swift
SwiftCompile normal arm64_32 /Users/admin/builder/spi-builder-workspace/Sources/Web3Core/EthereumNetwork/Utility/HexDecodable+Extensions.swift (in target 'Web3Core' from project 'Web3swift')
cd /Users/admin/builder/spi-builder-workspace/.swiftpm/xcode
builtin-SwiftPerFileCompile HexDecodable+Extensions.swift
SwiftCompile normal arm64_32 /Users/admin/builder/spi-builder-workspace/Sources/Web3Core/EthereumNetwork/Utility/HexDecodableProtocols.swift (in target 'Web3Core' from project 'Web3swift')
cd /Users/admin/builder/spi-builder-workspace/.swiftpm/xcode
builtin-SwiftPerFileCompile HexDecodableProtocols.swift
SwiftCompile normal arm64_32 /Users/admin/builder/spi-builder-workspace/Sources/Web3Core/EthereumNetwork/Utility/IntegerInitableWithRadix.swift (in target 'Web3Core' from project 'Web3swift')
cd /Users/admin/builder/spi-builder-workspace/.swiftpm/xcode
builtin-SwiftPerFileCompile IntegerInitableWithRadix.swift
SwiftDriverJobDiscovery normal arm64_32 Compiling EIP2930Envelope.swift, EnvelopeFactory.swift, LegacyEnvelope.swift, EIP2930Compatible.swift, EthereumBloomFilter.swift, EventfilterParameters.swift, Policies.swift (in target 'Web3Core' from project 'Web3swift')
SwiftCompile normal arm64_32 Compiling\ AbstractKeystore.swift,\ BIP32HDNode.swift,\ BIP32Keystore.swift,\ BIP39+WordLists.swift,\ BIP39.swift,\ BIP44.swift,\ EthereumKeystoreV3.swift,\ EtherscanTransactionChecker.swift /Users/admin/builder/spi-builder-workspace/Sources/Web3Core/KeystoreManager/AbstractKeystore.swift /Users/admin/builder/spi-builder-workspace/Sources/Web3Core/KeystoreManager/BIP32HDNode.swift /Users/admin/builder/spi-builder-workspace/Sources/Web3Core/KeystoreManager/BIP32Keystore.swift /Users/admin/builder/spi-builder-workspace/Sources/Web3Core/KeystoreManager/BIP39+WordLists.swift /Users/admin/builder/spi-builder-workspace/Sources/Web3Core/KeystoreManager/BIP39.swift /Users/admin/builder/spi-builder-workspace/Sources/Web3Core/KeystoreManager/BIP44.swift /Users/admin/builder/spi-builder-workspace/Sources/Web3Core/KeystoreManager/EthereumKeystoreV3.swift /Users/admin/builder/spi-builder-workspace/Sources/Web3Core/KeystoreManager/EtherscanTransactionChecker.swift (in target 'Web3Core' from project 'Web3swift')
SwiftCompile normal arm64_32 /Users/admin/builder/spi-builder-workspace/Sources/Web3Core/KeystoreManager/AbstractKeystore.swift (in target 'Web3Core' from project 'Web3swift')
cd /Users/admin/builder/spi-builder-workspace/.swiftpm/xcode
builtin-SwiftPerFileCompile AbstractKeystore.swift
SwiftCompile normal arm64_32 /Users/admin/builder/spi-builder-workspace/Sources/Web3Core/KeystoreManager/BIP32HDNode.swift (in target 'Web3Core' from project 'Web3swift')
cd /Users/admin/builder/spi-builder-workspace/.swiftpm/xcode
builtin-SwiftPerFileCompile BIP32HDNode.swift
SwiftCompile normal arm64_32 /Users/admin/builder/spi-builder-workspace/Sources/Web3Core/KeystoreManager/BIP32Keystore.swift (in target 'Web3Core' from project 'Web3swift')
cd /Users/admin/builder/spi-builder-workspace/.swiftpm/xcode
builtin-SwiftPerFileCompile BIP32Keystore.swift
SwiftCompile normal arm64_32 /Users/admin/builder/spi-builder-workspace/Sources/Web3Core/KeystoreManager/BIP39+WordLists.swift (in target 'Web3Core' from project 'Web3swift')
cd /Users/admin/builder/spi-builder-workspace/.swiftpm/xcode
builtin-SwiftPerFileCompile BIP39+WordLists.swift
SwiftCompile normal arm64_32 /Users/admin/builder/spi-builder-workspace/Sources/Web3Core/KeystoreManager/BIP39.swift (in target 'Web3Core' from project 'Web3swift')
cd /Users/admin/builder/spi-builder-workspace/.swiftpm/xcode
builtin-SwiftPerFileCompile BIP39.swift
SwiftCompile normal arm64_32 /Users/admin/builder/spi-builder-workspace/Sources/Web3Core/KeystoreManager/BIP44.swift (in target 'Web3Core' from project 'Web3swift')
cd /Users/admin/builder/spi-builder-workspace/.swiftpm/xcode
builtin-SwiftPerFileCompile BIP44.swift
SwiftCompile normal arm64_32 /Users/admin/builder/spi-builder-workspace/Sources/Web3Core/KeystoreManager/EthereumKeystoreV3.swift (in target 'Web3Core' from project 'Web3swift')
cd /Users/admin/builder/spi-builder-workspace/.swiftpm/xcode
builtin-SwiftPerFileCompile EthereumKeystoreV3.swift
SwiftCompile normal arm64_32 /Users/admin/builder/spi-builder-workspace/Sources/Web3Core/KeystoreManager/EtherscanTransactionChecker.swift (in target 'Web3Core' from project 'Web3swift')
cd /Users/admin/builder/spi-builder-workspace/.swiftpm/xcode
builtin-SwiftPerFileCompile EtherscanTransactionChecker.swift
SwiftDriverJobDiscovery normal arm64_32 Compiling IBAN.swift, KeystoreManager.swift, KeystoreParams.swift, PathAddressStorage.swift, PlainKeystore.swift, GasOracle.swift, RLP.swift, Base58.swift (in target 'Web3Core' from project 'Web3swift')
SwiftCompile normal arm64_32 Compiling\ ContractProtocol.swift,\ EthereumContract.swift,\ ABI.swift,\ ABIDecoding.swift,\ ABIElements.swift,\ ABIEncoding.swift,\ ABIError.swift,\ ABIParameterTypes.swift /Users/admin/builder/spi-builder-workspace/Sources/Web3Core/Contract/ContractProtocol.swift /Users/admin/builder/spi-builder-workspace/Sources/Web3Core/Contract/EthereumContract.swift /Users/admin/builder/spi-builder-workspace/Sources/Web3Core/EthereumABI/ABI.swift /Users/admin/builder/spi-builder-workspace/Sources/Web3Core/EthereumABI/ABIDecoding.swift /Users/admin/builder/spi-builder-workspace/Sources/Web3Core/EthereumABI/ABIElements.swift /Users/admin/builder/spi-builder-workspace/Sources/Web3Core/EthereumABI/ABIEncoding.swift /Users/admin/builder/spi-builder-workspace/Sources/Web3Core/EthereumABI/ABIError.swift /Users/admin/builder/spi-builder-workspace/Sources/Web3Core/EthereumABI/ABIParameterTypes.swift (in target 'Web3Core' from project 'Web3swift')
/Users/admin/builder/spi-builder-workspace/Sources/Web3Core/Contract/ContractProtocol.swift:382:56: warning: 'methodEncoding' is deprecated: Please, use 'selectorEncoded' property instead. [#DeprecatedDeclaration]
380 | public func decodeEthError(_ data: Data) -> [String: Any]? {
381 | guard data.count >= 4,
382 | let err = errors.first(where: { $0.value.methodEncoding == data[0..<4] })?.value else {
| |- warning: 'methodEncoding' is deprecated: Please, use 'selectorEncoded' property instead. [#DeprecatedDeclaration]
| `- note: use 'selectorEncoded' instead
383 | return nil
384 | }
/Users/admin/builder/spi-builder-workspace/Sources/Web3Core/EthereumABI/ABIElements.swift:210:16: warning: 'methodEncoding' is deprecated: Please, use 'selectorEncoded' property instead. [#DeprecatedDeclaration]
208 | guard parameters.count == inputs.count,
209 | let data = ABIEncoder.encode(types: inputs, values: parameters) else { return nil }
210 | return methodEncoding + data
| |- warning: 'methodEncoding' is deprecated: Please, use 'selectorEncoded' property instead. [#DeprecatedDeclaration]
| `- note: use 'selectorEncoded' instead
211 | }
212 | }
/Users/admin/builder/spi-builder-workspace/Sources/Web3Core/EthereumABI/ABIElements.swift:375:68: warning: 'methodEncoding' is deprecated: Please, use 'selectorEncoded' property instead. [#DeprecatedDeclaration]
373 | extension ABI.Element.Function {
374 | public func decodeInputData(_ rawData: Data) -> [String: Any]? {
375 | return ABIDecoder.decodeInputData(rawData, methodEncoding: methodEncoding, inputs: inputs)
| |- warning: 'methodEncoding' is deprecated: Please, use 'selectorEncoded' property instead. [#DeprecatedDeclaration]
| `- note: use 'selectorEncoded' instead
376 | }
377 |
/Users/admin/builder/spi-builder-workspace/Sources/Web3Core/EthereumABI/ABIEncoding.swift:468:45: warning: expression implicitly coerced from 'Data?' to 'Any'
466 | return Data(v ? [0b1] : [0b0])
467 | } else if let v = value as? Int {
468 | return ABIEncoder.convertToData(BigInt(exactly: v)?.abiEncode(bits: 256)!)!
| | |- note: provide a default value to avoid this warning
| | |- note: force-unwrap the value to avoid this warning
| | `- note: explicitly cast to 'Any' with 'as Any' to silence this warning
| `- warning: expression implicitly coerced from 'Data?' to 'Any'
469 | } else if let v = value as? Int8 {
470 | return ABIEncoder.convertToData(BigInt(exactly: v)?.abiEncode(bits: 8))!
/Users/admin/builder/spi-builder-workspace/Sources/Web3Core/EthereumABI/ABIEncoding.swift:470:45: warning: expression implicitly coerced from 'Data?' to 'Any'
468 | return ABIEncoder.convertToData(BigInt(exactly: v)?.abiEncode(bits: 256)!)!
469 | } else if let v = value as? Int8 {
470 | return ABIEncoder.convertToData(BigInt(exactly: v)?.abiEncode(bits: 8))!
| | |- note: provide a default value to avoid this warning
| | |- note: force-unwrap the value to avoid this warning
| | `- note: explicitly cast to 'Any' with 'as Any' to silence this warning
| `- warning: expression implicitly coerced from 'Data?' to 'Any'
471 | } else if let v = value as? Int16 {
472 | return ABIEncoder.convertToData(BigInt(exactly: v)?.abiEncode(bits: 16)!)!
/Users/admin/builder/spi-builder-workspace/Sources/Web3Core/EthereumABI/ABIEncoding.swift:472:45: warning: expression implicitly coerced from 'Data?' to 'Any'
470 | return ABIEncoder.convertToData(BigInt(exactly: v)?.abiEncode(bits: 8))!
471 | } else if let v = value as? Int16 {
472 | return ABIEncoder.convertToData(BigInt(exactly: v)?.abiEncode(bits: 16)!)!
| | |- note: provide a default value to avoid this warning
| | |- note: force-unwrap the value to avoid this warning
| | `- note: explicitly cast to 'Any' with 'as Any' to silence this warning
| `- warning: expression implicitly coerced from 'Data?' to 'Any'
473 | } else if let v = value as? Int32 {
474 | return ABIEncoder.convertToData(BigInt(exactly: v)?.abiEncode(bits: 32)!)!
/Users/admin/builder/spi-builder-workspace/Sources/Web3Core/EthereumABI/ABIEncoding.swift:474:45: warning: expression implicitly coerced from 'Data?' to 'Any'
472 | return ABIEncoder.convertToData(BigInt(exactly: v)?.abiEncode(bits: 16)!)!
473 | } else if let v = value as? Int32 {
474 | return ABIEncoder.convertToData(BigInt(exactly: v)?.abiEncode(bits: 32)!)!
| | |- note: provide a default value to avoid this warning
| | |- note: force-unwrap the value to avoid this warning
| | `- note: explicitly cast to 'Any' with 'as Any' to silence this warning
| `- warning: expression implicitly coerced from 'Data?' to 'Any'
475 | } else if let v = value as? Int64 {
476 | return ABIEncoder.convertToData(BigInt(exactly: v)?.abiEncode(bits: 64)!)!
/Users/admin/builder/spi-builder-workspace/Sources/Web3Core/EthereumABI/ABIEncoding.swift:476:45: warning: expression implicitly coerced from 'Data?' to 'Any'
474 | return ABIEncoder.convertToData(BigInt(exactly: v)?.abiEncode(bits: 32)!)!
475 | } else if let v = value as? Int64 {
476 | return ABIEncoder.convertToData(BigInt(exactly: v)?.abiEncode(bits: 64)!)!
| | |- note: provide a default value to avoid this warning
| | |- note: force-unwrap the value to avoid this warning
| | `- note: explicitly cast to 'Any' with 'as Any' to silence this warning
| `- warning: expression implicitly coerced from 'Data?' to 'Any'
477 | } else if let v = value as? UInt {
478 | return ABIEncoder.convertToData(BigUInt(exactly: v)?.abiEncode(bits: 256)!)!
/Users/admin/builder/spi-builder-workspace/Sources/Web3Core/EthereumABI/ABIEncoding.swift:478:45: warning: expression implicitly coerced from 'Data?' to 'Any'
476 | return ABIEncoder.convertToData(BigInt(exactly: v)?.abiEncode(bits: 64)!)!
477 | } else if let v = value as? UInt {
478 | return ABIEncoder.convertToData(BigUInt(exactly: v)?.abiEncode(bits: 256)!)!
| | |- note: provide a default value to avoid this warning
| | |- note: force-unwrap the value to avoid this warning
| | `- note: explicitly cast to 'Any' with 'as Any' to silence this warning
| `- warning: expression implicitly coerced from 'Data?' to 'Any'
479 | } else if let v = value as? UInt8 {
480 | return ABIEncoder.convertToData(BigUInt(exactly: v)?.abiEncode(bits: 8)!)!
/Users/admin/builder/spi-builder-workspace/Sources/Web3Core/EthereumABI/ABIEncoding.swift:480:45: warning: expression implicitly coerced from 'Data?' to 'Any'
478 | return ABIEncoder.convertToData(BigUInt(exactly: v)?.abiEncode(bits: 256)!)!
479 | } else if let v = value as? UInt8 {
480 | return ABIEncoder.convertToData(BigUInt(exactly: v)?.abiEncode(bits: 8)!)!
| | |- note: provide a default value to avoid this warning
| | |- note: force-unwrap the value to avoid this warning
| | `- note: explicitly cast to 'Any' with 'as Any' to silence this warning
| `- warning: expression implicitly coerced from 'Data?' to 'Any'
481 | } else if let v = value as? UInt16 {
482 | return ABIEncoder.convertToData(BigUInt(exactly: v)?.abiEncode(bits: 16)!)!
SwiftCompile normal arm64_32 /Users/admin/builder/spi-builder-workspace/Sources/Web3Core/Contract/ContractProtocol.swift (in target 'Web3Core' from project 'Web3swift')
cd /Users/admin/builder/spi-builder-workspace/.swiftpm/xcode
builtin-SwiftPerFileCompile ContractProtocol.swift
SwiftCompile normal arm64_32 /Users/admin/builder/spi-builder-workspace/Sources/Web3Core/Contract/EthereumContract.swift (in target 'Web3Core' from project 'Web3swift')
cd /Users/admin/builder/spi-builder-workspace/.swiftpm/xcode
builtin-SwiftPerFileCompile EthereumContract.swift
SwiftCompile normal arm64_32 /Users/admin/builder/spi-builder-workspace/Sources/Web3Core/EthereumABI/ABI.swift (in target 'Web3Core' from project 'Web3swift')
cd /Users/admin/builder/spi-builder-workspace/.swiftpm/xcode
builtin-SwiftPerFileCompile ABI.swift
SwiftCompile normal arm64_32 /Users/admin/builder/spi-builder-workspace/Sources/Web3Core/EthereumABI/ABIDecoding.swift (in target 'Web3Core' from project 'Web3swift')
cd /Users/admin/builder/spi-builder-workspace/.swiftpm/xcode
builtin-SwiftPerFileCompile ABIDecoding.swift
SwiftCompile normal arm64_32 /Users/admin/builder/spi-builder-workspace/Sources/Web3Core/EthereumABI/ABIElements.swift (in target 'Web3Core' from project 'Web3swift')
cd /Users/admin/builder/spi-builder-workspace/.swiftpm/xcode
builtin-SwiftPerFileCompile ABIElements.swift
SwiftCompile normal arm64_32 /Users/admin/builder/spi-builder-workspace/Sources/Web3Core/EthereumABI/ABIEncoding.swift (in target 'Web3Core' from project 'Web3swift')
cd /Users/admin/builder/spi-builder-workspace/.swiftpm/xcode
builtin-SwiftPerFileCompile ABIEncoding.swift
SwiftCompile normal arm64_32 /Users/admin/builder/spi-builder-workspace/Sources/Web3Core/EthereumABI/ABIError.swift (in target 'Web3Core' from project 'Web3swift')
cd /Users/admin/builder/spi-builder-workspace/.swiftpm/xcode
builtin-SwiftPerFileCompile ABIError.swift
SwiftCompile normal arm64_32 /Users/admin/builder/spi-builder-workspace/Sources/Web3Core/EthereumABI/ABIParameterTypes.swift (in target 'Web3Core' from project 'Web3swift')
cd /Users/admin/builder/spi-builder-workspace/.swiftpm/xcode
builtin-SwiftPerFileCompile ABIParameterTypes.swift
/Users/admin/builder/spi-builder-workspace/Sources/Web3Core/EthereumABI/ABIEncoding.swift:482:45: warning: expression implicitly coerced from 'Data?' to 'Any'
480 | return ABIEncoder.convertToData(BigUInt(exactly: v)?.abiEncode(bits: 8)!)!
481 | } else if let v = value as? UInt16 {
482 | return ABIEncoder.convertToData(BigUInt(exactly: v)?.abiEncode(bits: 16)!)!
| | |- note: provide a default value to avoid this warning
| | |- note: force-unwrap the value to avoid this warning
| | `- note: explicitly cast to 'Any' with 'as Any' to silence this warning
| `- warning: expression implicitly coerced from 'Data?' to 'Any'
483 | } else if let v = value as? UInt32 {
484 | return ABIEncoder.convertToData(BigUInt(exactly: v)?.abiEncode(bits: 32)!)!
/Users/admin/builder/spi-builder-workspace/Sources/Web3Core/EthereumABI/ABIEncoding.swift:484:45: warning: expression implicitly coerced from 'Data?' to 'Any'
482 | return ABIEncoder.convertToData(BigUInt(exactly: v)?.abiEncode(bits: 16)!)!
483 | } else if let v = value as? UInt32 {
484 | return ABIEncoder.convertToData(BigUInt(exactly: v)?.abiEncode(bits: 32)!)!
| | |- note: provide a default value to avoid this warning
| | |- note: force-unwrap the value to avoid this warning
| | `- note: explicitly cast to 'Any' with 'as Any' to silence this warning
| `- warning: expression implicitly coerced from 'Data?' to 'Any'
485 | } else if let v = value as? UInt64 {
486 | return ABIEncoder.convertToData(BigUInt(exactly: v)?.abiEncode(bits: 64)!)!
SwiftDriverJobDiscovery normal arm64_32 Compiling APIRequestParameterType.swift, RequestParameter+Encodable.swift, RequestParameter+RawRepresentable.swift, RequestParameter.swift, Async+BackwardCapability.swift, HexDecodable+Extensions.swift, HexDecodableProtocols.swift, IntegerInitableWithRadix.swift (in target 'Web3Core' from project 'Web3swift')
SwiftCompile normal arm64_32 Compiling\ Block.swift,\ BlockNumber.swift,\ Event+Protocol.swift,\ EventLog.swift,\ SECP256k1.swift,\ TransactionDetails.swift,\ TransactionInBlock.swift,\ TransactionReceipt.swift /Users/admin/builder/spi-builder-workspace/Sources/Web3Core/Structure/Block/Block.swift /Users/admin/builder/spi-builder-workspace/Sources/Web3Core/Structure/Block/BlockNumber.swift /Users/admin/builder/spi-builder-workspace/Sources/Web3Core/Structure/Event+Protocol.swift /Users/admin/builder/spi-builder-workspace/Sources/Web3Core/Structure/EventLog/EventLog.swift /Users/admin/builder/spi-builder-workspace/Sources/Web3Core/Structure/SECP256k1.swift /Users/admin/builder/spi-builder-workspace/Sources/Web3Core/Structure/Transaction/TransactionDetails.swift /Users/admin/builder/spi-builder-workspace/Sources/Web3Core/Structure/Transaction/TransactionInBlock.swift /Users/admin/builder/spi-builder-workspace/Sources/Web3Core/Structure/Transaction/TransactionReceipt.swift (in target 'Web3Core' from project 'Web3swift')
SwiftCompile normal arm64_32 /Users/admin/builder/spi-builder-workspace/Sources/Web3Core/Structure/Block/Block.swift (in target 'Web3Core' from project 'Web3swift')
cd /Users/admin/builder/spi-builder-workspace/.swiftpm/xcode
builtin-SwiftPerFileCompile Block.swift
SwiftCompile normal arm64_32 /Users/admin/builder/spi-builder-workspace/Sources/Web3Core/Structure/Block/BlockNumber.swift (in target 'Web3Core' from project 'Web3swift')
cd /Users/admin/builder/spi-builder-workspace/.swiftpm/xcode
builtin-SwiftPerFileCompile BlockNumber.swift
SwiftCompile normal arm64_32 /Users/admin/builder/spi-builder-workspace/Sources/Web3Core/Structure/Event+Protocol.swift (in target 'Web3Core' from project 'Web3swift')
cd /Users/admin/builder/spi-builder-workspace/.swiftpm/xcode
builtin-SwiftPerFileCompile Event+Protocol.swift
SwiftCompile normal arm64_32 /Users/admin/builder/spi-builder-workspace/Sources/Web3Core/Structure/EventLog/EventLog.swift (in target 'Web3Core' from project 'Web3swift')
cd /Users/admin/builder/spi-builder-workspace/.swiftpm/xcode
builtin-SwiftPerFileCompile EventLog.swift
SwiftCompile normal arm64_32 /Users/admin/builder/spi-builder-workspace/Sources/Web3Core/Structure/SECP256k1.swift (in target 'Web3Core' from project 'Web3swift')
cd /Users/admin/builder/spi-builder-workspace/.swiftpm/xcode
builtin-SwiftPerFileCompile SECP256k1.swift
SwiftCompile normal arm64_32 /Users/admin/builder/spi-builder-workspace/Sources/Web3Core/Structure/Transaction/TransactionDetails.swift (in target 'Web3Core' from project 'Web3swift')
cd /Users/admin/builder/spi-builder-workspace/.swiftpm/xcode
builtin-SwiftPerFileCompile TransactionDetails.swift
SwiftCompile normal arm64_32 /Users/admin/builder/spi-builder-workspace/Sources/Web3Core/Structure/Transaction/TransactionInBlock.swift (in target 'Web3Core' from project 'Web3swift')
cd /Users/admin/builder/spi-builder-workspace/.swiftpm/xcode
builtin-SwiftPerFileCompile TransactionInBlock.swift
SwiftCompile normal arm64_32 /Users/admin/builder/spi-builder-workspace/Sources/Web3Core/Structure/Transaction/TransactionReceipt.swift (in target 'Web3Core' from project 'Web3swift')
cd /Users/admin/builder/spi-builder-workspace/.swiftpm/xcode
builtin-SwiftPerFileCompile TransactionReceipt.swift
SwiftCompile normal arm64 Compiling\ IBAN.swift,\ KeystoreManager.swift,\ KeystoreParams.swift,\ PathAddressStorage.swift,\ PlainKeystore.swift,\ GasOracle.swift,\ RLP.swift,\ Base58.swift /Users/admin/builder/spi-builder-workspace/Sources/Web3Core/KeystoreManager/IBAN.swift /Users/admin/builder/spi-builder-workspace/Sources/Web3Core/KeystoreManager/KeystoreManager.swift /Users/admin/builder/spi-builder-workspace/Sources/Web3Core/KeystoreManager/KeystoreParams.swift /Users/admin/builder/spi-builder-workspace/Sources/Web3Core/KeystoreManager/PathAddressStorage.swift /Users/admin/builder/spi-builder-workspace/Sources/Web3Core/KeystoreManager/PlainKeystore.swift /Users/admin/builder/spi-builder-workspace/Sources/Web3Core/Oracle/GasOracle.swift /Users/admin/builder/spi-builder-workspace/Sources/Web3Core/RLP/RLP.swift /Users/admin/builder/spi-builder-workspace/Sources/Web3Core/Structure/Base58.swift (in target 'Web3Core' from project 'Web3swift')
SwiftCompile normal arm64 /Users/admin/builder/spi-builder-workspace/Sources/Web3Core/KeystoreManager/IBAN.swift (in target 'Web3Core' from project 'Web3swift')
cd /Users/admin/builder/spi-builder-workspace/.swiftpm/xcode
builtin-SwiftPerFileCompile IBAN.swift
SwiftCompile normal arm64 /Users/admin/builder/spi-builder-workspace/Sources/Web3Core/KeystoreManager/KeystoreManager.swift (in target 'Web3Core' from project 'Web3swift')
cd /Users/admin/builder/spi-builder-workspace/.swiftpm/xcode
builtin-SwiftPerFileCompile KeystoreManager.swift
SwiftCompile normal arm64 /Users/admin/builder/spi-builder-workspace/Sources/Web3Core/KeystoreManager/KeystoreParams.swift (in target 'Web3Core' from project 'Web3swift')
cd /Users/admin/builder/spi-builder-workspace/.swiftpm/xcode
builtin-SwiftPerFileCompile KeystoreParams.swift
SwiftCompile normal arm64 /Users/admin/builder/spi-builder-workspace/Sources/Web3Core/KeystoreManager/PathAddressStorage.swift (in target 'Web3Core' from project 'Web3swift')
cd /Users/admin/builder/spi-builder-workspace/.swiftpm/xcode
builtin-SwiftPerFileCompile PathAddressStorage.swift
SwiftCompile normal arm64 /Users/admin/builder/spi-builder-workspace/Sources/Web3Core/KeystoreManager/PlainKeystore.swift (in target 'Web3Core' from project 'Web3swift')
cd /Users/admin/builder/spi-builder-workspace/.swiftpm/xcode
builtin-SwiftPerFileCompile PlainKeystore.swift
SwiftCompile normal arm64 /Users/admin/builder/spi-builder-workspace/Sources/Web3Core/Oracle/GasOracle.swift (in target 'Web3Core' from project 'Web3swift')
cd /Users/admin/builder/spi-builder-workspace/.swiftpm/xcode
builtin-SwiftPerFileCompile GasOracle.swift
SwiftCompile normal arm64 /Users/admin/builder/spi-builder-workspace/Sources/Web3Core/RLP/RLP.swift (in target 'Web3Core' from project 'Web3swift')
cd /Users/admin/builder/spi-builder-workspace/.swiftpm/xcode
builtin-SwiftPerFileCompile RLP.swift
SwiftCompile normal arm64 /Users/admin/builder/spi-builder-workspace/Sources/Web3Core/Structure/Base58.swift (in target 'Web3Core' from project 'Web3swift')
cd /Users/admin/builder/spi-builder-workspace/.swiftpm/xcode
builtin-SwiftPerFileCompile Base58.swift
SwiftDriverJobDiscovery normal arm64 Compiling ABIParsing.swift, ABITypeParser.swift, Sequence+ABIExtension.swift, EthereumAddress.swift, APIRequest+ComputedProperties.swift, APIRequest+Methods.swift, APIRequest+UtilityTypes.swift, APIRequest.swift (in target 'Web3Core' from project 'Web3swift')
SwiftDriverJobDiscovery normal arm64 Compiling AbstractKeystore.swift, BIP32HDNode.swift, BIP32Keystore.swift, BIP39+WordLists.swift, BIP39.swift, BIP44.swift, EthereumKeystoreV3.swift, EtherscanTransactionChecker.swift (in target 'Web3Core' from project 'Web3swift')
SwiftDriver\ Compilation CryptoSwift normal arm64_32 com.apple.xcode.tools.swift.compiler (in target 'CryptoSwift' from project 'CryptoSwift')
cd /Users/admin/builder/spi-builder-workspace/.swiftpm/xcode
builtin-Swift-Compilation -- /Applications/Xcode-27.0.0-Release.Candidate.app/Contents/Developer/Toolchains/XcodeDefault.xctoolchain/usr/bin/swiftc -parse-as-library -module-name CryptoSwift -Onone @/Users/admin/builder/spi-builder-workspace/.derivedData/Build/Intermediates.noindex/CryptoSwift.build/Debug-watchos/CryptoSwift-t.build/Objects-normal/arm64_32/CryptoSwift.SwiftFileList -DSWIFT_PACKAGE -DDEBUG -DSWIFT_MODULE_RESOURCE_BUNDLE_UNAVAILABLE -DXcode -plugin-path /Applications/Xcode-27.0.0-Release.Candidate.app/Contents/Developer/Toolchains/XcodeDefault.xctoolchain/usr/lib/swift/host/plugins/testing -enable-experimental-feature DebugDescriptionMacro -sdk /Applications/Xcode-27.0.0-Release.Candidate.app/Contents/Developer/Platforms/WatchOS.platform/Developer/SDKs/WatchOS27.0.sdk -target arm64_32-apple-watchos9.0 -g -module-cache-path /Users/admin/builder/spi-builder-workspace/.derivedData/ModuleCache.noindex -Xfrontend -serialize-debugging-options -profile-coverage-mapping -profile-generate -enable-testing -suppress-warnings -index-store-path /Users/admin/builder/spi-builder-workspace/.derivedData/Index.noindex/DataStore -Xcc -D_LIBCPP_HARDENING_MODE\=_LIBCPP_HARDENING_MODE_DEBUG -swift-version 5 -I /Users/admin/builder/spi-builder-workspace/.derivedData/Build/Products/Debug-watchos -Isystem /Applications/Xcode-27.0.0-Release.Candidate.app/Contents/Developer/Platforms/WatchOS.platform/Developer/usr/lib -F /Users/admin/builder/spi-builder-workspace/.derivedData/Build/Products/Debug-watchos/PackageFrameworks -F /Users/admin/builder/spi-builder-workspace/.derivedData/Build/Products/Debug-watchos -F /Applications/Xcode-27.0.0-Release.Candidate.app/Contents/Developer/Platforms/WatchOS.platform/Developer/Library/Frameworks -F /Applications/Xcode-27.0.0-Release.Candidate.app/Contents/Developer/Platforms/WatchOS.platform/Developer/SDKs/WatchOS27.0.sdk/Developer/Library/Frameworks -c -j10 -enable-batch-mode -incremental -Xcc -ivfsstatcache -Xcc /Users/admin/builder/spi-builder-workspace/.derivedData/SDKStatCaches.noindex/watchos27.0-24R360-e829b21a6f8c9b70876ba0858053c04477534ef55a1706bf4c1112bbb242f0a2.sdkstatcache -output-file-map /Users/admin/builder/spi-builder-workspace/.derivedData/Build/Intermediates.noindex/CryptoSwift.build/Debug-watchos/CryptoSwift-t.build/Objects-normal/arm64_32/CryptoSwift-OutputFileMap.json -save-temps -no-color-diagnostics -explicit-module-build -module-cache-path /Users/admin/builder/spi-builder-workspace/.derivedData/Build/Intermediates.noindex/SwiftExplicitPrecompiledModules -clang-scanner-module-cache-path /Users/admin/builder/spi-builder-workspace/.derivedData/ModuleCache.noindex -sdk-module-cache-path /Users/admin/builder/spi-builder-workspace/.derivedData/SDKExplicitPrecompiledModules -emit-dependencies -emit-module -emit-module-path /Users/admin/builder/spi-builder-workspace/.derivedData/Build/Intermediates.noindex/CryptoSwift.build/Debug-watchos/CryptoSwift-t.build/Objects-normal/arm64_32/CryptoSwift.swiftmodule -serialize-diagnostics -dependency-scan-serialize-diagnostics-path /Users/admin/builder/spi-builder-workspace/.derivedData/Build/Intermediates.noindex/CryptoSwift.build/Debug-watchos/CryptoSwift-t.build/Objects-normal/arm64_32/CryptoSwift-dependency-scan.dia -validate-clang-modules-once -clang-build-session-file /Users/admin/builder/spi-builder-workspace/.derivedData/ModuleCache.noindex/Session.modulevalidation -Xcc -fmodules-prune-interval\=86400 -Xcc -fmodules-prune-after\=345600 -emit-const-values -const-gather-protocols-list /Users/admin/builder/spi-builder-workspace/.derivedData/Build/Intermediates.noindex/CryptoSwift.build/Debug-watchos/CryptoSwift-t.build/Objects-normal/arm64_32/CryptoSwift_const_extract_protocols.json -Xcc -I/Users/admin/builder/spi-builder-workspace/.derivedData/Build/Products/Debug-watchos/include -Xcc -I/Users/admin/builder/spi-builder-workspace/.derivedData/Build/Intermediates.noindex/CryptoSwift.build/Debug-watchos/CryptoSwift-t.build/DerivedSources-normal/arm64_32 -Xcc -I/Users/admin/builder/spi-builder-workspace/.derivedData/Build/Intermediates.noindex/CryptoSwift.build/Debug-watchos/CryptoSwift-t.build/DerivedSources/arm64_32 -Xcc -I/Users/admin/builder/spi-builder-workspace/.derivedData/Build/Intermediates.noindex/CryptoSwift.build/Debug-watchos/CryptoSwift-t.build/DerivedSources -Xcc -DSWIFT_PACKAGE -Xcc -DDEBUG\=1 -emit-objc-header -emit-objc-header-path /Users/admin/builder/spi-builder-workspace/.derivedData/Build/Intermediates.noindex/CryptoSwift.build/Debug-watchos/CryptoSwift-t.build/Objects-normal/arm64_32/CryptoSwift-Swift.h -working-directory /Users/admin/builder/spi-builder-workspace/.swiftpm/xcode -experimental-emit-module-separately -disable-cmo
SwiftDriver\ Compilation CryptoSwift normal arm64 com.apple.xcode.tools.swift.compiler (in target 'CryptoSwift' from project 'CryptoSwift')
cd /Users/admin/builder/spi-builder-workspace/.swiftpm/xcode
builtin-Swift-Compilation -- /Applications/Xcode-27.0.0-Release.Candidate.app/Contents/Developer/Toolchains/XcodeDefault.xctoolchain/usr/bin/swiftc -parse-as-library -module-name CryptoSwift -Onone @/Users/admin/builder/spi-builder-workspace/.derivedData/Build/Intermediates.noindex/CryptoSwift.build/Debug-watchos/CryptoSwift-t.build/Objects-normal/arm64/CryptoSwift.SwiftFileList -DSWIFT_PACKAGE -DDEBUG -DSWIFT_MODULE_RESOURCE_BUNDLE_UNAVAILABLE -DXcode -plugin-path /Applications/Xcode-27.0.0-Release.Candidate.app/Contents/Developer/Toolchains/XcodeDefault.xctoolchain/usr/lib/swift/host/plugins/testing -enable-experimental-feature DebugDescriptionMacro -sdk /Applications/Xcode-27.0.0-Release.Candidate.app/Contents/Developer/Platforms/WatchOS.platform/Developer/SDKs/WatchOS27.0.sdk -target arm64-apple-watchos9.0 -g -module-cache-path /Users/admin/builder/spi-builder-workspace/.derivedData/ModuleCache.noindex -Xfrontend -serialize-debugging-options -profile-coverage-mapping -profile-generate -enable-testing -suppress-warnings -index-store-path /Users/admin/builder/spi-builder-workspace/.derivedData/Index.noindex/DataStore -Xcc -D_LIBCPP_HARDENING_MODE\=_LIBCPP_HARDENING_MODE_DEBUG -swift-version 5 -I /Users/admin/builder/spi-builder-workspace/.derivedData/Build/Products/Debug-watchos -Isystem /Applications/Xcode-27.0.0-Release.Candidate.app/Contents/Developer/Platforms/WatchOS.platform/Developer/usr/lib -F /Users/admin/builder/spi-builder-workspace/.derivedData/Build/Products/Debug-watchos/PackageFrameworks -F /Users/admin/builder/spi-builder-workspace/.derivedData/Build/Products/Debug-watchos -F /Applications/Xcode-27.0.0-Release.Candidate.app/Contents/Developer/Platforms/WatchOS.platform/Developer/Library/Frameworks -F /Applications/Xcode-27.0.0-Release.Candidate.app/Contents/Developer/Platforms/WatchOS.platform/Developer/SDKs/WatchOS27.0.sdk/Developer/Library/Frameworks -c -j10 -enable-batch-mode -incremental -Xcc -ivfsstatcache -Xcc /Users/admin/builder/spi-builder-workspace/.derivedData/SDKStatCaches.noindex/watchos27.0-24R360-e829b21a6f8c9b70876ba0858053c04477534ef55a1706bf4c1112bbb242f0a2.sdkstatcache -output-file-map /Users/admin/builder/spi-builder-workspace/.derivedData/Build/Intermediates.noindex/CryptoSwift.build/Debug-watchos/CryptoSwift-t.build/Objects-normal/arm64/CryptoSwift-OutputFileMap.json -save-temps -no-color-diagnostics -explicit-module-build -module-cache-path /Users/admin/builder/spi-builder-workspace/.derivedData/Build/Intermediates.noindex/SwiftExplicitPrecompiledModules -clang-scanner-module-cache-path /Users/admin/builder/spi-builder-workspace/.derivedData/ModuleCache.noindex -sdk-module-cache-path /Users/admin/builder/spi-builder-workspace/.derivedData/SDKExplicitPrecompiledModules -emit-dependencies -emit-module -emit-module-path /Users/admin/builder/spi-builder-workspace/.derivedData/Build/Intermediates.noindex/CryptoSwift.build/Debug-watchos/CryptoSwift-t.build/Objects-normal/arm64/CryptoSwift.swiftmodule -serialize-diagnostics -dependency-scan-serialize-diagnostics-path /Users/admin/builder/spi-builder-workspace/.derivedData/Build/Intermediates.noindex/CryptoSwift.build/Debug-watchos/CryptoSwift-t.build/Objects-normal/arm64/CryptoSwift-dependency-scan.dia -validate-clang-modules-once -clang-build-session-file /Users/admin/builder/spi-builder-workspace/.derivedData/ModuleCache.noindex/Session.modulevalidation -Xcc -fmodules-prune-interval\=86400 -Xcc -fmodules-prune-after\=345600 -emit-const-values -const-gather-protocols-list /Users/admin/builder/spi-builder-workspace/.derivedData/Build/Intermediates.noindex/CryptoSwift.build/Debug-watchos/CryptoSwift-t.build/Objects-normal/arm64/CryptoSwift_const_extract_protocols.json -Xcc -I/Users/admin/builder/spi-builder-workspace/.derivedData/Build/Products/Debug-watchos/include -Xcc -I/Users/admin/builder/spi-builder-workspace/.derivedData/Build/Intermediates.noindex/CryptoSwift.build/Debug-watchos/CryptoSwift-t.build/DerivedSources-normal/arm64 -Xcc -I/Users/admin/builder/spi-builder-workspace/.derivedData/Build/Intermediates.noindex/CryptoSwift.build/Debug-watchos/CryptoSwift-t.build/DerivedSources/arm64 -Xcc -I/Users/admin/builder/spi-builder-workspace/.derivedData/Build/Intermediates.noindex/CryptoSwift.build/Debug-watchos/CryptoSwift-t.build/DerivedSources -Xcc -DSWIFT_PACKAGE -Xcc -DDEBUG\=1 -emit-objc-header -emit-objc-header-path /Users/admin/builder/spi-builder-workspace/.derivedData/Build/Intermediates.noindex/CryptoSwift.build/Debug-watchos/CryptoSwift-t.build/Objects-normal/arm64/CryptoSwift-Swift.h -working-directory /Users/admin/builder/spi-builder-workspace/.swiftpm/xcode -experimental-emit-module-separately -disable-cmo
Ld /Users/admin/builder/spi-builder-workspace/.derivedData/Build/Intermediates.noindex/CryptoSwift.build/Debug-watchos/CryptoSwift-t.build/Objects-normal/arm64_32/Binary/CryptoSwift.o normal arm64_32 (in target 'CryptoSwift' from project 'CryptoSwift')
cd /Users/admin/builder/spi-builder-workspace/.dependencies/checkouts/CryptoSwift
/Applications/Xcode-27.0.0-Release.Candidate.app/Contents/Developer/Toolchains/XcodeDefault.xctoolchain/usr/bin/clang -Xlinker -reproducible -target arm64_32-apple-watchos9.0 -r -isysroot /Applications/Xcode-27.0.0-Release.Candidate.app/Contents/Developer/Platforms/WatchOS.platform/Developer/SDKs/WatchOS27.0.sdk -O0 -w -Xlinker -no_warn_duplicate_libraries -F/Users/admin/builder/spi-builder-workspace/.derivedData/Build/Intermediates.noindex/EagerLinkingTBDs/Debug-watchos -F/Users/admin/builder/spi-builder-workspace/.derivedData/Build/Products/Debug-watchos/PackageFrameworks -F/Users/admin/builder/spi-builder-workspace/.derivedData/Build/Products/Debug-watchos -iframework /Applications/Xcode-27.0.0-Release.Candidate.app/Contents/Developer/Platforms/WatchOS.platform/Developer/Library/Frameworks -iframework /Applications/Xcode-27.0.0-Release.Candidate.app/Contents/Developer/Platforms/WatchOS.platform/Developer/SDKs/WatchOS27.0.sdk/Developer/Library/Frameworks -filelist /Users/admin/builder/spi-builder-workspace/.derivedData/Build/Intermediates.noindex/CryptoSwift.build/Debug-watchos/CryptoSwift-t.build/Objects-normal/arm64_32/CryptoSwift.LinkFileList -nostdlib -Xlinker -object_path_lto -Xlinker /Users/admin/builder/spi-builder-workspace/.derivedData/Build/Intermediates.noindex/CryptoSwift.build/Debug-watchos/CryptoSwift-t.build/Objects-normal/arm64_32/CryptoSwift_lto.o -Xlinker -no_deduplicate -Xlinker -debug_variant -Xlinker -dependency_info -Xlinker /Users/admin/builder/spi-builder-workspace/.derivedData/Build/Intermediates.noindex/CryptoSwift.build/Debug-watchos/CryptoSwift-t.build/Objects-normal/arm64_32/CryptoSwift_dependency_info.dat -fobjc-link-runtime -L/Applications/Xcode-27.0.0-Release.Candidate.app/Contents/Developer/Toolchains/XcodeDefault.xctoolchain/usr/lib/swift/watchos -L/usr/lib/swift -Xlinker -add_ast_path -Xlinker /Users/admin/builder/spi-builder-workspace/.derivedData/Build/Intermediates.noindex/CryptoSwift.build/Debug-watchos/CryptoSwift-t.build/Objects-normal/arm64_32/CryptoSwift.swiftmodule -o /Users/admin/builder/spi-builder-workspace/.derivedData/Build/Intermediates.noindex/CryptoSwift.build/Debug-watchos/CryptoSwift-t.build/Objects-normal/arm64_32/Binary/CryptoSwift.o
Ld /Users/admin/builder/spi-builder-workspace/.derivedData/Build/Intermediates.noindex/CryptoSwift.build/Debug-watchos/CryptoSwift-t.build/Objects-normal/arm64/Binary/CryptoSwift.o normal arm64 (in target 'CryptoSwift' from project 'CryptoSwift')
cd /Users/admin/builder/spi-builder-workspace/.dependencies/checkouts/CryptoSwift
/Applications/Xcode-27.0.0-Release.Candidate.app/Contents/Developer/Toolchains/XcodeDefault.xctoolchain/usr/bin/clang -Xlinker -reproducible -target arm64-apple-watchos9.0 -r -isysroot /Applications/Xcode-27.0.0-Release.Candidate.app/Contents/Developer/Platforms/WatchOS.platform/Developer/SDKs/WatchOS27.0.sdk -O0 -w -Xlinker -no_warn_duplicate_libraries -F/Users/admin/builder/spi-builder-workspace/.derivedData/Build/Intermediates.noindex/EagerLinkingTBDs/Debug-watchos -F/Users/admin/builder/spi-builder-workspace/.derivedData/Build/Products/Debug-watchos/PackageFrameworks -F/Users/admin/builder/spi-builder-workspace/.derivedData/Build/Products/Debug-watchos -iframework /Applications/Xcode-27.0.0-Release.Candidate.app/Contents/Developer/Platforms/WatchOS.platform/Developer/Library/Frameworks -iframework /Applications/Xcode-27.0.0-Release.Candidate.app/Contents/Developer/Platforms/WatchOS.platform/Developer/SDKs/WatchOS27.0.sdk/Developer/Library/Frameworks -filelist /Users/admin/builder/spi-builder-workspace/.derivedData/Build/Intermediates.noindex/CryptoSwift.build/Debug-watchos/CryptoSwift-t.build/Objects-normal/arm64/CryptoSwift.LinkFileList -nostdlib -Xlinker -object_path_lto -Xlinker /Users/admin/builder/spi-builder-workspace/.derivedData/Build/Intermediates.noindex/CryptoSwift.build/Debug-watchos/CryptoSwift-t.build/Objects-normal/arm64/CryptoSwift_lto.o -Xlinker -no_deduplicate -Xlinker -debug_variant -Xlinker -dependency_info -Xlinker /Users/admin/builder/spi-builder-workspace/.derivedData/Build/Intermediates.noindex/CryptoSwift.build/Debug-watchos/CryptoSwift-t.build/Objects-normal/arm64/CryptoSwift_dependency_info.dat -fobjc-link-runtime -L/Applications/Xcode-27.0.0-Release.Candidate.app/Contents/Developer/Toolchains/XcodeDefault.xctoolchain/usr/lib/swift/watchos -L/usr/lib/swift -Xlinker -add_ast_path -Xlinker /Users/admin/builder/spi-builder-workspace/.derivedData/Build/Intermediates.noindex/CryptoSwift.build/Debug-watchos/CryptoSwift-t.build/Objects-normal/arm64/CryptoSwift.swiftmodule -o /Users/admin/builder/spi-builder-workspace/.derivedData/Build/Intermediates.noindex/CryptoSwift.build/Debug-watchos/CryptoSwift-t.build/Objects-normal/arm64/Binary/CryptoSwift.o
SwiftDriverJobDiscovery normal arm64 Compiling TxPoolContent.swift, TxPoolStatus.swift, Web3ProviderProtocol.swift, CodableTransaction.swift, AbstractEnvelope.swift, EIP1559Envelope.swift, EIP2718Envelope.swift (in target 'Web3Core' from project 'Web3swift')
SwiftDriverJobDiscovery normal arm64 Compiling Encodable+Extensions.swift, NSRegularExpression+Extension.swift, NativeTypesEncoding+Extension.swift, RIPEMD160+StackOveflow.swift, String+Extension.swift, Utilities.swift, Web3Error.swift (in target 'Web3Core' from project 'Web3swift')
SwiftDriver web3swift normal arm64_32 com.apple.xcode.tools.swift.compiler (in target 'web3swift' from project 'Web3swift')
cd /Users/admin/builder/spi-builder-workspace/.swiftpm/xcode
builtin-SwiftDriver -- /Applications/Xcode-27.0.0-Release.Candidate.app/Contents/Developer/Toolchains/XcodeDefault.xctoolchain/usr/bin/swiftc -parse-as-library -module-name web3swift -Onone @/Users/admin/builder/spi-builder-workspace/.derivedData/Build/Intermediates.noindex/Web3swift.build/Debug-watchos/web3swift-t.build/Objects-normal/arm64_32/web3swift.SwiftFileList -DSWIFT_PACKAGE -DDEBUG -DSWIFT_MODULE_RESOURCE_BUNDLE_AVAILABLE -Xcc -fmodule-map-file\=/Users/admin/builder/spi-builder-workspace/.derivedData/Build/Intermediates.noindex/GeneratedModuleMaps-watchos/secp256k1_bindings.modulemap -DXcode -plugin-path /Applications/Xcode-27.0.0-Release.Candidate.app/Contents/Developer/Toolchains/XcodeDefault.xctoolchain/usr/lib/swift/host/plugins/testing -enable-experimental-feature DebugDescriptionMacro -sdk /Applications/Xcode-27.0.0-Release.Candidate.app/Contents/Developer/Platforms/WatchOS.platform/Developer/SDKs/WatchOS27.0.sdk -target arm64_32-apple-watchos9.0 -g -module-cache-path /Users/admin/builder/spi-builder-workspace/.derivedData/ModuleCache.noindex -Xfrontend -serialize-debugging-options -profile-coverage-mapping -profile-generate -enable-testing -index-store-path /Users/admin/builder/spi-builder-workspace/.derivedData/Index.noindex/DataStore -Xcc -D_LIBCPP_HARDENING_MODE\=_LIBCPP_HARDENING_MODE_DEBUG -swift-version 5 -I /Users/admin/builder/spi-builder-workspace/.derivedData/Build/Products/Debug-watchos -Isystem /Applications/Xcode-27.0.0-Release.Candidate.app/Contents/Developer/Platforms/WatchOS.platform/Developer/usr/lib -F /Users/admin/builder/spi-builder-workspace/.derivedData/Build/Products/Debug-watchos/PackageFrameworks -F /Users/admin/builder/spi-builder-workspace/.derivedData/Build/Products/Debug-watchos -F /Applications/Xcode-27.0.0-Release.Candidate.app/Contents/Developer/Platforms/WatchOS.platform/Developer/Library/Frameworks -F /Applications/Xcode-27.0.0-Release.Candidate.app/Contents/Developer/Platforms/WatchOS.platform/Developer/SDKs/WatchOS27.0.sdk/Developer/Library/Frameworks -c -j10 -enable-batch-mode -incremental -Xcc -ivfsstatcache -Xcc /Users/admin/builder/spi-builder-workspace/.derivedData/SDKStatCaches.noindex/watchos27.0-24R360-e829b21a6f8c9b70876ba0858053c04477534ef55a1706bf4c1112bbb242f0a2.sdkstatcache -output-file-map /Users/admin/builder/spi-builder-workspace/.derivedData/Build/Intermediates.noindex/Web3swift.build/Debug-watchos/web3swift-t.build/Objects-normal/arm64_32/web3swift-OutputFileMap.json -save-temps -no-color-diagnostics -explicit-module-build -module-cache-path /Users/admin/builder/spi-builder-workspace/.derivedData/Build/Intermediates.noindex/SwiftExplicitPrecompiledModules -clang-scanner-module-cache-path /Users/admin/builder/spi-builder-workspace/.derivedData/ModuleCache.noindex -sdk-module-cache-path /Users/admin/builder/spi-builder-workspace/.derivedData/SDKExplicitPrecompiledModules -emit-dependencies -emit-module -emit-module-path /Users/admin/builder/spi-builder-workspace/.derivedData/Build/Intermediates.noindex/Web3swift.build/Debug-watchos/web3swift-t.build/Objects-normal/arm64_32/web3swift.swiftmodule -serialize-diagnostics -dependency-scan-serialize-diagnostics-path /Users/admin/builder/spi-builder-workspace/.derivedData/Build/Intermediates.noindex/Web3swift.build/Debug-watchos/web3swift-t.build/Objects-normal/arm64_32/web3swift-dependency-scan.dia -validate-clang-modules-once -clang-build-session-file /Users/admin/builder/spi-builder-workspace/.derivedData/ModuleCache.noindex/Session.modulevalidation -Xcc -fmodules-prune-interval\=86400 -Xcc -fmodules-prune-after\=345600 -package-name spi_builder_workspace -emit-const-values -const-gather-protocols-list /Users/admin/builder/spi-builder-workspace/.derivedData/Build/Intermediates.noindex/Web3swift.build/Debug-watchos/web3swift-t.build/Objects-normal/arm64_32/web3swift_const_extract_protocols.json -Xcc -I/Users/admin/builder/spi-builder-workspace/.dependencies/checkouts/secp256k1.swift/Sources/secp256k1_bindings/include -Xcc -I/Users/admin/builder/spi-builder-workspace/.derivedData/Build/Products/Debug-watchos/include -Xcc -I/Users/admin/builder/spi-builder-workspace/.derivedData/Build/Intermediates.noindex/Web3swift.build/Debug-watchos/web3swift-t.build/DerivedSources-normal/arm64_32 -Xcc -I/Users/admin/builder/spi-builder-workspace/.derivedData/Build/Intermediates.noindex/Web3swift.build/Debug-watchos/web3swift-t.build/DerivedSources/arm64_32 -Xcc -I/Users/admin/builder/spi-builder-workspace/.derivedData/Build/Intermediates.noindex/Web3swift.build/Debug-watchos/web3swift-t.build/DerivedSources -Xcc -DSWIFT_PACKAGE -Xcc -DDEBUG\=1 -emit-objc-header -emit-objc-header-path /Users/admin/builder/spi-builder-workspace/.derivedData/Build/Intermediates.noindex/Web3swift.build/Debug-watchos/web3swift-t.build/Objects-normal/arm64_32/web3swift-Swift.h -working-directory /Users/admin/builder/spi-builder-workspace/.swiftpm/xcode -experimental-emit-module-separately -disable-cmo
error: Clang dependency scanning failure: (in target 'web3swift' from project 'Web3swift')
/Users/admin/builder/spi-builder-workspace/Sources/web3swift/Browser/Bridge.swift:9:8: error: Unable to resolve module dependency: 'WebKit' (in target 'web3swift' from project 'Web3swift')
note: A dependency of main module 'web3swift'
/Users/admin/builder/spi-builder-workspace/Sources/web3swift/Utils/EIP/EIP67Code.swift:7:8: error: Unable to resolve module dependency: 'CoreImage' (in target 'web3swift' from project 'Web3swift')
note: A dependency of main module 'web3swift'
/Users/admin/builder/spi-builder-workspace/Sources/web3swift/Browser/Bridge.swift:9:8: note: A dependency of main module 'web3swift'
import WebKit
^ (in target 'web3swift' from project 'Web3swift')
/Users/admin/builder/spi-builder-workspace/Sources/web3swift/Utils/EIP/EIP67Code.swift:7:8: note: A dependency of main module 'web3swift'
import CoreImage
^ (in target 'web3swift' from project 'Web3swift')
SwiftDriver web3swift normal arm64 com.apple.xcode.tools.swift.compiler (in target 'web3swift' from project 'Web3swift')
cd /Users/admin/builder/spi-builder-workspace/.swiftpm/xcode
builtin-SwiftDriver -- /Applications/Xcode-27.0.0-Release.Candidate.app/Contents/Developer/Toolchains/XcodeDefault.xctoolchain/usr/bin/swiftc -parse-as-library -module-name web3swift -Onone @/Users/admin/builder/spi-builder-workspace/.derivedData/Build/Intermediates.noindex/Web3swift.build/Debug-watchos/web3swift-t.build/Objects-normal/arm64/web3swift.SwiftFileList -DSWIFT_PACKAGE -DDEBUG -DSWIFT_MODULE_RESOURCE_BUNDLE_AVAILABLE -Xcc -fmodule-map-file\=/Users/admin/builder/spi-builder-workspace/.derivedData/Build/Intermediates.noindex/GeneratedModuleMaps-watchos/secp256k1_bindings.modulemap -DXcode -plugin-path /Applications/Xcode-27.0.0-Release.Candidate.app/Contents/Developer/Toolchains/XcodeDefault.xctoolchain/usr/lib/swift/host/plugins/testing -enable-experimental-feature DebugDescriptionMacro -sdk /Applications/Xcode-27.0.0-Release.Candidate.app/Contents/Developer/Platforms/WatchOS.platform/Developer/SDKs/WatchOS27.0.sdk -target arm64-apple-watchos9.0 -g -module-cache-path /Users/admin/builder/spi-builder-workspace/.derivedData/ModuleCache.noindex -Xfrontend -serialize-debugging-options -profile-coverage-mapping -profile-generate -enable-testing -index-store-path /Users/admin/builder/spi-builder-workspace/.derivedData/Index.noindex/DataStore -Xcc -D_LIBCPP_HARDENING_MODE\=_LIBCPP_HARDENING_MODE_DEBUG -swift-version 5 -I /Users/admin/builder/spi-builder-workspace/.derivedData/Build/Products/Debug-watchos -Isystem /Applications/Xcode-27.0.0-Release.Candidate.app/Contents/Developer/Platforms/WatchOS.platform/Developer/usr/lib -F /Users/admin/builder/spi-builder-workspace/.derivedData/Build/Products/Debug-watchos/PackageFrameworks -F /Users/admin/builder/spi-builder-workspace/.derivedData/Build/Products/Debug-watchos -F /Applications/Xcode-27.0.0-Release.Candidate.app/Contents/Developer/Platforms/WatchOS.platform/Developer/Library/Frameworks -F /Applications/Xcode-27.0.0-Release.Candidate.app/Contents/Developer/Platforms/WatchOS.platform/Developer/SDKs/WatchOS27.0.sdk/Developer/Library/Frameworks -c -j10 -enable-batch-mode -incremental -Xcc -ivfsstatcache -Xcc /Users/admin/builder/spi-builder-workspace/.derivedData/SDKStatCaches.noindex/watchos27.0-24R360-e829b21a6f8c9b70876ba0858053c04477534ef55a1706bf4c1112bbb242f0a2.sdkstatcache -output-file-map /Users/admin/builder/spi-builder-workspace/.derivedData/Build/Intermediates.noindex/Web3swift.build/Debug-watchos/web3swift-t.build/Objects-normal/arm64/web3swift-OutputFileMap.json -save-temps -no-color-diagnostics -explicit-module-build -module-cache-path /Users/admin/builder/spi-builder-workspace/.derivedData/Build/Intermediates.noindex/SwiftExplicitPrecompiledModules -clang-scanner-module-cache-path /Users/admin/builder/spi-builder-workspace/.derivedData/ModuleCache.noindex -sdk-module-cache-path /Users/admin/builder/spi-builder-workspace/.derivedData/SDKExplicitPrecompiledModules -emit-dependencies -emit-module -emit-module-path /Users/admin/builder/spi-builder-workspace/.derivedData/Build/Intermediates.noindex/Web3swift.build/Debug-watchos/web3swift-t.build/Objects-normal/arm64/web3swift.swiftmodule -serialize-diagnostics -dependency-scan-serialize-diagnostics-path /Users/admin/builder/spi-builder-workspace/.derivedData/Build/Intermediates.noindex/Web3swift.build/Debug-watchos/web3swift-t.build/Objects-normal/arm64/web3swift-dependency-scan.dia -validate-clang-modules-once -clang-build-session-file /Users/admin/builder/spi-builder-workspace/.derivedData/ModuleCache.noindex/Session.modulevalidation -Xcc -fmodules-prune-interval\=86400 -Xcc -fmodules-prune-after\=345600 -package-name spi_builder_workspace -emit-const-values -const-gather-protocols-list /Users/admin/builder/spi-builder-workspace/.derivedData/Build/Intermediates.noindex/Web3swift.build/Debug-watchos/web3swift-t.build/Objects-normal/arm64/web3swift_const_extract_protocols.json -Xcc -I/Users/admin/builder/spi-builder-workspace/.dependencies/checkouts/secp256k1.swift/Sources/secp256k1_bindings/include -Xcc -I/Users/admin/builder/spi-builder-workspace/.derivedData/Build/Products/Debug-watchos/include -Xcc -I/Users/admin/builder/spi-builder-workspace/.derivedData/Build/Intermediates.noindex/Web3swift.build/Debug-watchos/web3swift-t.build/DerivedSources-normal/arm64 -Xcc -I/Users/admin/builder/spi-builder-workspace/.derivedData/Build/Intermediates.noindex/Web3swift.build/Debug-watchos/web3swift-t.build/DerivedSources/arm64 -Xcc -I/Users/admin/builder/spi-builder-workspace/.derivedData/Build/Intermediates.noindex/Web3swift.build/Debug-watchos/web3swift-t.build/DerivedSources -Xcc -DSWIFT_PACKAGE -Xcc -DDEBUG\=1 -emit-objc-header -emit-objc-header-path /Users/admin/builder/spi-builder-workspace/.derivedData/Build/Intermediates.noindex/Web3swift.build/Debug-watchos/web3swift-t.build/Objects-normal/arm64/web3swift-Swift.h -working-directory /Users/admin/builder/spi-builder-workspace/.swiftpm/xcode -experimental-emit-module-separately -disable-cmo
error: Clang dependency scanning failure: (in target 'web3swift' from project 'Web3swift')
/Users/admin/builder/spi-builder-workspace/Sources/web3swift/Browser/Bridge.swift:9:8: error: Unable to resolve module dependency: 'WebKit' (in target 'web3swift' from project 'Web3swift')
note: A dependency of main module 'web3swift'
/Users/admin/builder/spi-builder-workspace/Sources/web3swift/Utils/EIP/EIP67Code.swift:7:8: error: Unable to resolve module dependency: 'CoreImage' (in target 'web3swift' from project 'Web3swift')
note: A dependency of main module 'web3swift'
/Users/admin/builder/spi-builder-workspace/Sources/web3swift/Browser/Bridge.swift:9:8: note: A dependency of main module 'web3swift'
import WebKit
^ (in target 'web3swift' from project 'Web3swift')
/Users/admin/builder/spi-builder-workspace/Sources/web3swift/Utils/EIP/EIP67Code.swift:7:8: note: A dependency of main module 'web3swift'
import CoreImage
^ (in target 'web3swift' from project 'Web3swift')
CreateUniversalBinary /Users/admin/builder/spi-builder-workspace/.derivedData/Build/Products/Debug-watchos/CryptoSwift.o normal arm64\ arm64_32 (in target 'CryptoSwift' from project 'CryptoSwift')
cd /Users/admin/builder/spi-builder-workspace/.dependencies/checkouts/CryptoSwift
/Applications/Xcode-27.0.0-Release.Candidate.app/Contents/Developer/Toolchains/XcodeDefault.xctoolchain/usr/bin/lipo -create /Users/admin/builder/spi-builder-workspace/.derivedData/Build/Intermediates.noindex/CryptoSwift.build/Debug-watchos/CryptoSwift-t.build/Objects-normal/arm64/Binary/CryptoSwift.o /Users/admin/builder/spi-builder-workspace/.derivedData/Build/Intermediates.noindex/CryptoSwift.build/Debug-watchos/CryptoSwift-t.build/Objects-normal/arm64_32/Binary/CryptoSwift.o -output /Users/admin/builder/spi-builder-workspace/.derivedData/Build/Products/Debug-watchos/CryptoSwift.o
ExtractAppIntentsMetadata (in target 'CryptoSwift' from project 'CryptoSwift')
cd /Users/admin/builder/spi-builder-workspace/.dependencies/checkouts/CryptoSwift
/Applications/Xcode-27.0.0-Release.Candidate.app/Contents/Developer/Toolchains/XcodeDefault.xctoolchain/usr/bin/appintentsmetadataprocessor --toolchain-dir /var/run/com.apple.security.cryptexd/mnt/com.apple.MobileAsset.MetalToolchain-v27.1.266.1.1TNYYE/Metal.xctoolchain --module-name CryptoSwift --sdk-root /Applications/Xcode-27.0.0-Release.Candidate.app/Contents/Developer/Platforms/WatchOS.platform/Developer/SDKs/WatchOS27.0.sdk --xcode-version 27A266a --platform-family watchOS --deployment-target 9.0 --bundle-identifier cryptoswift.CryptoSwift --output /Users/admin/builder/spi-builder-workspace/.derivedData/Build/Products/Debug-watchos/CryptoSwift.appintents --target-triple arm64-apple-watchos9.0 --target-triple arm64_32-apple-watchos9.0 --binary-file /Users/admin/builder/spi-builder-workspace/.derivedData/Build/Products/Debug-watchos/CryptoSwift.o --dependency-file /Users/admin/builder/spi-builder-workspace/.derivedData/Build/Intermediates.noindex/CryptoSwift.build/Debug-watchos/CryptoSwift-t.build/Objects-normal/arm64/CryptoSwift_dependency_info.dat --dependency-file /Users/admin/builder/spi-builder-workspace/.derivedData/Build/Intermediates.noindex/CryptoSwift.build/Debug-watchos/CryptoSwift-t.build/Objects-normal/arm64_32/CryptoSwift_dependency_info.dat --stringsdata-file /Users/admin/builder/spi-builder-workspace/.derivedData/Build/Intermediates.noindex/CryptoSwift.build/Debug-watchos/CryptoSwift-t.build/Objects-normal/arm64/ExtractedAppShortcutsMetadata.stringsdata --stringsdata-file /Users/admin/builder/spi-builder-workspace/.derivedData/Build/Intermediates.noindex/CryptoSwift.build/Debug-watchos/CryptoSwift-t.build/Objects-normal/arm64_32/ExtractedAppShortcutsMetadata.stringsdata --source-file-list /Users/admin/builder/spi-builder-workspace/.derivedData/Build/Intermediates.noindex/CryptoSwift.build/Debug-watchos/CryptoSwift-t.build/Objects-normal/arm64/CryptoSwift.SwiftFileList --source-file-list /Users/admin/builder/spi-builder-workspace/.derivedData/Build/Intermediates.noindex/CryptoSwift.build/Debug-watchos/CryptoSwift-t.build/Objects-normal/arm64_32/CryptoSwift.SwiftFileList --metadata-file-list /Users/admin/builder/spi-builder-workspace/.derivedData/Build/Intermediates.noindex/CryptoSwift.build/Debug-watchos/CryptoSwift-t.build/CryptoSwift.DependencyMetadataFileList --static-metadata-file-list /Users/admin/builder/spi-builder-workspace/.derivedData/Build/Intermediates.noindex/CryptoSwift.build/Debug-watchos/CryptoSwift-t.build/CryptoSwift.DependencyStaticMetadataFileList --swift-const-vals-list /Users/admin/builder/spi-builder-workspace/.derivedData/Build/Intermediates.noindex/CryptoSwift.build/Debug-watchos/CryptoSwift-t.build/Objects-normal/arm64/CryptoSwift.SwiftConstValuesFileList --swift-const-vals-list /Users/admin/builder/spi-builder-workspace/.derivedData/Build/Intermediates.noindex/CryptoSwift.build/Debug-watchos/CryptoSwift-t.build/Objects-normal/arm64_32/CryptoSwift.SwiftConstValuesFileList --force --compile-time-extraction --deployment-aware-processing --no-app-shortcuts-localization
2026-09-22 22:25:43.150 appintentsmetadataprocessor[1087:6337] Starting appintentsmetadataprocessor export
2026-09-22 22:25:43.258 appintentsmetadataprocessor[1087:6337] Extracted no relevant App Intents symbols, skipping writing output
SwiftDriverJobDiscovery normal arm64 Compiling Block.swift, BlockNumber.swift, Event+Protocol.swift, EventLog.swift, SECP256k1.swift, TransactionDetails.swift, TransactionInBlock.swift, TransactionReceipt.swift (in target 'Web3Core' from project 'Web3swift')
SwiftDriverJobDiscovery normal arm64 Compiling EIP2930Envelope.swift, EnvelopeFactory.swift, LegacyEnvelope.swift, EIP2930Compatible.swift, EthereumBloomFilter.swift, EventfilterParameters.swift, Policies.swift (in target 'Web3Core' from project 'Web3swift')
PruneExplicitPrecompiledModules /Users/admin/builder/spi-builder-workspace/.derivedData/SDKExplicitPrecompiledModules
PruneExplicitPrecompiledModules /Users/admin/builder/spi-builder-workspace/.derivedData/Build/Intermediates.noindex/SwiftExplicitPrecompiledModules
PruneExplicitPrecompiledModules /Users/admin/builder/spi-builder-workspace/.derivedData/Build/Intermediates.noindex/ExplicitPrecompiledModules
2026-09-22 22:25:30.847 xcodebuild[835:4773] [MT] IDERunDestination: Supported platforms for the buildables in the current scheme is empty.
** BUILD FAILED **
The following build commands failed:
SwiftDriver web3swift normal arm64_32 com.apple.xcode.tools.swift.compiler (in target 'web3swift' from project 'Web3swift')
SwiftDriver web3swift normal arm64 com.apple.xcode.tools.swift.compiler (in target 'web3swift' from project 'Web3swift')
Building workspace Web3swift with scheme Web3swift
(3 failures)
Command line invocation:
/Applications/Xcode-27.0.0-Release.Candidate.app/Contents/Developer/usr/bin/xcodebuild -IDEClonedSourcePackagesDirPathOverride=/Users/admin/builder/spi-builder-workspace/.dependencies -resolvePackageDependencies
Resolve Package Graph
Resolved source packages:
BigInt: https://github.com/attaswift/BigInt.git @ 5.4.1
secp256k1: https://github.com/GigaBitcoin/secp256k1.swift @ 0.10.0
Web3swift: /Users/admin/builder/spi-builder-workspace
CryptoSwift: https://github.com/krzyzanowskim/CryptoSwift.git @ 1.10.0
resolved source packages: BigInt, secp256k1, Web3swift, CryptoSwift
2026-09-22 22:25:44.732 xcodebuild[1088:6462] [MT] IDERunDestination: Supported platforms for the buildables in the current scheme is empty.
{
"dependencies" : [
{
"identity" : "bigint",
"requirement" : {
"range" : [
{
"lower_bound" : "5.4.0",
"upper_bound" : "5.5.0"
}
]
},
"type" : "sourceControl",
"url" : "https://github.com/attaswift/BigInt.git"
},
{
"identity" : "cryptoswift",
"requirement" : {
"range" : [
{
"lower_bound" : "1.5.1",
"upper_bound" : "2.0.0"
}
]
},
"type" : "sourceControl",
"url" : "https://github.com/krzyzanowskim/CryptoSwift.git"
},
{
"identity" : "secp256k1.swift",
"requirement" : {
"range" : [
{
"lower_bound" : "0.10.0",
"upper_bound" : "0.11.0"
}
]
},
"type" : "sourceControl",
"url" : "https://github.com/GigaBitcoin/secp256k1.swift"
}
],
"manifest_display_name" : "Web3swift",
"name" : "Web3swift",
"path" : "/Users/admin/builder/spi-builder-workspace",
"platforms" : [
{
"name" : "macos",
"version" : "10.15"
},
{
"name" : "ios",
"version" : "13.0"
}
],
"products" : [
{
"name" : "web3swift",
"targets" : [
"web3swift"
],
"type" : {
"library" : [
"automatic"
]
}
}
],
"targets" : [
{
"c99name" : "web3swift",
"module_type" : "SwiftTarget",
"name" : "web3swift",
"path" : "Sources/web3swift",
"product_dependencies" : [
"BigInt",
"secp256k1"
],
"product_memberships" : [
"web3swift"
],
"resources" : [
{
"path" : "/Users/admin/builder/spi-builder-workspace/Sources/web3swift/Browser/browser.js",
"rule" : {
"copy" : {
}
}
},
{
"path" : "/Users/admin/builder/spi-builder-workspace/Sources/web3swift/Browser/browser.min.js",
"rule" : {
"copy" : {
}
}
},
{
"path" : "/Users/admin/builder/spi-builder-workspace/Sources/web3swift/Browser/wk.bridge.min.js",
"rule" : {
"copy" : {
}
}
}
],
"sources" : [
"Browser/Bridge.swift",
"EthereumAPICalls/Ethereum/IEth+Defaults.swift",
"EthereumAPICalls/Ethereum/IEth.swift",
"EthereumAPICalls/Personal/Personal+CreateAccount.swift",
"EthereumAPICalls/Personal/Personal+Sign.swift",
"EthereumAPICalls/Personal/Personal+UnlockAccount.swift",
"EthereumAPICalls/TxPool.swift",
"HookedFunctions/Web3+BrowserFunctions.swift",
"HookedFunctions/Web3+Wallet.swift",
"Operations/ReadOperation.swift",
"Operations/WriteOperation.swift",
"Tokens/ERC1155/Web3+ERC1155.swift",
"Tokens/ERC1376/Web3+ERC1376.swift",
"Tokens/ERC1400/Web3+ERC1400.swift",
"Tokens/ERC1410/Web3+ERC1410.swift",
"Tokens/ERC1594/Web3+ERC1594.swift",
"Tokens/ERC1633/Web3+ERC1633.swift",
"Tokens/ERC1643/Web3+ERC1643.swift",
"Tokens/ERC1644/Web3+ERC1644.swift",
"Tokens/ERC165/Web3+ERC165.swift",
"Tokens/ERC20/ERC20BaseProperties.swift",
"Tokens/ERC20/ERC20BasePropertiesProvider.swift",
"Tokens/ERC20/Web3+ERC20.swift",
"Tokens/ERC721/Web3+ERC721.swift",
"Tokens/ERC721x/Web3+ERC721x.swift",
"Tokens/ERC777/Web3+ERC777.swift",
"Tokens/ERC820/Web3+ERC820.swift",
"Tokens/ERC888/Web3+ERC888.swift",
"Tokens/ST20/Web3+ST20.swift",
"Tokens/ST20/Web3+SecurityToken.swift",
"Transaction/TransactionPollingTask.swift",
"Utils/EIP/EIP4361.swift",
"Utils/EIP/EIP67Code.swift",
"Utils/EIP/EIP681.swift",
"Utils/EIP/EIP712/EIP712.swift",
"Utils/EIP/EIP712/EIP712Parser.swift",
"Utils/ENS/ENS.swift",
"Utils/ENS/ENSBaseRegistrar.swift",
"Utils/ENS/ENSRegistry.swift",
"Utils/ENS/ENSResolver.swift",
"Utils/ENS/ENSReverseRegistrar.swift",
"Utils/ENS/ETHRegistrarController.swift",
"Utils/ENS/NameHash.swift",
"Utils/ENS/PublicKey.swift",
"Utils/Extensions/Data+Extension.swift",
"Utils/Extensions/String+Extension.swift",
"Web3/Web3+Constants.swift",
"Web3/Web3+Contract.swift",
"Web3/Web3+EIP1559.swift",
"Web3/Web3+EventParser.swift",
"Web3/Web3+Eventloop.swift",
"Web3/Web3+HttpProvider.swift",
"Web3/Web3+InfuraProviders.swift",
"Web3/Web3+Instance.swift",
"Web3/Web3+Personal.swift",
"Web3/Web3+Resolver.swift",
"Web3/Web3+Signing.swift",
"Web3/Web3+Utils.swift",
"Web3/Web3.swift"
],
"target_dependencies" : [
"Web3Core"
],
"type" : "library"
},
{
"c99name" : "remoteTests",
"module_type" : "SwiftTarget",
"name" : "remoteTests",
"path" : "Tests/web3swiftTests/remoteTests",
"sources" : [
"DecodeRemoteErrorTests.swift",
"EIP1559Tests.swift",
"ENSTests.swift",
"EtherscanTransactionCheckerTests.swift",
"EventFilterTests.swift",
"GasOracleTests.swift",
"InfuraTests.swift",
"PolicyResolverTests.swift",
"RemoteParsingTests.swift",
"TransactionPollingTaskRemoteTest.swift",
"Web3HttpProviderTests.swift"
],
"target_dependencies" : [
"web3swift"
],
"type" : "test"
},
{
"c99name" : "localTests",
"module_type" : "SwiftTarget",
"name" : "localTests",
"path" : "Tests/web3swiftTests/localTests",
"sources" : [
"ABIDecoderSliceTests.swift",
"ABIElementErrorDecodingTest.swift",
"ABIElementsTests.swift",
"ABIEncoderTest.swift",
"AdvancedABIv2Tests.swift",
"BIP32KeystoreTests.swift",
"BIP32MnemonicPhraseStringArrayTests.swift",
"BIP32MnemonicPhraseStringTests.swift",
"BIP39Tests.swift",
"BIP44Tests.swift",
"BasicLocalNodeTests.swift",
"DataConversionTests.swift",
"DecodeSolidityErrorType.swift",
"EIP1559BlockTests.swift",
"EIP4361Test.swift",
"EIP67Tests.swift",
"EIP681Tests.swift",
"EIP712TestData.swift",
"EIP712Tests.swift",
"EIP712TypedDataPayloadTests.swift",
"ERC20ClassTests.swift",
"ERC20Tests.swift",
"EthereumAddressTest.swift",
"EthereumContractTest.swift",
"EventTests.swift",
"EventloopTests.swift",
"HDversionTest.swift",
"KeystoresTests.swift",
"LocalTestCase.swift",
"Mocks.swift",
"NSRegularExpressionTest.swift",
"NumberFormattingUtilTests.swift",
"PersonalSignatureTests.swift",
"PromisesTests.swift",
"RLPTests.swift",
"ST20AndSecurityTokenTests.swift",
"String+ExtensionTests.swift.swift",
"StringBIP44Tests.swift",
"TestHelpers.swift",
"TransactionPollingTaskTest.swift",
"TransactionReceiptTests.swift",
"TransactionsTests.swift",
"UncategorizedTests.swift",
"UserCases.swift",
"UtilitiesTests.swift",
"Web3ErrorTests.swift"
],
"target_dependencies" : [
"web3swift"
],
"type" : "test"
},
{
"c99name" : "Web3Core",
"module_type" : "SwiftTarget",
"name" : "Web3Core",
"path" : "Sources/Web3Core",
"product_dependencies" : [
"BigInt",
"secp256k1",
"CryptoSwift"
],
"product_memberships" : [
"web3swift"
],
"sources" : [
"Contract/ContractProtocol.swift",
"Contract/EthereumContract.swift",
"EthereumABI/ABI.swift",
"EthereumABI/ABIDecoding.swift",
"EthereumABI/ABIElements.swift",
"EthereumABI/ABIEncoding.swift",
"EthereumABI/ABIError.swift",
"EthereumABI/ABIParameterTypes.swift",
"EthereumABI/ABIParsing.swift",
"EthereumABI/ABITypeParser.swift",
"EthereumABI/Sequence+ABIExtension.swift",
"EthereumAddress/EthereumAddress.swift",
"EthereumNetwork/Request/APIRequest+ComputedProperties.swift",
"EthereumNetwork/Request/APIRequest+Methods.swift",
"EthereumNetwork/Request/APIRequest+UtilityTypes.swift",
"EthereumNetwork/Request/APIRequest.swift",
"EthereumNetwork/RequestParameter/APIRequestParameterType.swift",
"EthereumNetwork/RequestParameter/RequestParameter+Encodable.swift",
"EthereumNetwork/RequestParameter/RequestParameter+RawRepresentable.swift",
"EthereumNetwork/RequestParameter/RequestParameter.swift",
"EthereumNetwork/Utility/Async+BackwardCapability.swift",
"EthereumNetwork/Utility/HexDecodable+Extensions.swift",
"EthereumNetwork/Utility/HexDecodableProtocols.swift",
"EthereumNetwork/Utility/IntegerInitableWithRadix.swift",
"KeystoreManager/AbstractKeystore.swift",
"KeystoreManager/BIP32HDNode.swift",
"KeystoreManager/BIP32Keystore.swift",
"KeystoreManager/BIP39+WordLists.swift",
"KeystoreManager/BIP39.swift",
"KeystoreManager/BIP44.swift",
"KeystoreManager/EthereumKeystoreV3.swift",
"KeystoreManager/EtherscanTransactionChecker.swift",
"KeystoreManager/IBAN.swift",
"KeystoreManager/KeystoreManager.swift",
"KeystoreManager/KeystoreParams.swift",
"KeystoreManager/PathAddressStorage.swift",
"KeystoreManager/PlainKeystore.swift",
"Oracle/GasOracle.swift",
"RLP/RLP.swift",
"Structure/Base58.swift",
"Structure/Block/Block.swift",
"Structure/Block/BlockNumber.swift",
"Structure/Event+Protocol.swift",
"Structure/EventLog/EventLog.swift",
"Structure/SECP256k1.swift",
"Structure/Transaction/TransactionDetails.swift",
"Structure/Transaction/TransactionInBlock.swift",
"Structure/Transaction/TransactionReceipt.swift",
"Structure/TxPool/TxPoolContent.swift",
"Structure/TxPool/TxPoolStatus.swift",
"Structure/Web3ProviderProtocol.swift",
"Transaction/CodableTransaction.swift",
"Transaction/Envelope/AbstractEnvelope.swift",
"Transaction/Envelope/EIP1559Envelope.swift",
"Transaction/Envelope/EIP2718Envelope.swift",
"Transaction/Envelope/EIP2930Envelope.swift",
"Transaction/Envelope/EnvelopeFactory.swift",
"Transaction/Envelope/LegacyEnvelope.swift",
"Transaction/Envelope/Protocols/EIP2930Compatible.swift",
"Transaction/EthereumBloomFilter.swift",
"Transaction/EventfilterParameters.swift",
"Transaction/Policies.swift",
"Transaction/TransactionMetadata.swift",
"Utility/Array+Extension.swift",
"Utility/BigUInt+Extension.swift",
"Utility/CryptoExtension.swift",
"Utility/Data+Extension.swift",
"Utility/Decodable+Extensions.swift",
"Utility/Dictionary+Extension.swift",
"Utility/Encodable+Extensions.swift",
"Utility/NSRegularExpression+Extension.swift",
"Utility/NativeTypesEncoding+Extension.swift",
"Utility/RIPEMD160+StackOveflow.swift",
"Utility/String+Extension.swift",
"Utility/Utilities.swift",
"Web3Error/Web3Error.swift"
],
"type" : "library"
}
],
"tools_version" : "5.9"
}
{
"workspace" : {
"name" : "Web3swift",
"schemes" : [
"Web3swift"
]
}
}
2026-09-22 22:25:46.220 xcodebuild[1096:6529] [MT] IDERunDestination: Supported platforms for the buildables in the current scheme is empty.
Running build ...
env DEVELOPER_DIR=/Applications/Xcode-27.0.0-Release.Candidate.app xcrun xcodebuild -IDEClonedSourcePackagesDirPathOverride=$PWD/.dependencies -skipMacroValidation -skipPackagePluginValidation -derivedDataPath $PWD/.derivedData build -scheme Web3swift -destination generic/platform=watchOS
Command line invocation:
/Applications/Xcode-27.0.0-Release.Candidate.app/Contents/Developer/usr/bin/xcodebuild -IDEClonedSourcePackagesDirPathOverride=/Users/admin/builder/spi-builder-workspace/.dependencies -skipMacroValidation -skipPackagePluginValidation -derivedDataPath /Users/admin/builder/spi-builder-workspace/.derivedData build -scheme Web3swift -destination generic/platform=watchOS
Resolve Package Graph
Resolved source packages:
CryptoSwift: https://github.com/krzyzanowskim/CryptoSwift.git @ 1.10.0
Web3swift: /Users/admin/builder/spi-builder-workspace
secp256k1: https://github.com/GigaBitcoin/secp256k1.swift @ 0.10.0
BigInt: https://github.com/attaswift/BigInt.git @ 5.4.1
ComputePackagePrebuildTargetDependencyGraph
Prepare packages
CreateBuildRequest
SendProjectDescription
CreateBuildOperation
ComputeTargetDependencyGraph
note: Building targets in dependency order
note: Target dependency graph (13 targets)
Target 'web3swift-product' in project 'Web3swift'
➜ Explicit dependency on target 'web3swift' in project 'Web3swift'
➜ Explicit dependency on target 'Web3swift_web3swift' in project 'Web3swift'
➜ Explicit dependency on target 'Web3Core' in project 'Web3swift'
➜ Explicit dependency on target 'BigInt-product' in project 'BigInt'
➜ Explicit dependency on target 'secp256k1-product' in project 'secp256k1'
➜ Explicit dependency on target 'CryptoSwift-product' in project 'CryptoSwift'
Target 'web3swift' in project 'Web3swift'
➜ Explicit dependency on target 'Web3swift_web3swift' in project 'Web3swift'
➜ Explicit dependency on target 'Web3Core' in project 'Web3swift'
➜ Explicit dependency on target 'BigInt-product' in project 'BigInt'
➜ Explicit dependency on target 'secp256k1-product' in project 'secp256k1'
➜ Explicit dependency on target 'CryptoSwift-product' in project 'CryptoSwift'
Target 'Web3Core' in project 'Web3swift'
➜ Explicit dependency on target 'BigInt-product' in project 'BigInt'
➜ Explicit dependency on target 'secp256k1-product' in project 'secp256k1'
➜ Explicit dependency on target 'CryptoSwift-product' in project 'CryptoSwift'
Target 'CryptoSwift-product' in project 'CryptoSwift'
➜ Explicit dependency on target 'CryptoSwift' in project 'CryptoSwift'
➜ Explicit dependency on target 'CryptoSwiftResources' in project 'CryptoSwift'
Target 'CryptoSwift' in project 'CryptoSwift'
➜ Explicit dependency on target 'CryptoSwiftResources' in project 'CryptoSwift'
Target 'CryptoSwiftResources' in project 'CryptoSwift'
➜ Explicit dependency on target 'CryptoSwift_CryptoSwiftResources' in project 'CryptoSwift'
Target 'CryptoSwift_CryptoSwiftResources' in project 'CryptoSwift' (no dependencies)
Target 'secp256k1-product' in project 'secp256k1'
➜ Explicit dependency on target 'secp256k1' in project 'secp256k1'
➜ Explicit dependency on target 'secp256k1_bindings' in project 'secp256k1'
Target 'secp256k1' in project 'secp256k1'
➜ Explicit dependency on target 'secp256k1_bindings' in project 'secp256k1'
Target 'secp256k1_bindings' in project 'secp256k1' (no dependencies)
Target 'BigInt-product' in project 'BigInt'
➜ Explicit dependency on target 'BigInt' in project 'BigInt'
Target 'BigInt' in project 'BigInt' (no dependencies)
Target 'Web3swift_web3swift' in project 'Web3swift' (no dependencies)
GatherProvisioningInputs
CreateBuildDescription
ClangStatCache /Applications/Xcode-27.0.0-Release.Candidate.app/Contents/Developer/Toolchains/XcodeDefault.xctoolchain/usr/bin/clang-stat-cache /Applications/Xcode-27.0.0-Release.Candidate.app/Contents/Developer/Platforms/WatchOS.platform/Developer/SDKs/WatchOS27.0.sdk /Users/admin/builder/spi-builder-workspace/.derivedData/SDKStatCaches.noindex/watchos27.0-24R360-e829b21a6f8c9b70876ba0858053c04477534ef55a1706bf4c1112bbb242f0a2.sdkstatcache
cd /Users/admin/builder/spi-builder-workspace/.swiftpm/xcode
/Applications/Xcode-27.0.0-Release.Candidate.app/Contents/Developer/Toolchains/XcodeDefault.xctoolchain/usr/bin/clang-stat-cache /Applications/Xcode-27.0.0-Release.Candidate.app/Contents/Developer/Platforms/WatchOS.platform/Developer/SDKs/WatchOS27.0.sdk -o /Users/admin/builder/spi-builder-workspace/.derivedData/SDKStatCaches.noindex/watchos27.0-24R360-e829b21a6f8c9b70876ba0858053c04477534ef55a1706bf4c1112bbb242f0a2.sdkstatcache
SwiftDriver web3swift normal arm64 com.apple.xcode.tools.swift.compiler (in target 'web3swift' from project 'Web3swift')
cd /Users/admin/builder/spi-builder-workspace/.swiftpm/xcode
builtin-SwiftDriver -- /Applications/Xcode-27.0.0-Release.Candidate.app/Contents/Developer/Toolchains/XcodeDefault.xctoolchain/usr/bin/swiftc -parse-as-library -module-name web3swift -Onone @/Users/admin/builder/spi-builder-workspace/.derivedData/Build/Intermediates.noindex/Web3swift.build/Debug-watchos/web3swift-t.build/Objects-normal/arm64/web3swift.SwiftFileList -DSWIFT_PACKAGE -DDEBUG -DSWIFT_MODULE_RESOURCE_BUNDLE_AVAILABLE -Xcc -fmodule-map-file\=/Users/admin/builder/spi-builder-workspace/.derivedData/Build/Intermediates.noindex/GeneratedModuleMaps-watchos/secp256k1_bindings.modulemap -DXcode -plugin-path /Applications/Xcode-27.0.0-Release.Candidate.app/Contents/Developer/Toolchains/XcodeDefault.xctoolchain/usr/lib/swift/host/plugins/testing -enable-experimental-feature DebugDescriptionMacro -sdk /Applications/Xcode-27.0.0-Release.Candidate.app/Contents/Developer/Platforms/WatchOS.platform/Developer/SDKs/WatchOS27.0.sdk -target arm64-apple-watchos9.0 -g -module-cache-path /Users/admin/builder/spi-builder-workspace/.derivedData/ModuleCache.noindex -Xfrontend -serialize-debugging-options -profile-coverage-mapping -profile-generate -enable-testing -index-store-path /Users/admin/builder/spi-builder-workspace/.derivedData/Index.noindex/DataStore -Xcc -D_LIBCPP_HARDENING_MODE\=_LIBCPP_HARDENING_MODE_DEBUG -swift-version 5 -I /Users/admin/builder/spi-builder-workspace/.derivedData/Build/Products/Debug-watchos -Isystem /Applications/Xcode-27.0.0-Release.Candidate.app/Contents/Developer/Platforms/WatchOS.platform/Developer/usr/lib -F /Users/admin/builder/spi-builder-workspace/.derivedData/Build/Products/Debug-watchos/PackageFrameworks -F /Users/admin/builder/spi-builder-workspace/.derivedData/Build/Products/Debug-watchos -F /Applications/Xcode-27.0.0-Release.Candidate.app/Contents/Developer/Platforms/WatchOS.platform/Developer/Library/Frameworks -F /Applications/Xcode-27.0.0-Release.Candidate.app/Contents/Developer/Platforms/WatchOS.platform/Developer/SDKs/WatchOS27.0.sdk/Developer/Library/Frameworks -c -j10 -enable-batch-mode -incremental -Xcc -ivfsstatcache -Xcc /Users/admin/builder/spi-builder-workspace/.derivedData/SDKStatCaches.noindex/watchos27.0-24R360-e829b21a6f8c9b70876ba0858053c04477534ef55a1706bf4c1112bbb242f0a2.sdkstatcache -output-file-map /Users/admin/builder/spi-builder-workspace/.derivedData/Build/Intermediates.noindex/Web3swift.build/Debug-watchos/web3swift-t.build/Objects-normal/arm64/web3swift-OutputFileMap.json -save-temps -no-color-diagnostics -explicit-module-build -module-cache-path /Users/admin/builder/spi-builder-workspace/.derivedData/Build/Intermediates.noindex/SwiftExplicitPrecompiledModules -clang-scanner-module-cache-path /Users/admin/builder/spi-builder-workspace/.derivedData/ModuleCache.noindex -sdk-module-cache-path /Users/admin/builder/spi-builder-workspace/.derivedData/SDKExplicitPrecompiledModules -emit-dependencies -emit-module -emit-module-path /Users/admin/builder/spi-builder-workspace/.derivedData/Build/Intermediates.noindex/Web3swift.build/Debug-watchos/web3swift-t.build/Objects-normal/arm64/web3swift.swiftmodule -serialize-diagnostics -dependency-scan-serialize-diagnostics-path /Users/admin/builder/spi-builder-workspace/.derivedData/Build/Intermediates.noindex/Web3swift.build/Debug-watchos/web3swift-t.build/Objects-normal/arm64/web3swift-dependency-scan.dia -validate-clang-modules-once -clang-build-session-file /Users/admin/builder/spi-builder-workspace/.derivedData/ModuleCache.noindex/Session.modulevalidation -Xcc -fmodules-prune-interval\=86400 -Xcc -fmodules-prune-after\=345600 -package-name spi_builder_workspace -emit-const-values -const-gather-protocols-list /Users/admin/builder/spi-builder-workspace/.derivedData/Build/Intermediates.noindex/Web3swift.build/Debug-watchos/web3swift-t.build/Objects-normal/arm64/web3swift_const_extract_protocols.json -Xcc -I/Users/admin/builder/spi-builder-workspace/.dependencies/checkouts/secp256k1.swift/Sources/secp256k1_bindings/include -Xcc -I/Users/admin/builder/spi-builder-workspace/.derivedData/Build/Products/Debug-watchos/include -Xcc -I/Users/admin/builder/spi-builder-workspace/.derivedData/Build/Intermediates.noindex/Web3swift.build/Debug-watchos/web3swift-t.build/DerivedSources-normal/arm64 -Xcc -I/Users/admin/builder/spi-builder-workspace/.derivedData/Build/Intermediates.noindex/Web3swift.build/Debug-watchos/web3swift-t.build/DerivedSources/arm64 -Xcc -I/Users/admin/builder/spi-builder-workspace/.derivedData/Build/Intermediates.noindex/Web3swift.build/Debug-watchos/web3swift-t.build/DerivedSources -Xcc -DSWIFT_PACKAGE -Xcc -DDEBUG\=1 -emit-objc-header -emit-objc-header-path /Users/admin/builder/spi-builder-workspace/.derivedData/Build/Intermediates.noindex/Web3swift.build/Debug-watchos/web3swift-t.build/Objects-normal/arm64/web3swift-Swift.h -working-directory /Users/admin/builder/spi-builder-workspace/.swiftpm/xcode -experimental-emit-module-separately -disable-cmo
error: Clang dependency scanning failure: (in target 'web3swift' from project 'Web3swift')
/Users/admin/builder/spi-builder-workspace/Sources/web3swift/Browser/Bridge.swift:9:8: error: Unable to resolve module dependency: 'WebKit' (in target 'web3swift' from project 'Web3swift')
note: A dependency of main module 'web3swift'
/Users/admin/builder/spi-builder-workspace/Sources/web3swift/Utils/EIP/EIP67Code.swift:7:8: error: Unable to resolve module dependency: 'CoreImage' (in target 'web3swift' from project 'Web3swift')
note: A dependency of main module 'web3swift'
/Users/admin/builder/spi-builder-workspace/Sources/web3swift/Browser/Bridge.swift:9:8: note: A dependency of main module 'web3swift'
import WebKit
^ (in target 'web3swift' from project 'Web3swift')
/Users/admin/builder/spi-builder-workspace/Sources/web3swift/Utils/EIP/EIP67Code.swift:7:8: note: A dependency of main module 'web3swift'
import CoreImage
^ (in target 'web3swift' from project 'Web3swift')
SwiftDriver web3swift normal arm64_32 com.apple.xcode.tools.swift.compiler (in target 'web3swift' from project 'Web3swift')
cd /Users/admin/builder/spi-builder-workspace/.swiftpm/xcode
builtin-SwiftDriver -- /Applications/Xcode-27.0.0-Release.Candidate.app/Contents/Developer/Toolchains/XcodeDefault.xctoolchain/usr/bin/swiftc -parse-as-library -module-name web3swift -Onone @/Users/admin/builder/spi-builder-workspace/.derivedData/Build/Intermediates.noindex/Web3swift.build/Debug-watchos/web3swift-t.build/Objects-normal/arm64_32/web3swift.SwiftFileList -DSWIFT_PACKAGE -DDEBUG -DSWIFT_MODULE_RESOURCE_BUNDLE_AVAILABLE -Xcc -fmodule-map-file\=/Users/admin/builder/spi-builder-workspace/.derivedData/Build/Intermediates.noindex/GeneratedModuleMaps-watchos/secp256k1_bindings.modulemap -DXcode -plugin-path /Applications/Xcode-27.0.0-Release.Candidate.app/Contents/Developer/Toolchains/XcodeDefault.xctoolchain/usr/lib/swift/host/plugins/testing -enable-experimental-feature DebugDescriptionMacro -sdk /Applications/Xcode-27.0.0-Release.Candidate.app/Contents/Developer/Platforms/WatchOS.platform/Developer/SDKs/WatchOS27.0.sdk -target arm64_32-apple-watchos9.0 -g -module-cache-path /Users/admin/builder/spi-builder-workspace/.derivedData/ModuleCache.noindex -Xfrontend -serialize-debugging-options -profile-coverage-mapping -profile-generate -enable-testing -index-store-path /Users/admin/builder/spi-builder-workspace/.derivedData/Index.noindex/DataStore -Xcc -D_LIBCPP_HARDENING_MODE\=_LIBCPP_HARDENING_MODE_DEBUG -swift-version 5 -I /Users/admin/builder/spi-builder-workspace/.derivedData/Build/Products/Debug-watchos -Isystem /Applications/Xcode-27.0.0-Release.Candidate.app/Contents/Developer/Platforms/WatchOS.platform/Developer/usr/lib -F /Users/admin/builder/spi-builder-workspace/.derivedData/Build/Products/Debug-watchos/PackageFrameworks -F /Users/admin/builder/spi-builder-workspace/.derivedData/Build/Products/Debug-watchos -F /Applications/Xcode-27.0.0-Release.Candidate.app/Contents/Developer/Platforms/WatchOS.platform/Developer/Library/Frameworks -F /Applications/Xcode-27.0.0-Release.Candidate.app/Contents/Developer/Platforms/WatchOS.platform/Developer/SDKs/WatchOS27.0.sdk/Developer/Library/Frameworks -c -j10 -enable-batch-mode -incremental -Xcc -ivfsstatcache -Xcc /Users/admin/builder/spi-builder-workspace/.derivedData/SDKStatCaches.noindex/watchos27.0-24R360-e829b21a6f8c9b70876ba0858053c04477534ef55a1706bf4c1112bbb242f0a2.sdkstatcache -output-file-map /Users/admin/builder/spi-builder-workspace/.derivedData/Build/Intermediates.noindex/Web3swift.build/Debug-watchos/web3swift-t.build/Objects-normal/arm64_32/web3swift-OutputFileMap.json -save-temps -no-color-diagnostics -explicit-module-build -module-cache-path /Users/admin/builder/spi-builder-workspace/.derivedData/Build/Intermediates.noindex/SwiftExplicitPrecompiledModules -clang-scanner-module-cache-path /Users/admin/builder/spi-builder-workspace/.derivedData/ModuleCache.noindex -sdk-module-cache-path /Users/admin/builder/spi-builder-workspace/.derivedData/SDKExplicitPrecompiledModules -emit-dependencies -emit-module -emit-module-path /Users/admin/builder/spi-builder-workspace/.derivedData/Build/Intermediates.noindex/Web3swift.build/Debug-watchos/web3swift-t.build/Objects-normal/arm64_32/web3swift.swiftmodule -serialize-diagnostics -dependency-scan-serialize-diagnostics-path /Users/admin/builder/spi-builder-workspace/.derivedData/Build/Intermediates.noindex/Web3swift.build/Debug-watchos/web3swift-t.build/Objects-normal/arm64_32/web3swift-dependency-scan.dia -validate-clang-modules-once -clang-build-session-file /Users/admin/builder/spi-builder-workspace/.derivedData/ModuleCache.noindex/Session.modulevalidation -Xcc -fmodules-prune-interval\=86400 -Xcc -fmodules-prune-after\=345600 -package-name spi_builder_workspace -emit-const-values -const-gather-protocols-list /Users/admin/builder/spi-builder-workspace/.derivedData/Build/Intermediates.noindex/Web3swift.build/Debug-watchos/web3swift-t.build/Objects-normal/arm64_32/web3swift_const_extract_protocols.json -Xcc -I/Users/admin/builder/spi-builder-workspace/.dependencies/checkouts/secp256k1.swift/Sources/secp256k1_bindings/include -Xcc -I/Users/admin/builder/spi-builder-workspace/.derivedData/Build/Products/Debug-watchos/include -Xcc -I/Users/admin/builder/spi-builder-workspace/.derivedData/Build/Intermediates.noindex/Web3swift.build/Debug-watchos/web3swift-t.build/DerivedSources-normal/arm64_32 -Xcc -I/Users/admin/builder/spi-builder-workspace/.derivedData/Build/Intermediates.noindex/Web3swift.build/Debug-watchos/web3swift-t.build/DerivedSources/arm64_32 -Xcc -I/Users/admin/builder/spi-builder-workspace/.derivedData/Build/Intermediates.noindex/Web3swift.build/Debug-watchos/web3swift-t.build/DerivedSources -Xcc -DSWIFT_PACKAGE -Xcc -DDEBUG\=1 -emit-objc-header -emit-objc-header-path /Users/admin/builder/spi-builder-workspace/.derivedData/Build/Intermediates.noindex/Web3swift.build/Debug-watchos/web3swift-t.build/Objects-normal/arm64_32/web3swift-Swift.h -working-directory /Users/admin/builder/spi-builder-workspace/.swiftpm/xcode -experimental-emit-module-separately -disable-cmo
error: Clang dependency scanning failure: (in target 'web3swift' from project 'Web3swift')
/Users/admin/builder/spi-builder-workspace/Sources/web3swift/Browser/Bridge.swift:9:8: error: Unable to resolve module dependency: 'WebKit' (in target 'web3swift' from project 'Web3swift')
note: A dependency of main module 'web3swift'
/Users/admin/builder/spi-builder-workspace/Sources/web3swift/Utils/EIP/EIP67Code.swift:7:8: error: Unable to resolve module dependency: 'CoreImage' (in target 'web3swift' from project 'Web3swift')
note: A dependency of main module 'web3swift'
/Users/admin/builder/spi-builder-workspace/Sources/web3swift/Browser/Bridge.swift:9:8: note: A dependency of main module 'web3swift'
import WebKit
^ (in target 'web3swift' from project 'Web3swift')
/Users/admin/builder/spi-builder-workspace/Sources/web3swift/Utils/EIP/EIP67Code.swift:7:8: note: A dependency of main module 'web3swift'
import CoreImage
^ (in target 'web3swift' from project 'Web3swift')
SwiftDriver Web3Core normal arm64_32 com.apple.xcode.tools.swift.compiler (in target 'Web3Core' from project 'Web3swift')
cd /Users/admin/builder/spi-builder-workspace/.swiftpm/xcode
builtin-SwiftDriver -- /Applications/Xcode-27.0.0-Release.Candidate.app/Contents/Developer/Toolchains/XcodeDefault.xctoolchain/usr/bin/swiftc -parse-as-library -module-name Web3Core -Onone @/Users/admin/builder/spi-builder-workspace/.derivedData/Build/Intermediates.noindex/Web3swift.build/Debug-watchos/Web3Core-t.build/Objects-normal/arm64_32/Web3Core.SwiftFileList -DSWIFT_PACKAGE -DDEBUG -DSWIFT_MODULE_RESOURCE_BUNDLE_UNAVAILABLE -Xcc -fmodule-map-file\=/Users/admin/builder/spi-builder-workspace/.derivedData/Build/Intermediates.noindex/GeneratedModuleMaps-watchos/secp256k1_bindings.modulemap -DXcode -plugin-path /Applications/Xcode-27.0.0-Release.Candidate.app/Contents/Developer/Toolchains/XcodeDefault.xctoolchain/usr/lib/swift/host/plugins/testing -enable-experimental-feature DebugDescriptionMacro -sdk /Applications/Xcode-27.0.0-Release.Candidate.app/Contents/Developer/Platforms/WatchOS.platform/Developer/SDKs/WatchOS27.0.sdk -target arm64_32-apple-watchos9.0 -g -module-cache-path /Users/admin/builder/spi-builder-workspace/.derivedData/ModuleCache.noindex -Xfrontend -serialize-debugging-options -profile-coverage-mapping -profile-generate -enable-testing -index-store-path /Users/admin/builder/spi-builder-workspace/.derivedData/Index.noindex/DataStore -Xcc -D_LIBCPP_HARDENING_MODE\=_LIBCPP_HARDENING_MODE_DEBUG -swift-version 5 -I /Users/admin/builder/spi-builder-workspace/.derivedData/Build/Products/Debug-watchos -Isystem /Applications/Xcode-27.0.0-Release.Candidate.app/Contents/Developer/Platforms/WatchOS.platform/Developer/usr/lib -F /Users/admin/builder/spi-builder-workspace/.derivedData/Build/Products/Debug-watchos/PackageFrameworks -F /Users/admin/builder/spi-builder-workspace/.derivedData/Build/Products/Debug-watchos -F /Applications/Xcode-27.0.0-Release.Candidate.app/Contents/Developer/Platforms/WatchOS.platform/Developer/Library/Frameworks -F /Applications/Xcode-27.0.0-Release.Candidate.app/Contents/Developer/Platforms/WatchOS.platform/Developer/SDKs/WatchOS27.0.sdk/Developer/Library/Frameworks -c -j10 -enable-batch-mode -incremental -Xcc -ivfsstatcache -Xcc /Users/admin/builder/spi-builder-workspace/.derivedData/SDKStatCaches.noindex/watchos27.0-24R360-e829b21a6f8c9b70876ba0858053c04477534ef55a1706bf4c1112bbb242f0a2.sdkstatcache -output-file-map /Users/admin/builder/spi-builder-workspace/.derivedData/Build/Intermediates.noindex/Web3swift.build/Debug-watchos/Web3Core-t.build/Objects-normal/arm64_32/Web3Core-OutputFileMap.json -save-temps -no-color-diagnostics -explicit-module-build -module-cache-path /Users/admin/builder/spi-builder-workspace/.derivedData/Build/Intermediates.noindex/SwiftExplicitPrecompiledModules -clang-scanner-module-cache-path /Users/admin/builder/spi-builder-workspace/.derivedData/ModuleCache.noindex -sdk-module-cache-path /Users/admin/builder/spi-builder-workspace/.derivedData/SDKExplicitPrecompiledModules -emit-dependencies -emit-module -emit-module-path /Users/admin/builder/spi-builder-workspace/.derivedData/Build/Intermediates.noindex/Web3swift.build/Debug-watchos/Web3Core-t.build/Objects-normal/arm64_32/Web3Core.swiftmodule -serialize-diagnostics -dependency-scan-serialize-diagnostics-path /Users/admin/builder/spi-builder-workspace/.derivedData/Build/Intermediates.noindex/Web3swift.build/Debug-watchos/Web3Core-t.build/Objects-normal/arm64_32/Web3Core-dependency-scan.dia -validate-clang-modules-once -clang-build-session-file /Users/admin/builder/spi-builder-workspace/.derivedData/ModuleCache.noindex/Session.modulevalidation -Xcc -fmodules-prune-interval\=86400 -Xcc -fmodules-prune-after\=345600 -package-name spi_builder_workspace -emit-const-values -const-gather-protocols-list /Users/admin/builder/spi-builder-workspace/.derivedData/Build/Intermediates.noindex/Web3swift.build/Debug-watchos/Web3Core-t.build/Objects-normal/arm64_32/Web3Core_const_extract_protocols.json -Xcc -I/Users/admin/builder/spi-builder-workspace/.dependencies/checkouts/secp256k1.swift/Sources/secp256k1_bindings/include -Xcc -I/Users/admin/builder/spi-builder-workspace/.derivedData/Build/Products/Debug-watchos/include -Xcc -I/Users/admin/builder/spi-builder-workspace/.derivedData/Build/Intermediates.noindex/Web3swift.build/Debug-watchos/Web3Core-t.build/DerivedSources-normal/arm64_32 -Xcc -I/Users/admin/builder/spi-builder-workspace/.derivedData/Build/Intermediates.noindex/Web3swift.build/Debug-watchos/Web3Core-t.build/DerivedSources/arm64_32 -Xcc -I/Users/admin/builder/spi-builder-workspace/.derivedData/Build/Intermediates.noindex/Web3swift.build/Debug-watchos/Web3Core-t.build/DerivedSources -Xcc -DSWIFT_PACKAGE -Xcc -DDEBUG\=1 -emit-objc-header -emit-objc-header-path /Users/admin/builder/spi-builder-workspace/.derivedData/Build/Intermediates.noindex/Web3swift.build/Debug-watchos/Web3Core-t.build/Objects-normal/arm64_32/Web3Core-Swift.h -working-directory /Users/admin/builder/spi-builder-workspace/.swiftpm/xcode -experimental-emit-module-separately -disable-cmo
SwiftDriver Web3Core normal arm64 com.apple.xcode.tools.swift.compiler (in target 'Web3Core' from project 'Web3swift')
cd /Users/admin/builder/spi-builder-workspace/.swiftpm/xcode
builtin-SwiftDriver -- /Applications/Xcode-27.0.0-Release.Candidate.app/Contents/Developer/Toolchains/XcodeDefault.xctoolchain/usr/bin/swiftc -parse-as-library -module-name Web3Core -Onone @/Users/admin/builder/spi-builder-workspace/.derivedData/Build/Intermediates.noindex/Web3swift.build/Debug-watchos/Web3Core-t.build/Objects-normal/arm64/Web3Core.SwiftFileList -DSWIFT_PACKAGE -DDEBUG -DSWIFT_MODULE_RESOURCE_BUNDLE_UNAVAILABLE -Xcc -fmodule-map-file\=/Users/admin/builder/spi-builder-workspace/.derivedData/Build/Intermediates.noindex/GeneratedModuleMaps-watchos/secp256k1_bindings.modulemap -DXcode -plugin-path /Applications/Xcode-27.0.0-Release.Candidate.app/Contents/Developer/Toolchains/XcodeDefault.xctoolchain/usr/lib/swift/host/plugins/testing -enable-experimental-feature DebugDescriptionMacro -sdk /Applications/Xcode-27.0.0-Release.Candidate.app/Contents/Developer/Platforms/WatchOS.platform/Developer/SDKs/WatchOS27.0.sdk -target arm64-apple-watchos9.0 -g -module-cache-path /Users/admin/builder/spi-builder-workspace/.derivedData/ModuleCache.noindex -Xfrontend -serialize-debugging-options -profile-coverage-mapping -profile-generate -enable-testing -index-store-path /Users/admin/builder/spi-builder-workspace/.derivedData/Index.noindex/DataStore -Xcc -D_LIBCPP_HARDENING_MODE\=_LIBCPP_HARDENING_MODE_DEBUG -swift-version 5 -I /Users/admin/builder/spi-builder-workspace/.derivedData/Build/Products/Debug-watchos -Isystem /Applications/Xcode-27.0.0-Release.Candidate.app/Contents/Developer/Platforms/WatchOS.platform/Developer/usr/lib -F /Users/admin/builder/spi-builder-workspace/.derivedData/Build/Products/Debug-watchos/PackageFrameworks -F /Users/admin/builder/spi-builder-workspace/.derivedData/Build/Products/Debug-watchos -F /Applications/Xcode-27.0.0-Release.Candidate.app/Contents/Developer/Platforms/WatchOS.platform/Developer/Library/Frameworks -F /Applications/Xcode-27.0.0-Release.Candidate.app/Contents/Developer/Platforms/WatchOS.platform/Developer/SDKs/WatchOS27.0.sdk/Developer/Library/Frameworks -c -j10 -enable-batch-mode -incremental -Xcc -ivfsstatcache -Xcc /Users/admin/builder/spi-builder-workspace/.derivedData/SDKStatCaches.noindex/watchos27.0-24R360-e829b21a6f8c9b70876ba0858053c04477534ef55a1706bf4c1112bbb242f0a2.sdkstatcache -output-file-map /Users/admin/builder/spi-builder-workspace/.derivedData/Build/Intermediates.noindex/Web3swift.build/Debug-watchos/Web3Core-t.build/Objects-normal/arm64/Web3Core-OutputFileMap.json -save-temps -no-color-diagnostics -explicit-module-build -module-cache-path /Users/admin/builder/spi-builder-workspace/.derivedData/Build/Intermediates.noindex/SwiftExplicitPrecompiledModules -clang-scanner-module-cache-path /Users/admin/builder/spi-builder-workspace/.derivedData/ModuleCache.noindex -sdk-module-cache-path /Users/admin/builder/spi-builder-workspace/.derivedData/SDKExplicitPrecompiledModules -emit-dependencies -emit-module -emit-module-path /Users/admin/builder/spi-builder-workspace/.derivedData/Build/Intermediates.noindex/Web3swift.build/Debug-watchos/Web3Core-t.build/Objects-normal/arm64/Web3Core.swiftmodule -serialize-diagnostics -dependency-scan-serialize-diagnostics-path /Users/admin/builder/spi-builder-workspace/.derivedData/Build/Intermediates.noindex/Web3swift.build/Debug-watchos/Web3Core-t.build/Objects-normal/arm64/Web3Core-dependency-scan.dia -validate-clang-modules-once -clang-build-session-file /Users/admin/builder/spi-builder-workspace/.derivedData/ModuleCache.noindex/Session.modulevalidation -Xcc -fmodules-prune-interval\=86400 -Xcc -fmodules-prune-after\=345600 -package-name spi_builder_workspace -emit-const-values -const-gather-protocols-list /Users/admin/builder/spi-builder-workspace/.derivedData/Build/Intermediates.noindex/Web3swift.build/Debug-watchos/Web3Core-t.build/Objects-normal/arm64/Web3Core_const_extract_protocols.json -Xcc -I/Users/admin/builder/spi-builder-workspace/.dependencies/checkouts/secp256k1.swift/Sources/secp256k1_bindings/include -Xcc -I/Users/admin/builder/spi-builder-workspace/.derivedData/Build/Products/Debug-watchos/include -Xcc -I/Users/admin/builder/spi-builder-workspace/.derivedData/Build/Intermediates.noindex/Web3swift.build/Debug-watchos/Web3Core-t.build/DerivedSources-normal/arm64 -Xcc -I/Users/admin/builder/spi-builder-workspace/.derivedData/Build/Intermediates.noindex/Web3swift.build/Debug-watchos/Web3Core-t.build/DerivedSources/arm64 -Xcc -I/Users/admin/builder/spi-builder-workspace/.derivedData/Build/Intermediates.noindex/Web3swift.build/Debug-watchos/Web3Core-t.build/DerivedSources -Xcc -DSWIFT_PACKAGE -Xcc -DDEBUG\=1 -emit-objc-header -emit-objc-header-path /Users/admin/builder/spi-builder-workspace/.derivedData/Build/Intermediates.noindex/Web3swift.build/Debug-watchos/Web3Core-t.build/Objects-normal/arm64/Web3Core-Swift.h -working-directory /Users/admin/builder/spi-builder-workspace/.swiftpm/xcode -experimental-emit-module-separately -disable-cmo
PruneExplicitPrecompiledModules /Users/admin/builder/spi-builder-workspace/.derivedData/Build/Intermediates.noindex/ExplicitPrecompiledModules
PruneExplicitPrecompiledModules /Users/admin/builder/spi-builder-workspace/.derivedData/SDKExplicitPrecompiledModules
PruneExplicitPrecompiledModules /Users/admin/builder/spi-builder-workspace/.derivedData/Build/Intermediates.noindex/SwiftExplicitPrecompiledModules
2026-09-22 22:25:47.373 xcodebuild[1097:6555] [MT] IDERunDestination: Supported platforms for the buildables in the current scheme is empty.
** BUILD FAILED **
The following build commands failed:
SwiftDriver web3swift normal arm64 com.apple.xcode.tools.swift.compiler (in target 'web3swift' from project 'Web3swift')
SwiftDriver web3swift normal arm64_32 com.apple.xcode.tools.swift.compiler (in target 'web3swift' from project 'Web3swift')
Building workspace Web3swift with scheme Web3swift
(3 failures)
BUILD FAILURE 6.4 watchOS