Build Information
Failed to build DynamicCodableKit, reference v1.0.0 (a1b9c8), with Swift 6.4 for watchOS using Xcode 27.0 on 18 Sep 2026 10:51:26 UTC.
Build Command
env DEVELOPER_DIR=/Applications/Xcode-27.0.0-Release.Candidate.app xcrun xcodebuild -IDEClonedSourcePackagesDirPathOverride=$PWD/.dependencies -skipMacroValidation -skipPackagePluginValidation -derivedDataPath $PWD/.derivedData build -scheme DynamicCodableKit-Package -destination generic/platform=watchOSBuild Log
========================================
RunAll
========================================
Builder version: 5.1.0
Interrupt handler set up.
========================================
Checkout
========================================
Clone URL: https://github.com/SwiftyLab/DynamicCodableKit.git
Reference: v1.0.0
Initialized empty Git repository in /Users/admin/builder/spi-builder-workspace/.git/
From https://github.com/SwiftyLab/DynamicCodableKit
* tag v1.0.0 -> FETCH_HEAD
HEAD is now at a1b9c88 chore(CHANGELOG): update for v1.0.0 [skip ci]
Cloned https://github.com/SwiftyLab/DynamicCodableKit.git
Revision (git rev-parse @):
a1b9c888239c26b83e0030ddbae8ba36dbf51d6b
SUCCESS checkout https://github.com/SwiftyLab/DynamicCodableKit.git at v1.0.0
========================================
Build
========================================
Selected platform: watchOS
Swift version: 6.4
Building package at path: $PWD
https://github.com/SwiftyLab/DynamicCodableKit.git
Command line invocation:
/Applications/Xcode-27.0.0-Release.Candidate.app/Contents/Developer/usr/bin/xcodebuild -IDEClonedSourcePackagesDirPathOverride=/Users/admin/builder/spi-builder-workspace/.dependencies -resolvePackageDependencies
resolved source packages:
{
"dependencies" : [
{
"identity" : "swift-docc-plugin",
"requirement" : {
"range" : [
{
"lower_bound" : "1.0.0",
"upper_bound" : "2.0.0"
}
]
},
"type" : "sourceControl",
"url" : "https://github.com/apple/swift-docc-plugin"
},
{
"identity" : "swift-format",
"requirement" : {
"range" : [
{
"lower_bound" : "0.50600.1",
"upper_bound" : "1.0.0"
}
]
},
"type" : "sourceControl",
"url" : "https://github.com/apple/swift-format"
}
],
"manifest_display_name" : "DynamicCodableKit",
"name" : "DynamicCodableKit",
"path" : "/Users/admin/builder/spi-builder-workspace",
"platforms" : [
{
"name" : "ios",
"version" : "8.0"
},
{
"name" : "macos",
"version" : "10.10"
},
{
"name" : "tvos",
"version" : "9.0"
},
{
"name" : "watchos",
"version" : "2.0"
},
{
"name" : "maccatalyst",
"version" : "13.0"
}
],
"products" : [
{
"name" : "DynamicCodableKit",
"targets" : [
"DynamicCodableKit"
],
"type" : {
"library" : [
"automatic"
]
}
}
],
"swift_languages_versions" : [
"5"
],
"targets" : [
{
"c99name" : "DynamicCodableKitTests",
"module_type" : "SwiftTarget",
"name" : "DynamicCodableKitTests",
"path" : "Tests/DynamicCodableKitTests",
"sources" : [
"DynamicDecodable.swift",
"DynamicDecodingContext.swift",
"DynamicDecodingContextCodingKey/Data/IdentifierCollectionDecode.swift",
"DynamicDecodingContextCodingKey/Data/IdentifierCollectionDecodeWithInvalidData.swift",
"DynamicDecodingContextCodingKey/Data/IdentifierDecode.swift",
"DynamicDecodingContextCodingKey/Data/IdentifierDecodeWithInvalidData.swift",
"DynamicDecodingContextCodingKey/DynamicDecodingCollectionWrapper.swift",
"DynamicDecodingContextCodingKey/DynamicDecodingWrapper.swift",
"DynamicDecodingContextCodingKey/Models/DynamicBaseType.swift",
"DynamicDecodingContextCodingKey/Models/PostPage.swift",
"DynamicDecodingContextContainerCodingKey/Data/ContainerCollectionDecode.swift",
"DynamicDecodingContextContainerCodingKey/Data/ContainerCollectionDecodeWithInvalidData.swift",
"DynamicDecodingContextContainerCodingKey/Data/ContainerDecode.swift",
"DynamicDecodingContextContainerCodingKey/Data/ContainerDecodeWithInvalidData.swift",
"DynamicDecodingContextContainerCodingKey/Data/PathCodingKeyData.swift",
"DynamicDecodingContextContainerCodingKey/DynamicDecodingCollectionDictionaryWrapper.swift",
"DynamicDecodingContextContainerCodingKey/DynamicDecodingDictionaryWrapper.swift",
"DynamicDecodingContextContainerCodingKey/Models/PostContainer.swift",
"DynamicDecodingContextContainerCodingKey/Models/PostPath.swift",
"DynamicDecodingContextContainerCodingKey/PathCodingKeyWrapper.swift",
"DynamicDecodingContextProvider/Data/ProviderCollectionDecode.swift",
"DynamicDecodingContextProvider/Data/ProviderCollectionDecodeWithInvalidData.swift",
"DynamicDecodingContextProvider/DynamicDecodingCollectionContextBasedWrapper.swift",
"DynamicDecodingContextProvider/DynamicDecodingContextBasedWrapper.swift",
"DynamicDecodingContextProvider/Models/ProviderPost.swift",
"DynamicEncodable.swift",
"Models/HashablePost.swift",
"Models/Post.swift",
"XCTestManifests.swift"
],
"target_dependencies" : [
"DynamicCodableKit"
],
"type" : "test"
},
{
"c99name" : "DynamicCodableKit",
"module_type" : "SwiftTarget",
"name" : "DynamicCodableKit",
"path" : "Sources/DynamicCodableKit",
"product_memberships" : [
"DynamicCodableKit"
],
"sources" : [
"DynamicDecodable.swift",
"DynamicDecodingConfiguration.swift",
"DynamicDecodingContext.swift",
"DynamicDecodingContextCodingKey/DynamicDecodingCollectionWrapper.swift",
"DynamicDecodingContextCodingKey/DynamicDecodingContextCodingKey.swift",
"DynamicDecodingContextCodingKey/DynamicDecodingDefaultValueWrapper.swift",
"DynamicDecodingContextCodingKey/DynamicDecodingWrapper.swift",
"DynamicDecodingContextContainerCodingKey/DynamicDecodingCollectionDictionaryWrapper.swift",
"DynamicDecodingContextContainerCodingKey/DynamicDecodingContextContainerCodingKey.swift",
"DynamicDecodingContextContainerCodingKey/DynamicDecodingDictionaryWrapper.swift",
"DynamicDecodingContextContainerCodingKey/PathCodingKeyDefaultValueWrapper.swift",
"DynamicDecodingContextContainerCodingKey/PathCodingKeyWrapper.swift",
"DynamicDecodingContextProvider/DynamicDecodingCollectionContextBasedWrapper.swift",
"DynamicDecodingContextProvider/DynamicDecodingContextBasedWrapper.swift",
"DynamicDecodingContextProvider/DynamicDecodingContextProvider.swift",
"DynamicDecodingContextProvider/DynamicDecodingDefaultValueContextBasedWrapper.swift",
"DynamicEncodable.swift",
"Extensions/Decoder.swift",
"Extensions/DecodingError.swift",
"Extensions/KeyedDecodingContainerProtocol.swift",
"Extensions/UnkeyedDecodingContainer.swift"
],
"type" : "library"
}
],
"tools_version" : "5.6"
}
{
"project" : {
"configurations" : [
"Debug",
"Release"
],
"name" : "DynamicCodableKit",
"schemes" : [
"DynamicCodableKit-Package",
"DynamicCodableKitPackageDescription",
"DynamicCodableKitPackageTests"
],
"targets" : [
"DynamicCodableKit",
"DynamicCodableKitPackageDescription",
"DynamicCodableKitPackageTests",
"DynamicCodableKitTests"
]
}
}
Running build ...
env DEVELOPER_DIR=/Applications/Xcode-27.0.0-Release.Candidate.app xcrun xcodebuild -IDEClonedSourcePackagesDirPathOverride=$PWD/.dependencies -skipMacroValidation -skipPackagePluginValidation -derivedDataPath $PWD/.derivedData build -scheme DynamicCodableKit-Package -destination generic/platform=watchOS
Command line invocation:
/Applications/Xcode-27.0.0-Release.Candidate.app/Contents/Developer/usr/bin/xcodebuild -IDEClonedSourcePackagesDirPathOverride=/Users/admin/builder/spi-builder-workspace/.dependencies -skipMacroValidation -skipPackagePluginValidation -derivedDataPath /Users/admin/builder/spi-builder-workspace/.derivedData build -scheme DynamicCodableKit-Package -destination generic/platform=watchOS
ComputePackagePrebuildTargetDependencyGraph
Prepare packages
CreateBuildRequest
SendProjectDescription
CreateBuildOperation
ComputeTargetDependencyGraph
note: Building targets in dependency order
note: Target dependency graph (1 target)
Target 'DynamicCodableKit' in project 'DynamicCodableKit' (no dependencies)
GatherProvisioningInputs
CreateBuildDescription
ExecuteExternalTool /Applications/Xcode-27.0.0-Release.Candidate.app/Contents/Developer/Toolchains/XcodeDefault.xctoolchain/usr/bin/clang -v -E -dM -isysroot /Applications/Xcode-27.0.0-Release.Candidate.app/Contents/Developer/Platforms/WatchOS.platform/Developer/SDKs/WatchOS27.0.sdk -x c -c /dev/null
ExecuteExternalTool /Applications/Xcode-27.0.0-Release.Candidate.app/Contents/Developer/Toolchains/XcodeDefault.xctoolchain/usr/bin/swiftc --version
ReadFileContents /Applications/Xcode-27.0.0-Release.Candidate.app/Contents/Developer/Toolchains/XcodeDefault.xctoolchain/usr/share/docc/features.json
ExecuteExternalTool /Applications/Xcode-27.0.0-Release.Candidate.app/Contents/Developer/Toolchains/XcodeDefault.xctoolchain/usr/bin/ld -version_details
Build description signature: 355569b701cb86d2d8d558e989dbd080
Build description path: /Users/admin/builder/spi-builder-workspace/.derivedData/Build/Intermediates.noindex/XCBuildData/355569b701cb86d2d8d558e989dbd080.xcbuilddata
/Users/admin/builder/spi-builder-workspace/DynamicCodableKit.xcodeproj: error: The watchOS deployment target 'WATCHOS_DEPLOYMENT_TARGET' is set to 2.0, but the range of supported deployment target versions is 9.0 to 27.0.x. (in target 'DynamicCodableKit' from project 'DynamicCodableKit')
error: The armv7k architecture is deprecated. You should update your ARCHS build setting to remove the armv7k architecture. (in target 'DynamicCodableKit' from project 'DynamicCodableKit')
** BUILD FAILED **
The following build commands failed:
Building project DynamicCodableKit with scheme DynamicCodableKit-Package
(1 failure)
Command line invocation:
/Applications/Xcode-27.0.0-Release.Candidate.app/Contents/Developer/usr/bin/xcodebuild -IDEClonedSourcePackagesDirPathOverride=/Users/admin/builder/spi-builder-workspace/.dependencies -resolvePackageDependencies
resolved source packages:
{
"dependencies" : [
{
"identity" : "swift-docc-plugin",
"requirement" : {
"range" : [
{
"lower_bound" : "1.0.0",
"upper_bound" : "2.0.0"
}
]
},
"type" : "sourceControl",
"url" : "https://github.com/apple/swift-docc-plugin"
},
{
"identity" : "swift-format",
"requirement" : {
"range" : [
{
"lower_bound" : "0.50600.1",
"upper_bound" : "1.0.0"
}
]
},
"type" : "sourceControl",
"url" : "https://github.com/apple/swift-format"
}
],
"manifest_display_name" : "DynamicCodableKit",
"name" : "DynamicCodableKit",
"path" : "/Users/admin/builder/spi-builder-workspace",
"platforms" : [
{
"name" : "ios",
"version" : "8.0"
},
{
"name" : "macos",
"version" : "10.10"
},
{
"name" : "tvos",
"version" : "9.0"
},
{
"name" : "watchos",
"version" : "2.0"
},
{
"name" : "maccatalyst",
"version" : "13.0"
}
],
"products" : [
{
"name" : "DynamicCodableKit",
"targets" : [
"DynamicCodableKit"
],
"type" : {
"library" : [
"automatic"
]
}
}
],
"swift_languages_versions" : [
"5"
],
"targets" : [
{
"c99name" : "DynamicCodableKitTests",
"module_type" : "SwiftTarget",
"name" : "DynamicCodableKitTests",
"path" : "Tests/DynamicCodableKitTests",
"sources" : [
"DynamicDecodable.swift",
"DynamicDecodingContext.swift",
"DynamicDecodingContextCodingKey/Data/IdentifierCollectionDecode.swift",
"DynamicDecodingContextCodingKey/Data/IdentifierCollectionDecodeWithInvalidData.swift",
"DynamicDecodingContextCodingKey/Data/IdentifierDecode.swift",
"DynamicDecodingContextCodingKey/Data/IdentifierDecodeWithInvalidData.swift",
"DynamicDecodingContextCodingKey/DynamicDecodingCollectionWrapper.swift",
"DynamicDecodingContextCodingKey/DynamicDecodingWrapper.swift",
"DynamicDecodingContextCodingKey/Models/DynamicBaseType.swift",
"DynamicDecodingContextCodingKey/Models/PostPage.swift",
"DynamicDecodingContextContainerCodingKey/Data/ContainerCollectionDecode.swift",
"DynamicDecodingContextContainerCodingKey/Data/ContainerCollectionDecodeWithInvalidData.swift",
"DynamicDecodingContextContainerCodingKey/Data/ContainerDecode.swift",
"DynamicDecodingContextContainerCodingKey/Data/ContainerDecodeWithInvalidData.swift",
"DynamicDecodingContextContainerCodingKey/Data/PathCodingKeyData.swift",
"DynamicDecodingContextContainerCodingKey/DynamicDecodingCollectionDictionaryWrapper.swift",
"DynamicDecodingContextContainerCodingKey/DynamicDecodingDictionaryWrapper.swift",
"DynamicDecodingContextContainerCodingKey/Models/PostContainer.swift",
"DynamicDecodingContextContainerCodingKey/Models/PostPath.swift",
"DynamicDecodingContextContainerCodingKey/PathCodingKeyWrapper.swift",
"DynamicDecodingContextProvider/Data/ProviderCollectionDecode.swift",
"DynamicDecodingContextProvider/Data/ProviderCollectionDecodeWithInvalidData.swift",
"DynamicDecodingContextProvider/DynamicDecodingCollectionContextBasedWrapper.swift",
"DynamicDecodingContextProvider/DynamicDecodingContextBasedWrapper.swift",
"DynamicDecodingContextProvider/Models/ProviderPost.swift",
"DynamicEncodable.swift",
"Models/HashablePost.swift",
"Models/Post.swift",
"XCTestManifests.swift"
],
"target_dependencies" : [
"DynamicCodableKit"
],
"type" : "test"
},
{
"c99name" : "DynamicCodableKit",
"module_type" : "SwiftTarget",
"name" : "DynamicCodableKit",
"path" : "Sources/DynamicCodableKit",
"product_memberships" : [
"DynamicCodableKit"
],
"sources" : [
"DynamicDecodable.swift",
"DynamicDecodingConfiguration.swift",
"DynamicDecodingContext.swift",
"DynamicDecodingContextCodingKey/DynamicDecodingCollectionWrapper.swift",
"DynamicDecodingContextCodingKey/DynamicDecodingContextCodingKey.swift",
"DynamicDecodingContextCodingKey/DynamicDecodingDefaultValueWrapper.swift",
"DynamicDecodingContextCodingKey/DynamicDecodingWrapper.swift",
"DynamicDecodingContextContainerCodingKey/DynamicDecodingCollectionDictionaryWrapper.swift",
"DynamicDecodingContextContainerCodingKey/DynamicDecodingContextContainerCodingKey.swift",
"DynamicDecodingContextContainerCodingKey/DynamicDecodingDictionaryWrapper.swift",
"DynamicDecodingContextContainerCodingKey/PathCodingKeyDefaultValueWrapper.swift",
"DynamicDecodingContextContainerCodingKey/PathCodingKeyWrapper.swift",
"DynamicDecodingContextProvider/DynamicDecodingCollectionContextBasedWrapper.swift",
"DynamicDecodingContextProvider/DynamicDecodingContextBasedWrapper.swift",
"DynamicDecodingContextProvider/DynamicDecodingContextProvider.swift",
"DynamicDecodingContextProvider/DynamicDecodingDefaultValueContextBasedWrapper.swift",
"DynamicEncodable.swift",
"Extensions/Decoder.swift",
"Extensions/DecodingError.swift",
"Extensions/KeyedDecodingContainerProtocol.swift",
"Extensions/UnkeyedDecodingContainer.swift"
],
"type" : "library"
}
],
"tools_version" : "5.6"
}
{
"project" : {
"configurations" : [
"Debug",
"Release"
],
"name" : "DynamicCodableKit",
"schemes" : [
"DynamicCodableKit-Package",
"DynamicCodableKitPackageDescription",
"DynamicCodableKitPackageTests"
],
"targets" : [
"DynamicCodableKit",
"DynamicCodableKitPackageDescription",
"DynamicCodableKitPackageTests",
"DynamicCodableKitTests"
]
}
}
Running build ...
env DEVELOPER_DIR=/Applications/Xcode-27.0.0-Release.Candidate.app xcrun xcodebuild -IDEClonedSourcePackagesDirPathOverride=$PWD/.dependencies -skipMacroValidation -skipPackagePluginValidation -derivedDataPath $PWD/.derivedData build -scheme DynamicCodableKit-Package -destination generic/platform=watchOS
Command line invocation:
/Applications/Xcode-27.0.0-Release.Candidate.app/Contents/Developer/usr/bin/xcodebuild -IDEClonedSourcePackagesDirPathOverride=/Users/admin/builder/spi-builder-workspace/.dependencies -skipMacroValidation -skipPackagePluginValidation -derivedDataPath /Users/admin/builder/spi-builder-workspace/.derivedData build -scheme DynamicCodableKit-Package -destination generic/platform=watchOS
ComputePackagePrebuildTargetDependencyGraph
Prepare packages
CreateBuildRequest
SendProjectDescription
CreateBuildOperation
ComputeTargetDependencyGraph
note: Building targets in dependency order
note: Target dependency graph (1 target)
Target 'DynamicCodableKit' in project 'DynamicCodableKit' (no dependencies)
GatherProvisioningInputs
CreateBuildDescription
error: The armv7k architecture is deprecated. You should update your ARCHS build setting to remove the armv7k architecture. (in target 'DynamicCodableKit' from project 'DynamicCodableKit')
/Users/admin/builder/spi-builder-workspace/DynamicCodableKit.xcodeproj: error: The watchOS deployment target 'WATCHOS_DEPLOYMENT_TARGET' is set to 2.0, but the range of supported deployment target versions is 9.0 to 27.0.x. (in target 'DynamicCodableKit' from project 'DynamicCodableKit')
** BUILD FAILED **
The following build commands failed:
Building project DynamicCodableKit with scheme DynamicCodableKit-Package
(1 failure)
BUILD FAILURE 6.4 watchOS