The Swift Package Index logo.Swift Package Index

Build Information

Failed to build SpeziNetworking, reference main (098e78), with Swift 6.4 for Wasm on 21 Sep 2026 23:36:39 UTC.

Build Command

bash -c docker run --pull=always --rm -v "checkouts-54344847-0":/host -w "$PWD" -e JAVA_HOME="/root/.sdkman/candidates/java/current" -e SPI_BUILD="1" -e SPI_PROCESSING="1" registry.gitlab.com/saguaro1/spi-images:wasm-6.4-latest swift build --swift-sdk swift-6.4.x-DEVELOPMENT-SNAPSHOT-2026-09-04-a_wasm 2>&1

Build Log

========================================
RunAll
========================================
Builder version: 5.1.0
Interrupt handler set up.
========================================
Checkout
========================================
Clone URL: https://github.com/StanfordSpezi/SpeziNetworking.git
Reference: main
Initialized empty Git repository in /host/spi-builder-workspace/.git/
hint: Using 'master' as the name for the initial branch. This default branch name
hint: is subject to change. To configure the initial branch name to use in all
hint: of your new repositories, which will suppress this warning, call:
hint:
hint: 	git config --global init.defaultBranch <name>
hint:
hint: Names commonly chosen instead of 'master' are 'main', 'trunk' and
hint: 'development'. The just-created branch can be renamed via this command:
hint:
hint: 	git branch -m <name>
From https://github.com/StanfordSpezi/SpeziNetworking
 * branch            main       -> FETCH_HEAD
 * [new branch]      main       -> origin/main
HEAD is now at 098e78d Migrate to Swift Testing (#15)
Cloned https://github.com/StanfordSpezi/SpeziNetworking.git
Revision (git rev-parse @):
098e78d7717fc4e3199c579e47c75b916ce678ca
SPI manifest file found: $PWD/.spi.yml
SUCCESS checkout https://github.com/StanfordSpezi/SpeziNetworking.git at main
========================================
Build
========================================
Selected platform:         wasm
Swift version:             6.4
Building package at path:  $PWD
https://github.com/StanfordSpezi/SpeziNetworking.git
Running build ...
bash -c docker run --pull=always --rm -v "checkouts-54344847-0":/host -w "$PWD" -e JAVA_HOME="/root/.sdkman/candidates/java/current" -e SPI_BUILD="1" -e SPI_PROCESSING="1" registry.gitlab.com/saguaro1/spi-images:wasm-6.4-latest swift build --swift-sdk swift-6.4.x-DEVELOPMENT-SNAPSHOT-2026-09-04-a_wasm 2>&1
wasm-6.4-latest: Pulling from saguaro1/spi-images
Digest: sha256:4328fdb43c680d205c1d6761b1e3267aa38277eefdda9ddfb17b6a0f1a77857a
Status: Image is up to date for registry.gitlab.com/saguaro1/spi-images:wasm-6.4-latest
Fetching https://github.com/apple/swift-nio.git
Fetching https://github.com/apple/swift-numerics.git
[1/86065] Fetching swift-nio
[4305/92705] Fetching swift-nio, swift-numerics
Fetched https://github.com/apple/swift-numerics.git (1.09s)
[34426/86065] Fetching swift-nio
Fetched https://github.com/apple/swift-nio.git (3.30s)
Computing version for https://github.com/apple/swift-numerics.git
Computed https://github.com/apple/swift-numerics.git at 1.1.1 (3.48s)
Computing version for https://github.com/apple/swift-nio.git
Computed https://github.com/apple/swift-nio.git at 2.103.0 (0.34s)
Fetching https://github.com/apple/swift-system.git
Fetching https://github.com/apple/swift-collections.git
Fetching https://github.com/apple/swift-atomics.git
[1/1875] Fetching swift-atomics
Fetched https://github.com/apple/swift-atomics.git (0.57s)
[1/6898] Fetching swift-system
[4002/34552] Fetching swift-system, swift-collections
Fetched https://github.com/apple/swift-system.git (0.69s)
[5531/27654] Fetching swift-collections
Fetched https://github.com/apple/swift-collections.git (1.25s)
Computing version for https://github.com/apple/swift-atomics.git
Computed https://github.com/apple/swift-atomics.git at 1.3.1 (1.44s)
Computing version for https://github.com/apple/swift-collections.git
Computed https://github.com/apple/swift-collections.git at 1.6.0 (0.29s)
Computing version for https://github.com/apple/swift-system.git
Computed https://github.com/apple/swift-system.git at 1.8.1 (0.21s)
Creating working copy for https://github.com/apple/swift-system.git
Working copy of https://github.com/apple/swift-system.git resolved at 1.8.1
Creating working copy for https://github.com/apple/swift-collections.git
Working copy of https://github.com/apple/swift-collections.git resolved at 1.6.0
Creating working copy for https://github.com/apple/swift-nio.git
Working copy of https://github.com/apple/swift-nio.git resolved at 2.103.0
Creating working copy for https://github.com/apple/swift-atomics.git
Working copy of https://github.com/apple/swift-atomics.git resolved at 1.3.1
Creating working copy for https://github.com/apple/swift-numerics.git
Working copy of https://github.com/apple/swift-numerics.git resolved at 1.1.1
Building for debugging...
[Computing dependencies]
[Pre-planning 1 / 862]
[Planning deferred tasks]
[129 / 265] _NIOBase64
[138 / 281] CNIOWindows
[145 / 281] _NIOBase64
[149 / 281] _NIODataStructures
[164 / 281] NIOConcurrencyHelpers
[165 / 281] NIOConcurrencyHelpers
[166 / 281] _NIOBase64
[168 / 282] _NIOBase64
[171 / 282] _NIOBase64
[172 / 282] _NIOBase64
[177 / 283] ContainersPreview
[186 / 284]
[192 / 285] Atomics
[197 / 304] NIOConcurrencyHelpers
[199 / 304] NIOConcurrencyHelpers
[202 / 304] ContainersPreview
[205 / 304] ContainersPreview
[211 / 304] ContainersPreview
[213 / 304] DequeModule
[215 / 305] InternalCollectionsUtilities
[220 / 306] InternalCollectionsUtilities
[223 / 307]
[227 / 316] DequeModule
[230 / 316] DequeModule
[231 / 316] DequeModule
[232 / 316] DequeModule
[234 / 316] DequeModule
[234 / 316] CNIOAtomics
[235 / 316] Atomics
[240 / 316] DequeModule
[243 / 317]
[243 / 317] DequeModule
[243 / 318] DequeModule
[261 / 328] NIOCore
[261 / 329] NIOCore
[281 / 348] NIOPosix
error: SwiftCompile normal wasm32 failed with a nonzero exit code. Command line:     cd /host

/host/spi-builder-workspace/.build/checkouts/swift-nio/Sources/NIOPosix/BaseSocketChannel+AccessibleTransport.swift:17:11: error: cannot find type 'BaseSocketChannel' in scope
15 | import NIOCore
16 |
17 | extension BaseSocketChannel where SocketType: BaseSocket {
   |           `- error: cannot find type 'BaseSocketChannel' in scope
18 |     /// The underlying transport type backing this channel.
19 |     typealias Transport = NIOBSDSocket.Handle
/host/spi-builder-workspace/.build/checkouts/swift-nio/Sources/NIOPosix/BaseSocketChannel+AccessibleTransport.swift:27:11: error: cannot find type 'BaseSocketChannel' in scope
25 | }
26 |
27 | extension BaseSocketChannel where SocketType: PipePair {
   |           `- error: cannot find type 'BaseSocketChannel' in scope
28 |     /// The underlying transport type backing this channel.
29 |     typealias Transport = NIOBSDSocket.PipeHandle
/host/spi-builder-workspace/.build/checkouts/swift-nio/Sources/NIOPosix/BaseSocketChannel+AccessibleTransport.swift:42:11: error: cannot find type 'SocketChannel' in scope
40 | }
41 |
42 | extension SocketChannel: NIOTransportAccessibleChannelCore {}
   |           `- error: cannot find type 'SocketChannel' in scope
43 | extension ServerSocketChannel: NIOTransportAccessibleChannelCore {}
44 | extension DatagramChannel: NIOTransportAccessibleChannelCore {}
/host/spi-builder-workspace/.build/checkouts/swift-nio/Sources/NIOPosix/BaseSocketChannel+AccessibleTransport.swift:43:11: error: cannot find type 'ServerSocketChannel' in scope
41 |
42 | extension SocketChannel: NIOTransportAccessibleChannelCore {}
43 | extension ServerSocketChannel: NIOTransportAccessibleChannelCore {}
   |           `- error: cannot find type 'ServerSocketChannel' in scope
44 | extension DatagramChannel: NIOTransportAccessibleChannelCore {}
45 | extension PipeChannel: NIOTransportAccessibleChannelCore {}
/host/spi-builder-workspace/.build/checkouts/swift-nio/Sources/NIOPosix/BaseSocketChannel+AccessibleTransport.swift:44:11: error: cannot find type 'DatagramChannel' in scope
42 | extension SocketChannel: NIOTransportAccessibleChannelCore {}
43 | extension ServerSocketChannel: NIOTransportAccessibleChannelCore {}
44 | extension DatagramChannel: NIOTransportAccessibleChannelCore {}
   |           `- error: cannot find type 'DatagramChannel' in scope
45 | extension PipeChannel: NIOTransportAccessibleChannelCore {}
46 |
/host/spi-builder-workspace/.build/checkouts/swift-nio/Sources/NIOPosix/BaseSocketChannel+AccessibleTransport.swift:45:11: error: cannot find type 'PipeChannel' in scope
43 | extension ServerSocketChannel: NIOTransportAccessibleChannelCore {}
44 | extension DatagramChannel: NIOTransportAccessibleChannelCore {}
45 | extension PipeChannel: NIOTransportAccessibleChannelCore {}
   |           `- error: cannot find type 'PipeChannel' in scope
46 |
Failed frontend command:
/usr/bin/swift-frontend -frontend -emit-module -experimental-skip-non-inlinable-function-bodies-without-types /host/spi-builder-workspace/.build/checkouts/swift-nio/Sources/NIOPosix/BSDSocketAPICommon.swift /host/spi-builder-workspace/.build/checkouts/swift-nio/Sources/NIOPosix/BSDSocketAPIPosix.swift /host/spi-builder-workspace/.build/checkouts/swift-nio/Sources/NIOPosix/BSDSocketAPIWindows.swift /host/spi-builder-workspace/.build/checkouts/swift-nio/Sources/NIOPosix/BaseSocket.swift /host/spi-builder-workspace/.build/checkouts/swift-nio/Sources/NIOPosix/BaseSocketChannel+AccessibleTransport.swift /host/spi-builder-workspace/.build/checkouts/swift-nio/Sources/NIOPosix/BaseSocketChannel+SocketOptionProvider.swift /host/spi-builder-workspace/.build/checkouts/swift-nio/Sources/NIOPosix/BaseSocketChannel.swift /host/spi-builder-workspace/.build/checkouts/swift-nio/Sources/NIOPosix/BaseStreamSocketChannel.swift /host/spi-builder-workspace/.build/checkouts/swift-nio/Sources/NIOPosix/Bootstrap.swift /host/spi-builder-workspace/.build/checkouts/swift-nio/Sources/NIOPosix/ControlMessage.swift /host/spi-builder-workspace/.build/checkouts/swift-nio/Sources/NIOPosix/DatagramVectorReadManager.swift /host/spi-builder-workspace/.build/checkouts/swift-nio/Sources/NIOPosix/Errors+Any.swift /host/spi-builder-workspace/.build/checkouts/swift-nio/Sources/NIOPosix/FileDescriptor.swift /host/spi-builder-workspace/.build/checkouts/swift-nio/Sources/NIOPosix/GetaddrinfoResolver.swift /host/spi-builder-workspace/.build/checkouts/swift-nio/Sources/NIOPosix/HappyEyeballs.swift /host/spi-builder-workspace/.build/checkouts/swift-nio/Sources/NIOPosix/IO.swift /host/spi-builder-workspace/.build/checkouts/swift-nio/Sources/NIOPosix/IntegerBitPacking.swift /host/spi-builder-workspace/.build/checkouts/swift-nio/Sources/NIOPosix/IntegerTypes.swift /host/spi-builder-workspace/.build/checkouts/swift-nio/Sources/NIOPosix/Linux.swift /host/spi-builder-workspace/.build/checkouts/swift-nio/Sources/NIOPosix/LinuxCPUSet.swift /host/spi-builder-workspace/.build/checkouts/swift-nio/Sources/NIOPosix/LinuxUring.swift /host/spi-builder-workspace/.build/checkouts/swift-nio/Sources/NIOPosix/MultiThreadedEventLoopGroup.swift /host/spi-builder-workspace/.build/checkouts/swift-nio/Sources/NIOPosix/NIOPosixSendableMetatype.swift /host/spi-builder-workspace/.build/checkouts/swift-nio/Sources/NIOPosix/NIORandomizedDNSResolver.swift /host/spi-builder-workspace/.build/checkouts/swift-nio/Sources/NIOPosix/NIOThreadPool.swift /host/spi-builder-workspace/.build/checkouts/swift-nio/Sources/NIOPosix/NonBlockingFileIO.swift /host/spi-builder-workspace/.build/checkouts/swift-nio/Sources/NIOPosix/PendingDatagramWritesManager.swift /host/spi-builder-workspace/.build/checkouts/swift-nio/Sources/NIOPosix/PendingWritesManager.swift /host/spi-builder-workspace/.build/checkouts/swift-nio/Sources/NIOPosix/PipeChannel.swift /host/spi-builder-workspace/.build/checkouts/swift-nio/Sources/NIOPosix/PipePair.swift /host/spi-builder-workspace/.build/checkouts/swift-nio/Sources/NIOPosix/Pool.swift /host/spi-builder-workspace/.build/checkouts/swift-nio/Sources/NIOPosix/PosixSingletons+ConcurrencyTakeOver.swift /host/spi-builder-workspace/.build/checkouts/swift-nio/Sources/NIOPosix/PosixSingletons.swift /host/spi-builder-workspace/.build/checkouts/swift-nio/Sources/NIOPosix/RawSocketBootstrap.swift /host/spi-builder-workspace/.build/checkouts/swift-nio/Sources/NIOPosix/Resolver.swift /host/spi-builder-workspace/.build/checkouts/swift-nio/Sources/NIOPosix/Selectable.swift /host/spi-builder-workspace/.build/checkouts/swift-nio/Sources/NIOPosix/SelectableChannel.swift /host/spi-builder-workspace/.build/checkouts/swift-nio/Sources/NIOPosix/SelectableEventLoop.swift /host/spi-builder-workspace/.build/checkouts/swift-nio/Sources/NIOPosix/SelectorEpoll.swift /host/spi-builder-workspace/.build/checkouts/swift-nio/Sources/NIOPosix/SelectorGeneric.swift /host/spi-builder-workspace/.build/checkouts/swift-nio/Sources/NIOPosix/SelectorKqueue.swift /host/spi-builder-workspace/.build/checkouts/swift-nio/Sources/NIOPosix/SelectorUring.swift /host/spi-builder-workspace/.build/checkouts/swift-nio/Sources/NIOPosix/SelectorWSAPoll.swift /host/spi-builder-workspace/.build/checkouts/swift-nio/Sources/NIOPosix/ServerSocket.swift /host/spi-builder-workspace/.build/checkouts/swift-nio/Sources/NIOPosix/Socket.swift /host/spi-builder-workspace/.build/checkouts/swift-nio/Sources/NIOPosix/SocketChannel.swift /host/spi-builder-workspace/.build/checkouts/swift-nio/Sources/NIOPosix/SocketProtocols.swift /host/spi-builder-workspace/.build/checkouts/swift-nio/Sources/NIOPosix/StructuredConcurrencyHelpers.swift /host/spi-builder-workspace/.build/checkouts/swift-nio/Sources/NIOPosix/System.swift /host/spi-builder-workspace/.build/checkouts/swift-nio/Sources/NIOPosix/Thread.swift /host/spi-builder-workspace/.build/checkouts/swift-nio/Sources/NIOPosix/ThreadPosix.swift /host/spi-builder-workspace/.build/checkouts/swift-nio/Sources/NIOPosix/ThreadWindows.swift /host/spi-builder-workspace/.build/checkouts/swift-nio/Sources/NIOPosix/Utilities.swift /host/spi-builder-workspace/.build/checkouts/swift-nio/Sources/NIOPosix/VsockAddress.swift /host/spi-builder-workspace/.build/checkouts/swift-nio/Sources/NIOPosix/VsockChannelEvents.swift /host/spi-builder-workspace/.build/checkouts/swift-nio/Sources/NIOPosix/Windows.swift -target wasm32-unknown-wasip1 -disable-objc-interop -sdk /root/.swiftpm/swift-sdks/swift-6.4.x-DEVELOPMENT-SNAPSHOT-2026-09-04-a_wasm.artifactbundle/swift-6.4.x-DEVELOPMENT-SNAPSHOT-2026-09-04-a_wasm/wasm32-unknown-wasip1/WASI.sdk -sysroot /root/.swiftpm/swift-sdks/swift-6.4.x-DEVELOPMENT-SNAPSHOT-2026-09-04-a_wasm.artifactbundle/swift-6.4.x-DEVELOPMENT-SNAPSHOT-2026-09-04-a_wasm/wasm32-unknown-wasip1/WASI.sdk -I /host/spi-builder-workspace/.build/out/Products/Debug-webassembly-wasm32 -module-cache-path /host/spi-builder-workspace/.build/out/ModuleCache.noindex -color-diagnostics -Xcc -fcolor-diagnostics -enable-testing -g -debug-info-format\=dwarf -dwarf-version\=4 -suppress-warnings -swift-version 6 -Onone -D SWIFT_PACKAGE -D DEBUG -D SWIFT_MODULE_RESOURCE_BUNDLE_UNAVAILABLE -D Xcode -serialize-debugging-options -enable-experimental-feature Lifetimes -enable-upcoming-feature MemberImportVisibility -enable-experimental-feature DebugDescriptionMacro -empty-abi-descriptor -external-plugin-path /usr/lib/swift/host/plugins/testing\#/usr/bin/swift-plugin-server -user-module-version 2.103.0 -validate-clang-modules-once -clang-build-session-file /host/spi-builder-workspace/.build/out/ModuleCache.noindex/Session.modulevalidation -Xcc -working-directory -Xcc /host -resource-dir /root/.swiftpm/swift-sdks/swift-6.4.x-DEVELOPMENT-SNAPSHOT-2026-09-04-a_wasm.artifactbundle/swift-6.4.x-DEVELOPMENT-SNAPSHOT-2026-09-04-a_wasm/wasm32-unknown-wasip1/swift.xctoolchain/usr/lib/swift_static -use-static-resource-dir -enable-anonymous-context-mangled-names -file-compilation-dir /host -Xcc -resource-dir -Xcc /root/.swiftpm/swift-sdks/swift-6.4.x-DEVELOPMENT-SNAPSHOT-2026-09-04-a_wasm.artifactbundle/swift-6.4.x-DEVELOPMENT-SNAPSHOT-2026-09-04-a_wasm/wasm32-unknown-wasip1/swift.xctoolchain/usr/lib/swift_static/clang -Xcc -fmodule-map-file\=/host/spi-builder-workspace/.build/checkouts/swift-atomics/Sources/_AtomicsShims/include/module.modulemap -Xcc -fmodule-map-file\=/host/spi-builder-workspace/.build/out/Intermediates.noindex/GeneratedModuleMaps-webassembly-wasm32/CNIOPosix.modulemap -Xcc -fmodule-map-file\=/host/spi-builder-workspace/.build/out/Intermediates.noindex/GeneratedModuleMaps-webassembly-wasm32/CNIOWASI.modulemap -Xcc -fmodule-map-file\=/host/spi-builder-workspace/.build/out/Intermediates.noindex/GeneratedModuleMaps-webassembly-wasm32/CNIOFreeBSD.modulemap -Xcc -fmodule-map-file\=/host/spi-builder-workspace/.build/out/Intermediates.noindex/GeneratedModuleMaps-webassembly-wasm32/CNIOAtomics.modulemap -Xcc -fmodule-map-file\=/host/spi-builder-workspace/.build/checkouts/swift-nio/Sources/CNIOWindows/include/module.modulemap -Xcc -fmodule-map-file\=/host/spi-builder-workspace/.build/out/Intermediates.noindex/GeneratedModuleMaps-webassembly-wasm32/CNIODarwin.modulemap -Xcc -fmodule-map-file\=/host/spi-builder-workspace/.build/out/Intermediates.noindex/GeneratedModuleMaps-webassembly-wasm32/CNIOLinux.modulemap -Xcc -fmodule-map-file\=/host/spi-builder-workspace/.build/out/Intermediates.noindex/GeneratedModuleMaps-webassembly-wasm32/CNIOOpenBSD.modulemap -Xcc -D_LIBCPP_HARDENING_MODE\=_LIBCPP_HARDENING_MODE_DEBUG -Xcc -fmodules-prune-interval\=86400 -Xcc -fmodules-prune-after\=345600 -Xcc -I/host/spi-builder-workspace/.build/checkouts/swift-atomics/Sources/_AtomicsShims/include -Xcc -I/host/spi-builder-workspace/.build/checkouts/swift-nio/Sources/CNIOPosix/include -Xcc -I/host/spi-builder-workspace/.build/checkouts/swift-nio/Sources/CNIOWASI/include -Xcc -I/host/spi-builder-workspace/.build/checkouts/swift-nio/Sources/CNIOFreeBSD/include -Xcc -I/host/spi-builder-workspace/.build/checkouts/swift-nio/Sources/CNIOAtomics/include -Xcc -I/host/spi-builder-workspace/.build/checkouts/swift-nio/Sources/CNIOWindows/include -Xcc -I/host/spi-builder-workspace/.build/checkouts/swift-nio/Sources/CNIODarwin/include -Xcc -I/host/spi-builder-workspace/.build/checkouts/swift-nio/Sources/CNIOLinux/include -Xcc -I/host/spi-builder-workspace/.build/checkouts/swift-nio/Sources/CNIOOpenBSD/include -Xcc -I/host/spi-builder-workspace/.build/out/Products/Debug-webassembly-wasm32/include -Xcc -I/host/spi-builder-workspace/.build/out/Intermediates.noindex/swift-nio.build/Debug-webassembly-wasm32/NIOPosix-t.build/DerivedSources-normal/wasm32 -Xcc -I/host/spi-builder-workspace/.build/out/Intermediates.noindex/swift-nio.build/Debug-webassembly-wasm32/NIOPosix-t.build/DerivedSources/wasm32 -Xcc -I/host/spi-builder-workspace/.build/out/Intermediates.noindex/swift-nio.build/Debug-webassembly-wasm32/NIOPosix-t.build/DerivedSources -Xcc -DSWIFT_PACKAGE -Xcc -DDEBUG\=1 -no-auto-bridging-header-chaining -module-name NIOPosix -package-name swift_nio -const-gather-protocols-file /host/spi-builder-workspace/.build/out/Intermediates.noindex/swift-nio.build/Debug-webassembly-wasm32/NIOPosix-t.build/Objects-normal/wasm32/NIOPosix_const_extract_protocols.json -in-process-plugin-server-path /usr/lib/swift/host/libSwiftInProcPluginServer.so -plugin-path /usr/lib/swift/host/plugins -plugin-path /usr/local/lib/swift/host/plugins -emit-module-doc-path /host/spi-builder-workspace/.build/out/Intermediates.noindex/swift-nio.build/Debug-webassembly-wasm32/NIOPosix-t.build/Objects-normal/wasm32/Modules/NIOPosix.swiftdoc -emit-module-source-info-path /host/spi-builder-workspace/.build/out/Intermediates.noindex/swift-nio.build/Debug-webassembly-wasm32/NIOPosix-t.build/Objects-normal/wasm32/Modules/NIOPosix.swiftsourceinfo -emit-objc-header-path /host/spi-builder-workspace/.build/out/Intermediates.noindex/swift-nio.build/Debug-webassembly-wasm32/NIOPosix-t.build/Objects-normal/wasm32/NIOPosix-Swift.h -serialize-diagnostics-path /host/spi-builder-workspace/.build/out/Intermediates.noindex/swift-nio.build/Debug-webassembly-wasm32/NIOPosix-t.build/Objects-normal/wasm32/NIOPosix-primary-emit-module.dia -emit-dependencies-path /host/spi-builder-workspace/.build/out/Intermediates.noindex/swift-nio.build/Debug-webassembly-wasm32/NIOPosix-t.build/Objects-normal/wasm32/NIOPosix-primary-emit-module.d -parse-as-library -o /host/spi-builder-workspace/.build/out/Intermediates.noindex/swift-nio.build/Debug-webassembly-wasm32/NIOPosix-t.build/Objects-normal/wasm32/Modules/NIOPosix.swiftmodule
error: Build failed
BUILD FAILURE 6.4 wasm