Build Information
Failed to build tinkoff-concurrency, reference main (3cab73), with Swift 6.4 for visionOS using Xcode 27.0 on 19 Sep 2026 09:17:19 UTC.
Build Command
No build command. This typically means the build failed at an early stage where we determine the build command.Build Log
========================================
RunAll
========================================
Builder version: 5.1.0
Interrupt handler set up.
========================================
Checkout
========================================
Clone URL: https://github.com/tinkoff-mobile-tech/TinkoffConcurrency.git
Reference: main
Initialized empty Git repository in /Users/admin/builder/spi-builder-workspace/.git/
From https://github.com/tinkoff-mobile-tech/TinkoffConcurrency
* branch main -> FETCH_HEAD
* [new branch] main -> origin/main
HEAD is now at 3cab732 Release 2.0.2
Cloned https://github.com/tinkoff-mobile-tech/TinkoffConcurrency.git
Revision (git rev-parse @):
3cab7321c4a88ad5566227d09538d399e8f13f0d
SPI manifest file found: $PWD/.spi.yml
SUCCESS checkout https://github.com/tinkoff-mobile-tech/TinkoffConcurrency.git at main
========================================
Build
========================================
Selected platform: visionOS
Swift version: 6.4
Building package at path: $PWD
https://github.com/tinkoff-mobile-tech/TinkoffConcurrency.git
Command line invocation:
/Applications/Xcode-27.0.0-Release.Candidate.app/Contents/Developer/usr/bin/xcodebuild -IDEClonedSourcePackagesDirPathOverride=/Users/admin/builder/spi-builder-workspace/.dependencies -resolvePackageDependencies
2026-09-19 05:17:18.205 xcodebuild[529:3015] Writing error result bundle to /var/folders/xq/y_g06wb113726d38xsyx71_h0000gn/T/ResultBundle_2026-19-09_05-17-0018.xcresult
xcodebuild: error: '_Pods.xcodeproj' does not exist.
Command line invocation:
/Applications/Xcode-27.0.0-Release.Candidate.app/Contents/Developer/usr/bin/xcodebuild -IDEClonedSourcePackagesDirPathOverride=/Users/admin/builder/spi-builder-workspace/.dependencies -resolvePackageDependencies
2026-09-19 05:17:19.210 xcodebuild[539:3102] Writing error result bundle to /var/folders/xq/y_g06wb113726d38xsyx71_h0000gn/T/ResultBundle_2026-19-09_05-17-0019.xcresult
xcodebuild: error: '_Pods.xcodeproj' does not exist.
BUILD FAILURE 6.4 visionOS