Build Information
Failed to build FaceDetectionRetinaFace, reference main (5daf96), with Swift 6.4 for watchOS using Xcode 27.0 on 23 Sep 2026 08:50:13 UTC.
Build Command
env DEVELOPER_DIR=/Applications/Xcode-27.0.0-Release.Candidate.app xcrun xcodebuild -IDEClonedSourcePackagesDirPathOverride=$PWD/.dependencies -skipMacroValidation -skipPackagePluginValidation -derivedDataPath $PWD/.derivedData build -scheme FaceDetectionRetinaFace -destination generic/platform=watchOSBuild Log
========================================
RunAll
========================================
Builder version: 5.1.0
Interrupt handler set up.
========================================
Checkout
========================================
Clone URL: https://github.com/AppliedRecognition/Face-Detection-RetinaFace-Apple.git
Reference: main
Initialized empty Git repository in /Users/admin/builder/spi-builder-workspace/.git/
From https://github.com/AppliedRecognition/Face-Detection-RetinaFace-Apple
* branch main -> FETCH_HEAD
* [new branch] main -> origin/main
HEAD is now at 5daf966 Merge branch 'development'
Cloned https://github.com/AppliedRecognition/Face-Detection-RetinaFace-Apple.git
Revision (git rev-parse @):
5daf9664f60f10910667b948d1507b585514d8b3
SUCCESS checkout https://github.com/AppliedRecognition/Face-Detection-RetinaFace-Apple.git at main
========================================
Build
========================================
Selected platform: watchOS
Swift version: 6.4
Building package at path: $PWD
https://github.com/AppliedRecognition/Face-Detection-RetinaFace-Apple.git
Command line invocation:
/Applications/Xcode-27.0.0-Release.Candidate.app/Contents/Developer/usr/bin/xcodebuild -IDEClonedSourcePackagesDirPathOverride=/Users/admin/builder/spi-builder-workspace/.dependencies -resolvePackageDependencies
Resolve Package Graph
Fetching from https://github.com/AppliedRecognition/Ver-ID-Common-Types-Apple.git
Creating working copy of package ‘Ver-ID-Common-Types-Apple’
Checking out 3.3.0 of package ‘Ver-ID-Common-Types-Apple’
Resolve Package Graph
Resolved source packages:
FaceDetectionRetinaFace: /Users/admin/builder/spi-builder-workspace
VerIDCommonTypes: https://github.com/AppliedRecognition/Ver-ID-Common-Types-Apple.git @ 3.3.0
resolved source packages: FaceDetectionRetinaFace, VerIDCommonTypes
2026-09-23 04:49:32.011 xcodebuild[563:3062] [MT] IDERunDestination: Supported platforms for the buildables in the current scheme is empty.
{
"dependencies" : [
{
"identity" : "ver-id-common-types-apple",
"requirement" : {
"range" : [
{
"lower_bound" : "2.1.0",
"upper_bound" : "4.0.0"
}
]
},
"type" : "sourceControl",
"url" : "https://github.com/AppliedRecognition/Ver-ID-Common-Types-Apple.git"
}
],
"manifest_display_name" : "FaceDetectionRetinaFace",
"name" : "FaceDetectionRetinaFace",
"path" : "/Users/admin/builder/spi-builder-workspace",
"platforms" : [
{
"name" : "ios",
"version" : "15.0"
}
],
"products" : [
{
"name" : "FaceDetectionRetinaFace",
"targets" : [
"FaceDetectionRetinaFace"
],
"type" : {
"library" : [
"automatic"
]
}
}
],
"targets" : [
{
"c99name" : "FaceDetectionRetinaFaceTests",
"module_type" : "SwiftTarget",
"name" : "FaceDetectionRetinaFaceTests",
"path" : "Tests/FaceDetectionRetinaFaceTests",
"product_dependencies" : [
"VerIDCommonTypes"
],
"resources" : [
{
"path" : "/Users/admin/builder/spi-builder-workspace/Tests/FaceDetectionRetinaFaceTests/Resources/face.json",
"rule" : {
"process" : {
}
}
},
{
"path" : "/Users/admin/builder/spi-builder-workspace/Tests/FaceDetectionRetinaFaceTests/Resources/image.jpg",
"rule" : {
"process" : {
}
}
}
],
"sources" : [
"FaceDetectionRetinaFaceTests.swift"
],
"target_dependencies" : [
"FaceDetectionRetinaFace"
],
"type" : "test"
},
{
"c99name" : "FaceDetectionRetinaFace",
"module_type" : "SwiftTarget",
"name" : "FaceDetectionRetinaFace",
"path" : "Sources/FaceDetectionRetinaFace",
"product_dependencies" : [
"VerIDCommonTypes"
],
"product_memberships" : [
"FaceDetectionRetinaFace"
],
"resources" : [
{
"path" : "/Users/admin/builder/spi-builder-workspace/Sources/FaceDetectionRetinaFace/Resources/RetinaFace.mlpackage/Data/com.apple.CoreML/model.mlmodel",
"rule" : {
"process" : {
}
}
},
{
"path" : "/Users/admin/builder/spi-builder-workspace/Sources/FaceDetectionRetinaFace/Resources/RetinaFace.mlpackage/Data/com.apple.CoreML/weights/weight.bin",
"rule" : {
"process" : {
}
}
},
{
"path" : "/Users/admin/builder/spi-builder-workspace/Sources/FaceDetectionRetinaFace/Resources/RetinaFace.mlpackage/Manifest.json",
"rule" : {
"process" : {
}
}
}
],
"sources" : [
"Errors.swift",
"FaceDetectionRetinaFace.swift",
"Postprocessing.swift",
"Preprocessing.swift"
],
"type" : "library"
}
],
"tools_version" : "5.9"
}
{
"workspace" : {
"name" : "FaceDetectionRetinaFace",
"schemes" : [
"FaceDetectionRetinaFace"
]
}
}
2026-09-23 04:50:03.910 xcodebuild[697:4023] [MT] IDERunDestination: Supported platforms for the buildables in the current scheme is empty.
Running build ...
env DEVELOPER_DIR=/Applications/Xcode-27.0.0-Release.Candidate.app xcrun xcodebuild -IDEClonedSourcePackagesDirPathOverride=$PWD/.dependencies -skipMacroValidation -skipPackagePluginValidation -derivedDataPath $PWD/.derivedData build -scheme FaceDetectionRetinaFace -destination generic/platform=watchOS
Command line invocation:
/Applications/Xcode-27.0.0-Release.Candidate.app/Contents/Developer/usr/bin/xcodebuild -IDEClonedSourcePackagesDirPathOverride=/Users/admin/builder/spi-builder-workspace/.dependencies -skipMacroValidation -skipPackagePluginValidation -derivedDataPath /Users/admin/builder/spi-builder-workspace/.derivedData build -scheme FaceDetectionRetinaFace -destination generic/platform=watchOS
Resolve Package Graph
Resolve Package Graph
Resolved source packages:
FaceDetectionRetinaFace: /Users/admin/builder/spi-builder-workspace
VerIDCommonTypes: https://github.com/AppliedRecognition/Ver-ID-Common-Types-Apple.git @ 3.3.0
ComputePackagePrebuildTargetDependencyGraph
Prepare packages
CreateBuildRequest
SendProjectDescription
CreateBuildOperation
ComputeTargetDependencyGraph
note: Building targets in dependency order
note: Target dependency graph (5 targets)
Target 'FaceDetectionRetinaFace-product' in project 'FaceDetectionRetinaFace'
➜ Explicit dependency on target 'FaceDetectionRetinaFace' in project 'FaceDetectionRetinaFace'
➜ Explicit dependency on target 'FaceDetectionRetinaFace_FaceDetectionRetinaFace' in project 'FaceDetectionRetinaFace'
➜ Explicit dependency on target 'VerIDCommonTypes-product' in project 'VerIDCommonTypes'
Target 'FaceDetectionRetinaFace' in project 'FaceDetectionRetinaFace'
➜ Explicit dependency on target 'FaceDetectionRetinaFace_FaceDetectionRetinaFace' in project 'FaceDetectionRetinaFace'
➜ Explicit dependency on target 'VerIDCommonTypes-product' in project 'VerIDCommonTypes'
Target 'VerIDCommonTypes-product' in project 'VerIDCommonTypes'
➜ Explicit dependency on target 'VerIDCommonTypes' in project 'VerIDCommonTypes'
Target 'VerIDCommonTypes' in project 'VerIDCommonTypes' (no dependencies)
Target 'FaceDetectionRetinaFace_FaceDetectionRetinaFace' in project 'FaceDetectionRetinaFace' (no dependencies)
GatherProvisioningInputs
CreateBuildDescription
ExecuteExternalTool /usr/bin/what -q /Applications/Xcode-27.0.0-Release.Candidate.app/Contents/Developer/Toolchains/XcodeDefault.xctoolchain/usr/bin/coremlc
ExecuteExternalTool /Applications/Xcode-27.0.0-Release.Candidate.app/Contents/Developer/Toolchains/XcodeDefault.xctoolchain/usr/bin/swiftc --version
ExecuteExternalTool /Applications/Xcode-27.0.0-Release.Candidate.app/Contents/Developer/Toolchains/XcodeDefault.xctoolchain/usr/bin/clang -v -E -dM -isysroot /Applications/Xcode-27.0.0-Release.Candidate.app/Contents/Developer/Platforms/WatchOS.platform/Developer/SDKs/WatchOS27.0.sdk -x c -c /dev/null
ExecuteExternalTool /Applications/Xcode-27.0.0-Release.Candidate.app/Contents/Developer/Toolchains/XcodeDefault.xctoolchain/usr/bin/ld -version_details
ReadFileContents /Applications/Xcode-27.0.0-Release.Candidate.app/Contents/Developer/Toolchains/XcodeDefault.xctoolchain/usr/share/docc/features.json
ExecuteExternalTool /Applications/Xcode-27.0.0-Release.Candidate.app/Contents/Developer/Toolchains/XcodeDefault.xctoolchain/usr/bin/coremlc generate /Users/admin/builder/spi-builder-workspace/Sources/FaceDetectionRetinaFace/Resources/RetinaFace.mlpackage /Users/admin/builder/spi-builder-workspace/.derivedData/Build/Intermediates.noindex/FaceDetectionRetinaFace.build/Debug-watchos/FaceDetectionRetinaFace-t.build/DerivedSources/CoreMLGenerated/RetinaFace --dry-run yes --deployment-target 9.0 --sdkroot /Applications/Xcode-27.0.0-Release.Candidate.app/Contents/Developer/Platforms/WatchOS.platform/Developer/SDKs/WatchOS27.0.sdk --platform watchos --output-partial-info-plist /Users/admin/builder/spi-builder-workspace/.derivedData/Build/Intermediates.noindex/FaceDetectionRetinaFace.build/Debug-watchos/FaceDetectionRetinaFace-t.build/RetinaFace-CoreMLPartialInfo.plist --container swift-package --language Swift --swift-version 5 --public-access
Build description signature: 3b1edaf82be04c79f1fc69be415eba6f
Build description path: /Users/admin/builder/spi-builder-workspace/.derivedData/Build/Intermediates.noindex/XCBuildData/3b1edaf82be04c79f1fc69be415eba6f.xcbuilddata
CreateBuildDirectory /Users/admin/builder/spi-builder-workspace/.derivedData/CompilationCache.noindex
cd /Users/admin/builder/spi-builder-workspace/.swiftpm/xcode
builtin-create-build-directory /Users/admin/builder/spi-builder-workspace/.derivedData/CompilationCache.noindex
CreateBuildDirectory /Users/admin/builder/spi-builder-workspace/.derivedData/ModuleCache.noindex
cd /Users/admin/builder/spi-builder-workspace/.swiftpm/xcode
builtin-create-build-directory /Users/admin/builder/spi-builder-workspace/.derivedData/ModuleCache.noindex
CreateBuildDirectory /Users/admin/builder/spi-builder-workspace/.derivedData/SDKExplicitPrecompiledModules
cd /Users/admin/builder/spi-builder-workspace/.swiftpm/xcode
builtin-create-build-directory /Users/admin/builder/spi-builder-workspace/.derivedData/SDKExplicitPrecompiledModules
ClangStatCache /Applications/Xcode-27.0.0-Release.Candidate.app/Contents/Developer/Toolchains/XcodeDefault.xctoolchain/usr/bin/clang-stat-cache /Applications/Xcode-27.0.0-Release.Candidate.app/Contents/Developer/Platforms/WatchOS.platform/Developer/SDKs/WatchOS27.0.sdk /Users/admin/builder/spi-builder-workspace/.derivedData/SDKStatCaches.noindex/watchos27.0-24R360-e829b21a6f8c9b70876ba0858053c04477534ef55a1706bf4c1112bbb242f0a2.sdkstatcache
cd /Users/admin/builder/spi-builder-workspace/.swiftpm/xcode
/Applications/Xcode-27.0.0-Release.Candidate.app/Contents/Developer/Toolchains/XcodeDefault.xctoolchain/usr/bin/clang-stat-cache /Applications/Xcode-27.0.0-Release.Candidate.app/Contents/Developer/Platforms/WatchOS.platform/Developer/SDKs/WatchOS27.0.sdk -o /Users/admin/builder/spi-builder-workspace/.derivedData/SDKStatCaches.noindex/watchos27.0-24R360-e829b21a6f8c9b70876ba0858053c04477534ef55a1706bf4c1112bbb242f0a2.sdkstatcache
CreateBuildDirectory /Users/admin/builder/spi-builder-workspace/.derivedData/Build/Products
cd /Users/admin/builder/spi-builder-workspace/.swiftpm/xcode
builtin-create-build-directory /Users/admin/builder/spi-builder-workspace/.derivedData/Build/Products
CreateBuildDirectory /Users/admin/builder/spi-builder-workspace/.derivedData/Build/Intermediates.noindex
cd /Users/admin/builder/spi-builder-workspace/.swiftpm/xcode
builtin-create-build-directory /Users/admin/builder/spi-builder-workspace/.derivedData/Build/Intermediates.noindex
CreateBuildDirectory /Users/admin/builder/spi-builder-workspace/.derivedData/Build/Intermediates.noindex/SwiftExplicitPrecompiledModules
cd /Users/admin/builder/spi-builder-workspace/.swiftpm/xcode
builtin-create-build-directory /Users/admin/builder/spi-builder-workspace/.derivedData/Build/Intermediates.noindex/SwiftExplicitPrecompiledModules
CreateBuildDirectory /Users/admin/builder/spi-builder-workspace/.derivedData/Build/Intermediates.noindex/PrecompiledHeaders
cd /Users/admin/builder/spi-builder-workspace/.swiftpm/xcode
builtin-create-build-directory /Users/admin/builder/spi-builder-workspace/.derivedData/Build/Intermediates.noindex/PrecompiledHeaders
CreateBuildDirectory /Users/admin/builder/spi-builder-workspace/.derivedData/Build/Intermediates.noindex/ExplicitPrecompiledModules
cd /Users/admin/builder/spi-builder-workspace/.swiftpm/xcode
builtin-create-build-directory /Users/admin/builder/spi-builder-workspace/.derivedData/Build/Intermediates.noindex/ExplicitPrecompiledModules
CreateBuildDirectory /Users/admin/builder/spi-builder-workspace/.derivedData/Build/Intermediates.noindex/EagerLinkingTBDs/Debug-watchos
cd /Users/admin/builder/spi-builder-workspace/.swiftpm/xcode
builtin-create-build-directory /Users/admin/builder/spi-builder-workspace/.derivedData/Build/Intermediates.noindex/EagerLinkingTBDs/Debug-watchos
CreateBuildDirectory /Users/admin/builder/spi-builder-workspace/.derivedData/Build/Products/Debug-watchos
cd /Users/admin/builder/spi-builder-workspace/.swiftpm/xcode
builtin-create-build-directory /Users/admin/builder/spi-builder-workspace/.derivedData/Build/Products/Debug-watchos
CreateBuildDirectory /Users/admin/builder/spi-builder-workspace/.derivedData/Build/Products/Debug-watchos/PackageFrameworks
cd /Users/admin/builder/spi-builder-workspace/.swiftpm/xcode
builtin-create-build-directory /Users/admin/builder/spi-builder-workspace/.derivedData/Build/Products/Debug-watchos/PackageFrameworks
MkDir /Users/admin/builder/spi-builder-workspace/.derivedData/Build/Products/Debug-watchos/PackageFrameworks/VerIDCommonTypes.framework (in target 'VerIDCommonTypes-product' from project 'VerIDCommonTypes')
cd /Users/admin/builder/spi-builder-workspace/.dependencies/checkouts/Ver-ID-Common-Types-Apple
/bin/mkdir -p /Users/admin/builder/spi-builder-workspace/.derivedData/Build/Products/Debug-watchos/PackageFrameworks/VerIDCommonTypes.framework
WriteAuxiliaryFile /Users/admin/builder/spi-builder-workspace/.derivedData/Build/Intermediates.noindex/VerIDCommonTypes.build/Debug-watchos/VerIDCommonTypes-product-t.build/VerIDCommonTypes.DependencyMetadataFileList (in target 'VerIDCommonTypes-product' from project 'VerIDCommonTypes')
cd /Users/admin/builder/spi-builder-workspace/.dependencies/checkouts/Ver-ID-Common-Types-Apple
write-file /Users/admin/builder/spi-builder-workspace/.derivedData/Build/Intermediates.noindex/VerIDCommonTypes.build/Debug-watchos/VerIDCommonTypes-product-t.build/VerIDCommonTypes.DependencyMetadataFileList
WriteAuxiliaryFile /Users/admin/builder/spi-builder-workspace/.derivedData/Build/Intermediates.noindex/VerIDCommonTypes.build/Debug-watchos/VerIDCommonTypes-product-t.build/VerIDCommonTypes.DependencyStaticMetadataFileList (in target 'VerIDCommonTypes-product' from project 'VerIDCommonTypes')
cd /Users/admin/builder/spi-builder-workspace/.dependencies/checkouts/Ver-ID-Common-Types-Apple
write-file /Users/admin/builder/spi-builder-workspace/.derivedData/Build/Intermediates.noindex/VerIDCommonTypes.build/Debug-watchos/VerIDCommonTypes-product-t.build/VerIDCommonTypes.DependencyStaticMetadataFileList
WriteAuxiliaryFile /Users/admin/builder/spi-builder-workspace/.derivedData/Build/Intermediates.noindex/VerIDCommonTypes.build/Debug-watchos/VerIDCommonTypes-product-t.build/empty-VerIDCommonTypes.plist (in target 'VerIDCommonTypes-product' from project 'VerIDCommonTypes')
cd /Users/admin/builder/spi-builder-workspace/.dependencies/checkouts/Ver-ID-Common-Types-Apple
write-file /Users/admin/builder/spi-builder-workspace/.derivedData/Build/Intermediates.noindex/VerIDCommonTypes.build/Debug-watchos/VerIDCommonTypes-product-t.build/empty-VerIDCommonTypes.plist
WriteAuxiliaryFile /Users/admin/builder/spi-builder-workspace/.derivedData/Build/Intermediates.noindex/VerIDCommonTypes.build/Debug-watchos/VerIDCommonTypes-t.build/VerIDCommonTypes.modulemap (in target 'VerIDCommonTypes' from project 'VerIDCommonTypes')
cd /Users/admin/builder/spi-builder-workspace/.dependencies/checkouts/Ver-ID-Common-Types-Apple
write-file /Users/admin/builder/spi-builder-workspace/.derivedData/Build/Intermediates.noindex/VerIDCommonTypes.build/Debug-watchos/VerIDCommonTypes-t.build/VerIDCommonTypes.modulemap
WriteAuxiliaryFile /Users/admin/builder/spi-builder-workspace/.derivedData/Build/Intermediates.noindex/VerIDCommonTypes.build/Debug-watchos/VerIDCommonTypes-t.build/VerIDCommonTypes.DependencyStaticMetadataFileList (in target 'VerIDCommonTypes' from project 'VerIDCommonTypes')
cd /Users/admin/builder/spi-builder-workspace/.dependencies/checkouts/Ver-ID-Common-Types-Apple
write-file /Users/admin/builder/spi-builder-workspace/.derivedData/Build/Intermediates.noindex/VerIDCommonTypes.build/Debug-watchos/VerIDCommonTypes-t.build/VerIDCommonTypes.DependencyStaticMetadataFileList
WriteAuxiliaryFile /Users/admin/builder/spi-builder-workspace/.derivedData/Build/Intermediates.noindex/VerIDCommonTypes.build/Debug-watchos/VerIDCommonTypes-product-t.build/Objects-normal/arm64/VerIDCommonTypes.LinkFileList (in target 'VerIDCommonTypes-product' from project 'VerIDCommonTypes')
cd /Users/admin/builder/spi-builder-workspace/.dependencies/checkouts/Ver-ID-Common-Types-Apple
write-file /Users/admin/builder/spi-builder-workspace/.derivedData/Build/Intermediates.noindex/VerIDCommonTypes.build/Debug-watchos/VerIDCommonTypes-product-t.build/Objects-normal/arm64/VerIDCommonTypes.LinkFileList
WriteAuxiliaryFile /Users/admin/builder/spi-builder-workspace/.derivedData/Build/Intermediates.noindex/VerIDCommonTypes.build/Debug-watchos/VerIDCommonTypes-product-t.build/Objects-normal/arm64_32/VerIDCommonTypes.LinkFileList (in target 'VerIDCommonTypes-product' from project 'VerIDCommonTypes')
cd /Users/admin/builder/spi-builder-workspace/.dependencies/checkouts/Ver-ID-Common-Types-Apple
write-file /Users/admin/builder/spi-builder-workspace/.derivedData/Build/Intermediates.noindex/VerIDCommonTypes.build/Debug-watchos/VerIDCommonTypes-product-t.build/Objects-normal/arm64_32/VerIDCommonTypes.LinkFileList
WriteAuxiliaryFile /Users/admin/builder/spi-builder-workspace/.derivedData/Build/Intermediates.noindex/VerIDCommonTypes.build/Debug-watchos/VerIDCommonTypes-t.build/VerIDCommonTypes.DependencyMetadataFileList (in target 'VerIDCommonTypes' from project 'VerIDCommonTypes')
cd /Users/admin/builder/spi-builder-workspace/.dependencies/checkouts/Ver-ID-Common-Types-Apple
write-file /Users/admin/builder/spi-builder-workspace/.derivedData/Build/Intermediates.noindex/VerIDCommonTypes.build/Debug-watchos/VerIDCommonTypes-t.build/VerIDCommonTypes.DependencyMetadataFileList
WriteAuxiliaryFile /Users/admin/builder/spi-builder-workspace/.derivedData/Build/Intermediates.noindex/VerIDCommonTypes.build/Debug-watchos/VerIDCommonTypes-t.build/Objects-normal/arm64_32/VerIDCommonTypes_const_extract_protocols.json (in target 'VerIDCommonTypes' from project 'VerIDCommonTypes')
cd /Users/admin/builder/spi-builder-workspace/.dependencies/checkouts/Ver-ID-Common-Types-Apple
write-file /Users/admin/builder/spi-builder-workspace/.derivedData/Build/Intermediates.noindex/VerIDCommonTypes.build/Debug-watchos/VerIDCommonTypes-t.build/Objects-normal/arm64_32/VerIDCommonTypes_const_extract_protocols.json
WriteAuxiliaryFile /Users/admin/builder/spi-builder-workspace/.derivedData/Build/Intermediates.noindex/VerIDCommonTypes.build/Debug-watchos/VerIDCommonTypes-t.build/Objects-normal/arm64_32/VerIDCommonTypes.SwiftFileList (in target 'VerIDCommonTypes' from project 'VerIDCommonTypes')
cd /Users/admin/builder/spi-builder-workspace/.dependencies/checkouts/Ver-ID-Common-Types-Apple
write-file /Users/admin/builder/spi-builder-workspace/.derivedData/Build/Intermediates.noindex/VerIDCommonTypes.build/Debug-watchos/VerIDCommonTypes-t.build/Objects-normal/arm64_32/VerIDCommonTypes.SwiftFileList
WriteAuxiliaryFile /Users/admin/builder/spi-builder-workspace/.derivedData/Build/Intermediates.noindex/VerIDCommonTypes.build/Debug-watchos/VerIDCommonTypes-t.build/Objects-normal/arm64_32/VerIDCommonTypes.SwiftConstValuesFileList (in target 'VerIDCommonTypes' from project 'VerIDCommonTypes')
cd /Users/admin/builder/spi-builder-workspace/.dependencies/checkouts/Ver-ID-Common-Types-Apple
write-file /Users/admin/builder/spi-builder-workspace/.derivedData/Build/Intermediates.noindex/VerIDCommonTypes.build/Debug-watchos/VerIDCommonTypes-t.build/Objects-normal/arm64_32/VerIDCommonTypes.SwiftConstValuesFileList
WriteAuxiliaryFile /Users/admin/builder/spi-builder-workspace/.derivedData/Build/Intermediates.noindex/VerIDCommonTypes.build/Debug-watchos/VerIDCommonTypes-t.build/Objects-normal/arm64_32/VerIDCommonTypes.LinkFileList (in target 'VerIDCommonTypes' from project 'VerIDCommonTypes')
cd /Users/admin/builder/spi-builder-workspace/.dependencies/checkouts/Ver-ID-Common-Types-Apple
write-file /Users/admin/builder/spi-builder-workspace/.derivedData/Build/Intermediates.noindex/VerIDCommonTypes.build/Debug-watchos/VerIDCommonTypes-t.build/Objects-normal/arm64_32/VerIDCommonTypes.LinkFileList
WriteAuxiliaryFile /Users/admin/builder/spi-builder-workspace/.derivedData/Build/Intermediates.noindex/VerIDCommonTypes.build/Debug-watchos/VerIDCommonTypes-t.build/Objects-normal/arm64_32/VerIDCommonTypes-OutputFileMap.json (in target 'VerIDCommonTypes' from project 'VerIDCommonTypes')
cd /Users/admin/builder/spi-builder-workspace/.dependencies/checkouts/Ver-ID-Common-Types-Apple
write-file /Users/admin/builder/spi-builder-workspace/.derivedData/Build/Intermediates.noindex/VerIDCommonTypes.build/Debug-watchos/VerIDCommonTypes-t.build/Objects-normal/arm64_32/VerIDCommonTypes-OutputFileMap.json
WriteAuxiliaryFile /Users/admin/builder/spi-builder-workspace/.derivedData/Build/Intermediates.noindex/VerIDCommonTypes.build/Debug-watchos/VerIDCommonTypes-t.build/Objects-normal/arm64/VerIDCommonTypes_const_extract_protocols.json (in target 'VerIDCommonTypes' from project 'VerIDCommonTypes')
cd /Users/admin/builder/spi-builder-workspace/.dependencies/checkouts/Ver-ID-Common-Types-Apple
write-file /Users/admin/builder/spi-builder-workspace/.derivedData/Build/Intermediates.noindex/VerIDCommonTypes.build/Debug-watchos/VerIDCommonTypes-t.build/Objects-normal/arm64/VerIDCommonTypes_const_extract_protocols.json
WriteAuxiliaryFile /Users/admin/builder/spi-builder-workspace/.derivedData/Build/Intermediates.noindex/VerIDCommonTypes.build/Debug-watchos/VerIDCommonTypes-t.build/Objects-normal/arm64/VerIDCommonTypes.SwiftFileList (in target 'VerIDCommonTypes' from project 'VerIDCommonTypes')
cd /Users/admin/builder/spi-builder-workspace/.dependencies/checkouts/Ver-ID-Common-Types-Apple
write-file /Users/admin/builder/spi-builder-workspace/.derivedData/Build/Intermediates.noindex/VerIDCommonTypes.build/Debug-watchos/VerIDCommonTypes-t.build/Objects-normal/arm64/VerIDCommonTypes.SwiftFileList
WriteAuxiliaryFile /Users/admin/builder/spi-builder-workspace/.derivedData/Build/Intermediates.noindex/VerIDCommonTypes.build/Debug-watchos/VerIDCommonTypes-t.build/Objects-normal/arm64/VerIDCommonTypes.SwiftConstValuesFileList (in target 'VerIDCommonTypes' from project 'VerIDCommonTypes')
cd /Users/admin/builder/spi-builder-workspace/.dependencies/checkouts/Ver-ID-Common-Types-Apple
write-file /Users/admin/builder/spi-builder-workspace/.derivedData/Build/Intermediates.noindex/VerIDCommonTypes.build/Debug-watchos/VerIDCommonTypes-t.build/Objects-normal/arm64/VerIDCommonTypes.SwiftConstValuesFileList
WriteAuxiliaryFile /Users/admin/builder/spi-builder-workspace/.derivedData/Build/Intermediates.noindex/VerIDCommonTypes.build/Debug-watchos/VerIDCommonTypes-t.build/Objects-normal/arm64/VerIDCommonTypes.LinkFileList (in target 'VerIDCommonTypes' from project 'VerIDCommonTypes')
cd /Users/admin/builder/spi-builder-workspace/.dependencies/checkouts/Ver-ID-Common-Types-Apple
write-file /Users/admin/builder/spi-builder-workspace/.derivedData/Build/Intermediates.noindex/VerIDCommonTypes.build/Debug-watchos/VerIDCommonTypes-t.build/Objects-normal/arm64/VerIDCommonTypes.LinkFileList
WriteAuxiliaryFile /Users/admin/builder/spi-builder-workspace/.derivedData/Build/Intermediates.noindex/VerIDCommonTypes.build/Debug-watchos/VerIDCommonTypes-t.build/Objects-normal/arm64/VerIDCommonTypes-OutputFileMap.json (in target 'VerIDCommonTypes' from project 'VerIDCommonTypes')
cd /Users/admin/builder/spi-builder-workspace/.dependencies/checkouts/Ver-ID-Common-Types-Apple
write-file /Users/admin/builder/spi-builder-workspace/.derivedData/Build/Intermediates.noindex/VerIDCommonTypes.build/Debug-watchos/VerIDCommonTypes-t.build/Objects-normal/arm64/VerIDCommonTypes-OutputFileMap.json
Copy /Users/admin/builder/spi-builder-workspace/.derivedData/Build/Intermediates.noindex/GeneratedModuleMaps-watchos/VerIDCommonTypes.modulemap /Users/admin/builder/spi-builder-workspace/.derivedData/Build/Intermediates.noindex/VerIDCommonTypes.build/Debug-watchos/VerIDCommonTypes-t.build/VerIDCommonTypes.modulemap (in target 'VerIDCommonTypes' from project 'VerIDCommonTypes')
cd /Users/admin/builder/spi-builder-workspace/.dependencies/checkouts/Ver-ID-Common-Types-Apple
builtin-copy -exclude .DS_Store -exclude CVS -exclude .svn -exclude .git -exclude .hg -resolve-src-symlinks /Users/admin/builder/spi-builder-workspace/.derivedData/Build/Intermediates.noindex/VerIDCommonTypes.build/Debug-watchos/VerIDCommonTypes-t.build/VerIDCommonTypes.modulemap /Users/admin/builder/spi-builder-workspace/.derivedData/Build/Intermediates.noindex/GeneratedModuleMaps-watchos
WriteAuxiliaryFile /Users/admin/builder/spi-builder-workspace/.derivedData/Build/Intermediates.noindex/FaceDetectionRetinaFace.build/Debug-watchos/FaceDetectionRetinaFace_FaceDetectionRetinaFace-b.build/empty-FaceDetectionRetinaFace_FaceDetectionRetinaFace.plist (in target 'FaceDetectionRetinaFace_FaceDetectionRetinaFace' from project 'FaceDetectionRetinaFace')
cd /Users/admin/builder/spi-builder-workspace
write-file /Users/admin/builder/spi-builder-workspace/.derivedData/Build/Intermediates.noindex/FaceDetectionRetinaFace.build/Debug-watchos/FaceDetectionRetinaFace_FaceDetectionRetinaFace-b.build/empty-FaceDetectionRetinaFace_FaceDetectionRetinaFace.plist
WriteAuxiliaryFile /Users/admin/builder/spi-builder-workspace/.derivedData/Build/Intermediates.noindex/FaceDetectionRetinaFace.build/Debug-watchos/FaceDetectionRetinaFace_FaceDetectionRetinaFace-b.build/FaceDetectionRetinaFace_FaceDetectionRetinaFace.DependencyStaticMetadataFileList (in target 'FaceDetectionRetinaFace_FaceDetectionRetinaFace' from project 'FaceDetectionRetinaFace')
cd /Users/admin/builder/spi-builder-workspace
write-file /Users/admin/builder/spi-builder-workspace/.derivedData/Build/Intermediates.noindex/FaceDetectionRetinaFace.build/Debug-watchos/FaceDetectionRetinaFace_FaceDetectionRetinaFace-b.build/FaceDetectionRetinaFace_FaceDetectionRetinaFace.DependencyStaticMetadataFileList
WriteAuxiliaryFile /Users/admin/builder/spi-builder-workspace/.derivedData/Build/Intermediates.noindex/FaceDetectionRetinaFace.build/Debug-watchos/FaceDetectionRetinaFace_FaceDetectionRetinaFace-b.build/FaceDetectionRetinaFace_FaceDetectionRetinaFace.DependencyMetadataFileList (in target 'FaceDetectionRetinaFace_FaceDetectionRetinaFace' from project 'FaceDetectionRetinaFace')
cd /Users/admin/builder/spi-builder-workspace
write-file /Users/admin/builder/spi-builder-workspace/.derivedData/Build/Intermediates.noindex/FaceDetectionRetinaFace.build/Debug-watchos/FaceDetectionRetinaFace_FaceDetectionRetinaFace-b.build/FaceDetectionRetinaFace_FaceDetectionRetinaFace.DependencyMetadataFileList
WriteAuxiliaryFile /Users/admin/builder/spi-builder-workspace/.derivedData/Build/Intermediates.noindex/FaceDetectionRetinaFace.build/Debug-watchos/FaceDetectionRetinaFace_FaceDetectionRetinaFace-b.build/d2007bc757cb514cae8a319480523b62.sb (in target 'FaceDetectionRetinaFace_FaceDetectionRetinaFace' from project 'FaceDetectionRetinaFace')
cd /Users/admin/builder/spi-builder-workspace
write-file /Users/admin/builder/spi-builder-workspace/.derivedData/Build/Intermediates.noindex/FaceDetectionRetinaFace.build/Debug-watchos/FaceDetectionRetinaFace_FaceDetectionRetinaFace-b.build/d2007bc757cb514cae8a319480523b62.sb
WriteAuxiliaryFile /Users/admin/builder/spi-builder-workspace/.derivedData/Build/Intermediates.noindex/FaceDetectionRetinaFace.build/Debug-watchos/FaceDetectionRetinaFace-t.build/a5f1ff2589f8be035978ca2560c6cebf.sb (in target 'FaceDetectionRetinaFace' from project 'FaceDetectionRetinaFace')
cd /Users/admin/builder/spi-builder-workspace
write-file /Users/admin/builder/spi-builder-workspace/.derivedData/Build/Intermediates.noindex/FaceDetectionRetinaFace.build/Debug-watchos/FaceDetectionRetinaFace-t.build/a5f1ff2589f8be035978ca2560c6cebf.sb
WriteAuxiliaryFile /Users/admin/builder/spi-builder-workspace/.derivedData/Build/Intermediates.noindex/FaceDetectionRetinaFace.build/Debug-watchos/FaceDetectionRetinaFace-t.build/c6cf15ab8709d92b3833cb90f82af57a.sb (in target 'FaceDetectionRetinaFace' from project 'FaceDetectionRetinaFace')
cd /Users/admin/builder/spi-builder-workspace
write-file /Users/admin/builder/spi-builder-workspace/.derivedData/Build/Intermediates.noindex/FaceDetectionRetinaFace.build/Debug-watchos/FaceDetectionRetinaFace-t.build/c6cf15ab8709d92b3833cb90f82af57a.sb
WriteAuxiliaryFile /Users/admin/builder/spi-builder-workspace/.derivedData/Build/Intermediates.noindex/FaceDetectionRetinaFace.build/Debug-watchos/FaceDetectionRetinaFace-t.build/Objects-normal/arm64_32/FaceDetectionRetinaFace_const_extract_protocols.json (in target 'FaceDetectionRetinaFace' from project 'FaceDetectionRetinaFace')
cd /Users/admin/builder/spi-builder-workspace
write-file /Users/admin/builder/spi-builder-workspace/.derivedData/Build/Intermediates.noindex/FaceDetectionRetinaFace.build/Debug-watchos/FaceDetectionRetinaFace-t.build/Objects-normal/arm64_32/FaceDetectionRetinaFace_const_extract_protocols.json
WriteAuxiliaryFile /Users/admin/builder/spi-builder-workspace/.derivedData/Build/Intermediates.noindex/FaceDetectionRetinaFace.build/Debug-watchos/FaceDetectionRetinaFace-t.build/Objects-normal/arm64_32/FaceDetectionRetinaFace.SwiftFileList (in target 'FaceDetectionRetinaFace' from project 'FaceDetectionRetinaFace')
cd /Users/admin/builder/spi-builder-workspace
write-file /Users/admin/builder/spi-builder-workspace/.derivedData/Build/Intermediates.noindex/FaceDetectionRetinaFace.build/Debug-watchos/FaceDetectionRetinaFace-t.build/Objects-normal/arm64_32/FaceDetectionRetinaFace.SwiftFileList
WriteAuxiliaryFile /Users/admin/builder/spi-builder-workspace/.derivedData/Build/Intermediates.noindex/FaceDetectionRetinaFace.build/Debug-watchos/FaceDetectionRetinaFace-t.build/Objects-normal/arm64_32/FaceDetectionRetinaFace.LinkFileList (in target 'FaceDetectionRetinaFace' from project 'FaceDetectionRetinaFace')
cd /Users/admin/builder/spi-builder-workspace
write-file /Users/admin/builder/spi-builder-workspace/.derivedData/Build/Intermediates.noindex/FaceDetectionRetinaFace.build/Debug-watchos/FaceDetectionRetinaFace-t.build/Objects-normal/arm64_32/FaceDetectionRetinaFace.LinkFileList
WriteAuxiliaryFile /Users/admin/builder/spi-builder-workspace/.derivedData/Build/Intermediates.noindex/FaceDetectionRetinaFace.build/Debug-watchos/FaceDetectionRetinaFace-t.build/Objects-normal/arm64_32/FaceDetectionRetinaFace.SwiftConstValuesFileList (in target 'FaceDetectionRetinaFace' from project 'FaceDetectionRetinaFace')
cd /Users/admin/builder/spi-builder-workspace
write-file /Users/admin/builder/spi-builder-workspace/.derivedData/Build/Intermediates.noindex/FaceDetectionRetinaFace.build/Debug-watchos/FaceDetectionRetinaFace-t.build/Objects-normal/arm64_32/FaceDetectionRetinaFace.SwiftConstValuesFileList
WriteAuxiliaryFile /Users/admin/builder/spi-builder-workspace/.derivedData/Build/Intermediates.noindex/FaceDetectionRetinaFace.build/Debug-watchos/FaceDetectionRetinaFace-t.build/Objects-normal/arm64_32/FaceDetectionRetinaFace-OutputFileMap.json (in target 'FaceDetectionRetinaFace' from project 'FaceDetectionRetinaFace')
cd /Users/admin/builder/spi-builder-workspace
write-file /Users/admin/builder/spi-builder-workspace/.derivedData/Build/Intermediates.noindex/FaceDetectionRetinaFace.build/Debug-watchos/FaceDetectionRetinaFace-t.build/Objects-normal/arm64_32/FaceDetectionRetinaFace-OutputFileMap.json
WriteAuxiliaryFile /Users/admin/builder/spi-builder-workspace/.derivedData/Build/Intermediates.noindex/FaceDetectionRetinaFace.build/Debug-watchos/FaceDetectionRetinaFace-t.build/Objects-normal/arm64/FaceDetectionRetinaFace_const_extract_protocols.json (in target 'FaceDetectionRetinaFace' from project 'FaceDetectionRetinaFace')
cd /Users/admin/builder/spi-builder-workspace
write-file /Users/admin/builder/spi-builder-workspace/.derivedData/Build/Intermediates.noindex/FaceDetectionRetinaFace.build/Debug-watchos/FaceDetectionRetinaFace-t.build/Objects-normal/arm64/FaceDetectionRetinaFace_const_extract_protocols.json
WriteAuxiliaryFile /Users/admin/builder/spi-builder-workspace/.derivedData/Build/Intermediates.noindex/FaceDetectionRetinaFace.build/Debug-watchos/FaceDetectionRetinaFace-t.build/Objects-normal/arm64/FaceDetectionRetinaFace.SwiftFileList (in target 'FaceDetectionRetinaFace' from project 'FaceDetectionRetinaFace')
cd /Users/admin/builder/spi-builder-workspace
write-file /Users/admin/builder/spi-builder-workspace/.derivedData/Build/Intermediates.noindex/FaceDetectionRetinaFace.build/Debug-watchos/FaceDetectionRetinaFace-t.build/Objects-normal/arm64/FaceDetectionRetinaFace.SwiftFileList
WriteAuxiliaryFile /Users/admin/builder/spi-builder-workspace/.derivedData/Build/Intermediates.noindex/FaceDetectionRetinaFace.build/Debug-watchos/FaceDetectionRetinaFace-t.build/Objects-normal/arm64/FaceDetectionRetinaFace.SwiftConstValuesFileList (in target 'FaceDetectionRetinaFace' from project 'FaceDetectionRetinaFace')
cd /Users/admin/builder/spi-builder-workspace
write-file /Users/admin/builder/spi-builder-workspace/.derivedData/Build/Intermediates.noindex/FaceDetectionRetinaFace.build/Debug-watchos/FaceDetectionRetinaFace-t.build/Objects-normal/arm64/FaceDetectionRetinaFace.SwiftConstValuesFileList
WriteAuxiliaryFile /Users/admin/builder/spi-builder-workspace/.derivedData/Build/Intermediates.noindex/FaceDetectionRetinaFace.build/Debug-watchos/FaceDetectionRetinaFace-t.build/Objects-normal/arm64/FaceDetectionRetinaFace.LinkFileList (in target 'FaceDetectionRetinaFace' from project 'FaceDetectionRetinaFace')
cd /Users/admin/builder/spi-builder-workspace
write-file /Users/admin/builder/spi-builder-workspace/.derivedData/Build/Intermediates.noindex/FaceDetectionRetinaFace.build/Debug-watchos/FaceDetectionRetinaFace-t.build/Objects-normal/arm64/FaceDetectionRetinaFace.LinkFileList
WriteAuxiliaryFile /Users/admin/builder/spi-builder-workspace/.derivedData/Build/Intermediates.noindex/FaceDetectionRetinaFace.build/Debug-watchos/FaceDetectionRetinaFace-t.build/Objects-normal/arm64/FaceDetectionRetinaFace-OutputFileMap.json (in target 'FaceDetectionRetinaFace' from project 'FaceDetectionRetinaFace')
cd /Users/admin/builder/spi-builder-workspace
write-file /Users/admin/builder/spi-builder-workspace/.derivedData/Build/Intermediates.noindex/FaceDetectionRetinaFace.build/Debug-watchos/FaceDetectionRetinaFace-t.build/Objects-normal/arm64/FaceDetectionRetinaFace-OutputFileMap.json
WriteAuxiliaryFile /Users/admin/builder/spi-builder-workspace/.derivedData/Build/Intermediates.noindex/FaceDetectionRetinaFace.build/Debug-watchos/FaceDetectionRetinaFace-t.build/FaceDetectionRetinaFace.modulemap (in target 'FaceDetectionRetinaFace' from project 'FaceDetectionRetinaFace')
cd /Users/admin/builder/spi-builder-workspace
write-file /Users/admin/builder/spi-builder-workspace/.derivedData/Build/Intermediates.noindex/FaceDetectionRetinaFace.build/Debug-watchos/FaceDetectionRetinaFace-t.build/FaceDetectionRetinaFace.modulemap
WriteAuxiliaryFile /Users/admin/builder/spi-builder-workspace/.derivedData/Build/Intermediates.noindex/FaceDetectionRetinaFace.build/Debug-watchos/FaceDetectionRetinaFace-t.build/FaceDetectionRetinaFace.DependencyStaticMetadataFileList (in target 'FaceDetectionRetinaFace' from project 'FaceDetectionRetinaFace')
cd /Users/admin/builder/spi-builder-workspace
write-file /Users/admin/builder/spi-builder-workspace/.derivedData/Build/Intermediates.noindex/FaceDetectionRetinaFace.build/Debug-watchos/FaceDetectionRetinaFace-t.build/FaceDetectionRetinaFace.DependencyStaticMetadataFileList
WriteAuxiliaryFile /Users/admin/builder/spi-builder-workspace/.derivedData/Build/Intermediates.noindex/FaceDetectionRetinaFace.build/Debug-watchos/FaceDetectionRetinaFace-t.build/FaceDetectionRetinaFace.DependencyMetadataFileList (in target 'FaceDetectionRetinaFace' from project 'FaceDetectionRetinaFace')
cd /Users/admin/builder/spi-builder-workspace
write-file /Users/admin/builder/spi-builder-workspace/.derivedData/Build/Intermediates.noindex/FaceDetectionRetinaFace.build/Debug-watchos/FaceDetectionRetinaFace-t.build/FaceDetectionRetinaFace.DependencyMetadataFileList
MkDir /Users/admin/builder/spi-builder-workspace/.derivedData/Build/Products/Debug-watchos/FaceDetectionRetinaFace_FaceDetectionRetinaFace.bundle (in target 'FaceDetectionRetinaFace_FaceDetectionRetinaFace' from project 'FaceDetectionRetinaFace')
cd /Users/admin/builder/spi-builder-workspace
/bin/mkdir -p /Users/admin/builder/spi-builder-workspace/.derivedData/Build/Products/Debug-watchos/FaceDetectionRetinaFace_FaceDetectionRetinaFace.bundle
WriteAuxiliaryFile /Users/admin/builder/spi-builder-workspace/.derivedData/Build/Intermediates.noindex/FaceDetectionRetinaFace.build/Debug-watchos/FaceDetectionRetinaFace-t.build/DerivedSources/resource_bundle_accessor.swift (in target 'FaceDetectionRetinaFace' from project 'FaceDetectionRetinaFace')
cd /Users/admin/builder/spi-builder-workspace
write-file /Users/admin/builder/spi-builder-workspace/.derivedData/Build/Intermediates.noindex/FaceDetectionRetinaFace.build/Debug-watchos/FaceDetectionRetinaFace-t.build/DerivedSources/resource_bundle_accessor.swift
Copy /Users/admin/builder/spi-builder-workspace/.derivedData/Build/Intermediates.noindex/GeneratedModuleMaps-watchos/FaceDetectionRetinaFace.modulemap /Users/admin/builder/spi-builder-workspace/.derivedData/Build/Intermediates.noindex/FaceDetectionRetinaFace.build/Debug-watchos/FaceDetectionRetinaFace-t.build/FaceDetectionRetinaFace.modulemap (in target 'FaceDetectionRetinaFace' from project 'FaceDetectionRetinaFace')
cd /Users/admin/builder/spi-builder-workspace
builtin-copy -exclude .DS_Store -exclude CVS -exclude .svn -exclude .git -exclude .hg -resolve-src-symlinks /Users/admin/builder/spi-builder-workspace/.derivedData/Build/Intermediates.noindex/FaceDetectionRetinaFace.build/Debug-watchos/FaceDetectionRetinaFace-t.build/FaceDetectionRetinaFace.modulemap /Users/admin/builder/spi-builder-workspace/.derivedData/Build/Intermediates.noindex/GeneratedModuleMaps-watchos
CoreMLModelCompile /Users/admin/builder/spi-builder-workspace/.derivedData/Build/Products/Debug-watchos/FaceDetectionRetinaFace_FaceDetectionRetinaFace.bundle/ /Users/admin/builder/spi-builder-workspace/Sources/FaceDetectionRetinaFace/Resources/RetinaFace.mlpackage (in target 'FaceDetectionRetinaFace_FaceDetectionRetinaFace' from project 'FaceDetectionRetinaFace')
cd /Users/admin/builder/spi-builder-workspace
/usr/bin/sandbox-exec -D SCRIPT_OUTPUT_FILE_0\=/Users/admin/builder/spi-builder-workspace/.derivedData/Build/Products/Debug-watchos/FaceDetectionRetinaFace_FaceDetectionRetinaFace.bundle/RetinaFace.mlmodelc -D SCRIPT_OUTPUT_FILE_1\=/Users/admin/builder/spi-builder-workspace/.derivedData/Build/Intermediates.noindex/FaceDetectionRetinaFace.build/Debug-watchos/FaceDetectionRetinaFace_FaceDetectionRetinaFace-b.build/RetinaFace-CoreMLPartialInfo.plist -D SCRIPT_INPUT_FILE_0\=/Users/admin/builder/spi-builder-workspace/Sources/FaceDetectionRetinaFace/Resources/RetinaFace.mlpackage -D SCRIPT_INPUT_FILE_1\=/Users/admin/builder/spi-builder-workspace/Sources/FaceDetectionRetinaFace/Resources/RetinaFace.mlpackage -D SCRIPT_INPUT_ANCESTOR_0\=/ -D SCRIPT_INPUT_ANCESTOR_1\=/Users -D SCRIPT_INPUT_ANCESTOR_2\=/Users/admin -D SCRIPT_INPUT_ANCESTOR_3\=/Users/admin/builder -D SCRIPT_INPUT_ANCESTOR_4\=/Users/admin/builder/spi-builder-workspace -D SCRIPT_INPUT_ANCESTOR_5\=/Users/admin/builder/spi-builder-workspace/Sources -D SCRIPT_INPUT_ANCESTOR_6\=/Users/admin/builder/spi-builder-workspace/Sources/FaceDetectionRetinaFace -D SCRIPT_INPUT_ANCESTOR_7\=/Users/admin/builder/spi-builder-workspace/Sources/FaceDetectionRetinaFace/Resources -D SCRIPT_OUTPUT_ANCESTOR_0\=/ -D SCRIPT_OUTPUT_ANCESTOR_1\=/Users -D SCRIPT_OUTPUT_ANCESTOR_2\=/Users/admin -D SCRIPT_OUTPUT_ANCESTOR_3\=/Users/admin/builder -D SCRIPT_OUTPUT_ANCESTOR_4\=/Users/admin/builder/spi-builder-workspace -D SCRIPT_OUTPUT_ANCESTOR_5\=/Users/admin/builder/spi-builder-workspace/.derivedData -D SCRIPT_OUTPUT_ANCESTOR_6\=/Users/admin/builder/spi-builder-workspace/.derivedData/Build -D SCRIPT_OUTPUT_ANCESTOR_7\=/Users/admin/builder/spi-builder-workspace/.derivedData/Build/Intermediates.noindex -D SCRIPT_OUTPUT_ANCESTOR_8\=/Users/admin/builder/spi-builder-workspace/.derivedData/Build/Intermediates.noindex/FaceDetectionRetinaFace.build -D SCRIPT_OUTPUT_ANCESTOR_9\=/Users/admin/builder/spi-builder-workspace/.derivedData/Build/Intermediates.noindex/FaceDetectionRetinaFace.build/Debug-watchos -D SCRIPT_OUTPUT_ANCESTOR_10\=/Users/admin/builder/spi-builder-workspace/.derivedData/Build/Intermediates.noindex/FaceDetectionRetinaFace.build/Debug-watchos/FaceDetectionRetinaFace_FaceDetectionRetinaFace-b.build -D SCRIPT_OUTPUT_ANCESTOR_11\=/Users/admin/builder/spi-builder-workspace/.derivedData/Build/Products -D SCRIPT_OUTPUT_ANCESTOR_12\=/Users/admin/builder/spi-builder-workspace/.derivedData/Build/Products/Debug-watchos -D SCRIPT_OUTPUT_ANCESTOR_13\=/Users/admin/builder/spi-builder-workspace/.derivedData/Build/Products/Debug-watchos/FaceDetectionRetinaFace_FaceDetectionRetinaFace.bundle -D SRCROOT\=/Users/admin/builder/spi-builder-workspace -D PROJECT_DIR\=/Users/admin/builder/spi-builder-workspace -D OBJROOT\=/Users/admin/builder/spi-builder-workspace/.derivedData/Build/Intermediates.noindex -D SYMROOT\=/Users/admin/builder/spi-builder-workspace/.derivedData/Build/Products -D DSTROOT\=/tmp/FaceDetectionRetinaFace.dst -D SHARED_PRECOMPS_DIR\=/Users/admin/builder/spi-builder-workspace/.derivedData/Build/Intermediates.noindex/PrecompiledHeaders -D CACHE_ROOT\=/var/folders/xq/y_g06wb113726d38xsyx71_h0000gn/C/com.apple.DeveloperTools/27.0-27A266a/Xcode -D CONFIGURATION_BUILD_DIR\=/Users/admin/builder/spi-builder-workspace/.derivedData/Build/Products/Debug-watchos -D CONFIGURATION_TEMP_DIR\=/Users/admin/builder/spi-builder-workspace/.derivedData/Build/Intermediates.noindex/FaceDetectionRetinaFace.build/Debug-watchos -D LOCROOT\=/Users/admin/builder/spi-builder-workspace -D LOCSYMROOT\=/Users/admin/builder/spi-builder-workspace -D INDEX_PRECOMPS_DIR\=/Users/admin/builder/spi-builder-workspace/.derivedData/Index.noindex/PrecompiledHeaders -D INDEX_DATA_STORE_DIR\=/Users/admin/builder/spi-builder-workspace/.derivedData/Index.noindex/DataStore -D TEMP_DIR\=/Users/admin/builder/spi-builder-workspace/.derivedData/Build/Intermediates.noindex/FaceDetectionRetinaFace.build/Debug-watchos/FaceDetectionRetinaFace_FaceDetectionRetinaFace-b.build -D TARGET_TEMP_DIR\=/Users/admin/builder/spi-builder-workspace/.derivedData/Build/Intermediates.noindex/FaceDetectionRetinaFace.build/Debug-watchos/FaceDetectionRetinaFace_FaceDetectionRetinaFace-b.build -D DERIVED_FILE_DIR\=/Users/admin/builder/spi-builder-workspace/.derivedData/Build/Intermediates.noindex/FaceDetectionRetinaFace.build/Debug-watchos/FaceDetectionRetinaFace_FaceDetectionRetinaFace-b.build/DerivedSources -f /Users/admin/builder/spi-builder-workspace/.derivedData/Build/Intermediates.noindex/FaceDetectionRetinaFace.build/Debug-watchos/FaceDetectionRetinaFace_FaceDetectionRetinaFace-b.build/d2007bc757cb514cae8a319480523b62.sb /Applications/Xcode-27.0.0-Release.Candidate.app/Contents/Developer/Toolchains/XcodeDefault.xctoolchain/usr/bin/coremlc compile /Users/admin/builder/spi-builder-workspace/Sources/FaceDetectionRetinaFace/Resources/RetinaFace.mlpackage /Users/admin/builder/spi-builder-workspace/.derivedData/Build/Products/Debug-watchos/FaceDetectionRetinaFace_FaceDetectionRetinaFace.bundle/ --deployment-target 9.0 --sdkroot /Applications/Xcode-27.0.0-Release.Candidate.app/Contents/Developer/Platforms/WatchOS.platform/Developer/SDKs/WatchOS27.0.sdk --platform watchos --output-partial-info-plist /Users/admin/builder/spi-builder-workspace/.derivedData/Build/Intermediates.noindex/FaceDetectionRetinaFace.build/Debug-watchos/FaceDetectionRetinaFace_FaceDetectionRetinaFace-b.build/RetinaFace-CoreMLPartialInfo.plist --container swift-package
/Users/admin/builder/spi-builder-workspace/.derivedData/Build/Products/Debug-watchos/FaceDetectionRetinaFace_FaceDetectionRetinaFace.bundle/RetinaFace.mlmodelc/coremldata.bin
ProcessInfoPlistFile /Users/admin/builder/spi-builder-workspace/.derivedData/Build/Products/Debug-watchos/FaceDetectionRetinaFace_FaceDetectionRetinaFace.bundle/Info.plist /Users/admin/builder/spi-builder-workspace/.derivedData/Build/Intermediates.noindex/FaceDetectionRetinaFace.build/Debug-watchos/FaceDetectionRetinaFace_FaceDetectionRetinaFace-b.build/empty-FaceDetectionRetinaFace_FaceDetectionRetinaFace.plist (in target 'FaceDetectionRetinaFace_FaceDetectionRetinaFace' from project 'FaceDetectionRetinaFace')
cd /Users/admin/builder/spi-builder-workspace
builtin-infoPlistUtility /Users/admin/builder/spi-builder-workspace/.derivedData/Build/Intermediates.noindex/FaceDetectionRetinaFace.build/Debug-watchos/FaceDetectionRetinaFace_FaceDetectionRetinaFace-b.build/empty-FaceDetectionRetinaFace_FaceDetectionRetinaFace.plist -producttype com.apple.product-type.bundle -expandbuildsettings -format binary -platform watchos -additionalcontentfile /Users/admin/builder/spi-builder-workspace/.derivedData/Build/Intermediates.noindex/FaceDetectionRetinaFace.build/Debug-watchos/FaceDetectionRetinaFace_FaceDetectionRetinaFace-b.build/RetinaFace-CoreMLPartialInfo.plist -o /Users/admin/builder/spi-builder-workspace/.derivedData/Build/Products/Debug-watchos/FaceDetectionRetinaFace_FaceDetectionRetinaFace.bundle/Info.plist
RegisterExecutionPolicyException /Users/admin/builder/spi-builder-workspace/.derivedData/Build/Products/Debug-watchos/FaceDetectionRetinaFace_FaceDetectionRetinaFace.bundle (in target 'FaceDetectionRetinaFace_FaceDetectionRetinaFace' from project 'FaceDetectionRetinaFace')
cd /Users/admin/builder/spi-builder-workspace
builtin-RegisterExecutionPolicyException /Users/admin/builder/spi-builder-workspace/.derivedData/Build/Products/Debug-watchos/FaceDetectionRetinaFace_FaceDetectionRetinaFace.bundle
Touch /Users/admin/builder/spi-builder-workspace/.derivedData/Build/Products/Debug-watchos/FaceDetectionRetinaFace_FaceDetectionRetinaFace.bundle (in target 'FaceDetectionRetinaFace_FaceDetectionRetinaFace' from project 'FaceDetectionRetinaFace')
cd /Users/admin/builder/spi-builder-workspace
/usr/bin/touch -c /Users/admin/builder/spi-builder-workspace/.derivedData/Build/Products/Debug-watchos/FaceDetectionRetinaFace_FaceDetectionRetinaFace.bundle
SwiftDriver VerIDCommonTypes normal arm64 com.apple.xcode.tools.swift.compiler (in target 'VerIDCommonTypes' from project 'VerIDCommonTypes')
cd /Users/admin/builder/spi-builder-workspace/.swiftpm/xcode
builtin-SwiftDriver -- /Applications/Xcode-27.0.0-Release.Candidate.app/Contents/Developer/Toolchains/XcodeDefault.xctoolchain/usr/bin/swiftc -parse-as-library -module-name VerIDCommonTypes -Onone @/Users/admin/builder/spi-builder-workspace/.derivedData/Build/Intermediates.noindex/VerIDCommonTypes.build/Debug-watchos/VerIDCommonTypes-t.build/Objects-normal/arm64/VerIDCommonTypes.SwiftFileList -DSWIFT_PACKAGE -DDEBUG -DSWIFT_MODULE_RESOURCE_BUNDLE_UNAVAILABLE -DXcode -plugin-path /Applications/Xcode-27.0.0-Release.Candidate.app/Contents/Developer/Toolchains/XcodeDefault.xctoolchain/usr/lib/swift/host/plugins/testing -enable-experimental-feature DebugDescriptionMacro -sdk /Applications/Xcode-27.0.0-Release.Candidate.app/Contents/Developer/Platforms/WatchOS.platform/Developer/SDKs/WatchOS27.0.sdk -target arm64-apple-watchos9.0 -g -module-cache-path /Users/admin/builder/spi-builder-workspace/.derivedData/ModuleCache.noindex -Xfrontend -serialize-debugging-options -profile-coverage-mapping -profile-generate -enable-testing -suppress-warnings -index-store-path /Users/admin/builder/spi-builder-workspace/.derivedData/Index.noindex/DataStore -Xcc -D_LIBCPP_HARDENING_MODE\=_LIBCPP_HARDENING_MODE_DEBUG -swift-version 5 -I /Users/admin/builder/spi-builder-workspace/.derivedData/Build/Products/Debug-watchos -Isystem /Applications/Xcode-27.0.0-Release.Candidate.app/Contents/Developer/Platforms/WatchOS.platform/Developer/usr/lib -F /Users/admin/builder/spi-builder-workspace/.derivedData/Build/Products/Debug-watchos -F /Applications/Xcode-27.0.0-Release.Candidate.app/Contents/Developer/Platforms/WatchOS.platform/Developer/Library/Frameworks -F /Applications/Xcode-27.0.0-Release.Candidate.app/Contents/Developer/Platforms/WatchOS.platform/Developer/SDKs/WatchOS27.0.sdk/Developer/Library/Frameworks -c -j10 -enable-batch-mode -incremental -Xcc -ivfsstatcache -Xcc /Users/admin/builder/spi-builder-workspace/.derivedData/SDKStatCaches.noindex/watchos27.0-24R360-e829b21a6f8c9b70876ba0858053c04477534ef55a1706bf4c1112bbb242f0a2.sdkstatcache -output-file-map /Users/admin/builder/spi-builder-workspace/.derivedData/Build/Intermediates.noindex/VerIDCommonTypes.build/Debug-watchos/VerIDCommonTypes-t.build/Objects-normal/arm64/VerIDCommonTypes-OutputFileMap.json -save-temps -no-color-diagnostics -explicit-module-build -module-cache-path /Users/admin/builder/spi-builder-workspace/.derivedData/Build/Intermediates.noindex/SwiftExplicitPrecompiledModules -clang-scanner-module-cache-path /Users/admin/builder/spi-builder-workspace/.derivedData/ModuleCache.noindex -sdk-module-cache-path /Users/admin/builder/spi-builder-workspace/.derivedData/SDKExplicitPrecompiledModules -emit-dependencies -emit-module -emit-module-path /Users/admin/builder/spi-builder-workspace/.derivedData/Build/Intermediates.noindex/VerIDCommonTypes.build/Debug-watchos/VerIDCommonTypes-t.build/Objects-normal/arm64/VerIDCommonTypes.swiftmodule -serialize-diagnostics -dependency-scan-serialize-diagnostics-path /Users/admin/builder/spi-builder-workspace/.derivedData/Build/Intermediates.noindex/VerIDCommonTypes.build/Debug-watchos/VerIDCommonTypes-t.build/Objects-normal/arm64/VerIDCommonTypes-dependency-scan.dia -validate-clang-modules-once -clang-build-session-file /Users/admin/builder/spi-builder-workspace/.derivedData/ModuleCache.noindex/Session.modulevalidation -Xcc -fmodules-prune-interval\=86400 -Xcc -fmodules-prune-after\=345600 -package-name ver_id_common_types_apple -emit-const-values -const-gather-protocols-list /Users/admin/builder/spi-builder-workspace/.derivedData/Build/Intermediates.noindex/VerIDCommonTypes.build/Debug-watchos/VerIDCommonTypes-t.build/Objects-normal/arm64/VerIDCommonTypes_const_extract_protocols.json -Xcc -I/Users/admin/builder/spi-builder-workspace/.derivedData/Build/Products/Debug-watchos/include -Xcc -I/Users/admin/builder/spi-builder-workspace/.derivedData/Build/Intermediates.noindex/VerIDCommonTypes.build/Debug-watchos/VerIDCommonTypes-t.build/DerivedSources-normal/arm64 -Xcc -I/Users/admin/builder/spi-builder-workspace/.derivedData/Build/Intermediates.noindex/VerIDCommonTypes.build/Debug-watchos/VerIDCommonTypes-t.build/DerivedSources/arm64 -Xcc -I/Users/admin/builder/spi-builder-workspace/.derivedData/Build/Intermediates.noindex/VerIDCommonTypes.build/Debug-watchos/VerIDCommonTypes-t.build/DerivedSources -Xcc -DSWIFT_PACKAGE -Xcc -DDEBUG\=1 -emit-objc-header -emit-objc-header-path /Users/admin/builder/spi-builder-workspace/.derivedData/Build/Intermediates.noindex/VerIDCommonTypes.build/Debug-watchos/VerIDCommonTypes-t.build/Objects-normal/arm64/VerIDCommonTypes-Swift.h -working-directory /Users/admin/builder/spi-builder-workspace/.swiftpm/xcode -experimental-emit-module-separately -disable-cmo
/Users/admin/builder/spi-builder-workspace/.dependencies/checkouts/Ver-ID-Common-Types-Apple/Sources/VerIDCommonTypes/Image.swift:17:8: error: Unable to resolve module dependency: 'CoreImage' (in target 'VerIDCommonTypes' from project 'VerIDCommonTypes')
note: A dependency of main module 'VerIDCommonTypes'
/Users/admin/builder/spi-builder-workspace/.dependencies/checkouts/Ver-ID-Common-Types-Apple/Sources/VerIDCommonTypes/Image.swift:17:8: note: A dependency of main module 'VerIDCommonTypes'
import CoreImage
^ (in target 'VerIDCommonTypes' from project 'VerIDCommonTypes')
SwiftDriver VerIDCommonTypes normal arm64_32 com.apple.xcode.tools.swift.compiler (in target 'VerIDCommonTypes' from project 'VerIDCommonTypes')
cd /Users/admin/builder/spi-builder-workspace/.swiftpm/xcode
builtin-SwiftDriver -- /Applications/Xcode-27.0.0-Release.Candidate.app/Contents/Developer/Toolchains/XcodeDefault.xctoolchain/usr/bin/swiftc -parse-as-library -module-name VerIDCommonTypes -Onone @/Users/admin/builder/spi-builder-workspace/.derivedData/Build/Intermediates.noindex/VerIDCommonTypes.build/Debug-watchos/VerIDCommonTypes-t.build/Objects-normal/arm64_32/VerIDCommonTypes.SwiftFileList -DSWIFT_PACKAGE -DDEBUG -DSWIFT_MODULE_RESOURCE_BUNDLE_UNAVAILABLE -DXcode -plugin-path /Applications/Xcode-27.0.0-Release.Candidate.app/Contents/Developer/Toolchains/XcodeDefault.xctoolchain/usr/lib/swift/host/plugins/testing -enable-experimental-feature DebugDescriptionMacro -sdk /Applications/Xcode-27.0.0-Release.Candidate.app/Contents/Developer/Platforms/WatchOS.platform/Developer/SDKs/WatchOS27.0.sdk -target arm64_32-apple-watchos9.0 -g -module-cache-path /Users/admin/builder/spi-builder-workspace/.derivedData/ModuleCache.noindex -Xfrontend -serialize-debugging-options -profile-coverage-mapping -profile-generate -enable-testing -suppress-warnings -index-store-path /Users/admin/builder/spi-builder-workspace/.derivedData/Index.noindex/DataStore -Xcc -D_LIBCPP_HARDENING_MODE\=_LIBCPP_HARDENING_MODE_DEBUG -swift-version 5 -I /Users/admin/builder/spi-builder-workspace/.derivedData/Build/Products/Debug-watchos -Isystem /Applications/Xcode-27.0.0-Release.Candidate.app/Contents/Developer/Platforms/WatchOS.platform/Developer/usr/lib -F /Users/admin/builder/spi-builder-workspace/.derivedData/Build/Products/Debug-watchos -F /Applications/Xcode-27.0.0-Release.Candidate.app/Contents/Developer/Platforms/WatchOS.platform/Developer/Library/Frameworks -F /Applications/Xcode-27.0.0-Release.Candidate.app/Contents/Developer/Platforms/WatchOS.platform/Developer/SDKs/WatchOS27.0.sdk/Developer/Library/Frameworks -c -j10 -enable-batch-mode -incremental -Xcc -ivfsstatcache -Xcc /Users/admin/builder/spi-builder-workspace/.derivedData/SDKStatCaches.noindex/watchos27.0-24R360-e829b21a6f8c9b70876ba0858053c04477534ef55a1706bf4c1112bbb242f0a2.sdkstatcache -output-file-map /Users/admin/builder/spi-builder-workspace/.derivedData/Build/Intermediates.noindex/VerIDCommonTypes.build/Debug-watchos/VerIDCommonTypes-t.build/Objects-normal/arm64_32/VerIDCommonTypes-OutputFileMap.json -save-temps -no-color-diagnostics -explicit-module-build -module-cache-path /Users/admin/builder/spi-builder-workspace/.derivedData/Build/Intermediates.noindex/SwiftExplicitPrecompiledModules -clang-scanner-module-cache-path /Users/admin/builder/spi-builder-workspace/.derivedData/ModuleCache.noindex -sdk-module-cache-path /Users/admin/builder/spi-builder-workspace/.derivedData/SDKExplicitPrecompiledModules -emit-dependencies -emit-module -emit-module-path /Users/admin/builder/spi-builder-workspace/.derivedData/Build/Intermediates.noindex/VerIDCommonTypes.build/Debug-watchos/VerIDCommonTypes-t.build/Objects-normal/arm64_32/VerIDCommonTypes.swiftmodule -serialize-diagnostics -dependency-scan-serialize-diagnostics-path /Users/admin/builder/spi-builder-workspace/.derivedData/Build/Intermediates.noindex/VerIDCommonTypes.build/Debug-watchos/VerIDCommonTypes-t.build/Objects-normal/arm64_32/VerIDCommonTypes-dependency-scan.dia -validate-clang-modules-once -clang-build-session-file /Users/admin/builder/spi-builder-workspace/.derivedData/ModuleCache.noindex/Session.modulevalidation -Xcc -fmodules-prune-interval\=86400 -Xcc -fmodules-prune-after\=345600 -package-name ver_id_common_types_apple -emit-const-values -const-gather-protocols-list /Users/admin/builder/spi-builder-workspace/.derivedData/Build/Intermediates.noindex/VerIDCommonTypes.build/Debug-watchos/VerIDCommonTypes-t.build/Objects-normal/arm64_32/VerIDCommonTypes_const_extract_protocols.json -Xcc -I/Users/admin/builder/spi-builder-workspace/.derivedData/Build/Products/Debug-watchos/include -Xcc -I/Users/admin/builder/spi-builder-workspace/.derivedData/Build/Intermediates.noindex/VerIDCommonTypes.build/Debug-watchos/VerIDCommonTypes-t.build/DerivedSources-normal/arm64_32 -Xcc -I/Users/admin/builder/spi-builder-workspace/.derivedData/Build/Intermediates.noindex/VerIDCommonTypes.build/Debug-watchos/VerIDCommonTypes-t.build/DerivedSources/arm64_32 -Xcc -I/Users/admin/builder/spi-builder-workspace/.derivedData/Build/Intermediates.noindex/VerIDCommonTypes.build/Debug-watchos/VerIDCommonTypes-t.build/DerivedSources -Xcc -DSWIFT_PACKAGE -Xcc -DDEBUG\=1 -emit-objc-header -emit-objc-header-path /Users/admin/builder/spi-builder-workspace/.derivedData/Build/Intermediates.noindex/VerIDCommonTypes.build/Debug-watchos/VerIDCommonTypes-t.build/Objects-normal/arm64_32/VerIDCommonTypes-Swift.h -working-directory /Users/admin/builder/spi-builder-workspace/.swiftpm/xcode -experimental-emit-module-separately -disable-cmo
/Users/admin/builder/spi-builder-workspace/.dependencies/checkouts/Ver-ID-Common-Types-Apple/Sources/VerIDCommonTypes/Image.swift:17:8: error: Unable to resolve module dependency: 'CoreImage' (in target 'VerIDCommonTypes' from project 'VerIDCommonTypes')
note: A dependency of main module 'VerIDCommonTypes'
/Users/admin/builder/spi-builder-workspace/.dependencies/checkouts/Ver-ID-Common-Types-Apple/Sources/VerIDCommonTypes/Image.swift:17:8: note: A dependency of main module 'VerIDCommonTypes'
import CoreImage
^ (in target 'VerIDCommonTypes' from project 'VerIDCommonTypes')
PruneExplicitPrecompiledModules /Users/admin/builder/spi-builder-workspace/.derivedData/Build/Intermediates.noindex/SwiftExplicitPrecompiledModules
PruneExplicitPrecompiledModules /Users/admin/builder/spi-builder-workspace/.derivedData/SDKExplicitPrecompiledModules
PruneExplicitPrecompiledModules /Users/admin/builder/spi-builder-workspace/.derivedData/Build/Intermediates.noindex/ExplicitPrecompiledModules
2026-09-23 04:50:06.294 xcodebuild[699:4091] [MT] IDERunDestination: Supported platforms for the buildables in the current scheme is empty.
** BUILD FAILED **
The following build commands failed:
SwiftDriver VerIDCommonTypes normal arm64 com.apple.xcode.tools.swift.compiler (in target 'VerIDCommonTypes' from project 'VerIDCommonTypes')
SwiftDriver VerIDCommonTypes normal arm64_32 com.apple.xcode.tools.swift.compiler (in target 'VerIDCommonTypes' from project 'VerIDCommonTypes')
Building workspace FaceDetectionRetinaFace with scheme FaceDetectionRetinaFace
(3 failures)
Command line invocation:
/Applications/Xcode-27.0.0-Release.Candidate.app/Contents/Developer/usr/bin/xcodebuild -IDEClonedSourcePackagesDirPathOverride=/Users/admin/builder/spi-builder-workspace/.dependencies -resolvePackageDependencies
Resolve Package Graph
Resolved source packages:
FaceDetectionRetinaFace: /Users/admin/builder/spi-builder-workspace
VerIDCommonTypes: https://github.com/AppliedRecognition/Ver-ID-Common-Types-Apple.git @ 3.3.0
resolved source packages: FaceDetectionRetinaFace, VerIDCommonTypes
2026-09-23 04:50:09.909 xcodebuild[775:4733] [MT] IDERunDestination: Supported platforms for the buildables in the current scheme is empty.
{
"dependencies" : [
{
"identity" : "ver-id-common-types-apple",
"requirement" : {
"range" : [
{
"lower_bound" : "2.1.0",
"upper_bound" : "4.0.0"
}
]
},
"type" : "sourceControl",
"url" : "https://github.com/AppliedRecognition/Ver-ID-Common-Types-Apple.git"
}
],
"manifest_display_name" : "FaceDetectionRetinaFace",
"name" : "FaceDetectionRetinaFace",
"path" : "/Users/admin/builder/spi-builder-workspace",
"platforms" : [
{
"name" : "ios",
"version" : "15.0"
}
],
"products" : [
{
"name" : "FaceDetectionRetinaFace",
"targets" : [
"FaceDetectionRetinaFace"
],
"type" : {
"library" : [
"automatic"
]
}
}
],
"targets" : [
{
"c99name" : "FaceDetectionRetinaFaceTests",
"module_type" : "SwiftTarget",
"name" : "FaceDetectionRetinaFaceTests",
"path" : "Tests/FaceDetectionRetinaFaceTests",
"product_dependencies" : [
"VerIDCommonTypes"
],
"resources" : [
{
"path" : "/Users/admin/builder/spi-builder-workspace/Tests/FaceDetectionRetinaFaceTests/Resources/face.json",
"rule" : {
"process" : {
}
}
},
{
"path" : "/Users/admin/builder/spi-builder-workspace/Tests/FaceDetectionRetinaFaceTests/Resources/image.jpg",
"rule" : {
"process" : {
}
}
}
],
"sources" : [
"FaceDetectionRetinaFaceTests.swift"
],
"target_dependencies" : [
"FaceDetectionRetinaFace"
],
"type" : "test"
},
{
"c99name" : "FaceDetectionRetinaFace",
"module_type" : "SwiftTarget",
"name" : "FaceDetectionRetinaFace",
"path" : "Sources/FaceDetectionRetinaFace",
"product_dependencies" : [
"VerIDCommonTypes"
],
"product_memberships" : [
"FaceDetectionRetinaFace"
],
"resources" : [
{
"path" : "/Users/admin/builder/spi-builder-workspace/Sources/FaceDetectionRetinaFace/Resources/RetinaFace.mlpackage/Data/com.apple.CoreML/model.mlmodel",
"rule" : {
"process" : {
}
}
},
{
"path" : "/Users/admin/builder/spi-builder-workspace/Sources/FaceDetectionRetinaFace/Resources/RetinaFace.mlpackage/Data/com.apple.CoreML/weights/weight.bin",
"rule" : {
"process" : {
}
}
},
{
"path" : "/Users/admin/builder/spi-builder-workspace/Sources/FaceDetectionRetinaFace/Resources/RetinaFace.mlpackage/Manifest.json",
"rule" : {
"process" : {
}
}
}
],
"sources" : [
"Errors.swift",
"FaceDetectionRetinaFace.swift",
"Postprocessing.swift",
"Preprocessing.swift"
],
"type" : "library"
}
],
"tools_version" : "5.9"
}
{
"workspace" : {
"name" : "FaceDetectionRetinaFace",
"schemes" : [
"FaceDetectionRetinaFace"
]
}
}
2026-09-23 04:50:11.162 xcodebuild[783:4795] [MT] IDERunDestination: Supported platforms for the buildables in the current scheme is empty.
Running build ...
env DEVELOPER_DIR=/Applications/Xcode-27.0.0-Release.Candidate.app xcrun xcodebuild -IDEClonedSourcePackagesDirPathOverride=$PWD/.dependencies -skipMacroValidation -skipPackagePluginValidation -derivedDataPath $PWD/.derivedData build -scheme FaceDetectionRetinaFace -destination generic/platform=watchOS
Command line invocation:
/Applications/Xcode-27.0.0-Release.Candidate.app/Contents/Developer/usr/bin/xcodebuild -IDEClonedSourcePackagesDirPathOverride=/Users/admin/builder/spi-builder-workspace/.dependencies -skipMacroValidation -skipPackagePluginValidation -derivedDataPath /Users/admin/builder/spi-builder-workspace/.derivedData build -scheme FaceDetectionRetinaFace -destination generic/platform=watchOS
Resolve Package Graph
Resolved source packages:
FaceDetectionRetinaFace: /Users/admin/builder/spi-builder-workspace
VerIDCommonTypes: https://github.com/AppliedRecognition/Ver-ID-Common-Types-Apple.git @ 3.3.0
ComputePackagePrebuildTargetDependencyGraph
Prepare packages
CreateBuildRequest
SendProjectDescription
CreateBuildOperation
ComputeTargetDependencyGraph
note: Building targets in dependency order
note: Target dependency graph (5 targets)
Target 'FaceDetectionRetinaFace-product' in project 'FaceDetectionRetinaFace'
➜ Explicit dependency on target 'FaceDetectionRetinaFace' in project 'FaceDetectionRetinaFace'
➜ Explicit dependency on target 'FaceDetectionRetinaFace_FaceDetectionRetinaFace' in project 'FaceDetectionRetinaFace'
➜ Explicit dependency on target 'VerIDCommonTypes-product' in project 'VerIDCommonTypes'
Target 'FaceDetectionRetinaFace' in project 'FaceDetectionRetinaFace'
➜ Explicit dependency on target 'FaceDetectionRetinaFace_FaceDetectionRetinaFace' in project 'FaceDetectionRetinaFace'
➜ Explicit dependency on target 'VerIDCommonTypes-product' in project 'VerIDCommonTypes'
Target 'VerIDCommonTypes-product' in project 'VerIDCommonTypes'
➜ Explicit dependency on target 'VerIDCommonTypes' in project 'VerIDCommonTypes'
Target 'VerIDCommonTypes' in project 'VerIDCommonTypes' (no dependencies)
Target 'FaceDetectionRetinaFace_FaceDetectionRetinaFace' in project 'FaceDetectionRetinaFace' (no dependencies)
GatherProvisioningInputs
CreateBuildDescription
ClangStatCache /Applications/Xcode-27.0.0-Release.Candidate.app/Contents/Developer/Toolchains/XcodeDefault.xctoolchain/usr/bin/clang-stat-cache /Applications/Xcode-27.0.0-Release.Candidate.app/Contents/Developer/Platforms/WatchOS.platform/Developer/SDKs/WatchOS27.0.sdk /Users/admin/builder/spi-builder-workspace/.derivedData/SDKStatCaches.noindex/watchos27.0-24R360-e829b21a6f8c9b70876ba0858053c04477534ef55a1706bf4c1112bbb242f0a2.sdkstatcache
cd /Users/admin/builder/spi-builder-workspace/.swiftpm/xcode
/Applications/Xcode-27.0.0-Release.Candidate.app/Contents/Developer/Toolchains/XcodeDefault.xctoolchain/usr/bin/clang-stat-cache /Applications/Xcode-27.0.0-Release.Candidate.app/Contents/Developer/Platforms/WatchOS.platform/Developer/SDKs/WatchOS27.0.sdk -o /Users/admin/builder/spi-builder-workspace/.derivedData/SDKStatCaches.noindex/watchos27.0-24R360-e829b21a6f8c9b70876ba0858053c04477534ef55a1706bf4c1112bbb242f0a2.sdkstatcache
SwiftDriver VerIDCommonTypes normal arm64_32 com.apple.xcode.tools.swift.compiler (in target 'VerIDCommonTypes' from project 'VerIDCommonTypes')
cd /Users/admin/builder/spi-builder-workspace/.swiftpm/xcode
builtin-SwiftDriver -- /Applications/Xcode-27.0.0-Release.Candidate.app/Contents/Developer/Toolchains/XcodeDefault.xctoolchain/usr/bin/swiftc -parse-as-library -module-name VerIDCommonTypes -Onone @/Users/admin/builder/spi-builder-workspace/.derivedData/Build/Intermediates.noindex/VerIDCommonTypes.build/Debug-watchos/VerIDCommonTypes-t.build/Objects-normal/arm64_32/VerIDCommonTypes.SwiftFileList -DSWIFT_PACKAGE -DDEBUG -DSWIFT_MODULE_RESOURCE_BUNDLE_UNAVAILABLE -DXcode -plugin-path /Applications/Xcode-27.0.0-Release.Candidate.app/Contents/Developer/Toolchains/XcodeDefault.xctoolchain/usr/lib/swift/host/plugins/testing -enable-experimental-feature DebugDescriptionMacro -sdk /Applications/Xcode-27.0.0-Release.Candidate.app/Contents/Developer/Platforms/WatchOS.platform/Developer/SDKs/WatchOS27.0.sdk -target arm64_32-apple-watchos9.0 -g -module-cache-path /Users/admin/builder/spi-builder-workspace/.derivedData/ModuleCache.noindex -Xfrontend -serialize-debugging-options -profile-coverage-mapping -profile-generate -enable-testing -suppress-warnings -index-store-path /Users/admin/builder/spi-builder-workspace/.derivedData/Index.noindex/DataStore -Xcc -D_LIBCPP_HARDENING_MODE\=_LIBCPP_HARDENING_MODE_DEBUG -swift-version 5 -I /Users/admin/builder/spi-builder-workspace/.derivedData/Build/Products/Debug-watchos -Isystem /Applications/Xcode-27.0.0-Release.Candidate.app/Contents/Developer/Platforms/WatchOS.platform/Developer/usr/lib -F /Users/admin/builder/spi-builder-workspace/.derivedData/Build/Products/Debug-watchos -F /Applications/Xcode-27.0.0-Release.Candidate.app/Contents/Developer/Platforms/WatchOS.platform/Developer/Library/Frameworks -F /Applications/Xcode-27.0.0-Release.Candidate.app/Contents/Developer/Platforms/WatchOS.platform/Developer/SDKs/WatchOS27.0.sdk/Developer/Library/Frameworks -c -j10 -enable-batch-mode -incremental -Xcc -ivfsstatcache -Xcc /Users/admin/builder/spi-builder-workspace/.derivedData/SDKStatCaches.noindex/watchos27.0-24R360-e829b21a6f8c9b70876ba0858053c04477534ef55a1706bf4c1112bbb242f0a2.sdkstatcache -output-file-map /Users/admin/builder/spi-builder-workspace/.derivedData/Build/Intermediates.noindex/VerIDCommonTypes.build/Debug-watchos/VerIDCommonTypes-t.build/Objects-normal/arm64_32/VerIDCommonTypes-OutputFileMap.json -save-temps -no-color-diagnostics -explicit-module-build -module-cache-path /Users/admin/builder/spi-builder-workspace/.derivedData/Build/Intermediates.noindex/SwiftExplicitPrecompiledModules -clang-scanner-module-cache-path /Users/admin/builder/spi-builder-workspace/.derivedData/ModuleCache.noindex -sdk-module-cache-path /Users/admin/builder/spi-builder-workspace/.derivedData/SDKExplicitPrecompiledModules -emit-dependencies -emit-module -emit-module-path /Users/admin/builder/spi-builder-workspace/.derivedData/Build/Intermediates.noindex/VerIDCommonTypes.build/Debug-watchos/VerIDCommonTypes-t.build/Objects-normal/arm64_32/VerIDCommonTypes.swiftmodule -serialize-diagnostics -dependency-scan-serialize-diagnostics-path /Users/admin/builder/spi-builder-workspace/.derivedData/Build/Intermediates.noindex/VerIDCommonTypes.build/Debug-watchos/VerIDCommonTypes-t.build/Objects-normal/arm64_32/VerIDCommonTypes-dependency-scan.dia -validate-clang-modules-once -clang-build-session-file /Users/admin/builder/spi-builder-workspace/.derivedData/ModuleCache.noindex/Session.modulevalidation -Xcc -fmodules-prune-interval\=86400 -Xcc -fmodules-prune-after\=345600 -package-name ver_id_common_types_apple -emit-const-values -const-gather-protocols-list /Users/admin/builder/spi-builder-workspace/.derivedData/Build/Intermediates.noindex/VerIDCommonTypes.build/Debug-watchos/VerIDCommonTypes-t.build/Objects-normal/arm64_32/VerIDCommonTypes_const_extract_protocols.json -Xcc -I/Users/admin/builder/spi-builder-workspace/.derivedData/Build/Products/Debug-watchos/include -Xcc -I/Users/admin/builder/spi-builder-workspace/.derivedData/Build/Intermediates.noindex/VerIDCommonTypes.build/Debug-watchos/VerIDCommonTypes-t.build/DerivedSources-normal/arm64_32 -Xcc -I/Users/admin/builder/spi-builder-workspace/.derivedData/Build/Intermediates.noindex/VerIDCommonTypes.build/Debug-watchos/VerIDCommonTypes-t.build/DerivedSources/arm64_32 -Xcc -I/Users/admin/builder/spi-builder-workspace/.derivedData/Build/Intermediates.noindex/VerIDCommonTypes.build/Debug-watchos/VerIDCommonTypes-t.build/DerivedSources -Xcc -DSWIFT_PACKAGE -Xcc -DDEBUG\=1 -emit-objc-header -emit-objc-header-path /Users/admin/builder/spi-builder-workspace/.derivedData/Build/Intermediates.noindex/VerIDCommonTypes.build/Debug-watchos/VerIDCommonTypes-t.build/Objects-normal/arm64_32/VerIDCommonTypes-Swift.h -working-directory /Users/admin/builder/spi-builder-workspace/.swiftpm/xcode -experimental-emit-module-separately -disable-cmo
/Users/admin/builder/spi-builder-workspace/.dependencies/checkouts/Ver-ID-Common-Types-Apple/Sources/VerIDCommonTypes/Image.swift:17:8: error: Unable to resolve module dependency: 'CoreImage' (in target 'VerIDCommonTypes' from project 'VerIDCommonTypes')
note: A dependency of main module 'VerIDCommonTypes'
/Users/admin/builder/spi-builder-workspace/.dependencies/checkouts/Ver-ID-Common-Types-Apple/Sources/VerIDCommonTypes/Image.swift:17:8: note: A dependency of main module 'VerIDCommonTypes'
import CoreImage
^ (in target 'VerIDCommonTypes' from project 'VerIDCommonTypes')
SwiftDriver VerIDCommonTypes normal arm64 com.apple.xcode.tools.swift.compiler (in target 'VerIDCommonTypes' from project 'VerIDCommonTypes')
cd /Users/admin/builder/spi-builder-workspace/.swiftpm/xcode
builtin-SwiftDriver -- /Applications/Xcode-27.0.0-Release.Candidate.app/Contents/Developer/Toolchains/XcodeDefault.xctoolchain/usr/bin/swiftc -parse-as-library -module-name VerIDCommonTypes -Onone @/Users/admin/builder/spi-builder-workspace/.derivedData/Build/Intermediates.noindex/VerIDCommonTypes.build/Debug-watchos/VerIDCommonTypes-t.build/Objects-normal/arm64/VerIDCommonTypes.SwiftFileList -DSWIFT_PACKAGE -DDEBUG -DSWIFT_MODULE_RESOURCE_BUNDLE_UNAVAILABLE -DXcode -plugin-path /Applications/Xcode-27.0.0-Release.Candidate.app/Contents/Developer/Toolchains/XcodeDefault.xctoolchain/usr/lib/swift/host/plugins/testing -enable-experimental-feature DebugDescriptionMacro -sdk /Applications/Xcode-27.0.0-Release.Candidate.app/Contents/Developer/Platforms/WatchOS.platform/Developer/SDKs/WatchOS27.0.sdk -target arm64-apple-watchos9.0 -g -module-cache-path /Users/admin/builder/spi-builder-workspace/.derivedData/ModuleCache.noindex -Xfrontend -serialize-debugging-options -profile-coverage-mapping -profile-generate -enable-testing -suppress-warnings -index-store-path /Users/admin/builder/spi-builder-workspace/.derivedData/Index.noindex/DataStore -Xcc -D_LIBCPP_HARDENING_MODE\=_LIBCPP_HARDENING_MODE_DEBUG -swift-version 5 -I /Users/admin/builder/spi-builder-workspace/.derivedData/Build/Products/Debug-watchos -Isystem /Applications/Xcode-27.0.0-Release.Candidate.app/Contents/Developer/Platforms/WatchOS.platform/Developer/usr/lib -F /Users/admin/builder/spi-builder-workspace/.derivedData/Build/Products/Debug-watchos -F /Applications/Xcode-27.0.0-Release.Candidate.app/Contents/Developer/Platforms/WatchOS.platform/Developer/Library/Frameworks -F /Applications/Xcode-27.0.0-Release.Candidate.app/Contents/Developer/Platforms/WatchOS.platform/Developer/SDKs/WatchOS27.0.sdk/Developer/Library/Frameworks -c -j10 -enable-batch-mode -incremental -Xcc -ivfsstatcache -Xcc /Users/admin/builder/spi-builder-workspace/.derivedData/SDKStatCaches.noindex/watchos27.0-24R360-e829b21a6f8c9b70876ba0858053c04477534ef55a1706bf4c1112bbb242f0a2.sdkstatcache -output-file-map /Users/admin/builder/spi-builder-workspace/.derivedData/Build/Intermediates.noindex/VerIDCommonTypes.build/Debug-watchos/VerIDCommonTypes-t.build/Objects-normal/arm64/VerIDCommonTypes-OutputFileMap.json -save-temps -no-color-diagnostics -explicit-module-build -module-cache-path /Users/admin/builder/spi-builder-workspace/.derivedData/Build/Intermediates.noindex/SwiftExplicitPrecompiledModules -clang-scanner-module-cache-path /Users/admin/builder/spi-builder-workspace/.derivedData/ModuleCache.noindex -sdk-module-cache-path /Users/admin/builder/spi-builder-workspace/.derivedData/SDKExplicitPrecompiledModules -emit-dependencies -emit-module -emit-module-path /Users/admin/builder/spi-builder-workspace/.derivedData/Build/Intermediates.noindex/VerIDCommonTypes.build/Debug-watchos/VerIDCommonTypes-t.build/Objects-normal/arm64/VerIDCommonTypes.swiftmodule -serialize-diagnostics -dependency-scan-serialize-diagnostics-path /Users/admin/builder/spi-builder-workspace/.derivedData/Build/Intermediates.noindex/VerIDCommonTypes.build/Debug-watchos/VerIDCommonTypes-t.build/Objects-normal/arm64/VerIDCommonTypes-dependency-scan.dia -validate-clang-modules-once -clang-build-session-file /Users/admin/builder/spi-builder-workspace/.derivedData/ModuleCache.noindex/Session.modulevalidation -Xcc -fmodules-prune-interval\=86400 -Xcc -fmodules-prune-after\=345600 -package-name ver_id_common_types_apple -emit-const-values -const-gather-protocols-list /Users/admin/builder/spi-builder-workspace/.derivedData/Build/Intermediates.noindex/VerIDCommonTypes.build/Debug-watchos/VerIDCommonTypes-t.build/Objects-normal/arm64/VerIDCommonTypes_const_extract_protocols.json -Xcc -I/Users/admin/builder/spi-builder-workspace/.derivedData/Build/Products/Debug-watchos/include -Xcc -I/Users/admin/builder/spi-builder-workspace/.derivedData/Build/Intermediates.noindex/VerIDCommonTypes.build/Debug-watchos/VerIDCommonTypes-t.build/DerivedSources-normal/arm64 -Xcc -I/Users/admin/builder/spi-builder-workspace/.derivedData/Build/Intermediates.noindex/VerIDCommonTypes.build/Debug-watchos/VerIDCommonTypes-t.build/DerivedSources/arm64 -Xcc -I/Users/admin/builder/spi-builder-workspace/.derivedData/Build/Intermediates.noindex/VerIDCommonTypes.build/Debug-watchos/VerIDCommonTypes-t.build/DerivedSources -Xcc -DSWIFT_PACKAGE -Xcc -DDEBUG\=1 -emit-objc-header -emit-objc-header-path /Users/admin/builder/spi-builder-workspace/.derivedData/Build/Intermediates.noindex/VerIDCommonTypes.build/Debug-watchos/VerIDCommonTypes-t.build/Objects-normal/arm64/VerIDCommonTypes-Swift.h -working-directory /Users/admin/builder/spi-builder-workspace/.swiftpm/xcode -experimental-emit-module-separately -disable-cmo
/Users/admin/builder/spi-builder-workspace/.dependencies/checkouts/Ver-ID-Common-Types-Apple/Sources/VerIDCommonTypes/Image.swift:17:8: error: Unable to resolve module dependency: 'CoreImage' (in target 'VerIDCommonTypes' from project 'VerIDCommonTypes')
note: A dependency of main module 'VerIDCommonTypes'
/Users/admin/builder/spi-builder-workspace/.dependencies/checkouts/Ver-ID-Common-Types-Apple/Sources/VerIDCommonTypes/Image.swift:17:8: note: A dependency of main module 'VerIDCommonTypes'
import CoreImage
^ (in target 'VerIDCommonTypes' from project 'VerIDCommonTypes')
PruneExplicitPrecompiledModules /Users/admin/builder/spi-builder-workspace/.derivedData/Build/Intermediates.noindex/ExplicitPrecompiledModules
PruneExplicitPrecompiledModules /Users/admin/builder/spi-builder-workspace/.derivedData/SDKExplicitPrecompiledModules
PruneExplicitPrecompiledModules /Users/admin/builder/spi-builder-workspace/.derivedData/Build/Intermediates.noindex/SwiftExplicitPrecompiledModules
2026-09-23 04:50:12.152 xcodebuild[784:4820] [MT] IDERunDestination: Supported platforms for the buildables in the current scheme is empty.
** BUILD FAILED **
The following build commands failed:
SwiftDriver VerIDCommonTypes normal arm64_32 com.apple.xcode.tools.swift.compiler (in target 'VerIDCommonTypes' from project 'VerIDCommonTypes')
SwiftDriver VerIDCommonTypes normal arm64 com.apple.xcode.tools.swift.compiler (in target 'VerIDCommonTypes' from project 'VerIDCommonTypes')
Building workspace FaceDetectionRetinaFace with scheme FaceDetectionRetinaFace
(3 failures)
BUILD FAILURE 6.4 watchOS