The Swift Package Index logo.Swift Package Index

Build Information

Failed to build asc-mcp, reference main (3081cc), with Swift 6.2 for Linux on 23 Aug 2026 16:44:18 UTC.

Build Command

bash -c docker run --pull=always --rm -v "checkouts-54344843-1":/host -w "$PWD" -e JAVA_HOME="/root/.sdkman/candidates/java/current" -e SPI_BUILD="1" -e SPI_PROCESSING="1" registry.gitlab.com/saguaro1/spi-images:basic-6.2-latest swift build --triple x86_64-unknown-linux-gnu 2>&1

Build Log

========================================
RunAll
========================================
Builder version: 5.0.2
Interrupt handler set up.
========================================
Checkout
========================================
Clone URL: https://github.com/zelentsov-dev/asc-mcp.git
Reference: main
Initialized empty Git repository in /host/spi-builder-workspace/.git/
hint: Using 'master' as the name for the initial branch. This default branch name
hint: is subject to change. To configure the initial branch name to use in all
hint: of your new repositories, which will suppress this warning, call:
hint:
hint: 	git config --global init.defaultBranch <name>
hint:
hint: Names commonly chosen instead of 'master' are 'main', 'trunk' and
hint: 'development'. The just-created branch can be renamed via this command:
hint:
hint: 	git branch -m <name>
From https://github.com/zelentsov-dev/asc-mcp
 * branch            main       -> FETCH_HEAD
 * [new branch]      main       -> origin/main
HEAD is now at 3081cc3 release: promote v4.1.6 to main (#28)
Cloned https://github.com/zelentsov-dev/asc-mcp.git
Revision (git rev-parse @):
3081cc34dadaaee7594c3d92309eabb9fbc460e0
SUCCESS checkout https://github.com/zelentsov-dev/asc-mcp.git at main
========================================
Build
========================================
Selected platform:         linux
Swift version:             6.2
Building package at path:  $PWD
https://github.com/zelentsov-dev/asc-mcp.git
Running build ...
bash -c docker run --pull=always --rm -v "checkouts-54344843-1":/host -w "$PWD" -e JAVA_HOME="/root/.sdkman/candidates/java/current" -e SPI_BUILD="1" -e SPI_PROCESSING="1" registry.gitlab.com/saguaro1/spi-images:basic-6.2-latest swift build --triple x86_64-unknown-linux-gnu 2>&1
basic-6.2-latest: Pulling from saguaro1/spi-images
Digest: sha256:4f3911e0f09a6ac47ac813ad3222aa373869118ee0ae384fd641a13da74b5e3f
Status: Image is up to date for registry.gitlab.com/saguaro1/spi-images:basic-6.2-latest
Fetching https://github.com/modelcontextprotocol/swift-sdk.git
[1/3733] Fetching swift-sdk
Fetched https://github.com/modelcontextprotocol/swift-sdk.git from cache (0.69s)
Computing version for https://github.com/modelcontextprotocol/swift-sdk.git
Computed https://github.com/modelcontextprotocol/swift-sdk.git at 0.12.1 (0.87s)
Fetching https://github.com/apple/swift-log.git
Fetching https://github.com/apple/swift-system.git
Fetching https://github.com/apple/swift-nio.git
Fetching https://github.com/mattt/eventsource.git
[1/7954] Fetching swift-log
[1592/8257] Fetching swift-log, eventsource
[8258/15108] Fetching swift-log, eventsource, swift-system
[15109/100618] Fetching swift-log, eventsource, swift-system, swift-nio
Fetched https://github.com/mattt/eventsource.git from cache (3.27s)
Fetched https://github.com/apple/swift-system.git from cache (3.28s)
Fetched https://github.com/apple/swift-log.git from cache (3.28s)
Fetched https://github.com/apple/swift-nio.git from cache (3.31s)
Computing version for https://github.com/mattt/eventsource.git
Computed https://github.com/mattt/eventsource.git at 1.5.1 (3.46s)
Computing version for https://github.com/apple/swift-log.git
Computed https://github.com/apple/swift-log.git at 1.15.0 (0.15s)
Computing version for https://github.com/apple/swift-system.git
Computed https://github.com/apple/swift-system.git at 1.8.1 (0.17s)
Computing version for https://github.com/apple/swift-nio.git
Computed https://github.com/apple/swift-nio.git at 2.101.3 (0.35s)
Fetching https://github.com/apple/swift-collections.git
Fetching https://github.com/apple/swift-atomics.git
[1/1875] Fetching swift-atomics
[1876/28663] Fetching swift-atomics, swift-collections
Fetched https://github.com/apple/swift-atomics.git from cache (1.15s)
Fetched https://github.com/apple/swift-collections.git from cache (1.16s)
Computing version for https://github.com/apple/swift-atomics.git
Computed https://github.com/apple/swift-atomics.git at 1.3.1 (1.36s)
Computing version for https://github.com/apple/swift-collections.git
Computed https://github.com/apple/swift-collections.git at 1.6.0 (0.24s)
Creating working copy for https://github.com/modelcontextprotocol/swift-sdk.git
Working copy of https://github.com/modelcontextprotocol/swift-sdk.git resolved at 0.12.1
Creating working copy for https://github.com/apple/swift-nio.git
Working copy of https://github.com/apple/swift-nio.git resolved at 2.101.3
Creating working copy for https://github.com/apple/swift-system.git
Working copy of https://github.com/apple/swift-system.git resolved at 1.8.1
Creating working copy for https://github.com/mattt/eventsource.git
Working copy of https://github.com/mattt/eventsource.git resolved at 1.5.1
Creating working copy for https://github.com/apple/swift-collections.git
Working copy of https://github.com/apple/swift-collections.git resolved at 1.6.0
Creating working copy for https://github.com/apple/swift-atomics.git
Working copy of https://github.com/apple/swift-atomics.git resolved at 1.3.1
Creating working copy for https://github.com/apple/swift-log.git
Working copy of https://github.com/apple/swift-log.git resolved at 1.15.0
Building for debugging...
[0/13] Write sources
[4/13] Copying OperationManifest
[5/13] Compiling CSystem shims.c
[6/13] Write swift-version-24593BA9C3E375BF.txt
[8/61] Compiling Logging LoggingSystem.swift
[9/62] Compiling Logging Logger+Attributes.swift
[10/62] Compiling Logging Logger.swift
[11/62] Compiling Logging Logger+With.swift
[12/62] Compiling SystemPackage FilePathTemp.swift
[13/62] Compiling SystemPackage FilePathTempPosix.swift
[16/62] Compiling SystemPackage FilePathTempWindows.swift
[17/62] Compiling SystemPackage FilePathWindows.swift
[18/62] Compiling SystemPackage FilePermissions.swift
[19/67] Compiling SystemPackage RawBuffer.swift
[20/67] Compiling SystemPackage Syscalls.swift
[21/67] Compiling SystemPackage WindowsSyscallAdapters.swift
[22/67] Compiling SystemPackage MachPort.swift
[23/67] Compiling SystemPackage PlatformString.swift
[24/67] Compiling SystemPackage Backcompat.swift
[25/67] Compiling SystemPackage CInterop.swift
[26/67] Compiling SystemPackage Constants.swift
[27/67] Compiling SystemPackage Exports.swift
[28/67] Compiling SystemPackage Mocking.swift
[29/67] Compiling Logging MetadataProvider.swift
[32/67] Emitting module Logging
[34/67] Compiling SystemPackage IOCompletion.swift
[35/68] Wrapping AST for Logging for debugging
[37/68] Compiling SystemPackage SystemString.swift
[38/68] Compiling SystemPackage Util+StringArray.swift
[39/68] Compiling SystemPackage Util.swift
[40/68] Compiling SystemPackage UtilConsumers.swift
[41/68] Compiling SystemPackage WinSDK+Overlay.swift
[42/68] Compiling SystemPackage Errno.swift
[43/68] Compiling SystemPackage ErrnoWindows.swift
[44/68] Compiling SystemPackage FileDescriptor.swift
[45/68] Compiling SystemPackage FileHelpers.swift
[46/68] Compiling SystemPackage FileOperations.swift
[47/68] Compiling SystemPackage FilePath.swift
[48/68] Compiling SystemPackage FileFlags.swift
[49/68] Compiling SystemPackage FileMode.swift
[50/68] Compiling SystemPackage FileType.swift
[51/68] Compiling SystemPackage Identifiers.swift
[52/68] Compiling SystemPackage Stat.swift
[53/68] Emitting module SystemPackage
[55/68] Compiling SystemPackage IORequest.swift
[56/68] Compiling SystemPackage IORing+Util.swift
[57/68] Compiling SystemPackage IORing.swift
[58/68] Compiling SystemPackage RawIORequest.swift
[59/68] Compiling SystemPackage FilePathComponentView.swift
[60/68] Compiling SystemPackage FilePathComponents.swift
[61/68] Compiling SystemPackage FilePathParsing.swift
[62/68] Compiling SystemPackage FilePathString.swift
[63/68] Compiling SystemPackage FilePathSyntax.swift
[64/69] Wrapping AST for SystemPackage for debugging
[66/112] Emitting module MCP
[67/117] Compiling MCP OAuthDiscoveryClient.swift
[68/117] Compiling MCP OAuthErrors.swift
[69/117] Compiling MCP OAuthModels.swift
[70/117] Compiling MCP OAuthTokenEndpointClient.swift
[71/117] Compiling MCP OAuthURLValidator.swift
[72/117] Compiling MCP OAuthWWWAuthenticateParser.swift
[73/117] Compiling MCP StatefulHTTPServerTransport.swift
[74/117] Compiling MCP StatelessHTTPServerTransport.swift
[75/117] Compiling MCP InMemoryTransport.swift
[76/117] Compiling MCP NetworkTransport.swift
[77/117] Compiling MCP StdioTransport.swift
[78/117] Compiling MCP UnitInterval.swift
[79/117] Compiling MCP PKCE.swift
[80/117] Compiling MCP TokenStorage.swift
[81/117] Compiling MCP Error.swift
[82/117] Compiling MCP ID.swift
[83/117] Compiling MCP Icon.swift
[84/117] Compiling MCP Lifecycle.swift
[85/117] Compiling MCP Logging.swift
[86/117] Compiling MCP Prompts.swift
[87/117] Compiling MCP Resources.swift
[88/117] Compiling MCP Server.swift
[89/117] Compiling MCP Tools.swift
[90/117] Compiling MCP Messages.swift
[91/117] Compiling MCP PendingRequest.swift
[92/117] Compiling MCP Transport.swift
[93/117] Compiling MCP HTTPClientTransport.swift
[94/117] Compiling MCP HTTPRequestValidation.swift
[95/117] Compiling MCP HTTPServerTypes.swift
[96/117] Compiling MCP Cancellation.swift
[97/117] Compiling MCP Ping.swift
[98/117] Compiling MCP Progress.swift
[99/117] Compiling MCP RequestContext.swift
[100/117] Compiling MCP Value.swift
[101/117] Compiling MCP Versioning.swift
[102/117] Compiling MCP OAuthAuthorizationCodeFlow.swift
[103/117] Compiling MCP OAuthAuthorizer.swift
[104/117] Compiling MCP OAuthClientRegistrar.swift
[105/117] Compiling MCP OAuthConfiguration.swift
[106/117] Compiling MCP OAuthConstants.swift
[107/117] Compiling MCP OAuthDiscovery.swift
[108/117] Compiling MCP Client.swift
[109/117] Compiling MCP Elicitation.swift
[110/117] Compiling MCP Roots.swift
[111/117] Compiling MCP Sampling.swift
[112/117] Compiling MCP Data+Extensions.swift
[113/117] Compiling MCP Completion.swift
[114/118] Wrapping AST for MCP for debugging
[116/289] Compiling asc_mcp AnalyticsWorker.swift
/host/spi-builder-workspace/Sources/asc-mcp/Helpers/ASCWebhookSignatureVerifier.swift:1:8: error: no such module 'CryptoKit'
 1 | import CryptoKit
   |        `- error: no such module 'CryptoKit'
 2 | import Foundation
 3 |
[117/289] Compiling asc_mcp AppEventsWorker+Handlers.swift
/host/spi-builder-workspace/Sources/asc-mcp/Helpers/ASCWebhookSignatureVerifier.swift:1:8: error: no such module 'CryptoKit'
 1 | import CryptoKit
   |        `- error: no such module 'CryptoKit'
 2 | import Foundation
 3 |
[118/289] Compiling asc_mcp AppEventsWorker+ToolDefinitions.swift
/host/spi-builder-workspace/Sources/asc-mcp/Helpers/ASCWebhookSignatureVerifier.swift:1:8: error: no such module 'CryptoKit'
 1 | import CryptoKit
   |        `- error: no such module 'CryptoKit'
 2 | import Foundation
 3 |
[119/289] Compiling asc_mcp AppEventsWorker.swift
/host/spi-builder-workspace/Sources/asc-mcp/Helpers/ASCWebhookSignatureVerifier.swift:1:8: error: no such module 'CryptoKit'
 1 | import CryptoKit
   |        `- error: no such module 'CryptoKit'
 2 | import Foundation
 3 |
[120/289] Compiling asc_mcp AppInfoWorker+Handlers.swift
/host/spi-builder-workspace/Sources/asc-mcp/Helpers/ASCWebhookSignatureVerifier.swift:1:8: error: no such module 'CryptoKit'
 1 | import CryptoKit
   |        `- error: no such module 'CryptoKit'
 2 | import Foundation
 3 |
[121/289] Compiling asc_mcp AppInfoWorker+ToolDefinitions.swift
/host/spi-builder-workspace/Sources/asc-mcp/Helpers/ASCWebhookSignatureVerifier.swift:1:8: error: no such module 'CryptoKit'
 1 | import CryptoKit
   |        `- error: no such module 'CryptoKit'
 2 | import Foundation
 3 |
[122/289] Compiling asc_mcp AppInfoWorker.swift
/host/spi-builder-workspace/Sources/asc-mcp/Helpers/ASCWebhookSignatureVerifier.swift:1:8: error: no such module 'CryptoKit'
 1 | import CryptoKit
   |        `- error: no such module 'CryptoKit'
 2 | import Foundation
 3 |
[123/289] Compiling asc_mcp AppLifecycleWorker+Handlers.swift
/host/spi-builder-workspace/Sources/asc-mcp/Helpers/ASCWebhookSignatureVerifier.swift:1:8: error: no such module 'CryptoKit'
 1 | import CryptoKit
   |        `- error: no such module 'CryptoKit'
 2 | import Foundation
 3 |
[124/289] Compiling asc_mcp AppLifecycleWorker+ToolDefinitions.swift
/host/spi-builder-workspace/Sources/asc-mcp/Helpers/ASCWebhookSignatureVerifier.swift:1:8: error: no such module 'CryptoKit'
 1 | import CryptoKit
   |        `- error: no such module 'CryptoKit'
 2 | import Foundation
 3 |
[125/289] Compiling asc_mcp AppLifecycleWorker.swift
/host/spi-builder-workspace/Sources/asc-mcp/Helpers/ASCWebhookSignatureVerifier.swift:1:8: error: no such module 'CryptoKit'
 1 | import CryptoKit
   |        `- error: no such module 'CryptoKit'
 2 | import Foundation
 3 |
[126/289] Compiling asc_mcp AppsWorker+Handlers.swift
/host/spi-builder-workspace/Sources/asc-mcp/Helpers/ASCWebhookSignatureVerifier.swift:1:8: error: no such module 'CryptoKit'
 1 | import CryptoKit
   |        `- error: no such module 'CryptoKit'
 2 | import Foundation
 3 |
[127/289] Compiling asc_mcp AppsWorker+SearchKeywordHandlers.swift
/host/spi-builder-workspace/Sources/asc-mcp/Helpers/ASCWebhookSignatureVerifier.swift:1:8: error: no such module 'CryptoKit'
 1 | import CryptoKit
   |        `- error: no such module 'CryptoKit'
 2 | import Foundation
 3 |
[128/289] Compiling asc_mcp AppsWorker+SearchKeywordToolDefinitions.swift
/host/spi-builder-workspace/Sources/asc-mcp/Helpers/ASCWebhookSignatureVerifier.swift:1:8: error: no such module 'CryptoKit'
 1 | import CryptoKit
   |        `- error: no such module 'CryptoKit'
 2 | import Foundation
 3 |
[129/289] Compiling asc_mcp AppsWorker+ToolDefinitions.swift
/host/spi-builder-workspace/Sources/asc-mcp/Helpers/ASCWebhookSignatureVerifier.swift:1:8: error: no such module 'CryptoKit'
 1 | import CryptoKit
   |        `- error: no such module 'CryptoKit'
 2 | import Foundation
 3 |
[130/289] Compiling asc_mcp AppsWorker.swift
/host/spi-builder-workspace/Sources/asc-mcp/Helpers/ASCWebhookSignatureVerifier.swift:1:8: error: no such module 'CryptoKit'
 1 | import CryptoKit
   |        `- error: no such module 'CryptoKit'
 2 | import Foundation
 3 |
[131/289] Compiling asc_mcp AuthWorker+Handlers.swift
/host/spi-builder-workspace/Sources/asc-mcp/Helpers/ASCWebhookSignatureVerifier.swift:1:8: error: no such module 'CryptoKit'
 1 | import CryptoKit
   |        `- error: no such module 'CryptoKit'
 2 | import Foundation
 3 |
[132/289] Compiling asc_mcp AuthWorker+ToolDefinitions.swift
/host/spi-builder-workspace/Sources/asc-mcp/Helpers/ASCWebhookSignatureVerifier.swift:1:8: error: no such module 'CryptoKit'
 1 | import CryptoKit
   |        `- error: no such module 'CryptoKit'
 2 | import Foundation
 3 |
[133/289] Compiling asc_mcp AuthWorker.swift
/host/spi-builder-workspace/Sources/asc-mcp/Helpers/ASCWebhookSignatureVerifier.swift:1:8: error: no such module 'CryptoKit'
 1 | import CryptoKit
   |        `- error: no such module 'CryptoKit'
 2 | import Foundation
 3 |
[134/289] Compiling asc_mcp BetaAppWorker+Handlers.swift
/host/spi-builder-workspace/Sources/asc-mcp/Helpers/ASCWebhookSignatureVerifier.swift:1:8: error: no such module 'CryptoKit'
 1 | import CryptoKit
   |        `- error: no such module 'CryptoKit'
 2 | import Foundation
 3 |
[135/289] Compiling asc_mcp BetaAppWorker+ToolDefinitions.swift
/host/spi-builder-workspace/Sources/asc-mcp/Helpers/ASCWebhookSignatureVerifier.swift:1:8: error: no such module 'CryptoKit'
 1 | import CryptoKit
   |        `- error: no such module 'CryptoKit'
 2 | import Foundation
 3 |
[136/289] Compiling asc_mcp BetaAppWorker.swift
/host/spi-builder-workspace/Sources/asc-mcp/Helpers/ASCWebhookSignatureVerifier.swift:1:8: error: no such module 'CryptoKit'
 1 | import CryptoKit
   |        `- error: no such module 'CryptoKit'
 2 | import Foundation
 3 |
[137/289] Compiling asc_mcp BetaFeedbackWorker+Handlers.swift
/host/spi-builder-workspace/Sources/asc-mcp/Helpers/ASCWebhookSignatureVerifier.swift:1:8: error: no such module 'CryptoKit'
 1 | import CryptoKit
   |        `- error: no such module 'CryptoKit'
 2 | import Foundation
 3 |
[138/289] Compiling asc_mcp BetaFeedbackWorker+ToolDefinitions.swift
/host/spi-builder-workspace/Sources/asc-mcp/Helpers/ASCWebhookSignatureVerifier.swift:1:8: error: no such module 'CryptoKit'
 1 | import CryptoKit
   |        `- error: no such module 'CryptoKit'
 2 | import Foundation
 3 |
[139/289] Compiling asc_mcp BetaFeedbackWorker.swift
/host/spi-builder-workspace/Sources/asc-mcp/Helpers/ASCWebhookSignatureVerifier.swift:1:8: error: no such module 'CryptoKit'
 1 | import CryptoKit
   |        `- error: no such module 'CryptoKit'
 2 | import Foundation
 3 |
[140/313] Compiling asc_mcp BuildsWorker+Parsers.swift
/host/spi-builder-workspace/Sources/asc-mcp/Helpers/ASCWebhookSignatureVerifier.swift:1:8: error: no such module 'CryptoKit'
 1 | import CryptoKit
   |        `- error: no such module 'CryptoKit'
 2 | import Foundation
 3 |
[141/313] Compiling asc_mcp BuildsWorker+ToolDefinitions.swift
/host/spi-builder-workspace/Sources/asc-mcp/Helpers/ASCWebhookSignatureVerifier.swift:1:8: error: no such module 'CryptoKit'
 1 | import CryptoKit
   |        `- error: no such module 'CryptoKit'
 2 | import Foundation
 3 |
[142/313] Compiling asc_mcp BuildsWorker.swift
/host/spi-builder-workspace/Sources/asc-mcp/Helpers/ASCWebhookSignatureVerifier.swift:1:8: error: no such module 'CryptoKit'
 1 | import CryptoKit
   |        `- error: no such module 'CryptoKit'
 2 | import Foundation
 3 |
[143/313] Compiling asc_mcp CompaniesWorker+Handlers.swift
/host/spi-builder-workspace/Sources/asc-mcp/Helpers/ASCWebhookSignatureVerifier.swift:1:8: error: no such module 'CryptoKit'
 1 | import CryptoKit
   |        `- error: no such module 'CryptoKit'
 2 | import Foundation
 3 |
[144/313] Compiling asc_mcp CompaniesWorker+ToolDefinitions.swift
/host/spi-builder-workspace/Sources/asc-mcp/Helpers/ASCWebhookSignatureVerifier.swift:1:8: error: no such module 'CryptoKit'
 1 | import CryptoKit
   |        `- error: no such module 'CryptoKit'
 2 | import Foundation
 3 |
[145/313] Compiling asc_mcp CompaniesWorker.swift
/host/spi-builder-workspace/Sources/asc-mcp/Helpers/ASCWebhookSignatureVerifier.swift:1:8: error: no such module 'CryptoKit'
 1 | import CryptoKit
   |        `- error: no such module 'CryptoKit'
 2 | import Foundation
 3 |
[146/313] Compiling asc_mcp CustomProductPagesWorker+Handlers.swift
/host/spi-builder-workspace/Sources/asc-mcp/Helpers/ASCWebhookSignatureVerifier.swift:1:8: error: no such module 'CryptoKit'
 1 | import CryptoKit
   |        `- error: no such module 'CryptoKit'
 2 | import Foundation
 3 |
[147/313] Compiling asc_mcp CustomProductPagesWorker+ToolDefinitions.swift
/host/spi-builder-workspace/Sources/asc-mcp/Helpers/ASCWebhookSignatureVerifier.swift:1:8: error: no such module 'CryptoKit'
 1 | import CryptoKit
   |        `- error: no such module 'CryptoKit'
 2 | import Foundation
 3 |
[148/313] Compiling asc_mcp CustomProductPagesWorker.swift
/host/spi-builder-workspace/Sources/asc-mcp/Helpers/ASCWebhookSignatureVerifier.swift:1:8: error: no such module 'CryptoKit'
 1 | import CryptoKit
   |        `- error: no such module 'CryptoKit'
 2 | import Foundation
 3 |
[149/313] Compiling asc_mcp ExportComplianceWorker+Handlers.swift
/host/spi-builder-workspace/Sources/asc-mcp/Helpers/ASCWebhookSignatureVerifier.swift:1:8: error: no such module 'CryptoKit'
 1 | import CryptoKit
   |        `- error: no such module 'CryptoKit'
 2 | import Foundation
 3 |
[150/313] Compiling asc_mcp ExportComplianceWorker+ToolDefinitions.swift
/host/spi-builder-workspace/Sources/asc-mcp/Helpers/ASCWebhookSignatureVerifier.swift:1:8: error: no such module 'CryptoKit'
 1 | import CryptoKit
   |        `- error: no such module 'CryptoKit'
 2 | import Foundation
 3 |
[151/313] Compiling asc_mcp ExportComplianceWorker.swift
/host/spi-builder-workspace/Sources/asc-mcp/Helpers/ASCWebhookSignatureVerifier.swift:1:8: error: no such module 'CryptoKit'
 1 | import CryptoKit
   |        `- error: no such module 'CryptoKit'
 2 | import Foundation
 3 |
[152/313] Compiling asc_mcp InAppPurchasesWorker+Handlers.swift
/host/spi-builder-workspace/Sources/asc-mcp/Helpers/ASCWebhookSignatureVerifier.swift:1:8: error: no such module 'CryptoKit'
 1 | import CryptoKit
   |        `- error: no such module 'CryptoKit'
 2 | import Foundation
 3 |
[153/313] Compiling asc_mcp InAppPurchasesWorker+ToolDefinitions.swift
/host/spi-builder-workspace/Sources/asc-mcp/Helpers/ASCWebhookSignatureVerifier.swift:1:8: error: no such module 'CryptoKit'
 1 | import CryptoKit
   |        `- error: no such module 'CryptoKit'
 2 | import Foundation
 3 |
[154/313] Compiling asc_mcp InAppPurchasesWorker+V3CommerceHandlers.swift
/host/spi-builder-workspace/Sources/asc-mcp/Helpers/ASCWebhookSignatureVerifier.swift:1:8: error: no such module 'CryptoKit'
 1 | import CryptoKit
   |        `- error: no such module 'CryptoKit'
 2 | import Foundation
 3 |
[155/313] Compiling asc_mcp InAppPurchasesWorker+V3ToolDefinitions.swift
/host/spi-builder-workspace/Sources/asc-mcp/Helpers/ASCWebhookSignatureVerifier.swift:1:8: error: no such module 'CryptoKit'
 1 | import CryptoKit
   |        `- error: no such module 'CryptoKit'
 2 | import Foundation
 3 |
[156/313] Compiling asc_mcp InAppPurchasesWorker+VersionedHandlers.swift
/host/spi-builder-workspace/Sources/asc-mcp/Helpers/ASCWebhookSignatureVerifier.swift:1:8: error: no such module 'CryptoKit'
 1 | import CryptoKit
   |        `- error: no such module 'CryptoKit'
 2 | import Foundation
 3 |
[157/313] Compiling asc_mcp InAppPurchasesWorker+VersionedToolDefinitions.swift
/host/spi-builder-workspace/Sources/asc-mcp/Helpers/ASCWebhookSignatureVerifier.swift:1:8: error: no such module 'CryptoKit'
 1 | import CryptoKit
   |        `- error: no such module 'CryptoKit'
 2 | import Foundation
 3 |
[158/313] Compiling asc_mcp InAppPurchasesWorker.swift
/host/spi-builder-workspace/Sources/asc-mcp/Helpers/ASCWebhookSignatureVerifier.swift:1:8: error: no such module 'CryptoKit'
 1 | import CryptoKit
   |        `- error: no such module 'CryptoKit'
 2 | import Foundation
 3 |
[159/313] Compiling asc_mcp IntroductoryOffersWorker+Handlers.swift
/host/spi-builder-workspace/Sources/asc-mcp/Helpers/ASCWebhookSignatureVerifier.swift:1:8: error: no such module 'CryptoKit'
 1 | import CryptoKit
   |        `- error: no such module 'CryptoKit'
 2 | import Foundation
 3 |
[160/313] Compiling asc_mcp IntroductoryOffersWorker+ToolDefinitions.swift
/host/spi-builder-workspace/Sources/asc-mcp/Helpers/ASCWebhookSignatureVerifier.swift:1:8: error: no such module 'CryptoKit'
 1 | import CryptoKit
   |        `- error: no such module 'CryptoKit'
 2 | import Foundation
 3 |
[161/313] Compiling asc_mcp IntroductoryOffersWorker.swift
/host/spi-builder-workspace/Sources/asc-mcp/Helpers/ASCWebhookSignatureVerifier.swift:1:8: error: no such module 'CryptoKit'
 1 | import CryptoKit
   |        `- error: no such module 'CryptoKit'
 2 | import Foundation
 3 |
[162/313] Compiling asc_mcp WorkerManager.swift
/host/spi-builder-workspace/Sources/asc-mcp/Helpers/ASCWebhookSignatureVerifier.swift:1:8: error: no such module 'CryptoKit'
 1 | import CryptoKit
   |        `- error: no such module 'CryptoKit'
 2 | import Foundation
 3 |
[163/313] Compiling asc_mcp MetricsWorker+Handlers.swift
/host/spi-builder-workspace/Sources/asc-mcp/Helpers/ASCWebhookSignatureVerifier.swift:1:8: error: no such module 'CryptoKit'
 1 | import CryptoKit
   |        `- error: no such module 'CryptoKit'
 2 | import Foundation
 3 |
error: emit-module command failed with exit code 1 (use -v to see invocation)
[164/337] Emitting module asc_mcp
/host/spi-builder-workspace/Sources/asc-mcp/Helpers/ASCWebhookSignatureVerifier.swift:1:8: error: no such module 'CryptoKit'
 1 | import CryptoKit
   |        `- error: no such module 'CryptoKit'
 2 | import Foundation
 3 |
[165/337] Compiling asc_mcp ASCCommandLineInfo.swift
/host/spi-builder-workspace/Sources/asc-mcp/Helpers/ASCWebhookSignatureVerifier.swift:1:8: error: no such module 'CryptoKit'
 1 | import CryptoKit
   |        `- error: no such module 'CryptoKit'
 2 | import Foundation
 3 |
[166/337] Compiling asc_mcp ASCCoverageInventory.swift
/host/spi-builder-workspace/Sources/asc-mcp/Helpers/ASCWebhookSignatureVerifier.swift:1:8: error: no such module 'CryptoKit'
 1 | import CryptoKit
   |        `- error: no such module 'CryptoKit'
 2 | import Foundation
 3 |
[167/337] Compiling asc_mcp ASCError.swift
/host/spi-builder-workspace/Sources/asc-mcp/Helpers/ASCWebhookSignatureVerifier.swift:1:8: error: no such module 'CryptoKit'
 1 | import CryptoKit
   |        `- error: no such module 'CryptoKit'
 2 | import Foundation
 3 |
[168/337] Compiling asc_mcp AppRuntimeOptions.swift
/host/spi-builder-workspace/Sources/asc-mcp/Helpers/ASCWebhookSignatureVerifier.swift:1:8: error: no such module 'CryptoKit'
 1 | import CryptoKit
   |        `- error: no such module 'CryptoKit'
 2 | import Foundation
 3 |
[169/337] Compiling asc_mcp Application.swift
/host/spi-builder-workspace/Sources/asc-mcp/Helpers/ASCWebhookSignatureVerifier.swift:1:8: error: no such module 'CryptoKit'
 1 | import CryptoKit
   |        `- error: no such module 'CryptoKit'
 2 | import Foundation
 3 |
[170/337] Compiling asc_mcp ServerVersion.swift
/host/spi-builder-workspace/Sources/asc-mcp/Helpers/ASCWebhookSignatureVerifier.swift:1:8: error: no such module 'CryptoKit'
 1 | import CryptoKit
   |        `- error: no such module 'CryptoKit'
 2 | import Foundation
 3 |
[171/337] Compiling asc_mcp EntryPoint.swift
/host/spi-builder-workspace/Sources/asc-mcp/Helpers/ASCWebhookSignatureVerifier.swift:1:8: error: no such module 'CryptoKit'
 1 | import CryptoKit
   |        `- error: no such module 'CryptoKit'
 2 | import Foundation
 3 |
[172/337] Compiling asc_mcp ASCMetadataValidator.swift
/host/spi-builder-workspace/Sources/asc-mcp/Helpers/ASCWebhookSignatureVerifier.swift:1:8: error: no such module 'CryptoKit'
 1 | import CryptoKit
   |        `- error: no such module 'CryptoKit'
 2 | import Foundation
 3 |
[173/337] Compiling asc_mcp ASCNonIdempotentWriteRecovery.swift
/host/spi-builder-workspace/Sources/asc-mcp/Helpers/ASCWebhookSignatureVerifier.swift:1:8: error: no such module 'CryptoKit'
 1 | import CryptoKit
   |        `- error: no such module 'CryptoKit'
 2 | import Foundation
 3 |
[174/337] Compiling asc_mcp ASCPathSegment.swift
/host/spi-builder-workspace/Sources/asc-mcp/Helpers/ASCWebhookSignatureVerifier.swift:1:8: error: no such module 'CryptoKit'
 1 | import CryptoKit
   |        `- error: no such module 'CryptoKit'
 2 | import Foundation
 3 |
[175/337] Compiling asc_mcp ASCWebhookReceiverParser.swift
/host/spi-builder-workspace/Sources/asc-mcp/Helpers/ASCWebhookSignatureVerifier.swift:1:8: error: no such module 'CryptoKit'
 1 | import CryptoKit
   |        `- error: no such module 'CryptoKit'
 2 | import Foundation
 3 |
[176/337] Compiling asc_mcp ASCWebhookSignatureVerifier.swift
/host/spi-builder-workspace/Sources/asc-mcp/Helpers/ASCWebhookSignatureVerifier.swift:1:8: error: no such module 'CryptoKit'
 1 | import CryptoKit
   |        `- error: no such module 'CryptoKit'
 2 | import Foundation
 3 |
[177/337] Compiling asc_mcp ASCWebhookTriagePolicy.swift
/host/spi-builder-workspace/Sources/asc-mcp/Helpers/ASCWebhookSignatureVerifier.swift:1:8: error: no such module 'CryptoKit'
 1 | import CryptoKit
   |        `- error: no such module 'CryptoKit'
 2 | import Foundation
 3 |
[178/337] Compiling asc_mcp CommerceInputValidation.swift
/host/spi-builder-workspace/Sources/asc-mcp/Helpers/ASCWebhookSignatureVerifier.swift:1:8: error: no such module 'CryptoKit'
 1 | import CryptoKit
   |        `- error: no such module 'CryptoKit'
 2 | import Foundation
 3 |
[179/337] Compiling asc_mcp GzipHelper.swift
/host/spi-builder-workspace/Sources/asc-mcp/Helpers/ASCWebhookSignatureVerifier.swift:1:8: error: no such module 'CryptoKit'
 1 | import CryptoKit
   |        `- error: no such module 'CryptoKit'
 2 | import Foundation
 3 |
[180/337] Compiling asc_mcp JSONFormatter.swift
/host/spi-builder-workspace/Sources/asc-mcp/Helpers/ASCWebhookSignatureVerifier.swift:1:8: error: no such module 'CryptoKit'
 1 | import CryptoKit
   |        `- error: no such module 'CryptoKit'
 2 | import Foundation
 3 |
[181/337] Compiling asc_mcp MCPResultBuilder.swift
/host/spi-builder-workspace/Sources/asc-mcp/Helpers/ASCWebhookSignatureVerifier.swift:1:8: error: no such module 'CryptoKit'
 1 | import CryptoKit
   |        `- error: no such module 'CryptoKit'
 2 | import Foundation
 3 |
[182/337] Compiling asc_mcp PaginationHelper.swift
/host/spi-builder-workspace/Sources/asc-mcp/Helpers/ASCWebhookSignatureVerifier.swift:1:8: error: no such module 'CryptoKit'
 1 | import CryptoKit
   |        `- error: no such module 'CryptoKit'
 2 | import Foundation
 3 |
[183/337] Compiling asc_mcp Redactor.swift
/host/spi-builder-workspace/Sources/asc-mcp/Helpers/ASCWebhookSignatureVerifier.swift:1:8: error: no such module 'CryptoKit'
 1 | import CryptoKit
   |        `- error: no such module 'CryptoKit'
 2 | import Foundation
 3 |
[184/337] Compiling asc_mcp ReportSummary.swift
/host/spi-builder-workspace/Sources/asc-mcp/Helpers/ASCWebhookSignatureVerifier.swift:1:8: error: no such module 'CryptoKit'
 1 | import CryptoKit
   |        `- error: no such module 'CryptoKit'
 2 | import Foundation
 3 |
[185/337] Compiling asc_mcp SafeJSONHelpers.swift
/host/spi-builder-workspace/Sources/asc-mcp/Helpers/ASCWebhookSignatureVerifier.swift:1:8: error: no such module 'CryptoKit'
 1 | import CryptoKit
   |        `- error: no such module 'CryptoKit'
 2 | import Foundation
 3 |
[186/337] Compiling asc_mcp StderrWriter.swift
/host/spi-builder-workspace/Sources/asc-mcp/Helpers/ASCWebhookSignatureVerifier.swift:1:8: error: no such module 'CryptoKit'
 1 | import CryptoKit
   |        `- error: no such module 'CryptoKit'
 2 | import Foundation
 3 |
[187/337] Compiling asc_mcp TSVParser.swift
/host/spi-builder-workspace/Sources/asc-mcp/Helpers/ASCWebhookSignatureVerifier.swift:1:8: error: no such module 'CryptoKit'
 1 | import CryptoKit
   |        `- error: no such module 'CryptoKit'
 2 | import Foundation
 3 |
[188/337] Compiling asc_mcp ToolMetadataPolicy.swift
/host/spi-builder-workspace/Sources/asc-mcp/Helpers/ASCWebhookSignatureVerifier.swift:1:8: error: no such module 'CryptoKit'
 1 | import CryptoKit
   |        `- error: no such module 'CryptoKit'
 2 | import Foundation
 3 |
[189/337] Compiling asc_mcp UploadTransactionRecovery.swift
/host/spi-builder-workspace/Sources/asc-mcp/Helpers/ASCWebhookSignatureVerifier.swift:1:8: error: no such module 'CryptoKit'
 1 | import CryptoKit
   |        `- error: no such module 'CryptoKit'
 2 | import Foundation
 3 |
[190/361] Compiling asc_mcp MetricsWorker+TestFlightHandlers.swift
/host/spi-builder-workspace/Sources/asc-mcp/Helpers/ASCWebhookSignatureVerifier.swift:1:8: error: no such module 'CryptoKit'
 1 | import CryptoKit
   |        `- error: no such module 'CryptoKit'
 2 | import Foundation
 3 |
[191/361] Compiling asc_mcp MetricsWorker+TestFlightToolDefinitions.swift
/host/spi-builder-workspace/Sources/asc-mcp/Helpers/ASCWebhookSignatureVerifier.swift:1:8: error: no such module 'CryptoKit'
 1 | import CryptoKit
   |        `- error: no such module 'CryptoKit'
 2 | import Foundation
 3 |
[192/361] Compiling asc_mcp MetricsWorker+ToolDefinitions.swift
/host/spi-builder-workspace/Sources/asc-mcp/Helpers/ASCWebhookSignatureVerifier.swift:1:8: error: no such module 'CryptoKit'
 1 | import CryptoKit
   |        `- error: no such module 'CryptoKit'
 2 | import Foundation
 3 |
[193/361] Compiling asc_mcp MetricsWorker.swift
/host/spi-builder-workspace/Sources/asc-mcp/Helpers/ASCWebhookSignatureVerifier.swift:1:8: error: no such module 'CryptoKit'
 1 | import CryptoKit
   |        `- error: no such module 'CryptoKit'
 2 | import Foundation
 3 |
[194/361] Compiling asc_mcp OfferCodesWorker+Handlers.swift
/host/spi-builder-workspace/Sources/asc-mcp/Helpers/ASCWebhookSignatureVerifier.swift:1:8: error: no such module 'CryptoKit'
 1 | import CryptoKit
   |        `- error: no such module 'CryptoKit'
 2 | import Foundation
 3 |
[195/361] Compiling asc_mcp OfferCodesWorker+ToolDefinitions.swift
/host/spi-builder-workspace/Sources/asc-mcp/Helpers/ASCWebhookSignatureVerifier.swift:1:8: error: no such module 'CryptoKit'
 1 | import CryptoKit
   |        `- error: no such module 'CryptoKit'
 2 | import Foundation
 3 |
[196/361] Compiling asc_mcp OfferCodesWorker.swift
/host/spi-builder-workspace/Sources/asc-mcp/Helpers/ASCWebhookSignatureVerifier.swift:1:8: error: no such module 'CryptoKit'
 1 | import CryptoKit
   |        `- error: no such module 'CryptoKit'
 2 | import Foundation
 3 |
[197/361] Compiling asc_mcp PreReleaseVersionsWorker+Handlers.swift
/host/spi-builder-workspace/Sources/asc-mcp/Helpers/ASCWebhookSignatureVerifier.swift:1:8: error: no such module 'CryptoKit'
 1 | import CryptoKit
   |        `- error: no such module 'CryptoKit'
 2 | import Foundation
 3 |
[198/361] Compiling asc_mcp PreReleaseVersionsWorker+ToolDefinitions.swift
/host/spi-builder-workspace/Sources/asc-mcp/Helpers/ASCWebhookSignatureVerifier.swift:1:8: error: no such module 'CryptoKit'
 1 | import CryptoKit
   |        `- error: no such module 'CryptoKit'
 2 | import Foundation
 3 |
[199/361] Compiling asc_mcp PreReleaseVersionsWorker.swift
/host/spi-builder-workspace/Sources/asc-mcp/Helpers/ASCWebhookSignatureVerifier.swift:1:8: error: no such module 'CryptoKit'
 1 | import CryptoKit
   |        `- error: no such module 'CryptoKit'
 2 | import Foundation
 3 |
[200/361] Compiling asc_mcp PricingWorker+Handlers.swift
/host/spi-builder-workspace/Sources/asc-mcp/Helpers/ASCWebhookSignatureVerifier.swift:1:8: error: no such module 'CryptoKit'
 1 | import CryptoKit
   |        `- error: no such module 'CryptoKit'
 2 | import Foundation
 3 |
[201/361] Compiling asc_mcp PricingWorker+ToolDefinitions.swift
/host/spi-builder-workspace/Sources/asc-mcp/Helpers/ASCWebhookSignatureVerifier.swift:1:8: error: no such module 'CryptoKit'
 1 | import CryptoKit
   |        `- error: no such module 'CryptoKit'
 2 | import Foundation
 3 |
[202/361] Compiling asc_mcp PricingWorker.swift
/host/spi-builder-workspace/Sources/asc-mcp/Helpers/ASCWebhookSignatureVerifier.swift:1:8: error: no such module 'CryptoKit'
 1 | import CryptoKit
   |        `- error: no such module 'CryptoKit'
 2 | import Foundation
 3 |
[203/361] Compiling asc_mcp ProductPageOptimizationWorker+Handlers.swift
/host/spi-builder-workspace/Sources/asc-mcp/Helpers/ASCWebhookSignatureVerifier.swift:1:8: error: no such module 'CryptoKit'
 1 | import CryptoKit
   |        `- error: no such module 'CryptoKit'
 2 | import Foundation
 3 |
[204/361] Compiling asc_mcp ProductPageOptimizationWorker+ToolDefinitions.swift
/host/spi-builder-workspace/Sources/asc-mcp/Helpers/ASCWebhookSignatureVerifier.swift:1:8: error: no such module 'CryptoKit'
 1 | import CryptoKit
   |        `- error: no such module 'CryptoKit'
 2 | import Foundation
 3 |
[205/361] Compiling asc_mcp ProductPageOptimizationWorker.swift
/host/spi-builder-workspace/Sources/asc-mcp/Helpers/ASCWebhookSignatureVerifier.swift:1:8: error: no such module 'CryptoKit'
 1 | import CryptoKit
   |        `- error: no such module 'CryptoKit'
 2 | import Foundation
 3 |
[206/361] Compiling asc_mcp PromotedPurchasesWorker+Handlers.swift
/host/spi-builder-workspace/Sources/asc-mcp/Helpers/ASCWebhookSignatureVerifier.swift:1:8: error: no such module 'CryptoKit'
 1 | import CryptoKit
   |        `- error: no such module 'CryptoKit'
 2 | import Foundation
 3 |
[207/361] Compiling asc_mcp PromotedPurchasesWorker+ToolDefinitions.swift
/host/spi-builder-workspace/Sources/asc-mcp/Helpers/ASCWebhookSignatureVerifier.swift:1:8: error: no such module 'CryptoKit'
 1 | import CryptoKit
   |        `- error: no such module 'CryptoKit'
 2 | import Foundation
 3 |
[208/361] Compiling asc_mcp PromotedPurchasesWorker.swift
/host/spi-builder-workspace/Sources/asc-mcp/Helpers/ASCWebhookSignatureVerifier.swift:1:8: error: no such module 'CryptoKit'
 1 | import CryptoKit
   |        `- error: no such module 'CryptoKit'
 2 | import Foundation
 3 |
[209/361] Compiling asc_mcp PromotionalOffersWorker+Handlers.swift
/host/spi-builder-workspace/Sources/asc-mcp/Helpers/ASCWebhookSignatureVerifier.swift:1:8: error: no such module 'CryptoKit'
 1 | import CryptoKit
   |        `- error: no such module 'CryptoKit'
 2 | import Foundation
 3 |
[210/361] Compiling asc_mcp PromotionalOffersWorker+ToolDefinitions.swift
/host/spi-builder-workspace/Sources/asc-mcp/Helpers/ASCWebhookSignatureVerifier.swift:1:8: error: no such module 'CryptoKit'
 1 | import CryptoKit
   |        `- error: no such module 'CryptoKit'
 2 | import Foundation
 3 |
[211/361] Compiling asc_mcp PromotionalOffersWorker.swift
/host/spi-builder-workspace/Sources/asc-mcp/Helpers/ASCWebhookSignatureVerifier.swift:1:8: error: no such module 'CryptoKit'
 1 | import CryptoKit
   |        `- error: no such module 'CryptoKit'
 2 | import Foundation
 3 |
[212/361] Compiling asc_mcp ProvisioningWorker+Handlers.swift
/host/spi-builder-workspace/Sources/asc-mcp/Helpers/ASCWebhookSignatureVerifier.swift:1:8: error: no such module 'CryptoKit'
 1 | import CryptoKit
   |        `- error: no such module 'CryptoKit'
 2 | import Foundation
 3 |
[213/361] Compiling asc_mcp ProvisioningWorker+ToolDefinitions.swift
/host/spi-builder-workspace/Sources/asc-mcp/Helpers/ASCWebhookSignatureVerifier.swift:1:8: error: no such module 'CryptoKit'
 1 | import CryptoKit
   |        `- error: no such module 'CryptoKit'
 2 | import Foundation
 3 |
[214/361] Compiling asc_mcp XcodeCloudModels.swift
/host/spi-builder-workspace/Sources/asc-mcp/Helpers/ASCWebhookSignatureVerifier.swift:1:8: error: no such module 'CryptoKit'
 1 | import CryptoKit
   |        `- error: no such module 'CryptoKit'
 2 | import Foundation
 3 |
[215/361] Compiling asc_mcp XcodeCloudMutationModels.swift
/host/spi-builder-workspace/Sources/asc-mcp/Helpers/ASCWebhookSignatureVerifier.swift:1:8: error: no such module 'CryptoKit'
 1 | import CryptoKit
   |        `- error: no such module 'CryptoKit'
 2 | import Foundation
 3 |
[216/361] Compiling asc_mcp XcodeCloudStrictModels.swift
/host/spi-builder-workspace/Sources/asc-mcp/Helpers/ASCWebhookSignatureVerifier.swift:1:8: error: no such module 'CryptoKit'
 1 | import CryptoKit
   |        `- error: no such module 'CryptoKit'
 2 | import Foundation
 3 |
[217/361] Compiling asc_mcp CompaniesManager.swift
/host/spi-builder-workspace/Sources/asc-mcp/Helpers/ASCWebhookSignatureVerifier.swift:1:8: error: no such module 'CryptoKit'
 1 | import CryptoKit
   |        `- error: no such module 'CryptoKit'
 2 | import Foundation
 3 |
[218/361] Compiling asc_mcp HTTPClient.swift
/host/spi-builder-workspace/Sources/asc-mcp/Helpers/ASCWebhookSignatureVerifier.swift:1:8: error: no such module 'CryptoKit'
 1 | import CryptoKit
   |        `- error: no such module 'CryptoKit'
 2 | import Foundation
 3 |
[219/361] Compiling asc_mcp HTTPTransport.swift
/host/spi-builder-workspace/Sources/asc-mcp/Helpers/ASCWebhookSignatureVerifier.swift:1:8: error: no such module 'CryptoKit'
 1 | import CryptoKit
   |        `- error: no such module 'CryptoKit'
 2 | import Foundation
 3 |
[220/361] Compiling asc_mcp JWTService.swift
/host/spi-builder-workspace/Sources/asc-mcp/Helpers/ASCWebhookSignatureVerifier.swift:1:8: error: no such module 'CryptoKit'
 1 | import CryptoKit
   |        `- error: no such module 'CryptoKit'
 2 | import Foundation
 3 |
[221/361] Compiling asc_mcp UploadService.swift
/host/spi-builder-workspace/Sources/asc-mcp/Helpers/ASCWebhookSignatureVerifier.swift:1:8: error: no such module 'CryptoKit'
 1 | import CryptoKit
   |        `- error: no such module 'CryptoKit'
 2 | import Foundation
 3 |
[222/361] Compiling asc_mcp TestCompanySwitching.swift
/host/spi-builder-workspace/Sources/asc-mcp/Helpers/ASCWebhookSignatureVerifier.swift:1:8: error: no such module 'CryptoKit'
 1 | import CryptoKit
   |        `- error: no such module 'CryptoKit'
 2 | import Foundation
 3 |
[223/361] Compiling asc_mcp TestMetadata.swift
/host/spi-builder-workspace/Sources/asc-mcp/Helpers/ASCWebhookSignatureVerifier.swift:1:8: error: no such module 'CryptoKit'
 1 | import CryptoKit
   |        `- error: no such module 'CryptoKit'
 2 | import Foundation
 3 |
[224/361] Compiling asc_mcp ASCOpenAPICoverage.swift
/host/spi-builder-workspace/Sources/asc-mcp/Helpers/ASCWebhookSignatureVerifier.swift:1:8: error: no such module 'CryptoKit'
 1 | import CryptoKit
   |        `- error: no such module 'CryptoKit'
 2 | import Foundation
 3 |
[225/361] Compiling asc_mcp ASCOpenAPICoverageCommand.swift
/host/spi-builder-workspace/Sources/asc-mcp/Helpers/ASCWebhookSignatureVerifier.swift:1:8: error: no such module 'CryptoKit'
 1 | import CryptoKit
   |        `- error: no such module 'CryptoKit'
 2 | import Foundation
 3 |
[226/361] Compiling asc_mcp ASCOpenAPICoverageMarkdownRenderer.swift
/host/spi-builder-workspace/Sources/asc-mcp/Helpers/ASCWebhookSignatureVerifier.swift:1:8: error: no such module 'CryptoKit'
 1 | import CryptoKit
   |        `- error: no such module 'CryptoKit'
 2 | import Foundation
 3 |
[227/361] Compiling asc_mcp ASCOpenAPISpec.swift
/host/spi-builder-workspace/Sources/asc-mcp/Helpers/ASCWebhookSignatureVerifier.swift:1:8: error: no such module 'CryptoKit'
 1 | import CryptoKit
   |        `- error: no such module 'CryptoKit'
 2 | import Foundation
 3 |
[228/361] Compiling asc_mcp ASCOperationContractCommand.swift
/host/spi-builder-workspace/Sources/asc-mcp/Helpers/ASCWebhookSignatureVerifier.swift:1:8: error: no such module 'CryptoKit'
 1 | import CryptoKit
   |        `- error: no such module 'CryptoKit'
 2 | import Foundation
 3 |
[229/361] Compiling asc_mcp ASCOperationManifestJSONValidator.swift
/host/spi-builder-workspace/Sources/asc-mcp/Helpers/ASCWebhookSignatureVerifier.swift:1:8: error: no such module 'CryptoKit'
 1 | import CryptoKit
   |        `- error: no such module 'CryptoKit'
 2 | import Foundation
 3 |
[230/361] Compiling asc_mcp ASCOperationToolAnalyzer.swift
/host/spi-builder-workspace/Sources/asc-mcp/Helpers/ASCWebhookSignatureVerifier.swift:1:8: error: no such module 'CryptoKit'
 1 | import CryptoKit
   |        `- error: no such module 'CryptoKit'
 2 | import Foundation
 3 |
[231/361] Compiling asc_mcp ASCOperationToolManifest.swift
/host/spi-builder-workspace/Sources/asc-mcp/Helpers/ASCWebhookSignatureVerifier.swift:1:8: error: no such module 'CryptoKit'
 1 | import CryptoKit
   |        `- error: no such module 'CryptoKit'
 2 | import Foundation
 3 |
[232/361] Compiling asc_mcp ASCToolCatalogFactory.swift
/host/spi-builder-workspace/Sources/asc-mcp/Helpers/ASCWebhookSignatureVerifier.swift:1:8: error: no such module 'CryptoKit'
 1 | import CryptoKit
   |        `- error: no such module 'CryptoKit'
 2 | import Foundation
 3 |
[233/361] Compiling asc_mcp AccessibilityWorker+Handlers.swift
/host/spi-builder-workspace/Sources/asc-mcp/Helpers/ASCWebhookSignatureVerifier.swift:1:8: error: no such module 'CryptoKit'
 1 | import CryptoKit
   |        `- error: no such module 'CryptoKit'
 2 | import Foundation
 3 |
[234/361] Compiling asc_mcp AccessibilityWorker+ToolDefinitions.swift
/host/spi-builder-workspace/Sources/asc-mcp/Helpers/ASCWebhookSignatureVerifier.swift:1:8: error: no such module 'CryptoKit'
 1 | import CryptoKit
   |        `- error: no such module 'CryptoKit'
 2 | import Foundation
 3 |
[235/361] Compiling asc_mcp AccessibilityWorker.swift
/host/spi-builder-workspace/Sources/asc-mcp/Helpers/ASCWebhookSignatureVerifier.swift:1:8: error: no such module 'CryptoKit'
 1 | import CryptoKit
   |        `- error: no such module 'CryptoKit'
 2 | import Foundation
 3 |
[236/361] Compiling asc_mcp AnalyticsWorker+Handlers.swift
/host/spi-builder-workspace/Sources/asc-mcp/Helpers/ASCWebhookSignatureVerifier.swift:1:8: error: no such module 'CryptoKit'
 1 | import CryptoKit
   |        `- error: no such module 'CryptoKit'
 2 | import Foundation
 3 |
[237/361] Compiling asc_mcp AnalyticsWorker+ToolDefinitions.swift
/host/spi-builder-workspace/Sources/asc-mcp/Helpers/ASCWebhookSignatureVerifier.swift:1:8: error: no such module 'CryptoKit'
 1 | import CryptoKit
   |        `- error: no such module 'CryptoKit'
 2 | import Foundation
 3 |
[238/361] Compiling asc_mcp PromotedPurchaseImageModels.swift
/host/spi-builder-workspace/Sources/asc-mcp/Helpers/ASCWebhookSignatureVerifier.swift:1:8: error: no such module 'CryptoKit'
 1 | import CryptoKit
   |        `- error: no such module 'CryptoKit'
 2 | import Foundation
 3 |
[239/361] Compiling asc_mcp PromotedPurchaseModels.swift
/host/spi-builder-workspace/Sources/asc-mcp/Helpers/ASCWebhookSignatureVerifier.swift:1:8: error: no such module 'CryptoKit'
 1 | import CryptoKit
   |        `- error: no such module 'CryptoKit'
 2 | import Foundation
 3 |
[240/361] Compiling asc_mcp ScreenshotModels.swift
/host/spi-builder-workspace/Sources/asc-mcp/Helpers/ASCWebhookSignatureVerifier.swift:1:8: error: no such module 'CryptoKit'
 1 | import CryptoKit
   |        `- error: no such module 'CryptoKit'
 2 | import Foundation
 3 |
[241/361] Compiling asc_mcp MetricsModels.swift
/host/spi-builder-workspace/Sources/asc-mcp/Helpers/ASCWebhookSignatureVerifier.swift:1:8: error: no such module 'CryptoKit'
 1 | import CryptoKit
   |        `- error: no such module 'CryptoKit'
 2 | import Foundation
 3 |
[242/361] Compiling asc_mcp TestFlightMetricsModels.swift
/host/spi-builder-workspace/Sources/asc-mcp/Helpers/ASCWebhookSignatureVerifier.swift:1:8: error: no such module 'CryptoKit'
 1 | import CryptoKit
   |        `- error: no such module 'CryptoKit'
 2 | import Foundation
 3 |
[243/361] Compiling asc_mcp AppAvailabilityModels.swift
/host/spi-builder-workspace/Sources/asc-mcp/Helpers/ASCWebhookSignatureVerifier.swift:1:8: error: no such module 'CryptoKit'
 1 | import CryptoKit
   |        `- error: no such module 'CryptoKit'
 2 | import Foundation
 3 |
[244/361] Compiling asc_mcp PricingModels.swift
/host/spi-builder-workspace/Sources/asc-mcp/Helpers/ASCWebhookSignatureVerifier.swift:1:8: error: no such module 'CryptoKit'
 1 | import CryptoKit
   |        `- error: no such module 'CryptoKit'
 2 | import Foundation
 3 |
[245/361] Compiling asc_mcp ProvisioningModels.swift
/host/spi-builder-workspace/Sources/asc-mcp/Helpers/ASCWebhookSignatureVerifier.swift:1:8: error: no such module 'CryptoKit'
 1 | import CryptoKit
   |        `- error: no such module 'CryptoKit'
 2 | import Foundation
 3 |
[246/361] Compiling asc_mcp ReviewSubmissionModels.swift
/host/spi-builder-workspace/Sources/asc-mcp/Helpers/ASCWebhookSignatureVerifier.swift:1:8: error: no such module 'CryptoKit'
 1 | import CryptoKit
   |        `- error: no such module 'CryptoKit'
 2 | import Foundation
 3 |
[247/361] Compiling asc_mcp ASCAPIErrorModels.swift
/host/spi-builder-workspace/Sources/asc-mcp/Helpers/ASCWebhookSignatureVerifier.swift:1:8: error: no such module 'CryptoKit'
 1 | import CryptoKit
   |        `- error: no such module 'CryptoKit'
 2 | import Foundation
 3 |
[248/361] Compiling asc_mcp ASCNullable.swift
/host/spi-builder-workspace/Sources/asc-mcp/Helpers/ASCWebhookSignatureVerifier.swift:1:8: error: no such module 'CryptoKit'
 1 | import CryptoKit
   |        `- error: no such module 'CryptoKit'
 2 | import Foundation
 3 |
[249/361] Compiling asc_mcp UploadModels.swift
/host/spi-builder-workspace/Sources/asc-mcp/Helpers/ASCWebhookSignatureVerifier.swift:1:8: error: no such module 'CryptoKit'
 1 | import CryptoKit
   |        `- error: no such module 'CryptoKit'
 2 | import Foundation
 3 |
[250/361] Compiling asc_mcp IntroductoryOfferModels.swift
/host/spi-builder-workspace/Sources/asc-mcp/Helpers/ASCWebhookSignatureVerifier.swift:1:8: error: no such module 'CryptoKit'
 1 | import CryptoKit
   |        `- error: no such module 'CryptoKit'
 2 | import Foundation
 3 |
[251/361] Compiling asc_mcp OfferCodeModels.swift
/host/spi-builder-workspace/Sources/asc-mcp/Helpers/ASCWebhookSignatureVerifier.swift:1:8: error: no such module 'CryptoKit'
 1 | import CryptoKit
   |        `- error: no such module 'CryptoKit'
 2 | import Foundation
 3 |
[252/361] Compiling asc_mcp PromotionalOfferModels.swift
/host/spi-builder-workspace/Sources/asc-mcp/Helpers/ASCWebhookSignatureVerifier.swift:1:8: error: no such module 'CryptoKit'
 1 | import CryptoKit
   |        `- error: no such module 'CryptoKit'
 2 | import Foundation
 3 |
[253/361] Compiling asc_mcp SandboxTesterModels.swift
/host/spi-builder-workspace/Sources/asc-mcp/Helpers/ASCWebhookSignatureVerifier.swift:1:8: error: no such module 'CryptoKit'
 1 | import CryptoKit
   |        `- error: no such module 'CryptoKit'
 2 | import Foundation
 3 |
[254/361] Compiling asc_mcp SubscriptionGroupLocalizationModels.swift
/host/spi-builder-workspace/Sources/asc-mcp/Helpers/ASCWebhookSignatureVerifier.swift:1:8: error: no such module 'CryptoKit'
 1 | import CryptoKit
   |        `- error: no such module 'CryptoKit'
 2 | import Foundation
 3 |
[255/361] Compiling asc_mcp SubscriptionImageModels.swift
/host/spi-builder-workspace/Sources/asc-mcp/Helpers/ASCWebhookSignatureVerifier.swift:1:8: error: no such module 'CryptoKit'
 1 | import CryptoKit
   |        `- error: no such module 'CryptoKit'
 2 | import Foundation
 3 |
[256/361] Compiling asc_mcp SubscriptionModels.swift
/host/spi-builder-workspace/Sources/asc-mcp/Helpers/ASCWebhookSignatureVerifier.swift:1:8: error: no such module 'CryptoKit'
 1 | import CryptoKit
   |        `- error: no such module 'CryptoKit'
 2 | import Foundation
 3 |
[257/361] Compiling asc_mcp SubscriptionPlanAvailabilityModels.swift
/host/spi-builder-workspace/Sources/asc-mcp/Helpers/ASCWebhookSignatureVerifier.swift:1:8: error: no such module 'CryptoKit'
 1 | import CryptoKit
   |        `- error: no such module 'CryptoKit'
 2 | import Foundation
 3 |
[258/361] Compiling asc_mcp SubscriptionVersionModels.swift
/host/spi-builder-workspace/Sources/asc-mcp/Helpers/ASCWebhookSignatureVerifier.swift:1:8: error: no such module 'CryptoKit'
 1 | import CryptoKit
   |        `- error: no such module 'CryptoKit'
 2 | import Foundation
 3 |
[259/361] Compiling asc_mcp WinBackOfferModels.swift
/host/spi-builder-workspace/Sources/asc-mcp/Helpers/ASCWebhookSignatureVerifier.swift:1:8: error: no such module 'CryptoKit'
 1 | import CryptoKit
   |        `- error: no such module 'CryptoKit'
 2 | import Foundation
 3 |
[260/361] Compiling asc_mcp UserModels.swift
/host/spi-builder-workspace/Sources/asc-mcp/Helpers/ASCWebhookSignatureVerifier.swift:1:8: error: no such module 'CryptoKit'
 1 | import CryptoKit
   |        `- error: no such module 'CryptoKit'
 2 | import Foundation
 3 |
[261/361] Compiling asc_mcp WebhookModels.swift
/host/spi-builder-workspace/Sources/asc-mcp/Helpers/ASCWebhookSignatureVerifier.swift:1:8: error: no such module 'CryptoKit'
 1 | import CryptoKit
   |        `- error: no such module 'CryptoKit'
 2 | import Foundation
 3 |
[262/361] Compiling asc_mcp BetaGroupsWorker+Handlers.swift
/host/spi-builder-workspace/Sources/asc-mcp/Helpers/ASCWebhookSignatureVerifier.swift:1:8: error: no such module 'CryptoKit'
 1 | import CryptoKit
   |        `- error: no such module 'CryptoKit'
 2 | import Foundation
 3 |
[263/361] Compiling asc_mcp BetaGroupsWorker+RecruitmentHandlers.swift
/host/spi-builder-workspace/Sources/asc-mcp/Helpers/ASCWebhookSignatureVerifier.swift:1:8: error: no such module 'CryptoKit'
 1 | import CryptoKit
   |        `- error: no such module 'CryptoKit'
 2 | import Foundation
 3 |
[264/361] Compiling asc_mcp BetaGroupsWorker+RecruitmentToolDefinitions.swift
/host/spi-builder-workspace/Sources/asc-mcp/Helpers/ASCWebhookSignatureVerifier.swift:1:8: error: no such module 'CryptoKit'
 1 | import CryptoKit
   |        `- error: no such module 'CryptoKit'
 2 | import Foundation
 3 |
[265/361] Compiling asc_mcp BetaGroupsWorker+ToolDefinitions.swift
/host/spi-builder-workspace/Sources/asc-mcp/Helpers/ASCWebhookSignatureVerifier.swift:1:8: error: no such module 'CryptoKit'
 1 | import CryptoKit
   |        `- error: no such module 'CryptoKit'
 2 | import Foundation
 3 |
[266/361] Compiling asc_mcp BetaGroupsWorker.swift
/host/spi-builder-workspace/Sources/asc-mcp/Helpers/ASCWebhookSignatureVerifier.swift:1:8: error: no such module 'CryptoKit'
 1 | import CryptoKit
   |        `- error: no such module 'CryptoKit'
 2 | import Foundation
 3 |
[267/361] Compiling asc_mcp BetaLicenseAgreementsWorker+Handlers.swift
/host/spi-builder-workspace/Sources/asc-mcp/Helpers/ASCWebhookSignatureVerifier.swift:1:8: error: no such module 'CryptoKit'
 1 | import CryptoKit
   |        `- error: no such module 'CryptoKit'
 2 | import Foundation
 3 |
[268/361] Compiling asc_mcp BetaLicenseAgreementsWorker+ToolDefinitions.swift
/host/spi-builder-workspace/Sources/asc-mcp/Helpers/ASCWebhookSignatureVerifier.swift:1:8: error: no such module 'CryptoKit'
 1 | import CryptoKit
   |        `- error: no such module 'CryptoKit'
 2 | import Foundation
 3 |
[269/361] Compiling asc_mcp BetaLicenseAgreementsWorker.swift
/host/spi-builder-workspace/Sources/asc-mcp/Helpers/ASCWebhookSignatureVerifier.swift:1:8: error: no such module 'CryptoKit'
 1 | import CryptoKit
   |        `- error: no such module 'CryptoKit'
 2 | import Foundation
 3 |
[270/361] Compiling asc_mcp BetaTestersWorker+Handlers.swift
/host/spi-builder-workspace/Sources/asc-mcp/Helpers/ASCWebhookSignatureVerifier.swift:1:8: error: no such module 'CryptoKit'
 1 | import CryptoKit
   |        `- error: no such module 'CryptoKit'
 2 | import Foundation
 3 |
[271/361] Compiling asc_mcp BetaTestersWorker+ToolDefinitions.swift
/host/spi-builder-workspace/Sources/asc-mcp/Helpers/ASCWebhookSignatureVerifier.swift:1:8: error: no such module 'CryptoKit'
 1 | import CryptoKit
   |        `- error: no such module 'CryptoKit'
 2 | import Foundation
 3 |
[272/361] Compiling asc_mcp BetaTestersWorker.swift
/host/spi-builder-workspace/Sources/asc-mcp/Helpers/ASCWebhookSignatureVerifier.swift:1:8: error: no such module 'CryptoKit'
 1 | import CryptoKit
   |        `- error: no such module 'CryptoKit'
 2 | import Foundation
 3 |
[273/361] Compiling asc_mcp BuildBetaDetailsWorker+Handlers.swift
/host/spi-builder-workspace/Sources/asc-mcp/Helpers/ASCWebhookSignatureVerifier.swift:1:8: error: no such module 'CryptoKit'
 1 | import CryptoKit
   |        `- error: no such module 'CryptoKit'
 2 | import Foundation
 3 |
[274/361] Compiling asc_mcp BuildBetaDetailsWorker+Parsers.swift
/host/spi-builder-workspace/Sources/asc-mcp/Helpers/ASCWebhookSignatureVerifier.swift:1:8: error: no such module 'CryptoKit'
 1 | import CryptoKit
   |        `- error: no such module 'CryptoKit'
 2 | import Foundation
 3 |
[275/361] Compiling asc_mcp BuildBetaDetailsWorker+ToolDefinitions.swift
/host/spi-builder-workspace/Sources/asc-mcp/Helpers/ASCWebhookSignatureVerifier.swift:1:8: error: no such module 'CryptoKit'
 1 | import CryptoKit
   |        `- error: no such module 'CryptoKit'
 2 | import Foundation
 3 |
[276/361] Compiling asc_mcp BuildBetaDetailsWorker.swift
/host/spi-builder-workspace/Sources/asc-mcp/Helpers/ASCWebhookSignatureVerifier.swift:1:8: error: no such module 'CryptoKit'
 1 | import CryptoKit
   |        `- error: no such module 'CryptoKit'
 2 | import Foundation
 3 |
[277/361] Compiling asc_mcp BuildProcessingWorker+Handlers.swift
/host/spi-builder-workspace/Sources/asc-mcp/Helpers/ASCWebhookSignatureVerifier.swift:1:8: error: no such module 'CryptoKit'
 1 | import CryptoKit
   |        `- error: no such module 'CryptoKit'
 2 | import Foundation
 3 |
[278/361] Compiling asc_mcp BuildProcessingWorker+Helpers.swift
/host/spi-builder-workspace/Sources/asc-mcp/Helpers/ASCWebhookSignatureVerifier.swift:1:8: error: no such module 'CryptoKit'
 1 | import CryptoKit
   |        `- error: no such module 'CryptoKit'
 2 | import Foundation
 3 |
[279/361] Compiling asc_mcp BuildProcessingWorker+ToolDefinitions.swift
/host/spi-builder-workspace/Sources/asc-mcp/Helpers/ASCWebhookSignatureVerifier.swift:1:8: error: no such module 'CryptoKit'
 1 | import CryptoKit
   |        `- error: no such module 'CryptoKit'
 2 | import Foundation
 3 |
[280/361] Compiling asc_mcp BuildProcessingWorker.swift
/host/spi-builder-workspace/Sources/asc-mcp/Helpers/ASCWebhookSignatureVerifier.swift:1:8: error: no such module 'CryptoKit'
 1 | import CryptoKit
   |        `- error: no such module 'CryptoKit'
 2 | import Foundation
 3 |
[281/361] Compiling asc_mcp BuildUploadsWorker+Handlers.swift
/host/spi-builder-workspace/Sources/asc-mcp/Helpers/ASCWebhookSignatureVerifier.swift:1:8: error: no such module 'CryptoKit'
 1 | import CryptoKit
   |        `- error: no such module 'CryptoKit'
 2 | import Foundation
 3 |
[282/361] Compiling asc_mcp BuildUploadsWorker+ToolDefinitions.swift
/host/spi-builder-workspace/Sources/asc-mcp/Helpers/ASCWebhookSignatureVerifier.swift:1:8: error: no such module 'CryptoKit'
 1 | import CryptoKit
   |        `- error: no such module 'CryptoKit'
 2 | import Foundation
 3 |
[283/361] Compiling asc_mcp BuildUploadsWorker+Upload.swift
/host/spi-builder-workspace/Sources/asc-mcp/Helpers/ASCWebhookSignatureVerifier.swift:1:8: error: no such module 'CryptoKit'
 1 | import CryptoKit
   |        `- error: no such module 'CryptoKit'
 2 | import Foundation
 3 |
[284/361] Compiling asc_mcp BuildUploadsWorker.swift
/host/spi-builder-workspace/Sources/asc-mcp/Helpers/ASCWebhookSignatureVerifier.swift:1:8: error: no such module 'CryptoKit'
 1 | import CryptoKit
   |        `- error: no such module 'CryptoKit'
 2 | import Foundation
 3 |
[285/361] Compiling asc_mcp BuildsWorker+Handlers.swift
/host/spi-builder-workspace/Sources/asc-mcp/Helpers/ASCWebhookSignatureVerifier.swift:1:8: error: no such module 'CryptoKit'
 1 | import CryptoKit
   |        `- error: no such module 'CryptoKit'
 2 | import Foundation
 3 |
[286/361] Compiling asc_mcp AnalyticsModels.swift
/host/spi-builder-workspace/Sources/asc-mcp/Helpers/ASCWebhookSignatureVerifier.swift:1:8: error: no such module 'CryptoKit'
 1 | import CryptoKit
   |        `- error: no such module 'CryptoKit'
 2 | import Foundation
 3 |
[287/361] Compiling asc_mcp AppEventModels.swift
/host/spi-builder-workspace/Sources/asc-mcp/Helpers/ASCWebhookSignatureVerifier.swift:1:8: error: no such module 'CryptoKit'
 1 | import CryptoKit
   |        `- error: no such module 'CryptoKit'
 2 | import Foundation
 3 |
[288/361] Compiling asc_mcp AppInfoModels.swift
/host/spi-builder-workspace/Sources/asc-mcp/Helpers/ASCWebhookSignatureVerifier.swift:1:8: error: no such module 'CryptoKit'
 1 | import CryptoKit
   |        `- error: no such module 'CryptoKit'
 2 | import Foundation
 3 |
[289/361] Compiling asc_mcp AppLifecycleModels.swift
/host/spi-builder-workspace/Sources/asc-mcp/Helpers/ASCWebhookSignatureVerifier.swift:1:8: error: no such module 'CryptoKit'
 1 | import CryptoKit
   |        `- error: no such module 'CryptoKit'
 2 | import Foundation
 3 |
[290/361] Compiling asc_mcp ReviewAttachmentModels.swift
/host/spi-builder-workspace/Sources/asc-mcp/Helpers/ASCWebhookSignatureVerifier.swift:1:8: error: no such module 'CryptoKit'
 1 | import CryptoKit
   |        `- error: no such module 'CryptoKit'
 2 | import Foundation
 3 |
[291/361] Compiling asc_mcp AccessibilityDeclarationModels.swift
/host/spi-builder-workspace/Sources/asc-mcp/Helpers/ASCWebhookSignatureVerifier.swift:1:8: error: no such module 'CryptoKit'
 1 | import CryptoKit
   |        `- error: no such module 'CryptoKit'
 2 | import Foundation
 3 |
[292/361] Compiling asc_mcp AppKeywordModels.swift
/host/spi-builder-workspace/Sources/asc-mcp/Helpers/ASCWebhookSignatureVerifier.swift:1:8: error: no such module 'CryptoKit'
 1 | import CryptoKit
   |        `- error: no such module 'CryptoKit'
 2 | import Foundation
 3 |
[293/361] Compiling asc_mcp AppModel.swift
/host/spi-builder-workspace/Sources/asc-mcp/Helpers/ASCWebhookSignatureVerifier.swift:1:8: error: no such module 'CryptoKit'
 1 | import CryptoKit
   |        `- error: no such module 'CryptoKit'
 2 | import Foundation
 3 |
[294/361] Compiling asc_mcp AppStoreVersionLocalizationModel.swift
/host/spi-builder-workspace/Sources/asc-mcp/Helpers/ASCWebhookSignatureVerifier.swift:1:8: error: no such module 'CryptoKit'
 1 | import CryptoKit
   |        `- error: no such module 'CryptoKit'
 2 | import Foundation
 3 |
[295/361] Compiling asc_mcp AppStoreVersionModel.swift
/host/spi-builder-workspace/Sources/asc-mcp/Helpers/ASCWebhookSignatureVerifier.swift:1:8: error: no such module 'CryptoKit'
 1 | import CryptoKit
   |        `- error: no such module 'CryptoKit'
 2 | import Foundation
 3 |
[296/361] Compiling asc_mcp BetaAppModels.swift
/host/spi-builder-workspace/Sources/asc-mcp/Helpers/ASCWebhookSignatureVerifier.swift:1:8: error: no such module 'CryptoKit'
 1 | import CryptoKit
   |        `- error: no such module 'CryptoKit'
 2 | import Foundation
 3 |
[297/361] Compiling asc_mcp BetaLicenseAgreementModels.swift
/host/spi-builder-workspace/Sources/asc-mcp/Helpers/ASCWebhookSignatureVerifier.swift:1:8: error: no such module 'CryptoKit'
 1 | import CryptoKit
   |        `- error: no such module 'CryptoKit'
 2 | import Foundation
 3 |
[298/361] Compiling asc_mcp BetaFeedbackModels.swift
/host/spi-builder-workspace/Sources/asc-mcp/Helpers/ASCWebhookSignatureVerifier.swift:1:8: error: no such module 'CryptoKit'
 1 | import CryptoKit
   |        `- error: no such module 'CryptoKit'
 2 | import Foundation
 3 |
[299/361] Compiling asc_mcp BetaRecruitmentModels.swift
/host/spi-builder-workspace/Sources/asc-mcp/Helpers/ASCWebhookSignatureVerifier.swift:1:8: error: no such module 'CryptoKit'
 1 | import CryptoKit
   |        `- error: no such module 'CryptoKit'
 2 | import Foundation
 3 |
[300/361] Compiling asc_mcp BuildBetaDetailModels.swift
/host/spi-builder-workspace/Sources/asc-mcp/Helpers/ASCWebhookSignatureVerifier.swift:1:8: error: no such module 'CryptoKit'
 1 | import CryptoKit
   |        `- error: no such module 'CryptoKit'
 2 | import Foundation
 3 |
[301/361] Compiling asc_mcp BuildModels.swift
/host/spi-builder-workspace/Sources/asc-mcp/Helpers/ASCWebhookSignatureVerifier.swift:1:8: error: no such module 'CryptoKit'
 1 | import CryptoKit
   |        `- error: no such module 'CryptoKit'
 2 | import Foundation
 3 |
[302/361] Compiling asc_mcp BuildProcessingModels.swift
/host/spi-builder-workspace/Sources/asc-mcp/Helpers/ASCWebhookSignatureVerifier.swift:1:8: error: no such module 'CryptoKit'
 1 | import CryptoKit
   |        `- error: no such module 'CryptoKit'
 2 | import Foundation
 3 |
[303/361] Compiling asc_mcp BuildUploadModels.swift
/host/spi-builder-workspace/Sources/asc-mcp/Helpers/ASCWebhookSignatureVerifier.swift:1:8: error: no such module 'CryptoKit'
 1 | import CryptoKit
   |        `- error: no such module 'CryptoKit'
 2 | import Foundation
 3 |
[304/361] Compiling asc_mcp PreReleaseVersionModels.swift
/host/spi-builder-workspace/Sources/asc-mcp/Helpers/ASCWebhookSignatureVerifier.swift:1:8: error: no such module 'CryptoKit'
 1 | import CryptoKit
   |        `- error: no such module 'CryptoKit'
 2 | import Foundation
 3 |
[305/361] Compiling asc_mcp Company.swift
/host/spi-builder-workspace/Sources/asc-mcp/Helpers/ASCWebhookSignatureVerifier.swift:1:8: error: no such module 'CryptoKit'
 1 | import CryptoKit
   |        `- error: no such module 'CryptoKit'
 2 | import Foundation
 3 |
[306/361] Compiling asc_mcp ExportComplianceModels.swift
/host/spi-builder-workspace/Sources/asc-mcp/Helpers/ASCWebhookSignatureVerifier.swift:1:8: error: no such module 'CryptoKit'
 1 | import CryptoKit
   |        `- error: no such module 'CryptoKit'
 2 | import Foundation
 3 |
[307/361] Compiling asc_mcp InAppPurchaseModels.swift
/host/spi-builder-workspace/Sources/asc-mcp/Helpers/ASCWebhookSignatureVerifier.swift:1:8: error: no such module 'CryptoKit'
 1 | import CryptoKit
   |        `- error: no such module 'CryptoKit'
 2 | import Foundation
 3 |
[308/361] Compiling asc_mcp InAppPurchaseVersionModels.swift
/host/spi-builder-workspace/Sources/asc-mcp/Helpers/ASCWebhookSignatureVerifier.swift:1:8: error: no such module 'CryptoKit'
 1 | import CryptoKit
   |        `- error: no such module 'CryptoKit'
 2 | import Foundation
 3 |
[309/361] Compiling asc_mcp CustomProductPageModels.swift
/host/spi-builder-workspace/Sources/asc-mcp/Helpers/ASCWebhookSignatureVerifier.swift:1:8: error: no such module 'CryptoKit'
 1 | import CryptoKit
   |        `- error: no such module 'CryptoKit'
 2 | import Foundation
 3 |
[310/361] Compiling asc_mcp ProductPageOptimizationModels.swift
/host/spi-builder-workspace/Sources/asc-mcp/Helpers/ASCWebhookSignatureVerifier.swift:1:8: error: no such module 'CryptoKit'
 1 | import CryptoKit
   |        `- error: no such module 'CryptoKit'
 2 | import Foundation
 3 |
[311/361] Compiling asc_mcp SubscriptionsWorker+V3ToolDefinitions.swift
/host/spi-builder-workspace/Sources/asc-mcp/Helpers/ASCWebhookSignatureVerifier.swift:1:8: error: no such module 'CryptoKit'
 1 | import CryptoKit
   |        `- error: no such module 'CryptoKit'
 2 | import Foundation
 3 |
[312/361] Compiling asc_mcp SubscriptionsWorker+VersionedHandlers.swift
/host/spi-builder-workspace/Sources/asc-mcp/Helpers/ASCWebhookSignatureVerifier.swift:1:8: error: no such module 'CryptoKit'
 1 | import CryptoKit
   |        `- error: no such module 'CryptoKit'
 2 | import Foundation
 3 |
[313/361] Compiling asc_mcp SubscriptionsWorker+VersionedToolDefinitions.swift
/host/spi-builder-workspace/Sources/asc-mcp/Helpers/ASCWebhookSignatureVerifier.swift:1:8: error: no such module 'CryptoKit'
 1 | import CryptoKit
   |        `- error: no such module 'CryptoKit'
 2 | import Foundation
 3 |
[314/361] Compiling asc_mcp SubscriptionsWorker.swift
/host/spi-builder-workspace/Sources/asc-mcp/Helpers/ASCWebhookSignatureVerifier.swift:1:8: error: no such module 'CryptoKit'
 1 | import CryptoKit
   |        `- error: no such module 'CryptoKit'
 2 | import Foundation
 3 |
[315/361] Compiling asc_mcp UsersWorker+Handlers.swift
/host/spi-builder-workspace/Sources/asc-mcp/Helpers/ASCWebhookSignatureVerifier.swift:1:8: error: no such module 'CryptoKit'
 1 | import CryptoKit
   |        `- error: no such module 'CryptoKit'
 2 | import Foundation
 3 |
[316/361] Compiling asc_mcp UsersWorker+ToolDefinitions.swift
/host/spi-builder-workspace/Sources/asc-mcp/Helpers/ASCWebhookSignatureVerifier.swift:1:8: error: no such module 'CryptoKit'
 1 | import CryptoKit
   |        `- error: no such module 'CryptoKit'
 2 | import Foundation
 3 |
[317/361] Compiling asc_mcp UsersWorker.swift
/host/spi-builder-workspace/Sources/asc-mcp/Helpers/ASCWebhookSignatureVerifier.swift:1:8: error: no such module 'CryptoKit'
 1 | import CryptoKit
   |        `- error: no such module 'CryptoKit'
 2 | import Foundation
 3 |
[318/361] Compiling asc_mcp WebhooksWorker+Handlers.swift
/host/spi-builder-workspace/Sources/asc-mcp/Helpers/ASCWebhookSignatureVerifier.swift:1:8: error: no such module 'CryptoKit'
 1 | import CryptoKit
   |        `- error: no such module 'CryptoKit'
 2 | import Foundation
 3 |
[319/361] Compiling asc_mcp WebhooksWorker+ReceiverHandlers.swift
/host/spi-builder-workspace/Sources/asc-mcp/Helpers/ASCWebhookSignatureVerifier.swift:1:8: error: no such module 'CryptoKit'
 1 | import CryptoKit
   |        `- error: no such module 'CryptoKit'
 2 | import Foundation
 3 |
[320/361] Compiling asc_mcp WebhooksWorker+ToolDefinitions.swift
/host/spi-builder-workspace/Sources/asc-mcp/Helpers/ASCWebhookSignatureVerifier.swift:1:8: error: no such module 'CryptoKit'
 1 | import CryptoKit
   |        `- error: no such module 'CryptoKit'
 2 | import Foundation
 3 |
[321/361] Compiling asc_mcp WebhooksWorker.swift
/host/spi-builder-workspace/Sources/asc-mcp/Helpers/ASCWebhookSignatureVerifier.swift:1:8: error: no such module 'CryptoKit'
 1 | import CryptoKit
   |        `- error: no such module 'CryptoKit'
 2 | import Foundation
 3 |
[322/361] Compiling asc_mcp WinBackOffersWorker+Handlers.swift
/host/spi-builder-workspace/Sources/asc-mcp/Helpers/ASCWebhookSignatureVerifier.swift:1:8: error: no such module 'CryptoKit'
 1 | import CryptoKit
   |        `- error: no such module 'CryptoKit'
 2 | import Foundation
 3 |
[323/361] Compiling asc_mcp WinBackOffersWorker+ToolDefinitions.swift
/host/spi-builder-workspace/Sources/asc-mcp/Helpers/ASCWebhookSignatureVerifier.swift:1:8: error: no such module 'CryptoKit'
 1 | import CryptoKit
   |        `- error: no such module 'CryptoKit'
 2 | import Foundation
 3 |
[324/361] Compiling asc_mcp WinBackOffersWorker.swift
/host/spi-builder-workspace/Sources/asc-mcp/Helpers/ASCWebhookSignatureVerifier.swift:1:8: error: no such module 'CryptoKit'
 1 | import CryptoKit
   |        `- error: no such module 'CryptoKit'
 2 | import Foundation
 3 |
[325/361] Compiling asc_mcp XcodeCloudWorker+Handlers.swift
/host/spi-builder-workspace/Sources/asc-mcp/Helpers/ASCWebhookSignatureVerifier.swift:1:8: error: no such module 'CryptoKit'
 1 | import CryptoKit
   |        `- error: no such module 'CryptoKit'
 2 | import Foundation
 3 |
[326/361] Compiling asc_mcp XcodeCloudWorker+InputValidation.swift
/host/spi-builder-workspace/Sources/asc-mcp/Helpers/ASCWebhookSignatureVerifier.swift:1:8: error: no such module 'CryptoKit'
 1 | import CryptoKit
   |        `- error: no such module 'CryptoKit'
 2 | import Foundation
 3 |
[327/361] Compiling asc_mcp XcodeCloudWorker+MutationHandlers.swift
/host/spi-builder-workspace/Sources/asc-mcp/Helpers/ASCWebhookSignatureVerifier.swift:1:8: error: no such module 'CryptoKit'
 1 | import CryptoKit
   |        `- error: no such module 'CryptoKit'
 2 | import Foundation
 3 |
[328/361] Compiling asc_mcp XcodeCloudWorker+MutationToolDefinitions.swift
/host/spi-builder-workspace/Sources/asc-mcp/Helpers/ASCWebhookSignatureVerifier.swift:1:8: error: no such module 'CryptoKit'
 1 | import CryptoKit
   |        `- error: no such module 'CryptoKit'
 2 | import Foundation
 3 |
[329/361] Compiling asc_mcp XcodeCloudWorker+RelatedResourceHandlers.swift
/host/spi-builder-workspace/Sources/asc-mcp/Helpers/ASCWebhookSignatureVerifier.swift:1:8: error: no such module 'CryptoKit'
 1 | import CryptoKit
   |        `- error: no such module 'CryptoKit'
 2 | import Foundation
 3 |
[330/361] Compiling asc_mcp XcodeCloudWorker+RelatedResourceToolDefinitions.swift
/host/spi-builder-workspace/Sources/asc-mcp/Helpers/ASCWebhookSignatureVerifier.swift:1:8: error: no such module 'CryptoKit'
 1 | import CryptoKit
   |        `- error: no such module 'CryptoKit'
 2 | import Foundation
 3 |
[331/361] Compiling asc_mcp XcodeCloudWorker+ResponseValidation.swift
/host/spi-builder-workspace/Sources/asc-mcp/Helpers/ASCWebhookSignatureVerifier.swift:1:8: error: no such module 'CryptoKit'
 1 | import CryptoKit
   |        `- error: no such module 'CryptoKit'
 2 | import Foundation
 3 |
[332/361] Compiling asc_mcp XcodeCloudWorker+ToolDefinitions.swift
/host/spi-builder-workspace/Sources/asc-mcp/Helpers/ASCWebhookSignatureVerifier.swift:1:8: error: no such module 'CryptoKit'
 1 | import CryptoKit
   |        `- error: no such module 'CryptoKit'
 2 | import Foundation
 3 |
[333/361] Compiling asc_mcp XcodeCloudWorker.swift
/host/spi-builder-workspace/Sources/asc-mcp/Helpers/ASCWebhookSignatureVerifier.swift:1:8: error: no such module 'CryptoKit'
 1 | import CryptoKit
   |        `- error: no such module 'CryptoKit'
 2 | import Foundation
 3 |
[334/361] Compiling asc_mcp resource_bundle_accessor.swift
/host/spi-builder-workspace/Sources/asc-mcp/Helpers/ASCWebhookSignatureVerifier.swift:1:8: error: no such module 'CryptoKit'
 1 | import CryptoKit
   |        `- error: no such module 'CryptoKit'
 2 | import Foundation
 3 |
[335/361] Compiling asc_mcp ProvisioningWorker.swift
/host/spi-builder-workspace/Sources/asc-mcp/Helpers/ASCWebhookSignatureVerifier.swift:1:8: error: no such module 'CryptoKit'
 1 | import CryptoKit
   |        `- error: no such module 'CryptoKit'
 2 | import Foundation
 3 |
[336/361] Compiling asc_mcp ReviewAttachmentsWorker+Handlers.swift
/host/spi-builder-workspace/Sources/asc-mcp/Helpers/ASCWebhookSignatureVerifier.swift:1:8: error: no such module 'CryptoKit'
 1 | import CryptoKit
   |        `- error: no such module 'CryptoKit'
 2 | import Foundation
 3 |
[337/361] Compiling asc_mcp ReviewAttachmentsWorker+ToolDefinitions.swift
/host/spi-builder-workspace/Sources/asc-mcp/Helpers/ASCWebhookSignatureVerifier.swift:1:8: error: no such module 'CryptoKit'
 1 | import CryptoKit
   |        `- error: no such module 'CryptoKit'
 2 | import Foundation
 3 |
[338/361] Compiling asc_mcp ReviewAttachmentsWorker.swift
/host/spi-builder-workspace/Sources/asc-mcp/Helpers/ASCWebhookSignatureVerifier.swift:1:8: error: no such module 'CryptoKit'
 1 | import CryptoKit
   |        `- error: no such module 'CryptoKit'
 2 | import Foundation
 3 |
[339/361] Compiling asc_mcp ReviewSubmissionsWorker+Handlers.swift
/host/spi-builder-workspace/Sources/asc-mcp/Helpers/ASCWebhookSignatureVerifier.swift:1:8: error: no such module 'CryptoKit'
 1 | import CryptoKit
   |        `- error: no such module 'CryptoKit'
 2 | import Foundation
 3 |
[340/361] Compiling asc_mcp ReviewSubmissionsWorker+ToolDefinitions.swift
/host/spi-builder-workspace/Sources/asc-mcp/Helpers/ASCWebhookSignatureVerifier.swift:1:8: error: no such module 'CryptoKit'
 1 | import CryptoKit
   |        `- error: no such module 'CryptoKit'
 2 | import Foundation
 3 |
[341/361] Compiling asc_mcp ReviewSubmissionsWorker.swift
/host/spi-builder-workspace/Sources/asc-mcp/Helpers/ASCWebhookSignatureVerifier.swift:1:8: error: no such module 'CryptoKit'
 1 | import CryptoKit
   |        `- error: no such module 'CryptoKit'
 2 | import Foundation
 3 |
[342/361] Compiling asc_mcp ReviewsWorker+Handlers.swift
/host/spi-builder-workspace/Sources/asc-mcp/Helpers/ASCWebhookSignatureVerifier.swift:1:8: error: no such module 'CryptoKit'
 1 | import CryptoKit
   |        `- error: no such module 'CryptoKit'
 2 | import Foundation
 3 |
[343/361] Compiling asc_mcp ReviewsWorker+Parsers.swift
/host/spi-builder-workspace/Sources/asc-mcp/Helpers/ASCWebhookSignatureVerifier.swift:1:8: error: no such module 'CryptoKit'
 1 | import CryptoKit
   |        `- error: no such module 'CryptoKit'
 2 | import Foundation
 3 |
[344/361] Compiling asc_mcp ReviewsWorker+ToolDefinitions.swift
/host/spi-builder-workspace/Sources/asc-mcp/Helpers/ASCWebhookSignatureVerifier.swift:1:8: error: no such module 'CryptoKit'
 1 | import CryptoKit
   |        `- error: no such module 'CryptoKit'
 2 | import Foundation
 3 |
[345/361] Compiling asc_mcp ReviewsWorker.swift
/host/spi-builder-workspace/Sources/asc-mcp/Helpers/ASCWebhookSignatureVerifier.swift:1:8: error: no such module 'CryptoKit'
 1 | import CryptoKit
   |        `- error: no such module 'CryptoKit'
 2 | import Foundation
 3 |
[346/361] Compiling asc_mcp SandboxTestersWorker+Handlers.swift
/host/spi-builder-workspace/Sources/asc-mcp/Helpers/ASCWebhookSignatureVerifier.swift:1:8: error: no such module 'CryptoKit'
 1 | import CryptoKit
   |        `- error: no such module 'CryptoKit'
 2 | import Foundation
 3 |
[347/361] Compiling asc_mcp SandboxTestersWorker+ToolDefinitions.swift
/host/spi-builder-workspace/Sources/asc-mcp/Helpers/ASCWebhookSignatureVerifier.swift:1:8: error: no such module 'CryptoKit'
 1 | import CryptoKit
   |        `- error: no such module 'CryptoKit'
 2 | import Foundation
 3 |
[348/361] Compiling asc_mcp SandboxTestersWorker.swift
/host/spi-builder-workspace/Sources/asc-mcp/Helpers/ASCWebhookSignatureVerifier.swift:1:8: error: no such module 'CryptoKit'
 1 | import CryptoKit
   |        `- error: no such module 'CryptoKit'
 2 | import Foundation
 3 |
[349/361] Compiling asc_mcp ScreenshotsWorker+Handlers.swift
/host/spi-builder-workspace/Sources/asc-mcp/Helpers/ASCWebhookSignatureVerifier.swift:1:8: error: no such module 'CryptoKit'
 1 | import CryptoKit
   |        `- error: no such module 'CryptoKit'
 2 | import Foundation
 3 |
[350/361] Compiling asc_mcp ScreenshotsWorker+ToolDefinitions.swift
/host/spi-builder-workspace/Sources/asc-mcp/Helpers/ASCWebhookSignatureVerifier.swift:1:8: error: no such module 'CryptoKit'
 1 | import CryptoKit
   |        `- error: no such module 'CryptoKit'
 2 | import Foundation
 3 |
[351/361] Compiling asc_mcp ScreenshotsWorker.swift
/host/spi-builder-workspace/Sources/asc-mcp/Helpers/ASCWebhookSignatureVerifier.swift:1:8: error: no such module 'CryptoKit'
 1 | import CryptoKit
   |        `- error: no such module 'CryptoKit'
 2 | import Foundation
 3 |
[352/361] Compiling asc_mcp SubscriptionsWorker+ContractValidation.swift
/host/spi-builder-workspace/Sources/asc-mcp/Helpers/ASCWebhookSignatureVerifier.swift:1:8: error: no such module 'CryptoKit'
 1 | import CryptoKit
   |        `- error: no such module 'CryptoKit'
 2 | import Foundation
 3 |
[353/361] Compiling asc_mcp SubscriptionsWorker+Handlers.swift
/host/spi-builder-workspace/Sources/asc-mcp/Helpers/ASCWebhookSignatureVerifier.swift:1:8: error: no such module 'CryptoKit'
 1 | import CryptoKit
   |        `- error: no such module 'CryptoKit'
 2 | import Foundation
 3 |
[354/361] Compiling asc_mcp SubscriptionsWorker+LegacyDeprecation.swift
/host/spi-builder-workspace/Sources/asc-mcp/Helpers/ASCWebhookSignatureVerifier.swift:1:8: error: no such module 'CryptoKit'
 1 | import CryptoKit
   |        `- error: no such module 'CryptoKit'
 2 | import Foundation
 3 |
[355/361] Compiling asc_mcp SubscriptionsWorker+PlanAvailabilityHandlers.swift
/host/spi-builder-workspace/Sources/asc-mcp/Helpers/ASCWebhookSignatureVerifier.swift:1:8: error: no such module 'CryptoKit'
 1 | import CryptoKit
   |        `- error: no such module 'CryptoKit'
 2 | import Foundation
 3 |
[356/361] Compiling asc_mcp SubscriptionsWorker+PlanAvailabilityToolDefinitions.swift
/host/spi-builder-workspace/Sources/asc-mcp/Helpers/ASCWebhookSignatureVerifier.swift:1:8: error: no such module 'CryptoKit'
 1 | import CryptoKit
   |        `- error: no such module 'CryptoKit'
 2 | import Foundation
 3 |
[357/361] Compiling asc_mcp SubscriptionsWorker+ToolDefinitions.swift
/host/spi-builder-workspace/Sources/asc-mcp/Helpers/ASCWebhookSignatureVerifier.swift:1:8: error: no such module 'CryptoKit'
 1 | import CryptoKit
   |        `- error: no such module 'CryptoKit'
 2 | import Foundation
 3 |
[358/361] Compiling asc_mcp SubscriptionsWorker+V3CommerceHandlers.swift
/host/spi-builder-workspace/Sources/asc-mcp/Helpers/ASCWebhookSignatureVerifier.swift:1:8: error: no such module 'CryptoKit'
 1 | import CryptoKit
   |        `- error: no such module 'CryptoKit'
 2 | import Foundation
 3 |
BUILD FAILURE 6.2 linux