The Swift Package Index logo.Swift Package Index

Build Information

Failed to build AILoaders, reference 1.0.0 (81d4ff), with Swift 6.1 for watchOS using Xcode 16.3 on 19 Jul 2026 23:53:12 UTC.

Build Command

env DEVELOPER_DIR=/Applications/Xcode-16.3.0.app xcrun xcodebuild -IDEClonedSourcePackagesDirPathOverride=$PWD/.dependencies -skipMacroValidation -skipPackagePluginValidation -derivedDataPath $PWD/.derivedData build -scheme AILoaders -destination generic/platform=watchOS

Build Log

========================================
RunAll
========================================
Builder version: undefined version: run 'make version' to update
Interrupt handler set up.
========================================
Checkout
========================================
Clone URL: https://github.com/fkilter/swiftui-ai-loaders.git
Reference: 1.0.0
Initialized empty Git repository in /Users/admin/builder/spi-builder-workspace/.git/
From https://github.com/fkilter/swiftui-ai-loaders
 * tag               1.0.0      -> FETCH_HEAD
HEAD is now at 81d4ff9 Initial release: StepListLoader, HexagonPulseLoader, ShimmerText
Cloned https://github.com/fkilter/swiftui-ai-loaders.git
Revision (git rev-parse @):
81d4ff95637b02796d34d9967563e49de4c8b050
SUCCESS checkout https://github.com/fkilter/swiftui-ai-loaders.git at 1.0.0
========================================
Build
========================================
Selected platform:         watchOS
Swift version:             6.1
Building package at path:  $PWD
https://github.com/fkilter/swiftui-ai-loaders.git
https://github.com/fkilter/swiftui-ai-loaders.git
{
  "dependencies" : [
  ],
  "manifest_display_name" : "AILoaders",
  "name" : "AILoaders",
  "path" : "/Users/admin/builder/spi-builder-workspace",
  "platforms" : [
    {
      "name" : "ios",
      "version" : "16.0"
    },
    {
      "name" : "macos",
      "version" : "13.0"
    }
  ],
  "products" : [
    {
      "name" : "AILoaders",
      "targets" : [
        "AILoaders"
      ],
      "type" : {
        "library" : [
          "automatic"
        ]
      }
    }
  ],
  "targets" : [
    {
      "c99name" : "AILoaders",
      "module_type" : "SwiftTarget",
      "name" : "AILoaders",
      "path" : "Sources/AILoaders",
      "product_memberships" : [
        "AILoaders"
      ],
      "sources" : [
        "Haptics.swift",
        "HexagonPulseLoader.swift",
        "LoaderStep.swift",
        "ShimmerText.swift",
        "StepListLoader.swift"
      ],
      "type" : "library"
    }
  ],
  "tools_version" : "5.9"
}
Command line invocation:
    /Applications/Xcode-16.3.0.app/Contents/Developer/usr/bin/xcodebuild -IDEClonedSourcePackagesDirPathOverride=/Users/admin/builder/spi-builder-workspace/.dependencies -resolvePackageDependencies
Resolve Package Graph
Resolve Package Graph
Resolved source packages:
  AILoaders: /Users/admin/builder/spi-builder-workspace
resolved source packages: AILoaders
{
  "dependencies" : [
  ],
  "manifest_display_name" : "AILoaders",
  "name" : "AILoaders",
  "path" : "/Users/admin/builder/spi-builder-workspace",
  "platforms" : [
    {
      "name" : "ios",
      "version" : "16.0"
    },
    {
      "name" : "macos",
      "version" : "13.0"
    }
  ],
  "products" : [
    {
      "name" : "AILoaders",
      "targets" : [
        "AILoaders"
      ],
      "type" : {
        "library" : [
          "automatic"
        ]
      }
    }
  ],
  "targets" : [
    {
      "c99name" : "AILoaders",
      "module_type" : "SwiftTarget",
      "name" : "AILoaders",
      "path" : "Sources/AILoaders",
      "product_memberships" : [
        "AILoaders"
      ],
      "sources" : [
        "Haptics.swift",
        "HexagonPulseLoader.swift",
        "LoaderStep.swift",
        "ShimmerText.swift",
        "StepListLoader.swift"
      ],
      "type" : "library"
    }
  ],
  "tools_version" : "5.9"
}
{
  "workspace" : {
    "name" : "spi-builder-workspace",
    "schemes" : [
      "AILoaders"
    ]
  }
}
Running build ...
env DEVELOPER_DIR=/Applications/Xcode-16.3.0.app xcrun xcodebuild -IDEClonedSourcePackagesDirPathOverride=$PWD/.dependencies -skipMacroValidation -skipPackagePluginValidation -derivedDataPath $PWD/.derivedData build -scheme AILoaders -destination generic/platform=watchOS OTHER_SWIFT_FLAGS=-stats-output-dir .stats -strict-concurrency=complete -enable-upcoming-feature StrictConcurrency -enable-upcoming-feature DisableOutwardActorInference -enable-upcoming-feature GlobalActorIsolatedTypesUsability -enable-upcoming-feature InferSendableFromCaptures
Command line invocation:
    /Applications/Xcode-16.3.0.app/Contents/Developer/usr/bin/xcodebuild -IDEClonedSourcePackagesDirPathOverride=/Users/admin/builder/spi-builder-workspace/.dependencies -skipMacroValidation -skipPackagePluginValidation -derivedDataPath /Users/admin/builder/spi-builder-workspace/.derivedData build -scheme AILoaders -destination generic/platform=watchOS "OTHER_SWIFT_FLAGS=-stats-output-dir .stats -strict-concurrency=complete -enable-upcoming-feature StrictConcurrency -enable-upcoming-feature DisableOutwardActorInference -enable-upcoming-feature GlobalActorIsolatedTypesUsability -enable-upcoming-feature InferSendableFromCaptures"
Build settings from command line:
    OTHER_SWIFT_FLAGS = -stats-output-dir .stats -strict-concurrency=complete -enable-upcoming-feature StrictConcurrency -enable-upcoming-feature DisableOutwardActorInference -enable-upcoming-feature GlobalActorIsolatedTypesUsability -enable-upcoming-feature InferSendableFromCaptures
Resolve Package Graph
Resolved source packages:
  AILoaders: /Users/admin/builder/spi-builder-workspace
ComputePackagePrebuildTargetDependencyGraph
Prepare packages
CreateBuildRequest
SendProjectDescription
CreateBuildOperation
ComputeTargetDependencyGraph
note: Building targets in dependency order
note: Target dependency graph (2 targets)
    Target 'AILoaders' in project 'AILoaders'
        ➜ Explicit dependency on target 'AILoaders' in project 'AILoaders'
    Target 'AILoaders' in project 'AILoaders' (no dependencies)
GatherProvisioningInputs
CreateBuildDescription
ExecuteExternalTool /Applications/Xcode-16.3.0.app/Contents/Developer/Toolchains/XcodeDefault.xctoolchain/usr/bin/clang -v -E -dM -isysroot /Applications/Xcode-16.3.0.app/Contents/Developer/Platforms/WatchOS.platform/Developer/SDKs/WatchOS11.4.sdk -x c -c /dev/null
ExecuteExternalTool /Applications/Xcode-16.3.0.app/Contents/Developer/Toolchains/XcodeDefault.xctoolchain/usr/bin/swiftc --version
ExecuteExternalTool /Applications/Xcode-16.3.0.app/Contents/Developer/Toolchains/XcodeDefault.xctoolchain/usr/bin/ld -version_details
Build description signature: 8d6c9c1bd613a329eb325a06e61457c9
Build description path: /Users/admin/builder/spi-builder-workspace/.derivedData/Build/Intermediates.noindex/XCBuildData/8d6c9c1bd613a329eb325a06e61457c9.xcbuilddata
CreateBuildDirectory /Users/admin/builder/spi-builder-workspace/.derivedData/Build/Products
    cd /Users/admin/builder/spi-builder-workspace/.swiftpm/xcode
    builtin-create-build-directory /Users/admin/builder/spi-builder-workspace/.derivedData/Build/Products
ClangStatCache /Applications/Xcode-16.3.0.app/Contents/Developer/Toolchains/XcodeDefault.xctoolchain/usr/bin/clang-stat-cache /Applications/Xcode-16.3.0.app/Contents/Developer/Platforms/WatchOS.platform/Developer/SDKs/WatchOS11.4.sdk /Users/admin/builder/spi-builder-workspace/.derivedData/SDKStatCaches.noindex/watchos11.4-22T246-43efb940ff07ba2497b70ec94253f576.sdkstatcache
    cd /Users/admin/builder/spi-builder-workspace/.swiftpm/xcode
    /Applications/Xcode-16.3.0.app/Contents/Developer/Toolchains/XcodeDefault.xctoolchain/usr/bin/clang-stat-cache /Applications/Xcode-16.3.0.app/Contents/Developer/Platforms/WatchOS.platform/Developer/SDKs/WatchOS11.4.sdk -o /Users/admin/builder/spi-builder-workspace/.derivedData/SDKStatCaches.noindex/watchos11.4-22T246-43efb940ff07ba2497b70ec94253f576.sdkstatcache
CreateBuildDirectory /Users/admin/builder/spi-builder-workspace/.derivedData/Build/Intermediates.noindex
    cd /Users/admin/builder/spi-builder-workspace/.swiftpm/xcode
    builtin-create-build-directory /Users/admin/builder/spi-builder-workspace/.derivedData/Build/Intermediates.noindex
CreateBuildDirectory /Users/admin/builder/spi-builder-workspace/.derivedData/Build/Products/Debug-watchos
    cd /Users/admin/builder/spi-builder-workspace/.swiftpm/xcode
    builtin-create-build-directory /Users/admin/builder/spi-builder-workspace/.derivedData/Build/Products/Debug-watchos
CreateBuildDirectory /Users/admin/builder/spi-builder-workspace/.derivedData/Build/Intermediates.noindex/EagerLinkingTBDs/Debug-watchos
    cd /Users/admin/builder/spi-builder-workspace/.swiftpm/xcode
    builtin-create-build-directory /Users/admin/builder/spi-builder-workspace/.derivedData/Build/Intermediates.noindex/EagerLinkingTBDs/Debug-watchos
CreateBuildDirectory /Users/admin/builder/spi-builder-workspace/.derivedData/Build/Products/Debug-watchos/PackageFrameworks
    cd /Users/admin/builder/spi-builder-workspace/.swiftpm/xcode
    builtin-create-build-directory /Users/admin/builder/spi-builder-workspace/.derivedData/Build/Products/Debug-watchos/PackageFrameworks
WriteAuxiliaryFile /Users/admin/builder/spi-builder-workspace/.derivedData/Build/Intermediates.noindex/AILoaders.build/Debug-watchos/AILoaders.build/AILoaders.modulemap (in target 'AILoaders' from project 'AILoaders')
    cd /Users/admin/builder/spi-builder-workspace
    write-file /Users/admin/builder/spi-builder-workspace/.derivedData/Build/Intermediates.noindex/AILoaders.build/Debug-watchos/AILoaders.build/AILoaders.modulemap
WriteAuxiliaryFile /Users/admin/builder/spi-builder-workspace/.derivedData/Build/Intermediates.noindex/AILoaders.build/Debug-watchos/AILoaders.build/Objects-normal/arm64_32/AILoaders.SwiftConstValuesFileList (in target 'AILoaders' from project 'AILoaders')
    cd /Users/admin/builder/spi-builder-workspace
    write-file /Users/admin/builder/spi-builder-workspace/.derivedData/Build/Intermediates.noindex/AILoaders.build/Debug-watchos/AILoaders.build/Objects-normal/arm64_32/AILoaders.SwiftConstValuesFileList
WriteAuxiliaryFile /Users/admin/builder/spi-builder-workspace/.derivedData/Build/Intermediates.noindex/AILoaders.build/Debug-watchos/AILoaders.build/Objects-normal/arm64_32/AILoaders_const_extract_protocols.json (in target 'AILoaders' from project 'AILoaders')
    cd /Users/admin/builder/spi-builder-workspace
    write-file /Users/admin/builder/spi-builder-workspace/.derivedData/Build/Intermediates.noindex/AILoaders.build/Debug-watchos/AILoaders.build/Objects-normal/arm64_32/AILoaders_const_extract_protocols.json
WriteAuxiliaryFile /Users/admin/builder/spi-builder-workspace/.derivedData/Build/Intermediates.noindex/AILoaders.build/Debug-watchos/AILoaders.build/Objects-normal/arm64_32/AILoaders.LinkFileList (in target 'AILoaders' from project 'AILoaders')
    cd /Users/admin/builder/spi-builder-workspace
    write-file /Users/admin/builder/spi-builder-workspace/.derivedData/Build/Intermediates.noindex/AILoaders.build/Debug-watchos/AILoaders.build/Objects-normal/arm64_32/AILoaders.LinkFileList
WriteAuxiliaryFile /Users/admin/builder/spi-builder-workspace/.derivedData/Build/Intermediates.noindex/AILoaders.build/Debug-watchos/AILoaders.build/Objects-normal/arm64_32/AILoaders-OutputFileMap.json (in target 'AILoaders' from project 'AILoaders')
    cd /Users/admin/builder/spi-builder-workspace
    write-file /Users/admin/builder/spi-builder-workspace/.derivedData/Build/Intermediates.noindex/AILoaders.build/Debug-watchos/AILoaders.build/Objects-normal/arm64_32/AILoaders-OutputFileMap.json
WriteAuxiliaryFile /Users/admin/builder/spi-builder-workspace/.derivedData/Build/Intermediates.noindex/AILoaders.build/Debug-watchos/AILoaders.build/Objects-normal/arm64_32/AILoaders.SwiftFileList (in target 'AILoaders' from project 'AILoaders')
    cd /Users/admin/builder/spi-builder-workspace
    write-file /Users/admin/builder/spi-builder-workspace/.derivedData/Build/Intermediates.noindex/AILoaders.build/Debug-watchos/AILoaders.build/Objects-normal/arm64_32/AILoaders.SwiftFileList
WriteAuxiliaryFile /Users/admin/builder/spi-builder-workspace/.derivedData/Build/Intermediates.noindex/AILoaders.build/Debug-watchos/AILoaders.build/Objects-normal/arm64/AILoaders_const_extract_protocols.json (in target 'AILoaders' from project 'AILoaders')
    cd /Users/admin/builder/spi-builder-workspace
    write-file /Users/admin/builder/spi-builder-workspace/.derivedData/Build/Intermediates.noindex/AILoaders.build/Debug-watchos/AILoaders.build/Objects-normal/arm64/AILoaders_const_extract_protocols.json
WriteAuxiliaryFile /Users/admin/builder/spi-builder-workspace/.derivedData/Build/Intermediates.noindex/AILoaders.build/Debug-watchos/AILoaders.build/Objects-normal/arm64/AILoaders-OutputFileMap.json (in target 'AILoaders' from project 'AILoaders')
    cd /Users/admin/builder/spi-builder-workspace
    write-file /Users/admin/builder/spi-builder-workspace/.derivedData/Build/Intermediates.noindex/AILoaders.build/Debug-watchos/AILoaders.build/Objects-normal/arm64/AILoaders-OutputFileMap.json
WriteAuxiliaryFile /Users/admin/builder/spi-builder-workspace/.derivedData/Build/Intermediates.noindex/AILoaders.build/Debug-watchos/AILoaders.build/Objects-normal/arm64/AILoaders.LinkFileList (in target 'AILoaders' from project 'AILoaders')
    cd /Users/admin/builder/spi-builder-workspace
    write-file /Users/admin/builder/spi-builder-workspace/.derivedData/Build/Intermediates.noindex/AILoaders.build/Debug-watchos/AILoaders.build/Objects-normal/arm64/AILoaders.LinkFileList
WriteAuxiliaryFile /Users/admin/builder/spi-builder-workspace/.derivedData/Build/Intermediates.noindex/AILoaders.build/Debug-watchos/AILoaders.build/Objects-normal/arm64/AILoaders.SwiftFileList (in target 'AILoaders' from project 'AILoaders')
    cd /Users/admin/builder/spi-builder-workspace
    write-file /Users/admin/builder/spi-builder-workspace/.derivedData/Build/Intermediates.noindex/AILoaders.build/Debug-watchos/AILoaders.build/Objects-normal/arm64/AILoaders.SwiftFileList
WriteAuxiliaryFile /Users/admin/builder/spi-builder-workspace/.derivedData/Build/Intermediates.noindex/AILoaders.build/Debug-watchos/AILoaders.build/Objects-normal/arm64/AILoaders.SwiftConstValuesFileList (in target 'AILoaders' from project 'AILoaders')
    cd /Users/admin/builder/spi-builder-workspace
    write-file /Users/admin/builder/spi-builder-workspace/.derivedData/Build/Intermediates.noindex/AILoaders.build/Debug-watchos/AILoaders.build/Objects-normal/arm64/AILoaders.SwiftConstValuesFileList
WriteAuxiliaryFile /Users/admin/builder/spi-builder-workspace/.derivedData/Build/Intermediates.noindex/AILoaders.build/Debug-watchos/AILoaders.build/AILoaders.DependencyStaticMetadataFileList (in target 'AILoaders' from project 'AILoaders')
    cd /Users/admin/builder/spi-builder-workspace
    write-file /Users/admin/builder/spi-builder-workspace/.derivedData/Build/Intermediates.noindex/AILoaders.build/Debug-watchos/AILoaders.build/AILoaders.DependencyStaticMetadataFileList
WriteAuxiliaryFile /Users/admin/builder/spi-builder-workspace/.derivedData/Build/Intermediates.noindex/AILoaders.build/Debug-watchos/AILoaders.build/AILoaders.DependencyMetadataFileList (in target 'AILoaders' from project 'AILoaders')
    cd /Users/admin/builder/spi-builder-workspace
    write-file /Users/admin/builder/spi-builder-workspace/.derivedData/Build/Intermediates.noindex/AILoaders.build/Debug-watchos/AILoaders.build/AILoaders.DependencyMetadataFileList
Copy /Users/admin/builder/spi-builder-workspace/.derivedData/Build/Intermediates.noindex/GeneratedModuleMaps-watchos/AILoaders.modulemap /Users/admin/builder/spi-builder-workspace/.derivedData/Build/Intermediates.noindex/AILoaders.build/Debug-watchos/AILoaders.build/AILoaders.modulemap (in target 'AILoaders' from project 'AILoaders')
    cd /Users/admin/builder/spi-builder-workspace
    builtin-copy -exclude .DS_Store -exclude CVS -exclude .svn -exclude .git -exclude .hg -resolve-src-symlinks /Users/admin/builder/spi-builder-workspace/.derivedData/Build/Intermediates.noindex/AILoaders.build/Debug-watchos/AILoaders.build/AILoaders.modulemap /Users/admin/builder/spi-builder-workspace/.derivedData/Build/Intermediates.noindex/GeneratedModuleMaps-watchos
SwiftDriver AILoaders normal arm64_32 com.apple.xcode.tools.swift.compiler (in target 'AILoaders' from project 'AILoaders')
    cd /Users/admin/builder/spi-builder-workspace/.swiftpm/xcode
    builtin-SwiftDriver -- /Applications/Xcode-16.3.0.app/Contents/Developer/Toolchains/XcodeDefault.xctoolchain/usr/bin/swiftc -module-name AILoaders -Onone -enforce-exclusivity\=checked @/Users/admin/builder/spi-builder-workspace/.derivedData/Build/Intermediates.noindex/AILoaders.build/Debug-watchos/AILoaders.build/Objects-normal/arm64_32/AILoaders.SwiftFileList -DSWIFT_PACKAGE -DDEBUG -stats-output-dir .stats -strict-concurrency\=complete -enable-upcoming-feature StrictConcurrency -enable-upcoming-feature DisableOutwardActorInference -enable-upcoming-feature GlobalActorIsolatedTypesUsability -enable-upcoming-feature InferSendableFromCaptures -plugin-path /Applications/Xcode-16.3.0.app/Contents/Developer/Toolchains/XcodeDefault.xctoolchain/usr/lib/swift/host/plugins/testing -enable-experimental-feature DebugDescriptionMacro -sdk /Applications/Xcode-16.3.0.app/Contents/Developer/Platforms/WatchOS.platform/Developer/SDKs/WatchOS11.4.sdk -target arm64_32-apple-watchos9.0 -g -module-cache-path /Users/admin/builder/spi-builder-workspace/.derivedData/ModuleCache.noindex -Xfrontend -serialize-debugging-options -enable-testing -index-store-path /Users/admin/builder/spi-builder-workspace/.derivedData/Index.noindex/DataStore -swift-version 5 -I /Users/admin/builder/spi-builder-workspace/.derivedData/Build/Products/Debug-watchos -I /Applications/Xcode-16.3.0.app/Contents/Developer/Platforms/WatchOS.platform/Developer/usr/lib -F /Users/admin/builder/spi-builder-workspace/.derivedData/Build/Products/Debug-watchos -F /Applications/Xcode-16.3.0.app/Contents/Developer/Platforms/WatchOS.platform/Developer/Library/Frameworks -F /Applications/Xcode-16.3.0.app/Contents/Developer/Platforms/WatchOS.platform/Developer/SDKs/WatchOS11.4.sdk/Developer/Library/Frameworks -c -j10 -enable-batch-mode -incremental -Xcc -ivfsstatcache -Xcc /Users/admin/builder/spi-builder-workspace/.derivedData/SDKStatCaches.noindex/watchos11.4-22T246-43efb940ff07ba2497b70ec94253f576.sdkstatcache -output-file-map /Users/admin/builder/spi-builder-workspace/.derivedData/Build/Intermediates.noindex/AILoaders.build/Debug-watchos/AILoaders.build/Objects-normal/arm64_32/AILoaders-OutputFileMap.json -use-frontend-parseable-output -save-temps -no-color-diagnostics -serialize-diagnostics -emit-dependencies -emit-module -emit-module-path /Users/admin/builder/spi-builder-workspace/.derivedData/Build/Intermediates.noindex/AILoaders.build/Debug-watchos/AILoaders.build/Objects-normal/arm64_32/AILoaders.swiftmodule -validate-clang-modules-once -clang-build-session-file /Users/admin/builder/spi-builder-workspace/.derivedData/ModuleCache.noindex/Session.modulevalidation -package-name spi_builder_workspace -Xcc -I/Users/admin/builder/spi-builder-workspace/.derivedData/Build/Intermediates.noindex/AILoaders.build/Debug-watchos/AILoaders.build/swift-overrides.hmap -emit-const-values -Xfrontend -const-gather-protocols-file -Xfrontend /Users/admin/builder/spi-builder-workspace/.derivedData/Build/Intermediates.noindex/AILoaders.build/Debug-watchos/AILoaders.build/Objects-normal/arm64_32/AILoaders_const_extract_protocols.json -Xcc -I/Users/admin/builder/spi-builder-workspace/.derivedData/Build/Products/Debug-watchos/include -Xcc -I/Users/admin/builder/spi-builder-workspace/.derivedData/Build/Intermediates.noindex/AILoaders.build/Debug-watchos/AILoaders.build/DerivedSources-normal/arm64_32 -Xcc -I/Users/admin/builder/spi-builder-workspace/.derivedData/Build/Intermediates.noindex/AILoaders.build/Debug-watchos/AILoaders.build/DerivedSources/arm64_32 -Xcc -I/Users/admin/builder/spi-builder-workspace/.derivedData/Build/Intermediates.noindex/AILoaders.build/Debug-watchos/AILoaders.build/DerivedSources -Xcc -DSWIFT_PACKAGE -Xcc -DDEBUG\=1 -emit-objc-header -emit-objc-header-path /Users/admin/builder/spi-builder-workspace/.derivedData/Build/Intermediates.noindex/AILoaders.build/Debug-watchos/AILoaders.build/Objects-normal/arm64_32/AILoaders-Swift.h -working-directory /Users/admin/builder/spi-builder-workspace/.swiftpm/xcode -experimental-emit-module-separately -disable-cmo
SwiftDriver AILoaders normal arm64 com.apple.xcode.tools.swift.compiler (in target 'AILoaders' from project 'AILoaders')
    cd /Users/admin/builder/spi-builder-workspace/.swiftpm/xcode
    builtin-SwiftDriver -- /Applications/Xcode-16.3.0.app/Contents/Developer/Toolchains/XcodeDefault.xctoolchain/usr/bin/swiftc -module-name AILoaders -Onone -enforce-exclusivity\=checked @/Users/admin/builder/spi-builder-workspace/.derivedData/Build/Intermediates.noindex/AILoaders.build/Debug-watchos/AILoaders.build/Objects-normal/arm64/AILoaders.SwiftFileList -DSWIFT_PACKAGE -DDEBUG -stats-output-dir .stats -strict-concurrency\=complete -enable-upcoming-feature StrictConcurrency -enable-upcoming-feature DisableOutwardActorInference -enable-upcoming-feature GlobalActorIsolatedTypesUsability -enable-upcoming-feature InferSendableFromCaptures -plugin-path /Applications/Xcode-16.3.0.app/Contents/Developer/Toolchains/XcodeDefault.xctoolchain/usr/lib/swift/host/plugins/testing -enable-experimental-feature DebugDescriptionMacro -sdk /Applications/Xcode-16.3.0.app/Contents/Developer/Platforms/WatchOS.platform/Developer/SDKs/WatchOS11.4.sdk -target arm64-apple-watchos9.0 -g -module-cache-path /Users/admin/builder/spi-builder-workspace/.derivedData/ModuleCache.noindex -Xfrontend -serialize-debugging-options -enable-testing -index-store-path /Users/admin/builder/spi-builder-workspace/.derivedData/Index.noindex/DataStore -swift-version 5 -I /Users/admin/builder/spi-builder-workspace/.derivedData/Build/Products/Debug-watchos -I /Applications/Xcode-16.3.0.app/Contents/Developer/Platforms/WatchOS.platform/Developer/usr/lib -F /Users/admin/builder/spi-builder-workspace/.derivedData/Build/Products/Debug-watchos -F /Applications/Xcode-16.3.0.app/Contents/Developer/Platforms/WatchOS.platform/Developer/Library/Frameworks -F /Applications/Xcode-16.3.0.app/Contents/Developer/Platforms/WatchOS.platform/Developer/SDKs/WatchOS11.4.sdk/Developer/Library/Frameworks -c -j10 -enable-batch-mode -incremental -Xcc -ivfsstatcache -Xcc /Users/admin/builder/spi-builder-workspace/.derivedData/SDKStatCaches.noindex/watchos11.4-22T246-43efb940ff07ba2497b70ec94253f576.sdkstatcache -output-file-map /Users/admin/builder/spi-builder-workspace/.derivedData/Build/Intermediates.noindex/AILoaders.build/Debug-watchos/AILoaders.build/Objects-normal/arm64/AILoaders-OutputFileMap.json -use-frontend-parseable-output -save-temps -no-color-diagnostics -serialize-diagnostics -emit-dependencies -emit-module -emit-module-path /Users/admin/builder/spi-builder-workspace/.derivedData/Build/Intermediates.noindex/AILoaders.build/Debug-watchos/AILoaders.build/Objects-normal/arm64/AILoaders.swiftmodule -validate-clang-modules-once -clang-build-session-file /Users/admin/builder/spi-builder-workspace/.derivedData/ModuleCache.noindex/Session.modulevalidation -package-name spi_builder_workspace -Xcc -I/Users/admin/builder/spi-builder-workspace/.derivedData/Build/Intermediates.noindex/AILoaders.build/Debug-watchos/AILoaders.build/swift-overrides.hmap -emit-const-values -Xfrontend -const-gather-protocols-file -Xfrontend /Users/admin/builder/spi-builder-workspace/.derivedData/Build/Intermediates.noindex/AILoaders.build/Debug-watchos/AILoaders.build/Objects-normal/arm64/AILoaders_const_extract_protocols.json -Xcc -I/Users/admin/builder/spi-builder-workspace/.derivedData/Build/Products/Debug-watchos/include -Xcc -I/Users/admin/builder/spi-builder-workspace/.derivedData/Build/Intermediates.noindex/AILoaders.build/Debug-watchos/AILoaders.build/DerivedSources-normal/arm64 -Xcc -I/Users/admin/builder/spi-builder-workspace/.derivedData/Build/Intermediates.noindex/AILoaders.build/Debug-watchos/AILoaders.build/DerivedSources/arm64 -Xcc -I/Users/admin/builder/spi-builder-workspace/.derivedData/Build/Intermediates.noindex/AILoaders.build/Debug-watchos/AILoaders.build/DerivedSources -Xcc -DSWIFT_PACKAGE -Xcc -DDEBUG\=1 -emit-objc-header -emit-objc-header-path /Users/admin/builder/spi-builder-workspace/.derivedData/Build/Intermediates.noindex/AILoaders.build/Debug-watchos/AILoaders.build/Objects-normal/arm64/AILoaders-Swift.h -working-directory /Users/admin/builder/spi-builder-workspace/.swiftpm/xcode -experimental-emit-module-separately -disable-cmo
SwiftEmitModule normal arm64_32 Emitting\ module\ for\ AILoaders (in target 'AILoaders' from project 'AILoaders')
EmitSwiftModule normal arm64_32 (in target 'AILoaders' from project 'AILoaders')
    cd /Users/admin/builder/spi-builder-workspace/.swiftpm/xcode

/Users/admin/builder/spi-builder-workspace/Sources/AILoaders/ShimmerText.swift:41:35: error: 'Layout' is only available in watchOS 10.0 or newer
    public func draw(layout: Text.Layout, in ctx: inout GraphicsContext) {
                                  ^
/Users/admin/builder/spi-builder-workspace/Sources/AILoaders/ShimmerText.swift:41:17: note: add @available attribute to enclosing instance method
    public func draw(layout: Text.Layout, in ctx: inout GraphicsContext) {
                ^
/Users/admin/builder/spi-builder-workspace/Sources/AILoaders/ShimmerText.swift:8:15: note: add @available attribute to enclosing struct
public struct ShimmerTextRenderer: TextRenderer, Animatable {
              ^
Failed frontend command:
/Applications/Xcode-16.3.0.app/Contents/Developer/Toolchains/XcodeDefault.xctoolchain/usr/bin/swift-frontend -frontend -emit-module -experimental-skip-non-inlinable-function-bodies-without-types /Users/admin/builder/spi-builder-workspace/Sources/AILoaders/Haptics.swift /Users/admin/builder/spi-builder-workspace/Sources/AILoaders/HexagonPulseLoader.swift /Users/admin/builder/spi-builder-workspace/Sources/AILoaders/LoaderStep.swift /Users/admin/builder/spi-builder-workspace/Sources/AILoaders/ShimmerText.swift /Users/admin/builder/spi-builder-workspace/Sources/AILoaders/StepListLoader.swift -target arm64_32-apple-watchos9.0 -enable-objc-interop -sdk /Applications/Xcode-16.3.0.app/Contents/Developer/Platforms/WatchOS.platform/Developer/SDKs/WatchOS11.4.sdk -I /Users/admin/builder/spi-builder-workspace/.derivedData/Build/Products/Debug-watchos -I /Applications/Xcode-16.3.0.app/Contents/Developer/Platforms/WatchOS.platform/Developer/usr/lib -F /Users/admin/builder/spi-builder-workspace/.derivedData/Build/Products/Debug-watchos -F /Applications/Xcode-16.3.0.app/Contents/Developer/Platforms/WatchOS.platform/Developer/Library/Frameworks -F /Applications/Xcode-16.3.0.app/Contents/Developer/Platforms/WatchOS.platform/Developer/SDKs/WatchOS11.4.sdk/Developer/Library/Frameworks -no-color-diagnostics -enable-testing -g -debug-info-format\=dwarf -dwarf-version\=4 -module-cache-path /Users/admin/builder/spi-builder-workspace/.derivedData/ModuleCache.noindex -swift-version 5 -enforce-exclusivity\=checked -stats-output-dir /Users/admin/builder/spi-builder-workspace/.swiftpm/xcode/.stats -Onone -D SWIFT_PACKAGE -D DEBUG -serialize-debugging-options -const-gather-protocols-file /Users/admin/builder/spi-builder-workspace/.derivedData/Build/Intermediates.noindex/AILoaders.build/Debug-watchos/AILoaders.build/Objects-normal/arm64_32/AILoaders_const_extract_protocols.json -enable-upcoming-feature StrictConcurrency -enable-upcoming-feature DisableOutwardActorInference -enable-upcoming-feature GlobalActorIsolatedTypesUsability -enable-upcoming-feature InferSendableFromCaptures -enable-experimental-feature DebugDescriptionMacro -strict-concurrency\=complete -empty-abi-descriptor -plugin-path /Applications/Xcode-16.3.0.app/Contents/Developer/Toolchains/XcodeDefault.xctoolchain/usr/lib/swift/host/plugins/testing -validate-clang-modules-once -clang-build-session-file /Users/admin/builder/spi-builder-workspace/.derivedData/ModuleCache.noindex/Session.modulevalidation -Xcc -working-directory -Xcc /Users/admin/builder/spi-builder-workspace/.swiftpm/xcode -resource-dir /Applications/Xcode-16.3.0.app/Contents/Developer/Toolchains/XcodeDefault.xctoolchain/usr/lib/swift -enable-anonymous-context-mangled-names -file-compilation-dir /Users/admin/builder/spi-builder-workspace/.swiftpm/xcode -Xcc -ivfsstatcache -Xcc /Users/admin/builder/spi-builder-workspace/.derivedData/SDKStatCaches.noindex/watchos11.4-22T246-43efb940ff07ba2497b70ec94253f576.sdkstatcache -Xcc -I/Users/admin/builder/spi-builder-workspace/.derivedData/Build/Intermediates.noindex/AILoaders.build/Debug-watchos/AILoaders.build/swift-overrides.hmap -Xcc -I/Users/admin/builder/spi-builder-workspace/.derivedData/Build/Products/Debug-watchos/include -Xcc -I/Users/admin/builder/spi-builder-workspace/.derivedData/Build/Intermediates.noindex/AILoaders.build/Debug-watchos/AILoaders.build/DerivedSources-normal/arm64_32 -Xcc -I/Users/admin/builder/spi-builder-workspace/.derivedData/Build/Intermediates.noindex/AILoaders.build/Debug-watchos/AILoaders.build/DerivedSources/arm64_32 -Xcc -I/Users/admin/builder/spi-builder-workspace/.derivedData/Build/Intermediates.noindex/AILoaders.build/Debug-watchos/AILoaders.build/DerivedSources -Xcc -DSWIFT_PACKAGE -Xcc -DDEBUG\=1 -module-name AILoaders -package-name spi_builder_workspace -frontend-parseable-output -disable-clang-spi -target-sdk-version 11.4 -target-sdk-name watchos11.4 -external-plugin-path /Applications/Xcode-16.3.0.app/Contents/Developer/Platforms/WatchOS.platform/Developer/usr/lib/swift/host/plugins\#/Applications/Xcode-16.3.0.app/Contents/Developer/Platforms/WatchOS.platform/Developer/usr/bin/swift-plugin-server -external-plugin-path /Applications/Xcode-16.3.0.app/Contents/Developer/Platforms/WatchOS.platform/Developer/usr/local/lib/swift/host/plugins\#/Applications/Xcode-16.3.0.app/Contents/Developer/Platforms/WatchOS.platform/Developer/usr/bin/swift-plugin-server -in-process-plugin-server-path /Applications/Xcode-16.3.0.app/Contents/Developer/Toolchains/XcodeDefault.xctoolchain/usr/lib/swift/host/libSwiftInProcPluginServer.dylib -plugin-path /Applications/Xcode-16.3.0.app/Contents/Developer/Toolchains/XcodeDefault.xctoolchain/usr/lib/swift/host/plugins -plugin-path /Applications/Xcode-16.3.0.app/Contents/Developer/Toolchains/XcodeDefault.xctoolchain/usr/local/lib/swift/host/plugins -emit-module-doc-path /Users/admin/builder/spi-builder-workspace/.derivedData/Build/Intermediates.noindex/AILoaders.build/Debug-watchos/AILoaders.build/Objects-normal/arm64_32/AILoaders.swiftdoc -emit-module-source-info-path /Users/admin/builder/spi-builder-workspace/.derivedData/Build/Intermediates.noindex/AILoaders.build/Debug-watchos/AILoaders.build/Objects-normal/arm64_32/AILoaders.swiftsourceinfo -emit-objc-header-path /Users/admin/builder/spi-builder-workspace/.derivedData/Build/Intermediates.noindex/AILoaders.build/Debug-watchos/AILoaders.build/Objects-normal/arm64_32/AILoaders-Swift.h -serialize-diagnostics-path /Users/admin/builder/spi-builder-workspace/.derivedData/Build/Intermediates.noindex/AILoaders.build/Debug-watchos/AILoaders.build/Objects-normal/arm64_32/AILoaders-master-emit-module.dia -emit-dependencies-path /Users/admin/builder/spi-builder-workspace/.derivedData/Build/Intermediates.noindex/AILoaders.build/Debug-watchos/AILoaders.build/Objects-normal/arm64_32/AILoaders-master-emit-module.d -o /Users/admin/builder/spi-builder-workspace/.derivedData/Build/Intermediates.noindex/AILoaders.build/Debug-watchos/AILoaders.build/Objects-normal/arm64_32/AILoaders.swiftmodule -emit-abi-descriptor-path /Users/admin/builder/spi-builder-workspace/.derivedData/Build/Intermediates.noindex/AILoaders.build/Debug-watchos/AILoaders.build/Objects-normal/arm64_32/AILoaders.abi.json
SwiftCompile normal arm64_32 Compiling\ Haptics.swift /Users/admin/builder/spi-builder-workspace/Sources/AILoaders/Haptics.swift (in target 'AILoaders' from project 'AILoaders')
SwiftCompile normal arm64_32 /Users/admin/builder/spi-builder-workspace/Sources/AILoaders/Haptics.swift (in target 'AILoaders' from project 'AILoaders')
    cd /Users/admin/builder/spi-builder-workspace/.swiftpm/xcode

SwiftCompile normal arm64_32 Compiling\ LoaderStep.swift /Users/admin/builder/spi-builder-workspace/Sources/AILoaders/LoaderStep.swift (in target 'AILoaders' from project 'AILoaders')
SwiftCompile normal arm64_32 /Users/admin/builder/spi-builder-workspace/Sources/AILoaders/LoaderStep.swift (in target 'AILoaders' from project 'AILoaders')
    cd /Users/admin/builder/spi-builder-workspace/.swiftpm/xcode

SwiftCompile normal arm64_32 Compiling\ HexagonPulseLoader.swift /Users/admin/builder/spi-builder-workspace/Sources/AILoaders/HexagonPulseLoader.swift (in target 'AILoaders' from project 'AILoaders')
SwiftCompile normal arm64_32 /Users/admin/builder/spi-builder-workspace/Sources/AILoaders/HexagonPulseLoader.swift (in target 'AILoaders' from project 'AILoaders')
    cd /Users/admin/builder/spi-builder-workspace/.swiftpm/xcode

SwiftCompile normal arm64_32 Compiling\ StepListLoader.swift /Users/admin/builder/spi-builder-workspace/Sources/AILoaders/StepListLoader.swift (in target 'AILoaders' from project 'AILoaders')
SwiftCompile normal arm64_32 /Users/admin/builder/spi-builder-workspace/Sources/AILoaders/StepListLoader.swift (in target 'AILoaders' from project 'AILoaders')
    cd /Users/admin/builder/spi-builder-workspace/.swiftpm/xcode

SwiftCompile normal arm64_32 Compiling\ ShimmerText.swift /Users/admin/builder/spi-builder-workspace/Sources/AILoaders/ShimmerText.swift (in target 'AILoaders' from project 'AILoaders')
SwiftCompile normal arm64_32 /Users/admin/builder/spi-builder-workspace/Sources/AILoaders/ShimmerText.swift (in target 'AILoaders' from project 'AILoaders')
    cd /Users/admin/builder/spi-builder-workspace/.swiftpm/xcode

SwiftCompile normal arm64 Compiling\ HexagonPulseLoader.swift /Users/admin/builder/spi-builder-workspace/Sources/AILoaders/HexagonPulseLoader.swift (in target 'AILoaders' from project 'AILoaders')
SwiftCompile normal arm64 /Users/admin/builder/spi-builder-workspace/Sources/AILoaders/HexagonPulseLoader.swift (in target 'AILoaders' from project 'AILoaders')
    cd /Users/admin/builder/spi-builder-workspace/.swiftpm/xcode

SwiftCompile normal arm64 Compiling\ Haptics.swift /Users/admin/builder/spi-builder-workspace/Sources/AILoaders/Haptics.swift (in target 'AILoaders' from project 'AILoaders')
SwiftCompile normal arm64 /Users/admin/builder/spi-builder-workspace/Sources/AILoaders/Haptics.swift (in target 'AILoaders' from project 'AILoaders')
    cd /Users/admin/builder/spi-builder-workspace/.swiftpm/xcode

SwiftCompile normal arm64 Compiling\ LoaderStep.swift /Users/admin/builder/spi-builder-workspace/Sources/AILoaders/LoaderStep.swift (in target 'AILoaders' from project 'AILoaders')
SwiftCompile normal arm64 /Users/admin/builder/spi-builder-workspace/Sources/AILoaders/LoaderStep.swift (in target 'AILoaders' from project 'AILoaders')
    cd /Users/admin/builder/spi-builder-workspace/.swiftpm/xcode

SwiftEmitModule normal arm64 Emitting\ module\ for\ AILoaders (in target 'AILoaders' from project 'AILoaders')
Failed frontend command:
/Applications/Xcode-16.3.0.app/Contents/Developer/Toolchains/XcodeDefault.xctoolchain/usr/bin/swift-frontend -frontend -emit-module -experimental-skip-non-inlinable-function-bodies-without-types /Users/admin/builder/spi-builder-workspace/Sources/AILoaders/Haptics.swift /Users/admin/builder/spi-builder-workspace/Sources/AILoaders/HexagonPulseLoader.swift /Users/admin/builder/spi-builder-workspace/Sources/AILoaders/LoaderStep.swift /Users/admin/builder/spi-builder-workspace/Sources/AILoaders/ShimmerText.swift /Users/admin/builder/spi-builder-workspace/Sources/AILoaders/StepListLoader.swift -target arm64-apple-watchos9.0 -Xllvm -aarch64-use-tbi -enable-objc-interop -stack-check -sdk /Applications/Xcode-16.3.0.app/Contents/Developer/Platforms/WatchOS.platform/Developer/SDKs/WatchOS11.4.sdk -I /Users/admin/builder/spi-builder-workspace/.derivedData/Build/Products/Debug-watchos -I /Applications/Xcode-16.3.0.app/Contents/Developer/Platforms/WatchOS.platform/Developer/usr/lib -F /Users/admin/builder/spi-builder-workspace/.derivedData/Build/Products/Debug-watchos -F /Applications/Xcode-16.3.0.app/Contents/Developer/Platforms/WatchOS.platform/Developer/Library/Frameworks -F /Applications/Xcode-16.3.0.app/Contents/Developer/Platforms/WatchOS.platform/Developer/SDKs/WatchOS11.4.sdk/Developer/Library/Frameworks -no-color-diagnostics -enable-testing -g -debug-info-format\=dwarf -dwarf-version\=4 -module-cache-path /Users/admin/builder/spi-builder-workspace/.derivedData/ModuleCache.noindex -swift-version 5 -enforce-exclusivity\=checked -stats-output-dir /Users/admin/builder/spi-builder-workspace/.swiftpm/xcode/.stats -Onone -D SWIFT_PACKAGE -D DEBUG -serialize-debugging-options -const-gather-protocols-file /Users/admin/builder/spi-builder-workspace/.derivedData/Build/Intermediates.noindex/AILoaders.build/Debug-watchos/AILoaders.build/Objects-normal/arm64/AILoaders_const_extract_protocols.json -enable-upcoming-feature StrictConcurrency -enable-upcoming-feature DisableOutwardActorInference -enable-upcoming-feature GlobalActorIsolatedTypesUsability -enable-upcoming-feature InferSendableFromCaptures -enable-experimental-feature DebugDescriptionMacro -strict-concurrency\=complete -empty-abi-descriptor -plugin-path /Applications/Xcode-16.3.0.app/Contents/Developer/Toolchains/XcodeDefault.xctoolchain/usr/lib/swift/host/plugins/testing -validate-clang-modules-once -clang-build-session-file /Users/admin/builder/spi-builder-workspace/.derivedData/ModuleCache.noindex/Session.modulevalidation -Xcc -working-directory -Xcc /Users/admin/builder/spi-builder-workspace/.swiftpm/xcode -resource-dir /Applications/Xcode-16.3.0.app/Contents/Developer/Toolchains/XcodeDefault.xctoolchain/usr/lib/swift -enable-anonymous-context-mangled-names -file-compilation-dir /Users/admin/builder/spi-builder-workspace/.swiftpm/xcode -Xcc -ivfsstatcache -Xcc /Users/admin/builder/spi-builder-workspace/.derivedData/SDKStatCaches.noindex/watchos11.4-22T246-43efb940ff07ba2497b70ec94253f576.sdkstatcache -Xcc -I/Users/admin/builder/spi-builder-workspace/.derivedData/Build/Intermediates.noindex/AILoaders.build/Debug-watchos/AILoaders.build/swift-overrides.hmap -Xcc -I/Users/admin/builder/spi-builder-workspace/.derivedData/Build/Products/Debug-watchos/include -Xcc -I/Users/admin/builder/spi-builder-workspace/.derivedData/Build/Intermediates.noindex/AILoaders.build/Debug-watchos/AILoaders.build/DerivedSources-normal/arm64 -Xcc -I/Users/admin/builder/spi-builder-workspace/.derivedData/Build/Intermediates.noindex/AILoaders.build/Debug-watchos/AILoaders.build/DerivedSources/arm64 -Xcc -I/Users/admin/builder/spi-builder-workspace/.derivedData/Build/Intermediates.noindex/AILoaders.build/Debug-watchos/AILoaders.build/DerivedSources -Xcc -DSWIFT_PACKAGE -Xcc -DDEBUG\=1 -module-name AILoaders -package-name spi_builder_workspace -frontend-parseable-output -disable-clang-spi -target-sdk-version 11.4 -target-sdk-name watchos11.4 -external-plugin-path /Applications/Xcode-16.3.0.app/Contents/Developer/Platforms/WatchOS.platform/Developer/usr/lib/swift/host/plugins\#/Applications/Xcode-16.3.0.app/Contents/Developer/Platforms/WatchOS.platform/Developer/usr/bin/swift-plugin-server -external-plugin-path /Applications/Xcode-16.3.0.app/Contents/Developer/Platforms/WatchOS.platform/Developer/usr/local/lib/swift/host/plugins\#/Applications/Xcode-16.3.0.app/Contents/Developer/Platforms/WatchOS.platform/Developer/usr/bin/swift-plugin-server -in-process-plugin-server-path /Applications/Xcode-16.3.0.app/Contents/Developer/Toolchains/XcodeDefault.xctoolchain/usr/lib/swift/host/libSwiftInProcPluginServer.dylib -plugin-path /Applications/Xcode-16.3.0.app/Contents/Developer/Toolchains/XcodeDefault.xctoolchain/usr/lib/swift/host/plugins -plugin-path /Applications/Xcode-16.3.0.app/Contents/Developer/Toolchains/XcodeDefault.xctoolchain/usr/local/lib/swift/host/plugins -emit-module-doc-path /Users/admin/builder/spi-builder-workspace/.derivedData/Build/Intermediates.noindex/AILoaders.build/Debug-watchos/AILoaders.build/Objects-normal/arm64/AILoaders.swiftdoc -emit-module-source-info-path /Users/admin/builder/spi-builder-workspace/.derivedData/Build/Intermediates.noindex/AILoaders.build/Debug-watchos/AILoaders.build/Objects-normal/arm64/AILoaders.swiftsourceinfo -emit-objc-header-path /Users/admin/builder/spi-builder-workspace/.derivedData/Build/Intermediates.noindex/AILoaders.build/Debug-watchos/AILoaders.build/Objects-normal/arm64/AILoaders-Swift.h -serialize-diagnostics-path /Users/admin/builder/spi-builder-workspace/.derivedData/Build/Intermediates.noindex/AILoaders.build/Debug-watchos/AILoaders.build/Objects-normal/arm64/AILoaders-master-emit-module.dia -emit-dependencies-path /Users/admin/builder/spi-builder-workspace/.derivedData/Build/Intermediates.noindex/AILoaders.build/Debug-watchos/AILoaders.build/Objects-normal/arm64/AILoaders-master-emit-module.d -o /Users/admin/builder/spi-builder-workspace/.derivedData/Build/Intermediates.noindex/AILoaders.build/Debug-watchos/AILoaders.build/Objects-normal/arm64/AILoaders.swiftmodule -emit-abi-descriptor-path /Users/admin/builder/spi-builder-workspace/.derivedData/Build/Intermediates.noindex/AILoaders.build/Debug-watchos/AILoaders.build/Objects-normal/arm64/AILoaders.abi.json
EmitSwiftModule normal arm64 (in target 'AILoaders' from project 'AILoaders')
    cd /Users/admin/builder/spi-builder-workspace/.swiftpm/xcode

/Users/admin/builder/spi-builder-workspace/Sources/AILoaders/ShimmerText.swift:41:35: error: 'Layout' is only available in watchOS 10.0 or newer
    public func draw(layout: Text.Layout, in ctx: inout GraphicsContext) {
                                  ^
/Users/admin/builder/spi-builder-workspace/Sources/AILoaders/ShimmerText.swift:41:17: note: add @available attribute to enclosing instance method
    public func draw(layout: Text.Layout, in ctx: inout GraphicsContext) {
                ^
/Users/admin/builder/spi-builder-workspace/Sources/AILoaders/ShimmerText.swift:8:15: note: add @available attribute to enclosing struct
public struct ShimmerTextRenderer: TextRenderer, Animatable {
              ^
SwiftCompile normal arm64 Compiling\ StepListLoader.swift /Users/admin/builder/spi-builder-workspace/Sources/AILoaders/StepListLoader.swift (in target 'AILoaders' from project 'AILoaders')
Command SwiftCompile failed with a nonzero exit code
** BUILD FAILED **
The following build commands failed:
	EmitSwiftModule normal arm64_32 (in target 'AILoaders' from project 'AILoaders')
	SwiftEmitModule normal arm64_32 Emitting\ module\ for\ AILoaders (in target 'AILoaders' from project 'AILoaders')
	SwiftEmitModule normal arm64 Emitting\ module\ for\ AILoaders (in target 'AILoaders' from project 'AILoaders')
	EmitSwiftModule normal arm64 (in target 'AILoaders' from project 'AILoaders')
	SwiftCompile normal arm64 Compiling\ StepListLoader.swift /Users/admin/builder/spi-builder-workspace/Sources/AILoaders/StepListLoader.swift (in target 'AILoaders' from project 'AILoaders')
	Building workspace spi-builder-workspace with scheme AILoaders
(6 failures)
Command line invocation:
    /Applications/Xcode-16.3.0.app/Contents/Developer/usr/bin/xcodebuild -IDEClonedSourcePackagesDirPathOverride=/Users/admin/builder/spi-builder-workspace/.dependencies -resolvePackageDependencies
Resolve Package Graph
Resolved source packages:
  AILoaders: /Users/admin/builder/spi-builder-workspace
resolved source packages: AILoaders
{
  "dependencies" : [
  ],
  "manifest_display_name" : "AILoaders",
  "name" : "AILoaders",
  "path" : "/Users/admin/builder/spi-builder-workspace",
  "platforms" : [
    {
      "name" : "ios",
      "version" : "16.0"
    },
    {
      "name" : "macos",
      "version" : "13.0"
    }
  ],
  "products" : [
    {
      "name" : "AILoaders",
      "targets" : [
        "AILoaders"
      ],
      "type" : {
        "library" : [
          "automatic"
        ]
      }
    }
  ],
  "targets" : [
    {
      "c99name" : "AILoaders",
      "module_type" : "SwiftTarget",
      "name" : "AILoaders",
      "path" : "Sources/AILoaders",
      "product_memberships" : [
        "AILoaders"
      ],
      "sources" : [
        "Haptics.swift",
        "HexagonPulseLoader.swift",
        "LoaderStep.swift",
        "ShimmerText.swift",
        "StepListLoader.swift"
      ],
      "type" : "library"
    }
  ],
  "tools_version" : "5.9"
}
{
  "workspace" : {
    "name" : "spi-builder-workspace",
    "schemes" : [
      "AILoaders"
    ]
  }
}
Running build ...
env DEVELOPER_DIR=/Applications/Xcode-16.3.0.app xcrun xcodebuild -IDEClonedSourcePackagesDirPathOverride=$PWD/.dependencies -skipMacroValidation -skipPackagePluginValidation -derivedDataPath $PWD/.derivedData build -scheme AILoaders -destination generic/platform=watchOS
Command line invocation:
    /Applications/Xcode-16.3.0.app/Contents/Developer/usr/bin/xcodebuild -IDEClonedSourcePackagesDirPathOverride=/Users/admin/builder/spi-builder-workspace/.dependencies -skipMacroValidation -skipPackagePluginValidation -derivedDataPath /Users/admin/builder/spi-builder-workspace/.derivedData build -scheme AILoaders -destination generic/platform=watchOS
Resolve Package Graph
Resolved source packages:
  AILoaders: /Users/admin/builder/spi-builder-workspace
ComputePackagePrebuildTargetDependencyGraph
Prepare packages
CreateBuildRequest
SendProjectDescription
CreateBuildOperation
ComputeTargetDependencyGraph
note: Building targets in dependency order
note: Target dependency graph (2 targets)
    Target 'AILoaders' in project 'AILoaders'
        ➜ Explicit dependency on target 'AILoaders' in project 'AILoaders'
    Target 'AILoaders' in project 'AILoaders' (no dependencies)
GatherProvisioningInputs
CreateBuildDescription
ExecuteExternalTool /Applications/Xcode-16.3.0.app/Contents/Developer/Toolchains/XcodeDefault.xctoolchain/usr/bin/clang -v -E -dM -isysroot /Applications/Xcode-16.3.0.app/Contents/Developer/Platforms/WatchOS.platform/Developer/SDKs/WatchOS11.4.sdk -x c -c /dev/null
ExecuteExternalTool /Applications/Xcode-16.3.0.app/Contents/Developer/Toolchains/XcodeDefault.xctoolchain/usr/bin/swiftc --version
ExecuteExternalTool /Applications/Xcode-16.3.0.app/Contents/Developer/Toolchains/XcodeDefault.xctoolchain/usr/bin/ld -version_details
Build description signature: c488d5b17e0389af3716482e82d2afb9
Build description path: /Users/admin/builder/spi-builder-workspace/.derivedData/Build/Intermediates.noindex/XCBuildData/c488d5b17e0389af3716482e82d2afb9.xcbuilddata
ClangStatCache /Applications/Xcode-16.3.0.app/Contents/Developer/Toolchains/XcodeDefault.xctoolchain/usr/bin/clang-stat-cache /Applications/Xcode-16.3.0.app/Contents/Developer/Platforms/WatchOS.platform/Developer/SDKs/WatchOS11.4.sdk /Users/admin/builder/spi-builder-workspace/.derivedData/SDKStatCaches.noindex/watchos11.4-22T246-43efb940ff07ba2497b70ec94253f576.sdkstatcache
    cd /Users/admin/builder/spi-builder-workspace/.swiftpm/xcode
    /Applications/Xcode-16.3.0.app/Contents/Developer/Toolchains/XcodeDefault.xctoolchain/usr/bin/clang-stat-cache /Applications/Xcode-16.3.0.app/Contents/Developer/Platforms/WatchOS.platform/Developer/SDKs/WatchOS11.4.sdk -o /Users/admin/builder/spi-builder-workspace/.derivedData/SDKStatCaches.noindex/watchos11.4-22T246-43efb940ff07ba2497b70ec94253f576.sdkstatcache
SwiftDriver AILoaders normal arm64 com.apple.xcode.tools.swift.compiler (in target 'AILoaders' from project 'AILoaders')
    cd /Users/admin/builder/spi-builder-workspace/.swiftpm/xcode
    builtin-SwiftDriver -- /Applications/Xcode-16.3.0.app/Contents/Developer/Toolchains/XcodeDefault.xctoolchain/usr/bin/swiftc -module-name AILoaders -Onone -enforce-exclusivity\=checked @/Users/admin/builder/spi-builder-workspace/.derivedData/Build/Intermediates.noindex/AILoaders.build/Debug-watchos/AILoaders.build/Objects-normal/arm64/AILoaders.SwiftFileList -DSWIFT_PACKAGE -DDEBUG -DXcode -plugin-path /Applications/Xcode-16.3.0.app/Contents/Developer/Toolchains/XcodeDefault.xctoolchain/usr/lib/swift/host/plugins/testing -enable-experimental-feature DebugDescriptionMacro -sdk /Applications/Xcode-16.3.0.app/Contents/Developer/Platforms/WatchOS.platform/Developer/SDKs/WatchOS11.4.sdk -target arm64-apple-watchos9.0 -g -module-cache-path /Users/admin/builder/spi-builder-workspace/.derivedData/ModuleCache.noindex -Xfrontend -serialize-debugging-options -enable-testing -index-store-path /Users/admin/builder/spi-builder-workspace/.derivedData/Index.noindex/DataStore -swift-version 5 -I /Users/admin/builder/spi-builder-workspace/.derivedData/Build/Products/Debug-watchos -I /Applications/Xcode-16.3.0.app/Contents/Developer/Platforms/WatchOS.platform/Developer/usr/lib -F /Users/admin/builder/spi-builder-workspace/.derivedData/Build/Products/Debug-watchos -F /Applications/Xcode-16.3.0.app/Contents/Developer/Platforms/WatchOS.platform/Developer/Library/Frameworks -F /Applications/Xcode-16.3.0.app/Contents/Developer/Platforms/WatchOS.platform/Developer/SDKs/WatchOS11.4.sdk/Developer/Library/Frameworks -c -j10 -enable-batch-mode -incremental -Xcc -ivfsstatcache -Xcc /Users/admin/builder/spi-builder-workspace/.derivedData/SDKStatCaches.noindex/watchos11.4-22T246-43efb940ff07ba2497b70ec94253f576.sdkstatcache -output-file-map /Users/admin/builder/spi-builder-workspace/.derivedData/Build/Intermediates.noindex/AILoaders.build/Debug-watchos/AILoaders.build/Objects-normal/arm64/AILoaders-OutputFileMap.json -use-frontend-parseable-output -save-temps -no-color-diagnostics -serialize-diagnostics -emit-dependencies -emit-module -emit-module-path /Users/admin/builder/spi-builder-workspace/.derivedData/Build/Intermediates.noindex/AILoaders.build/Debug-watchos/AILoaders.build/Objects-normal/arm64/AILoaders.swiftmodule -validate-clang-modules-once -clang-build-session-file /Users/admin/builder/spi-builder-workspace/.derivedData/ModuleCache.noindex/Session.modulevalidation -package-name spi_builder_workspace -Xcc -I/Users/admin/builder/spi-builder-workspace/.derivedData/Build/Intermediates.noindex/AILoaders.build/Debug-watchos/AILoaders.build/swift-overrides.hmap -emit-const-values -Xfrontend -const-gather-protocols-file -Xfrontend /Users/admin/builder/spi-builder-workspace/.derivedData/Build/Intermediates.noindex/AILoaders.build/Debug-watchos/AILoaders.build/Objects-normal/arm64/AILoaders_const_extract_protocols.json -Xcc -I/Users/admin/builder/spi-builder-workspace/.derivedData/Build/Products/Debug-watchos/include -Xcc -I/Users/admin/builder/spi-builder-workspace/.derivedData/Build/Intermediates.noindex/AILoaders.build/Debug-watchos/AILoaders.build/DerivedSources-normal/arm64 -Xcc -I/Users/admin/builder/spi-builder-workspace/.derivedData/Build/Intermediates.noindex/AILoaders.build/Debug-watchos/AILoaders.build/DerivedSources/arm64 -Xcc -I/Users/admin/builder/spi-builder-workspace/.derivedData/Build/Intermediates.noindex/AILoaders.build/Debug-watchos/AILoaders.build/DerivedSources -Xcc -DSWIFT_PACKAGE -Xcc -DDEBUG\=1 -emit-objc-header -emit-objc-header-path /Users/admin/builder/spi-builder-workspace/.derivedData/Build/Intermediates.noindex/AILoaders.build/Debug-watchos/AILoaders.build/Objects-normal/arm64/AILoaders-Swift.h -working-directory /Users/admin/builder/spi-builder-workspace/.swiftpm/xcode -experimental-emit-module-separately -disable-cmo
SwiftDriver AILoaders normal arm64_32 com.apple.xcode.tools.swift.compiler (in target 'AILoaders' from project 'AILoaders')
    cd /Users/admin/builder/spi-builder-workspace/.swiftpm/xcode
    builtin-SwiftDriver -- /Applications/Xcode-16.3.0.app/Contents/Developer/Toolchains/XcodeDefault.xctoolchain/usr/bin/swiftc -module-name AILoaders -Onone -enforce-exclusivity\=checked @/Users/admin/builder/spi-builder-workspace/.derivedData/Build/Intermediates.noindex/AILoaders.build/Debug-watchos/AILoaders.build/Objects-normal/arm64_32/AILoaders.SwiftFileList -DSWIFT_PACKAGE -DDEBUG -DXcode -plugin-path /Applications/Xcode-16.3.0.app/Contents/Developer/Toolchains/XcodeDefault.xctoolchain/usr/lib/swift/host/plugins/testing -enable-experimental-feature DebugDescriptionMacro -sdk /Applications/Xcode-16.3.0.app/Contents/Developer/Platforms/WatchOS.platform/Developer/SDKs/WatchOS11.4.sdk -target arm64_32-apple-watchos9.0 -g -module-cache-path /Users/admin/builder/spi-builder-workspace/.derivedData/ModuleCache.noindex -Xfrontend -serialize-debugging-options -enable-testing -index-store-path /Users/admin/builder/spi-builder-workspace/.derivedData/Index.noindex/DataStore -swift-version 5 -I /Users/admin/builder/spi-builder-workspace/.derivedData/Build/Products/Debug-watchos -I /Applications/Xcode-16.3.0.app/Contents/Developer/Platforms/WatchOS.platform/Developer/usr/lib -F /Users/admin/builder/spi-builder-workspace/.derivedData/Build/Products/Debug-watchos -F /Applications/Xcode-16.3.0.app/Contents/Developer/Platforms/WatchOS.platform/Developer/Library/Frameworks -F /Applications/Xcode-16.3.0.app/Contents/Developer/Platforms/WatchOS.platform/Developer/SDKs/WatchOS11.4.sdk/Developer/Library/Frameworks -c -j10 -enable-batch-mode -incremental -Xcc -ivfsstatcache -Xcc /Users/admin/builder/spi-builder-workspace/.derivedData/SDKStatCaches.noindex/watchos11.4-22T246-43efb940ff07ba2497b70ec94253f576.sdkstatcache -output-file-map /Users/admin/builder/spi-builder-workspace/.derivedData/Build/Intermediates.noindex/AILoaders.build/Debug-watchos/AILoaders.build/Objects-normal/arm64_32/AILoaders-OutputFileMap.json -use-frontend-parseable-output -save-temps -no-color-diagnostics -serialize-diagnostics -emit-dependencies -emit-module -emit-module-path /Users/admin/builder/spi-builder-workspace/.derivedData/Build/Intermediates.noindex/AILoaders.build/Debug-watchos/AILoaders.build/Objects-normal/arm64_32/AILoaders.swiftmodule -validate-clang-modules-once -clang-build-session-file /Users/admin/builder/spi-builder-workspace/.derivedData/ModuleCache.noindex/Session.modulevalidation -package-name spi_builder_workspace -Xcc -I/Users/admin/builder/spi-builder-workspace/.derivedData/Build/Intermediates.noindex/AILoaders.build/Debug-watchos/AILoaders.build/swift-overrides.hmap -emit-const-values -Xfrontend -const-gather-protocols-file -Xfrontend /Users/admin/builder/spi-builder-workspace/.derivedData/Build/Intermediates.noindex/AILoaders.build/Debug-watchos/AILoaders.build/Objects-normal/arm64_32/AILoaders_const_extract_protocols.json -Xcc -I/Users/admin/builder/spi-builder-workspace/.derivedData/Build/Products/Debug-watchos/include -Xcc -I/Users/admin/builder/spi-builder-workspace/.derivedData/Build/Intermediates.noindex/AILoaders.build/Debug-watchos/AILoaders.build/DerivedSources-normal/arm64_32 -Xcc -I/Users/admin/builder/spi-builder-workspace/.derivedData/Build/Intermediates.noindex/AILoaders.build/Debug-watchos/AILoaders.build/DerivedSources/arm64_32 -Xcc -I/Users/admin/builder/spi-builder-workspace/.derivedData/Build/Intermediates.noindex/AILoaders.build/Debug-watchos/AILoaders.build/DerivedSources -Xcc -DSWIFT_PACKAGE -Xcc -DDEBUG\=1 -emit-objc-header -emit-objc-header-path /Users/admin/builder/spi-builder-workspace/.derivedData/Build/Intermediates.noindex/AILoaders.build/Debug-watchos/AILoaders.build/Objects-normal/arm64_32/AILoaders-Swift.h -working-directory /Users/admin/builder/spi-builder-workspace/.swiftpm/xcode -experimental-emit-module-separately -disable-cmo
SwiftCompile normal arm64 Compiling\ Haptics.swift /Users/admin/builder/spi-builder-workspace/Sources/AILoaders/Haptics.swift (in target 'AILoaders' from project 'AILoaders')
SwiftCompile normal arm64 /Users/admin/builder/spi-builder-workspace/Sources/AILoaders/Haptics.swift (in target 'AILoaders' from project 'AILoaders')
    cd /Users/admin/builder/spi-builder-workspace/.swiftpm/xcode

SwiftEmitModule normal arm64_32 Emitting\ module\ for\ AILoaders (in target 'AILoaders' from project 'AILoaders')
Failed frontend command:
/Applications/Xcode-16.3.0.app/Contents/Developer/Toolchains/XcodeDefault.xctoolchain/usr/bin/swift-frontend -frontend -emit-module -experimental-skip-non-inlinable-function-bodies-without-types /Users/admin/builder/spi-builder-workspace/Sources/AILoaders/Haptics.swift /Users/admin/builder/spi-builder-workspace/Sources/AILoaders/HexagonPulseLoader.swift /Users/admin/builder/spi-builder-workspace/Sources/AILoaders/LoaderStep.swift /Users/admin/builder/spi-builder-workspace/Sources/AILoaders/ShimmerText.swift /Users/admin/builder/spi-builder-workspace/Sources/AILoaders/StepListLoader.swift -target arm64_32-apple-watchos9.0 -enable-objc-interop -sdk /Applications/Xcode-16.3.0.app/Contents/Developer/Platforms/WatchOS.platform/Developer/SDKs/WatchOS11.4.sdk -I /Users/admin/builder/spi-builder-workspace/.derivedData/Build/Products/Debug-watchos -I /Applications/Xcode-16.3.0.app/Contents/Developer/Platforms/WatchOS.platform/Developer/usr/lib -F /Users/admin/builder/spi-builder-workspace/.derivedData/Build/Products/Debug-watchos -F /Applications/Xcode-16.3.0.app/Contents/Developer/Platforms/WatchOS.platform/Developer/Library/Frameworks -F /Applications/Xcode-16.3.0.app/Contents/Developer/Platforms/WatchOS.platform/Developer/SDKs/WatchOS11.4.sdk/Developer/Library/Frameworks -no-color-diagnostics -enable-testing -g -debug-info-format\=dwarf -dwarf-version\=4 -module-cache-path /Users/admin/builder/spi-builder-workspace/.derivedData/ModuleCache.noindex -swift-version 5 -enforce-exclusivity\=checked -Onone -D SWIFT_PACKAGE -D DEBUG -D Xcode -serialize-debugging-options -const-gather-protocols-file /Users/admin/builder/spi-builder-workspace/.derivedData/Build/Intermediates.noindex/AILoaders.build/Debug-watchos/AILoaders.build/Objects-normal/arm64_32/AILoaders_const_extract_protocols.json -enable-experimental-feature DebugDescriptionMacro -empty-abi-descriptor -plugin-path /Applications/Xcode-16.3.0.app/Contents/Developer/Toolchains/XcodeDefault.xctoolchain/usr/lib/swift/host/plugins/testing -validate-clang-modules-once -clang-build-session-file /Users/admin/builder/spi-builder-workspace/.derivedData/ModuleCache.noindex/Session.modulevalidation -Xcc -working-directory -Xcc /Users/admin/builder/spi-builder-workspace/.swiftpm/xcode -resource-dir /Applications/Xcode-16.3.0.app/Contents/Developer/Toolchains/XcodeDefault.xctoolchain/usr/lib/swift -enable-anonymous-context-mangled-names -file-compilation-dir /Users/admin/builder/spi-builder-workspace/.swiftpm/xcode -Xcc -ivfsstatcache -Xcc /Users/admin/builder/spi-builder-workspace/.derivedData/SDKStatCaches.noindex/watchos11.4-22T246-43efb940ff07ba2497b70ec94253f576.sdkstatcache -Xcc -I/Users/admin/builder/spi-builder-workspace/.derivedData/Build/Intermediates.noindex/AILoaders.build/Debug-watchos/AILoaders.build/swift-overrides.hmap -Xcc -I/Users/admin/builder/spi-builder-workspace/.derivedData/Build/Products/Debug-watchos/include -Xcc -I/Users/admin/builder/spi-builder-workspace/.derivedData/Build/Intermediates.noindex/AILoaders.build/Debug-watchos/AILoaders.build/DerivedSources-normal/arm64_32 -Xcc -I/Users/admin/builder/spi-builder-workspace/.derivedData/Build/Intermediates.noindex/AILoaders.build/Debug-watchos/AILoaders.build/DerivedSources/arm64_32 -Xcc -I/Users/admin/builder/spi-builder-workspace/.derivedData/Build/Intermediates.noindex/AILoaders.build/Debug-watchos/AILoaders.build/DerivedSources -Xcc -DSWIFT_PACKAGE -Xcc -DDEBUG\=1 -module-name AILoaders -package-name spi_builder_workspace -frontend-parseable-output -disable-clang-spi -target-sdk-version 11.4 -target-sdk-name watchos11.4 -external-plugin-path /Applications/Xcode-16.3.0.app/Contents/Developer/Platforms/WatchOS.platform/Developer/usr/lib/swift/host/plugins\#/Applications/Xcode-16.3.0.app/Contents/Developer/Platforms/WatchOS.platform/Developer/usr/bin/swift-plugin-server -external-plugin-path /Applications/Xcode-16.3.0.app/Contents/Developer/Platforms/WatchOS.platform/Developer/usr/local/lib/swift/host/plugins\#/Applications/Xcode-16.3.0.app/Contents/Developer/Platforms/WatchOS.platform/Developer/usr/bin/swift-plugin-server -in-process-plugin-server-path /Applications/Xcode-16.3.0.app/Contents/Developer/Toolchains/XcodeDefault.xctoolchain/usr/lib/swift/host/libSwiftInProcPluginServer.dylib -plugin-path /Applications/Xcode-16.3.0.app/Contents/Developer/Toolchains/XcodeDefault.xctoolchain/usr/lib/swift/host/plugins -plugin-path /Applications/Xcode-16.3.0.app/Contents/Developer/Toolchains/XcodeDefault.xctoolchain/usr/local/lib/swift/host/plugins -emit-module-doc-path /Users/admin/builder/spi-builder-workspace/.derivedData/Build/Intermediates.noindex/AILoaders.build/Debug-watchos/AILoaders.build/Objects-normal/arm64_32/AILoaders.swiftdoc -emit-module-source-info-path /Users/admin/builder/spi-builder-workspace/.derivedData/Build/Intermediates.noindex/AILoaders.build/Debug-watchos/AILoaders.build/Objects-normal/arm64_32/AILoaders.swiftsourceinfo -emit-objc-header-path /Users/admin/builder/spi-builder-workspace/.derivedData/Build/Intermediates.noindex/AILoaders.build/Debug-watchos/AILoaders.build/Objects-normal/arm64_32/AILoaders-Swift.h -serialize-diagnostics-path /Users/admin/builder/spi-builder-workspace/.derivedData/Build/Intermediates.noindex/AILoaders.build/Debug-watchos/AILoaders.build/Objects-normal/arm64_32/AILoaders-master-emit-module.dia -emit-dependencies-path /Users/admin/builder/spi-builder-workspace/.derivedData/Build/Intermediates.noindex/AILoaders.build/Debug-watchos/AILoaders.build/Objects-normal/arm64_32/AILoaders-master-emit-module.d -o /Users/admin/builder/spi-builder-workspace/.derivedData/Build/Intermediates.noindex/AILoaders.build/Debug-watchos/AILoaders.build/Objects-normal/arm64_32/AILoaders.swiftmodule -emit-abi-descriptor-path /Users/admin/builder/spi-builder-workspace/.derivedData/Build/Intermediates.noindex/AILoaders.build/Debug-watchos/AILoaders.build/Objects-normal/arm64_32/AILoaders.abi.json
EmitSwiftModule normal arm64_32 (in target 'AILoaders' from project 'AILoaders')
    cd /Users/admin/builder/spi-builder-workspace/.swiftpm/xcode

/Users/admin/builder/spi-builder-workspace/Sources/AILoaders/ShimmerText.swift:41:35: error: 'Layout' is only available in watchOS 10.0 or newer
    public func draw(layout: Text.Layout, in ctx: inout GraphicsContext) {
                                  ^
/Users/admin/builder/spi-builder-workspace/Sources/AILoaders/ShimmerText.swift:41:17: note: add @available attribute to enclosing instance method
    public func draw(layout: Text.Layout, in ctx: inout GraphicsContext) {
                ^
/Users/admin/builder/spi-builder-workspace/Sources/AILoaders/ShimmerText.swift:8:15: note: add @available attribute to enclosing struct
public struct ShimmerTextRenderer: TextRenderer, Animatable {
              ^
SwiftCompile normal arm64 Compiling\ LoaderStep.swift /Users/admin/builder/spi-builder-workspace/Sources/AILoaders/LoaderStep.swift (in target 'AILoaders' from project 'AILoaders')
SwiftCompile normal arm64 /Users/admin/builder/spi-builder-workspace/Sources/AILoaders/LoaderStep.swift (in target 'AILoaders' from project 'AILoaders')
    cd /Users/admin/builder/spi-builder-workspace/.swiftpm/xcode

SwiftCompile normal arm64_32 Compiling\ HexagonPulseLoader.swift /Users/admin/builder/spi-builder-workspace/Sources/AILoaders/HexagonPulseLoader.swift (in target 'AILoaders' from project 'AILoaders')
SwiftCompile normal arm64_32 /Users/admin/builder/spi-builder-workspace/Sources/AILoaders/HexagonPulseLoader.swift (in target 'AILoaders' from project 'AILoaders')
    cd /Users/admin/builder/spi-builder-workspace/.swiftpm/xcode

SwiftCompile normal arm64_32 Compiling\ StepListLoader.swift /Users/admin/builder/spi-builder-workspace/Sources/AILoaders/StepListLoader.swift (in target 'AILoaders' from project 'AILoaders')
SwiftCompile normal arm64_32 /Users/admin/builder/spi-builder-workspace/Sources/AILoaders/StepListLoader.swift (in target 'AILoaders' from project 'AILoaders')
    cd /Users/admin/builder/spi-builder-workspace/.swiftpm/xcode

SwiftCompile normal arm64 Compiling\ HexagonPulseLoader.swift /Users/admin/builder/spi-builder-workspace/Sources/AILoaders/HexagonPulseLoader.swift (in target 'AILoaders' from project 'AILoaders')
SwiftCompile normal arm64 /Users/admin/builder/spi-builder-workspace/Sources/AILoaders/HexagonPulseLoader.swift (in target 'AILoaders' from project 'AILoaders')
    cd /Users/admin/builder/spi-builder-workspace/.swiftpm/xcode

SwiftCompile normal arm64 Compiling\ ShimmerText.swift /Users/admin/builder/spi-builder-workspace/Sources/AILoaders/ShimmerText.swift (in target 'AILoaders' from project 'AILoaders')
SwiftCompile normal arm64 /Users/admin/builder/spi-builder-workspace/Sources/AILoaders/ShimmerText.swift (in target 'AILoaders' from project 'AILoaders')
    cd /Users/admin/builder/spi-builder-workspace/.swiftpm/xcode

SwiftCompile normal arm64 Compiling\ StepListLoader.swift /Users/admin/builder/spi-builder-workspace/Sources/AILoaders/StepListLoader.swift (in target 'AILoaders' from project 'AILoaders')
SwiftCompile normal arm64 /Users/admin/builder/spi-builder-workspace/Sources/AILoaders/StepListLoader.swift (in target 'AILoaders' from project 'AILoaders')
    cd /Users/admin/builder/spi-builder-workspace/.swiftpm/xcode

SwiftEmitModule normal arm64 Emitting\ module\ for\ AILoaders (in target 'AILoaders' from project 'AILoaders')
EmitSwiftModule normal arm64 (in target 'AILoaders' from project 'AILoaders')
    cd /Users/admin/builder/spi-builder-workspace/.swiftpm/xcode

SwiftCompile normal arm64_32 Compiling\ Haptics.swift /Users/admin/builder/spi-builder-workspace/Sources/AILoaders/Haptics.swift (in target 'AILoaders' from project 'AILoaders')
SwiftCompile normal arm64_32 /Users/admin/builder/spi-builder-workspace/Sources/AILoaders/Haptics.swift (in target 'AILoaders' from project 'AILoaders')
    cd /Users/admin/builder/spi-builder-workspace/.swiftpm/xcode

SwiftCompile normal arm64_32 Compiling\ LoaderStep.swift /Users/admin/builder/spi-builder-workspace/Sources/AILoaders/LoaderStep.swift (in target 'AILoaders' from project 'AILoaders')
Command SwiftCompile failed with a nonzero exit code
** BUILD FAILED **
The following build commands failed:
	SwiftEmitModule normal arm64_32 Emitting\ module\ for\ AILoaders (in target 'AILoaders' from project 'AILoaders')
	EmitSwiftModule normal arm64_32 (in target 'AILoaders' from project 'AILoaders')
	SwiftCompile normal arm64_32 Compiling\ LoaderStep.swift /Users/admin/builder/spi-builder-workspace/Sources/AILoaders/LoaderStep.swift (in target 'AILoaders' from project 'AILoaders')
	Building workspace spi-builder-workspace with scheme AILoaders
(4 failures)
BUILD FAILURE 6.1 watchOS