Build Information
Failed to build SwiftUISnapshotTesting, reference main (ebec17), with Swift 6.4 for watchOS using Xcode 27.0 on 10 Oct 2026 06:55:45 UTC.
Build Command
env DEVELOPER_DIR=/Applications/Xcode-27.0.0-Release.Candidate.app xcrun xcodebuild -IDEClonedSourcePackagesDirPathOverride=$PWD/.dependencies -skipMacroValidation -skipPackagePluginValidation -derivedDataPath $PWD/.derivedData build -scheme SwiftUISnapshotTesting -destination generic/platform=watchOSBuild Log
SwiftExplicitDependencyGeneratePcm arm64 /Users/admin/builder/spi-builder-workspace/.derivedData/SDKExplicitPrecompiledModules/Symbols-2RMK9LW2HHS47WUUU80KV2ZIF.pcm
SwiftExplicitDependencyGeneratePcm arm64 /Users/admin/builder/spi-builder-workspace/.derivedData/SDKExplicitPrecompiledModules/QuartzCore-2Y9U3581EK6VREQ762NVMXV4W.pcm
SwiftExplicitDependencyGeneratePcm arm64 /Users/admin/builder/spi-builder-workspace/.derivedData/SDKExplicitPrecompiledModules/CoreData-9P6L94KNA490O8M2QQP9NLYS5.pcm
SwiftExplicitDependencyGeneratePcm arm64 /Users/admin/builder/spi-builder-workspace/.derivedData/SDKExplicitPrecompiledModules/UniformTypeIdentifiers-3C1XTOT5B3B3PLKZT0HC6VBQO.pcm
SwiftExplicitDependencyGeneratePcm arm64 /Users/admin/builder/spi-builder-workspace/.derivedData/SDKExplicitPrecompiledModules/UIUtilities-DXNWZ2TCJXFQ2A7ESDZ6J2XYO.pcm
SwiftExplicitDependencyGeneratePcm arm64_32 /Users/admin/builder/spi-builder-workspace/.derivedData/SDKExplicitPrecompiledModules/Accessibility-CKXOXWYUQQ2O48CH4UU13Z2JM.pcm
SwiftExplicitDependencyGeneratePcm arm64 /Users/admin/builder/spi-builder-workspace/.derivedData/SDKExplicitPrecompiledModules/CoreTransferable-4SW3G4U6UIS29AOHC9ZVG0MY2.pcm
SwiftExplicitDependencyGeneratePcm arm64 /Users/admin/builder/spi-builder-workspace/.derivedData/SDKExplicitPrecompiledModules/CoreLocation-8N24HH5HR3W0T3UOYRM5W87RN.pcm
SwiftExplicitDependencyGeneratePcm arm64 /Users/admin/builder/spi-builder-workspace/.derivedData/SDKExplicitPrecompiledModules/OSLog-1PSI98ZFAU5MF2OCSPTPFVD66.pcm
SwiftExplicitDependencyGeneratePcm arm64_32 /Users/admin/builder/spi-builder-workspace/.derivedData/SDKExplicitPrecompiledModules/CoreLocation-27G5URXACTR146TYQKM9JMGFV.pcm
SwiftExplicitDependencyCompileModuleFromInterface arm64 /Users/admin/builder/spi-builder-workspace/.derivedData/Build/Intermediates.noindex/SwiftExplicitPrecompiledModules/_Testing_Foundation-11JPRLARWPCIK.swiftmodule
SwiftExplicitDependencyGeneratePcm arm64_32 /Users/admin/builder/spi-builder-workspace/.derivedData/SDKExplicitPrecompiledModules/SwiftUICore-55CZLUBD3974QKFT3IL0PRWPE.pcm
SwiftExplicitDependencyGeneratePcm arm64_32 /Users/admin/builder/spi-builder-workspace/.derivedData/SDKExplicitPrecompiledModules/UIUtilities-1HASPTR721UBF2PWAKJDM1FL3.pcm
SwiftExplicitDependencyGeneratePcm arm64 /Users/admin/builder/spi-builder-workspace/.derivedData/SDKExplicitPrecompiledModules/SceneKit-ERXQAS5DTIVA5XTQVC1UDQ8KV.pcm
SwiftExplicitDependencyGeneratePcm arm64 /Users/admin/builder/spi-builder-workspace/.derivedData/SDKExplicitPrecompiledModules/SwiftUICore-F44576R4QP5SWTA4Z0CG8BW69.pcm
SwiftExplicitDependencyCompileModuleFromInterface arm64 /Users/admin/builder/spi-builder-workspace/.derivedData/Build/Intermediates.noindex/SwiftExplicitPrecompiledModules/_Testing_CoreGraphics-3OMHTMGM6RNL6.swiftmodule
SwiftExplicitDependencyCompileModuleFromInterface arm64_32 /Users/admin/builder/spi-builder-workspace/.derivedData/Build/Intermediates.noindex/SwiftExplicitPrecompiledModules/_Testing_CoreGraphics-26TTUS1750KSM.swiftmodule
SwiftExplicitDependencyGeneratePcm arm64 /Users/admin/builder/spi-builder-workspace/.derivedData/SDKExplicitPrecompiledModules/CoreMotion-61S19SPNFXST7VOQ470VJWCZT.pcm
SwiftExplicitDependencyGeneratePcm arm64_32 /Users/admin/builder/spi-builder-workspace/.derivedData/SDKExplicitPrecompiledModules/CoreMotion-8OTQ19C7N17T5P3BMIWG1453Y.pcm
SwiftExplicitDependencyGeneratePcm arm64 /Users/admin/builder/spi-builder-workspace/.derivedData/SDKExplicitPrecompiledModules/UIKit-DFD16XMEJADJ1M2P58VJADV91.pcm
SwiftExplicitDependencyGeneratePcm arm64_32 /Users/admin/builder/spi-builder-workspace/.derivedData/SDKExplicitPrecompiledModules/UIKit-EJDCR42WCUPDE27EZHUU2K5V6.pcm
SwiftExplicitDependencyGeneratePcm arm64 /Users/admin/builder/spi-builder-workspace/.derivedData/SDKExplicitPrecompiledModules/HomeKit-3BJ5JLWLEE2DZ91C2S47JEUX6.pcm
SwiftExplicitDependencyCompileModuleFromInterface arm64 /Users/admin/builder/spi-builder-workspace/.derivedData/Build/Intermediates.noindex/SwiftExplicitPrecompiledModules/_Testing_UIKit-30HOYCZM1YRWZ.swiftmodule
SwiftExplicitDependencyGeneratePcm arm64 /Users/admin/builder/spi-builder-workspace/.derivedData/Build/Intermediates.noindex/SwiftExplicitPrecompiledModules/XCUIAutomation-CEP15YJKZ4H1066MRRT4TWYKX.pcm
SwiftExplicitDependencyGeneratePcm arm64 /Users/admin/builder/spi-builder-workspace/.derivedData/SDKExplicitPrecompiledModules/MapKit-90C7VMYJ6BBMC83YO3S16E8C0.pcm
SwiftExplicitDependencyCompileModuleFromInterface arm64_32 /Users/admin/builder/spi-builder-workspace/.derivedData/Build/Intermediates.noindex/SwiftExplicitPrecompiledModules/_Testing_UIKit-XOAEH3E2C494.swiftmodule
SwiftExplicitDependencyGeneratePcm arm64_32 /Users/admin/builder/spi-builder-workspace/.derivedData/SDKExplicitPrecompiledModules/MapKit-EWIM45DTJOC05JOFF0A1QCILJ.pcm
SwiftExplicitDependencyGeneratePcm arm64_32 /Users/admin/builder/spi-builder-workspace/.derivedData/SDKExplicitPrecompiledModules/HomeKit-F3VQ1NJSP19IRCQN9HO7VFZJ9.pcm
SwiftExplicitDependencyGeneratePcm arm64_32 /Users/admin/builder/spi-builder-workspace/.derivedData/Build/Intermediates.noindex/SwiftExplicitPrecompiledModules/XCUIAutomation-1WNIURLCI9EPIURV5196HZ73I.pcm
SwiftExplicitDependencyCompileModuleFromInterface arm64 /Users/admin/builder/spi-builder-workspace/.derivedData/Build/Intermediates.noindex/SwiftExplicitPrecompiledModules/XCUIAutomation-2HVHRULD67KOM.swiftmodule
SwiftExplicitDependencyGeneratePcm arm64 /Users/admin/builder/spi-builder-workspace/.derivedData/Build/Intermediates.noindex/SwiftExplicitPrecompiledModules/XCTest-E4I7GVAQCL1NE2ORUW49F1SZD.pcm
SwiftExplicitDependencyGeneratePcm arm64_32 /Users/admin/builder/spi-builder-workspace/.derivedData/Build/Intermediates.noindex/SwiftExplicitPrecompiledModules/XCTest-E5KV590R6FBP3FPHBVH3NS3PI.pcm
SwiftExplicitDependencyCompileModuleFromInterface arm64_32 /Users/admin/builder/spi-builder-workspace/.derivedData/Build/Intermediates.noindex/SwiftExplicitPrecompiledModules/XCUIAutomation-1QC406N6F995J.swiftmodule
SwiftExplicitDependencyGeneratePcm arm64_32 /Users/admin/builder/spi-builder-workspace/.derivedData/SDKExplicitPrecompiledModules/WatchKit-634QCD6ZA4G38HK529O8ZYF6G.pcm
SwiftExplicitDependencyGeneratePcm arm64 /Users/admin/builder/spi-builder-workspace/.derivedData/SDKExplicitPrecompiledModules/WatchKit-9GGFBAQ0O9N9JQABITS3Z9R0O.pcm
SwiftExplicitDependencyCompileModuleFromInterface arm64_32 /Users/admin/builder/spi-builder-workspace/.derivedData/Build/Intermediates.noindex/SwiftExplicitPrecompiledModules/XCTest-1Q73BEF3Q59BI.swiftmodule
SwiftExplicitDependencyCompileModuleFromInterface arm64 /Users/admin/builder/spi-builder-workspace/.derivedData/Build/Intermediates.noindex/SwiftExplicitPrecompiledModules/XCTest-131YNXZCV8I23.swiftmodule
SwiftExplicitDependencyGeneratePcm arm64_32 /Users/admin/builder/spi-builder-workspace/.derivedData/SDKExplicitPrecompiledModules/SwiftUI-ADDFYS4JIT928LKYKA5YJU1G8.pcm
SwiftExplicitDependencyGeneratePcm arm64 /Users/admin/builder/spi-builder-workspace/.derivedData/SDKExplicitPrecompiledModules/SwiftUI-2NIV6RL93T7Y4UMRZ6CFAK2OJ.pcm
SwiftCompile normal arm64_32 Compiling\ UIView.swift,\ UIViewController.swift,\ URLRequest.swift /Users/admin/builder/spi-builder-workspace/.dependencies/checkouts/swift-snapshot-testing/Sources/SnapshotTesting/Snapshotting/UIView.swift /Users/admin/builder/spi-builder-workspace/.dependencies/checkouts/swift-snapshot-testing/Sources/SnapshotTesting/Snapshotting/UIViewController.swift /Users/admin/builder/spi-builder-workspace/.dependencies/checkouts/swift-snapshot-testing/Sources/SnapshotTesting/Snapshotting/URLRequest.swift (in target 'SnapshotTesting' from project 'swift-snapshot-testing')
SwiftCompile normal arm64_32 /Users/admin/builder/spi-builder-workspace/.dependencies/checkouts/swift-snapshot-testing/Sources/SnapshotTesting/Snapshotting/UIView.swift (in target 'SnapshotTesting' from project 'swift-snapshot-testing')
cd /Users/admin/builder/spi-builder-workspace/.swiftpm/xcode
builtin-SwiftPerFileCompile UIView.swift
SwiftCompile normal arm64_32 /Users/admin/builder/spi-builder-workspace/.dependencies/checkouts/swift-snapshot-testing/Sources/SnapshotTesting/Snapshotting/UIViewController.swift (in target 'SnapshotTesting' from project 'swift-snapshot-testing')
cd /Users/admin/builder/spi-builder-workspace/.swiftpm/xcode
builtin-SwiftPerFileCompile UIViewController.swift
SwiftCompile normal arm64_32 /Users/admin/builder/spi-builder-workspace/.dependencies/checkouts/swift-snapshot-testing/Sources/SnapshotTesting/Snapshotting/URLRequest.swift (in target 'SnapshotTesting' from project 'swift-snapshot-testing')
cd /Users/admin/builder/spi-builder-workspace/.swiftpm/xcode
builtin-SwiftPerFileCompile URLRequest.swift
SwiftCompile normal arm64_32 Compiling\ SceneKit.swift,\ SpriteKit.swift,\ String.swift /Users/admin/builder/spi-builder-workspace/.dependencies/checkouts/swift-snapshot-testing/Sources/SnapshotTesting/Snapshotting/SceneKit.swift /Users/admin/builder/spi-builder-workspace/.dependencies/checkouts/swift-snapshot-testing/Sources/SnapshotTesting/Snapshotting/SpriteKit.swift /Users/admin/builder/spi-builder-workspace/.dependencies/checkouts/swift-snapshot-testing/Sources/SnapshotTesting/Snapshotting/String.swift (in target 'SnapshotTesting' from project 'swift-snapshot-testing')
SwiftCompile normal arm64_32 /Users/admin/builder/spi-builder-workspace/.dependencies/checkouts/swift-snapshot-testing/Sources/SnapshotTesting/Snapshotting/SceneKit.swift (in target 'SnapshotTesting' from project 'swift-snapshot-testing')
cd /Users/admin/builder/spi-builder-workspace/.swiftpm/xcode
builtin-SwiftPerFileCompile SceneKit.swift
SwiftCompile normal arm64_32 /Users/admin/builder/spi-builder-workspace/.dependencies/checkouts/swift-snapshot-testing/Sources/SnapshotTesting/Snapshotting/SpriteKit.swift (in target 'SnapshotTesting' from project 'swift-snapshot-testing')
cd /Users/admin/builder/spi-builder-workspace/.swiftpm/xcode
builtin-SwiftPerFileCompile SpriteKit.swift
SwiftCompile normal arm64_32 /Users/admin/builder/spi-builder-workspace/.dependencies/checkouts/swift-snapshot-testing/Sources/SnapshotTesting/Snapshotting/String.swift (in target 'SnapshotTesting' from project 'swift-snapshot-testing')
cd /Users/admin/builder/spi-builder-workspace/.swiftpm/xcode
builtin-SwiftPerFileCompile String.swift
SwiftCompile normal arm64_32 Compiling\ NSImage.swift,\ NSView.swift,\ NSViewController.swift /Users/admin/builder/spi-builder-workspace/.dependencies/checkouts/swift-snapshot-testing/Sources/SnapshotTesting/Snapshotting/NSImage.swift /Users/admin/builder/spi-builder-workspace/.dependencies/checkouts/swift-snapshot-testing/Sources/SnapshotTesting/Snapshotting/NSView.swift /Users/admin/builder/spi-builder-workspace/.dependencies/checkouts/swift-snapshot-testing/Sources/SnapshotTesting/Snapshotting/NSViewController.swift (in target 'SnapshotTesting' from project 'swift-snapshot-testing')
SwiftCompile normal arm64_32 /Users/admin/builder/spi-builder-workspace/.dependencies/checkouts/swift-snapshot-testing/Sources/SnapshotTesting/Snapshotting/NSImage.swift (in target 'SnapshotTesting' from project 'swift-snapshot-testing')
cd /Users/admin/builder/spi-builder-workspace/.swiftpm/xcode
builtin-SwiftPerFileCompile NSImage.swift
SwiftCompile normal arm64_32 /Users/admin/builder/spi-builder-workspace/.dependencies/checkouts/swift-snapshot-testing/Sources/SnapshotTesting/Snapshotting/NSView.swift (in target 'SnapshotTesting' from project 'swift-snapshot-testing')
cd /Users/admin/builder/spi-builder-workspace/.swiftpm/xcode
builtin-SwiftPerFileCompile NSView.swift
SwiftCompile normal arm64_32 /Users/admin/builder/spi-builder-workspace/.dependencies/checkouts/swift-snapshot-testing/Sources/SnapshotTesting/Snapshotting/NSViewController.swift (in target 'SnapshotTesting' from project 'swift-snapshot-testing')
cd /Users/admin/builder/spi-builder-workspace/.swiftpm/xcode
builtin-SwiftPerFileCompile NSViewController.swift
SwiftCompile normal arm64_32 Compiling\ SwiftUIView.swift,\ UIBezierPath.swift,\ UIImage.swift /Users/admin/builder/spi-builder-workspace/.dependencies/checkouts/swift-snapshot-testing/Sources/SnapshotTesting/Snapshotting/SwiftUIView.swift /Users/admin/builder/spi-builder-workspace/.dependencies/checkouts/swift-snapshot-testing/Sources/SnapshotTesting/Snapshotting/UIBezierPath.swift /Users/admin/builder/spi-builder-workspace/.dependencies/checkouts/swift-snapshot-testing/Sources/SnapshotTesting/Snapshotting/UIImage.swift (in target 'SnapshotTesting' from project 'swift-snapshot-testing')
SwiftCompile normal arm64_32 /Users/admin/builder/spi-builder-workspace/.dependencies/checkouts/swift-snapshot-testing/Sources/SnapshotTesting/Snapshotting/SwiftUIView.swift (in target 'SnapshotTesting' from project 'swift-snapshot-testing')
cd /Users/admin/builder/spi-builder-workspace/.swiftpm/xcode
builtin-SwiftPerFileCompile SwiftUIView.swift
SwiftCompile normal arm64_32 /Users/admin/builder/spi-builder-workspace/.dependencies/checkouts/swift-snapshot-testing/Sources/SnapshotTesting/Snapshotting/UIBezierPath.swift (in target 'SnapshotTesting' from project 'swift-snapshot-testing')
cd /Users/admin/builder/spi-builder-workspace/.swiftpm/xcode
builtin-SwiftPerFileCompile UIBezierPath.swift
SwiftCompile normal arm64_32 /Users/admin/builder/spi-builder-workspace/.dependencies/checkouts/swift-snapshot-testing/Sources/SnapshotTesting/Snapshotting/UIImage.swift (in target 'SnapshotTesting' from project 'swift-snapshot-testing')
cd /Users/admin/builder/spi-builder-workspace/.swiftpm/xcode
builtin-SwiftPerFileCompile UIImage.swift
SwiftCompile normal arm64_32 Compiling\ String+SpecialCharacters.swift,\ View.swift,\ XCTAttachment.swift,\ Diff.swift /Users/admin/builder/spi-builder-workspace/.dependencies/checkouts/swift-snapshot-testing/Sources/SnapshotTesting/Common/String+SpecialCharacters.swift /Users/admin/builder/spi-builder-workspace/.dependencies/checkouts/swift-snapshot-testing/Sources/SnapshotTesting/Common/View.swift /Users/admin/builder/spi-builder-workspace/.dependencies/checkouts/swift-snapshot-testing/Sources/SnapshotTesting/Common/XCTAttachment.swift /Users/admin/builder/spi-builder-workspace/.dependencies/checkouts/swift-snapshot-testing/Sources/SnapshotTesting/Diff.swift (in target 'SnapshotTesting' from project 'swift-snapshot-testing')
SwiftCompile normal arm64_32 /Users/admin/builder/spi-builder-workspace/.dependencies/checkouts/swift-snapshot-testing/Sources/SnapshotTesting/Common/String+SpecialCharacters.swift (in target 'SnapshotTesting' from project 'swift-snapshot-testing')
cd /Users/admin/builder/spi-builder-workspace/.swiftpm/xcode
builtin-SwiftPerFileCompile String+SpecialCharacters.swift
SwiftCompile normal arm64_32 /Users/admin/builder/spi-builder-workspace/.dependencies/checkouts/swift-snapshot-testing/Sources/SnapshotTesting/Common/View.swift (in target 'SnapshotTesting' from project 'swift-snapshot-testing')
cd /Users/admin/builder/spi-builder-workspace/.swiftpm/xcode
builtin-SwiftPerFileCompile View.swift
SwiftCompile normal arm64_32 /Users/admin/builder/spi-builder-workspace/.dependencies/checkouts/swift-snapshot-testing/Sources/SnapshotTesting/Common/XCTAttachment.swift (in target 'SnapshotTesting' from project 'swift-snapshot-testing')
cd /Users/admin/builder/spi-builder-workspace/.swiftpm/xcode
builtin-SwiftPerFileCompile XCTAttachment.swift
SwiftCompile normal arm64_32 /Users/admin/builder/spi-builder-workspace/.dependencies/checkouts/swift-snapshot-testing/Sources/SnapshotTesting/Diff.swift (in target 'SnapshotTesting' from project 'swift-snapshot-testing')
cd /Users/admin/builder/spi-builder-workspace/.swiftpm/xcode
builtin-SwiftPerFileCompile Diff.swift
SwiftCompile normal arm64_32 Compiling\ CALayer.swift,\ CGPath.swift,\ CaseIterable.swift /Users/admin/builder/spi-builder-workspace/.dependencies/checkouts/swift-snapshot-testing/Sources/SnapshotTesting/Snapshotting/CALayer.swift /Users/admin/builder/spi-builder-workspace/.dependencies/checkouts/swift-snapshot-testing/Sources/SnapshotTesting/Snapshotting/CGPath.swift /Users/admin/builder/spi-builder-workspace/.dependencies/checkouts/swift-snapshot-testing/Sources/SnapshotTesting/Snapshotting/CaseIterable.swift (in target 'SnapshotTesting' from project 'swift-snapshot-testing')
SwiftCompile normal arm64_32 /Users/admin/builder/spi-builder-workspace/.dependencies/checkouts/swift-snapshot-testing/Sources/SnapshotTesting/Snapshotting/CALayer.swift (in target 'SnapshotTesting' from project 'swift-snapshot-testing')
cd /Users/admin/builder/spi-builder-workspace/.swiftpm/xcode
builtin-SwiftPerFileCompile CALayer.swift
SwiftCompile normal arm64_32 /Users/admin/builder/spi-builder-workspace/.dependencies/checkouts/swift-snapshot-testing/Sources/SnapshotTesting/Snapshotting/CGPath.swift (in target 'SnapshotTesting' from project 'swift-snapshot-testing')
cd /Users/admin/builder/spi-builder-workspace/.swiftpm/xcode
builtin-SwiftPerFileCompile CGPath.swift
SwiftCompile normal arm64_32 /Users/admin/builder/spi-builder-workspace/.dependencies/checkouts/swift-snapshot-testing/Sources/SnapshotTesting/Snapshotting/CaseIterable.swift (in target 'SnapshotTesting' from project 'swift-snapshot-testing')
cd /Users/admin/builder/spi-builder-workspace/.swiftpm/xcode
builtin-SwiftPerFileCompile CaseIterable.swift
SwiftCompile normal arm64_32 Compiling\ AssertSnapshot.swift,\ Async.swift,\ Internal.swift,\ PlistEncoder.swift /Users/admin/builder/spi-builder-workspace/.dependencies/checkouts/swift-snapshot-testing/Sources/SnapshotTesting/AssertSnapshot.swift /Users/admin/builder/spi-builder-workspace/.dependencies/checkouts/swift-snapshot-testing/Sources/SnapshotTesting/Async.swift /Users/admin/builder/spi-builder-workspace/.dependencies/checkouts/swift-snapshot-testing/Sources/SnapshotTesting/Common/Internal.swift /Users/admin/builder/spi-builder-workspace/.dependencies/checkouts/swift-snapshot-testing/Sources/SnapshotTesting/Common/PlistEncoder.swift (in target 'SnapshotTesting' from project 'swift-snapshot-testing')
SwiftCompile normal arm64_32 /Users/admin/builder/spi-builder-workspace/.dependencies/checkouts/swift-snapshot-testing/Sources/SnapshotTesting/AssertSnapshot.swift (in target 'SnapshotTesting' from project 'swift-snapshot-testing')
cd /Users/admin/builder/spi-builder-workspace/.swiftpm/xcode
builtin-SwiftPerFileCompile AssertSnapshot.swift
SwiftCompile normal arm64_32 /Users/admin/builder/spi-builder-workspace/.dependencies/checkouts/swift-snapshot-testing/Sources/SnapshotTesting/Async.swift (in target 'SnapshotTesting' from project 'swift-snapshot-testing')
cd /Users/admin/builder/spi-builder-workspace/.swiftpm/xcode
builtin-SwiftPerFileCompile Async.swift
SwiftCompile normal arm64_32 /Users/admin/builder/spi-builder-workspace/.dependencies/checkouts/swift-snapshot-testing/Sources/SnapshotTesting/Common/Internal.swift (in target 'SnapshotTesting' from project 'swift-snapshot-testing')
cd /Users/admin/builder/spi-builder-workspace/.swiftpm/xcode
builtin-SwiftPerFileCompile Internal.swift
SwiftCompile normal arm64_32 /Users/admin/builder/spi-builder-workspace/.dependencies/checkouts/swift-snapshot-testing/Sources/SnapshotTesting/Common/PlistEncoder.swift (in target 'SnapshotTesting' from project 'swift-snapshot-testing')
cd /Users/admin/builder/spi-builder-workspace/.swiftpm/xcode
builtin-SwiftPerFileCompile PlistEncoder.swift
SwiftEmitModule normal arm64_32 Emitting\ module\ for\ SnapshotTesting (in target 'SnapshotTesting' from project 'swift-snapshot-testing')
SwiftCompile normal arm64_32 (in target 'SnapshotTesting' from project 'swift-snapshot-testing')
cd /Users/admin/builder/spi-builder-workspace/.swiftpm/xcode
SwiftCompile normal arm64 Compiling\ SceneKit.swift,\ SpriteKit.swift,\ String.swift /Users/admin/builder/spi-builder-workspace/.dependencies/checkouts/swift-snapshot-testing/Sources/SnapshotTesting/Snapshotting/SceneKit.swift /Users/admin/builder/spi-builder-workspace/.dependencies/checkouts/swift-snapshot-testing/Sources/SnapshotTesting/Snapshotting/SpriteKit.swift /Users/admin/builder/spi-builder-workspace/.dependencies/checkouts/swift-snapshot-testing/Sources/SnapshotTesting/Snapshotting/String.swift (in target 'SnapshotTesting' from project 'swift-snapshot-testing')
SwiftCompile normal arm64 /Users/admin/builder/spi-builder-workspace/.dependencies/checkouts/swift-snapshot-testing/Sources/SnapshotTesting/Snapshotting/SceneKit.swift (in target 'SnapshotTesting' from project 'swift-snapshot-testing')
cd /Users/admin/builder/spi-builder-workspace/.swiftpm/xcode
builtin-SwiftPerFileCompile SceneKit.swift
SwiftCompile normal arm64 /Users/admin/builder/spi-builder-workspace/.dependencies/checkouts/swift-snapshot-testing/Sources/SnapshotTesting/Snapshotting/SpriteKit.swift (in target 'SnapshotTesting' from project 'swift-snapshot-testing')
cd /Users/admin/builder/spi-builder-workspace/.swiftpm/xcode
builtin-SwiftPerFileCompile SpriteKit.swift
SwiftCompile normal arm64 /Users/admin/builder/spi-builder-workspace/.dependencies/checkouts/swift-snapshot-testing/Sources/SnapshotTesting/Snapshotting/String.swift (in target 'SnapshotTesting' from project 'swift-snapshot-testing')
cd /Users/admin/builder/spi-builder-workspace/.swiftpm/xcode
builtin-SwiftPerFileCompile String.swift
SwiftEmitModule normal arm64 Emitting\ module\ for\ SnapshotTesting (in target 'SnapshotTesting' from project 'swift-snapshot-testing')
SwiftCompile normal arm64 (in target 'SnapshotTesting' from project 'swift-snapshot-testing')
cd /Users/admin/builder/spi-builder-workspace/.swiftpm/xcode
SwiftCompile normal arm64 Compiling\ UIView.swift,\ UIViewController.swift,\ URLRequest.swift /Users/admin/builder/spi-builder-workspace/.dependencies/checkouts/swift-snapshot-testing/Sources/SnapshotTesting/Snapshotting/UIView.swift /Users/admin/builder/spi-builder-workspace/.dependencies/checkouts/swift-snapshot-testing/Sources/SnapshotTesting/Snapshotting/UIViewController.swift /Users/admin/builder/spi-builder-workspace/.dependencies/checkouts/swift-snapshot-testing/Sources/SnapshotTesting/Snapshotting/URLRequest.swift (in target 'SnapshotTesting' from project 'swift-snapshot-testing')
SwiftCompile normal arm64 /Users/admin/builder/spi-builder-workspace/.dependencies/checkouts/swift-snapshot-testing/Sources/SnapshotTesting/Snapshotting/UIView.swift (in target 'SnapshotTesting' from project 'swift-snapshot-testing')
cd /Users/admin/builder/spi-builder-workspace/.swiftpm/xcode
builtin-SwiftPerFileCompile UIView.swift
SwiftCompile normal arm64 /Users/admin/builder/spi-builder-workspace/.dependencies/checkouts/swift-snapshot-testing/Sources/SnapshotTesting/Snapshotting/UIViewController.swift (in target 'SnapshotTesting' from project 'swift-snapshot-testing')
cd /Users/admin/builder/spi-builder-workspace/.swiftpm/xcode
builtin-SwiftPerFileCompile UIViewController.swift
SwiftCompile normal arm64 /Users/admin/builder/spi-builder-workspace/.dependencies/checkouts/swift-snapshot-testing/Sources/SnapshotTesting/Snapshotting/URLRequest.swift (in target 'SnapshotTesting' from project 'swift-snapshot-testing')
cd /Users/admin/builder/spi-builder-workspace/.swiftpm/xcode
builtin-SwiftPerFileCompile URLRequest.swift
SwiftDriverJobDiscovery normal arm64_32 Compiling NSImage.swift, NSView.swift, NSViewController.swift (in target 'SnapshotTesting' from project 'swift-snapshot-testing')
SwiftCompile normal arm64 Compiling\ CALayer.swift,\ CGPath.swift,\ CaseIterable.swift /Users/admin/builder/spi-builder-workspace/.dependencies/checkouts/swift-snapshot-testing/Sources/SnapshotTesting/Snapshotting/CALayer.swift /Users/admin/builder/spi-builder-workspace/.dependencies/checkouts/swift-snapshot-testing/Sources/SnapshotTesting/Snapshotting/CGPath.swift /Users/admin/builder/spi-builder-workspace/.dependencies/checkouts/swift-snapshot-testing/Sources/SnapshotTesting/Snapshotting/CaseIterable.swift (in target 'SnapshotTesting' from project 'swift-snapshot-testing')
SwiftCompile normal arm64 /Users/admin/builder/spi-builder-workspace/.dependencies/checkouts/swift-snapshot-testing/Sources/SnapshotTesting/Snapshotting/CALayer.swift (in target 'SnapshotTesting' from project 'swift-snapshot-testing')
cd /Users/admin/builder/spi-builder-workspace/.swiftpm/xcode
builtin-SwiftPerFileCompile CALayer.swift
SwiftCompile normal arm64 /Users/admin/builder/spi-builder-workspace/.dependencies/checkouts/swift-snapshot-testing/Sources/SnapshotTesting/Snapshotting/CGPath.swift (in target 'SnapshotTesting' from project 'swift-snapshot-testing')
cd /Users/admin/builder/spi-builder-workspace/.swiftpm/xcode
builtin-SwiftPerFileCompile CGPath.swift
SwiftCompile normal arm64 /Users/admin/builder/spi-builder-workspace/.dependencies/checkouts/swift-snapshot-testing/Sources/SnapshotTesting/Snapshotting/CaseIterable.swift (in target 'SnapshotTesting' from project 'swift-snapshot-testing')
cd /Users/admin/builder/spi-builder-workspace/.swiftpm/xcode
builtin-SwiftPerFileCompile CaseIterable.swift
SwiftDriverJobDiscovery normal arm64_32 Emitting module for SnapshotTesting (in target 'SnapshotTesting' from project 'swift-snapshot-testing')
SwiftDriver\ Compilation\ Requirements SnapshotTesting normal arm64_32 com.apple.xcode.tools.swift.compiler (in target 'SnapshotTesting' from project 'swift-snapshot-testing')
cd /Users/admin/builder/spi-builder-workspace/.swiftpm/xcode
builtin-Swift-Compilation-Requirements -- /Applications/Xcode-27.0.0.app/Contents/Developer/Toolchains/XcodeDefault.xctoolchain/usr/bin/swiftc -parse-as-library -module-name SnapshotTesting -Onone @/Users/admin/builder/spi-builder-workspace/.derivedData/Build/Intermediates.noindex/swift-snapshot-testing.build/Debug-watchos/SnapshotTesting-t.build/Objects-normal/arm64_32/SnapshotTesting.SwiftFileList -DSWIFT_PACKAGE -DDEBUG -DSWIFT_MODULE_RESOURCE_BUNDLE_UNAVAILABLE -DXcode -plugin-path /Applications/Xcode-27.0.0.app/Contents/Developer/Toolchains/XcodeDefault.xctoolchain/usr/lib/swift/host/plugins/testing -enable-experimental-feature DebugDescriptionMacro -sdk /Applications/Xcode-27.0.0.app/Contents/Developer/Platforms/WatchOS.platform/Developer/SDKs/WatchOS27.0.sdk -target arm64_32-apple-watchos9.0 -g -module-cache-path /Users/admin/builder/spi-builder-workspace/.derivedData/ModuleCache.noindex -Xfrontend -serialize-debugging-options -profile-coverage-mapping -profile-generate -enable-testing -suppress-warnings -index-store-path /Users/admin/builder/spi-builder-workspace/.derivedData/Index.noindex/DataStore -Xcc -D_LIBCPP_HARDENING_MODE\=_LIBCPP_HARDENING_MODE_DEBUG -swift-version 5 -I /Users/admin/builder/spi-builder-workspace/.derivedData/Build/Products/Debug-watchos -Isystem /Applications/Xcode-27.0.0.app/Contents/Developer/Platforms/WatchOS.platform/Developer/usr/lib -F /Users/admin/builder/spi-builder-workspace/.derivedData/Build/Products/Debug-watchos -F /Applications/Xcode-27.0.0.app/Contents/Developer/Platforms/WatchOS.platform/Developer/Library/Frameworks -F /Applications/Xcode-27.0.0.app/Contents/Developer/Platforms/WatchOS.platform/Developer/SDKs/WatchOS27.0.sdk/Developer/Library/Frameworks -c -j10 -enable-batch-mode -incremental -Xcc -ivfsstatcache -Xcc /Users/admin/builder/spi-builder-workspace/.derivedData/SDKStatCaches.noindex/watchos27.0-24R360-e829b21a6f8c9b70876ba0858053c044b9db9bc9c079ee3c7b5f3373b13d10bc.sdkstatcache -output-file-map /Users/admin/builder/spi-builder-workspace/.derivedData/Build/Intermediates.noindex/swift-snapshot-testing.build/Debug-watchos/SnapshotTesting-t.build/Objects-normal/arm64_32/SnapshotTesting-OutputFileMap.json -save-temps -no-color-diagnostics -explicit-module-build -module-cache-path /Users/admin/builder/spi-builder-workspace/.derivedData/Build/Intermediates.noindex/SwiftExplicitPrecompiledModules -clang-scanner-module-cache-path /Users/admin/builder/spi-builder-workspace/.derivedData/ModuleCache.noindex -sdk-module-cache-path /Users/admin/builder/spi-builder-workspace/.derivedData/SDKExplicitPrecompiledModules -emit-dependencies -emit-module -emit-module-path /Users/admin/builder/spi-builder-workspace/.derivedData/Build/Intermediates.noindex/swift-snapshot-testing.build/Debug-watchos/SnapshotTesting-t.build/Objects-normal/arm64_32/SnapshotTesting.swiftmodule -serialize-diagnostics -dependency-scan-serialize-diagnostics-path /Users/admin/builder/spi-builder-workspace/.derivedData/Build/Intermediates.noindex/swift-snapshot-testing.build/Debug-watchos/SnapshotTesting-t.build/Objects-normal/arm64_32/SnapshotTesting-dependency-scan.dia -user-module-version 1.19.6 -validate-clang-modules-once -clang-build-session-file /Users/admin/builder/spi-builder-workspace/.derivedData/ModuleCache.noindex/Session.modulevalidation -Xcc -fmodules-prune-interval\=86400 -Xcc -fmodules-prune-after\=345600 -package-name swift_snapshot_testing -emit-const-values -const-gather-protocols-list /Users/admin/builder/spi-builder-workspace/.derivedData/Build/Intermediates.noindex/swift-snapshot-testing.build/Debug-watchos/SnapshotTesting-t.build/Objects-normal/arm64_32/SnapshotTesting_const_extract_protocols.json -Xcc -I/Users/admin/builder/spi-builder-workspace/.derivedData/Build/Products/Debug-watchos/include -Xcc -I/Users/admin/builder/spi-builder-workspace/.derivedData/Build/Intermediates.noindex/swift-snapshot-testing.build/Debug-watchos/SnapshotTesting-t.build/DerivedSources-normal/arm64_32 -Xcc -I/Users/admin/builder/spi-builder-workspace/.derivedData/Build/Intermediates.noindex/swift-snapshot-testing.build/Debug-watchos/SnapshotTesting-t.build/DerivedSources/arm64_32 -Xcc -I/Users/admin/builder/spi-builder-workspace/.derivedData/Build/Intermediates.noindex/swift-snapshot-testing.build/Debug-watchos/SnapshotTesting-t.build/DerivedSources -Xcc -DSWIFT_PACKAGE -Xcc -DDEBUG\=1 -emit-objc-header -emit-objc-header-path /Users/admin/builder/spi-builder-workspace/.derivedData/Build/Intermediates.noindex/swift-snapshot-testing.build/Debug-watchos/SnapshotTesting-t.build/Objects-normal/arm64_32/SnapshotTesting-Swift.h -working-directory /Users/admin/builder/spi-builder-workspace/.swiftpm/xcode -experimental-emit-module-separately -disable-cmo
SwiftDriverJobDiscovery normal arm64 Emitting module for SnapshotTesting (in target 'SnapshotTesting' from project 'swift-snapshot-testing')
SwiftDriver\ Compilation\ Requirements SnapshotTesting normal arm64 com.apple.xcode.tools.swift.compiler (in target 'SnapshotTesting' from project 'swift-snapshot-testing')
cd /Users/admin/builder/spi-builder-workspace/.swiftpm/xcode
builtin-Swift-Compilation-Requirements -- /Applications/Xcode-27.0.0.app/Contents/Developer/Toolchains/XcodeDefault.xctoolchain/usr/bin/swiftc -parse-as-library -module-name SnapshotTesting -Onone @/Users/admin/builder/spi-builder-workspace/.derivedData/Build/Intermediates.noindex/swift-snapshot-testing.build/Debug-watchos/SnapshotTesting-t.build/Objects-normal/arm64/SnapshotTesting.SwiftFileList -DSWIFT_PACKAGE -DDEBUG -DSWIFT_MODULE_RESOURCE_BUNDLE_UNAVAILABLE -DXcode -plugin-path /Applications/Xcode-27.0.0.app/Contents/Developer/Toolchains/XcodeDefault.xctoolchain/usr/lib/swift/host/plugins/testing -enable-experimental-feature DebugDescriptionMacro -sdk /Applications/Xcode-27.0.0.app/Contents/Developer/Platforms/WatchOS.platform/Developer/SDKs/WatchOS27.0.sdk -target arm64-apple-watchos9.0 -g -module-cache-path /Users/admin/builder/spi-builder-workspace/.derivedData/ModuleCache.noindex -Xfrontend -serialize-debugging-options -profile-coverage-mapping -profile-generate -enable-testing -suppress-warnings -index-store-path /Users/admin/builder/spi-builder-workspace/.derivedData/Index.noindex/DataStore -Xcc -D_LIBCPP_HARDENING_MODE\=_LIBCPP_HARDENING_MODE_DEBUG -swift-version 5 -I /Users/admin/builder/spi-builder-workspace/.derivedData/Build/Products/Debug-watchos -Isystem /Applications/Xcode-27.0.0.app/Contents/Developer/Platforms/WatchOS.platform/Developer/usr/lib -F /Users/admin/builder/spi-builder-workspace/.derivedData/Build/Products/Debug-watchos -F /Applications/Xcode-27.0.0.app/Contents/Developer/Platforms/WatchOS.platform/Developer/Library/Frameworks -F /Applications/Xcode-27.0.0.app/Contents/Developer/Platforms/WatchOS.platform/Developer/SDKs/WatchOS27.0.sdk/Developer/Library/Frameworks -c -j10 -enable-batch-mode -incremental -Xcc -ivfsstatcache -Xcc /Users/admin/builder/spi-builder-workspace/.derivedData/SDKStatCaches.noindex/watchos27.0-24R360-e829b21a6f8c9b70876ba0858053c044b9db9bc9c079ee3c7b5f3373b13d10bc.sdkstatcache -output-file-map /Users/admin/builder/spi-builder-workspace/.derivedData/Build/Intermediates.noindex/swift-snapshot-testing.build/Debug-watchos/SnapshotTesting-t.build/Objects-normal/arm64/SnapshotTesting-OutputFileMap.json -save-temps -no-color-diagnostics -explicit-module-build -module-cache-path /Users/admin/builder/spi-builder-workspace/.derivedData/Build/Intermediates.noindex/SwiftExplicitPrecompiledModules -clang-scanner-module-cache-path /Users/admin/builder/spi-builder-workspace/.derivedData/ModuleCache.noindex -sdk-module-cache-path /Users/admin/builder/spi-builder-workspace/.derivedData/SDKExplicitPrecompiledModules -emit-dependencies -emit-module -emit-module-path /Users/admin/builder/spi-builder-workspace/.derivedData/Build/Intermediates.noindex/swift-snapshot-testing.build/Debug-watchos/SnapshotTesting-t.build/Objects-normal/arm64/SnapshotTesting.swiftmodule -serialize-diagnostics -dependency-scan-serialize-diagnostics-path /Users/admin/builder/spi-builder-workspace/.derivedData/Build/Intermediates.noindex/swift-snapshot-testing.build/Debug-watchos/SnapshotTesting-t.build/Objects-normal/arm64/SnapshotTesting-dependency-scan.dia -user-module-version 1.19.6 -validate-clang-modules-once -clang-build-session-file /Users/admin/builder/spi-builder-workspace/.derivedData/ModuleCache.noindex/Session.modulevalidation -Xcc -fmodules-prune-interval\=86400 -Xcc -fmodules-prune-after\=345600 -package-name swift_snapshot_testing -emit-const-values -const-gather-protocols-list /Users/admin/builder/spi-builder-workspace/.derivedData/Build/Intermediates.noindex/swift-snapshot-testing.build/Debug-watchos/SnapshotTesting-t.build/Objects-normal/arm64/SnapshotTesting_const_extract_protocols.json -Xcc -I/Users/admin/builder/spi-builder-workspace/.derivedData/Build/Products/Debug-watchos/include -Xcc -I/Users/admin/builder/spi-builder-workspace/.derivedData/Build/Intermediates.noindex/swift-snapshot-testing.build/Debug-watchos/SnapshotTesting-t.build/DerivedSources-normal/arm64 -Xcc -I/Users/admin/builder/spi-builder-workspace/.derivedData/Build/Intermediates.noindex/swift-snapshot-testing.build/Debug-watchos/SnapshotTesting-t.build/DerivedSources/arm64 -Xcc -I/Users/admin/builder/spi-builder-workspace/.derivedData/Build/Intermediates.noindex/swift-snapshot-testing.build/Debug-watchos/SnapshotTesting-t.build/DerivedSources -Xcc -DSWIFT_PACKAGE -Xcc -DDEBUG\=1 -emit-objc-header -emit-objc-header-path /Users/admin/builder/spi-builder-workspace/.derivedData/Build/Intermediates.noindex/swift-snapshot-testing.build/Debug-watchos/SnapshotTesting-t.build/Objects-normal/arm64/SnapshotTesting-Swift.h -working-directory /Users/admin/builder/spi-builder-workspace/.swiftpm/xcode -experimental-emit-module-separately -disable-cmo
SwiftCompile normal arm64 Compiling\ NSImage.swift,\ NSView.swift,\ NSViewController.swift /Users/admin/builder/spi-builder-workspace/.dependencies/checkouts/swift-snapshot-testing/Sources/SnapshotTesting/Snapshotting/NSImage.swift /Users/admin/builder/spi-builder-workspace/.dependencies/checkouts/swift-snapshot-testing/Sources/SnapshotTesting/Snapshotting/NSView.swift /Users/admin/builder/spi-builder-workspace/.dependencies/checkouts/swift-snapshot-testing/Sources/SnapshotTesting/Snapshotting/NSViewController.swift (in target 'SnapshotTesting' from project 'swift-snapshot-testing')
SwiftCompile normal arm64 /Users/admin/builder/spi-builder-workspace/.dependencies/checkouts/swift-snapshot-testing/Sources/SnapshotTesting/Snapshotting/NSImage.swift (in target 'SnapshotTesting' from project 'swift-snapshot-testing')
cd /Users/admin/builder/spi-builder-workspace/.swiftpm/xcode
builtin-SwiftPerFileCompile NSImage.swift
SwiftCompile normal arm64 /Users/admin/builder/spi-builder-workspace/.dependencies/checkouts/swift-snapshot-testing/Sources/SnapshotTesting/Snapshotting/NSView.swift (in target 'SnapshotTesting' from project 'swift-snapshot-testing')
cd /Users/admin/builder/spi-builder-workspace/.swiftpm/xcode
builtin-SwiftPerFileCompile NSView.swift
SwiftCompile normal arm64 /Users/admin/builder/spi-builder-workspace/.dependencies/checkouts/swift-snapshot-testing/Sources/SnapshotTesting/Snapshotting/NSViewController.swift (in target 'SnapshotTesting' from project 'swift-snapshot-testing')
cd /Users/admin/builder/spi-builder-workspace/.swiftpm/xcode
builtin-SwiftPerFileCompile NSViewController.swift
SwiftMergeGeneratedHeaders /Users/admin/builder/spi-builder-workspace/.derivedData/Build/Intermediates.noindex/GeneratedModuleMaps-watchos/SnapshotTesting-Swift.h /Users/admin/builder/spi-builder-workspace/.derivedData/Build/Intermediates.noindex/swift-snapshot-testing.build/Debug-watchos/SnapshotTesting-t.build/Objects-normal/arm64/SnapshotTesting-Swift.h /Users/admin/builder/spi-builder-workspace/.derivedData/Build/Intermediates.noindex/swift-snapshot-testing.build/Debug-watchos/SnapshotTesting-t.build/Objects-normal/arm64_32/SnapshotTesting-Swift.h (in target 'SnapshotTesting' from project 'swift-snapshot-testing')
cd /Users/admin/builder/spi-builder-workspace/.dependencies/checkouts/swift-snapshot-testing
builtin-swiftHeaderTool -arch arm64 /Users/admin/builder/spi-builder-workspace/.derivedData/Build/Intermediates.noindex/swift-snapshot-testing.build/Debug-watchos/SnapshotTesting-t.build/Objects-normal/arm64/SnapshotTesting-Swift.h -arch arm64_32 /Users/admin/builder/spi-builder-workspace/.derivedData/Build/Intermediates.noindex/swift-snapshot-testing.build/Debug-watchos/SnapshotTesting-t.build/Objects-normal/arm64_32/SnapshotTesting-Swift.h -o /Users/admin/builder/spi-builder-workspace/.derivedData/Build/Intermediates.noindex/GeneratedModuleMaps-watchos/SnapshotTesting-Swift.h
SwiftDriverJobDiscovery normal arm64_32 Compiling CALayer.swift, CGPath.swift, CaseIterable.swift (in target 'SnapshotTesting' from project 'swift-snapshot-testing')
Copy /Users/admin/builder/spi-builder-workspace/.derivedData/Build/Products/Debug-watchos/SnapshotTesting.swiftmodule/arm64_32-apple-watchos.swiftmodule /Users/admin/builder/spi-builder-workspace/.derivedData/Build/Intermediates.noindex/swift-snapshot-testing.build/Debug-watchos/SnapshotTesting-t.build/Objects-normal/arm64_32/SnapshotTesting.swiftmodule (in target 'SnapshotTesting' from project 'swift-snapshot-testing')
cd /Users/admin/builder/spi-builder-workspace/.dependencies/checkouts/swift-snapshot-testing
builtin-copy -exclude .DS_Store -exclude CVS -exclude .svn -exclude .git -exclude .hg -resolve-src-symlinks -rename /Users/admin/builder/spi-builder-workspace/.derivedData/Build/Intermediates.noindex/swift-snapshot-testing.build/Debug-watchos/SnapshotTesting-t.build/Objects-normal/arm64_32/SnapshotTesting.swiftmodule /Users/admin/builder/spi-builder-workspace/.derivedData/Build/Products/Debug-watchos/SnapshotTesting.swiftmodule/arm64_32-apple-watchos.swiftmodule
Copy /Users/admin/builder/spi-builder-workspace/.derivedData/Build/Products/Debug-watchos/SnapshotTesting.swiftmodule/arm64_32-apple-watchos.swiftdoc /Users/admin/builder/spi-builder-workspace/.derivedData/Build/Intermediates.noindex/swift-snapshot-testing.build/Debug-watchos/SnapshotTesting-t.build/Objects-normal/arm64_32/SnapshotTesting.swiftdoc (in target 'SnapshotTesting' from project 'swift-snapshot-testing')
cd /Users/admin/builder/spi-builder-workspace/.dependencies/checkouts/swift-snapshot-testing
builtin-copy -exclude .DS_Store -exclude CVS -exclude .svn -exclude .git -exclude .hg -resolve-src-symlinks -rename /Users/admin/builder/spi-builder-workspace/.derivedData/Build/Intermediates.noindex/swift-snapshot-testing.build/Debug-watchos/SnapshotTesting-t.build/Objects-normal/arm64_32/SnapshotTesting.swiftdoc /Users/admin/builder/spi-builder-workspace/.derivedData/Build/Products/Debug-watchos/SnapshotTesting.swiftmodule/arm64_32-apple-watchos.swiftdoc
Copy /Users/admin/builder/spi-builder-workspace/.derivedData/Build/Products/Debug-watchos/SnapshotTesting.swiftmodule/arm64_32-apple-watchos.abi.json /Users/admin/builder/spi-builder-workspace/.derivedData/Build/Intermediates.noindex/swift-snapshot-testing.build/Debug-watchos/SnapshotTesting-t.build/Objects-normal/arm64_32/SnapshotTesting.abi.json (in target 'SnapshotTesting' from project 'swift-snapshot-testing')
cd /Users/admin/builder/spi-builder-workspace/.dependencies/checkouts/swift-snapshot-testing
builtin-copy -exclude .DS_Store -exclude CVS -exclude .svn -exclude .git -exclude .hg -resolve-src-symlinks -rename /Users/admin/builder/spi-builder-workspace/.derivedData/Build/Intermediates.noindex/swift-snapshot-testing.build/Debug-watchos/SnapshotTesting-t.build/Objects-normal/arm64_32/SnapshotTesting.abi.json /Users/admin/builder/spi-builder-workspace/.derivedData/Build/Products/Debug-watchos/SnapshotTesting.swiftmodule/arm64_32-apple-watchos.abi.json
Copy /Users/admin/builder/spi-builder-workspace/.derivedData/Build/Products/Debug-watchos/SnapshotTesting.swiftmodule/arm64-apple-watchos.swiftmodule /Users/admin/builder/spi-builder-workspace/.derivedData/Build/Intermediates.noindex/swift-snapshot-testing.build/Debug-watchos/SnapshotTesting-t.build/Objects-normal/arm64/SnapshotTesting.swiftmodule (in target 'SnapshotTesting' from project 'swift-snapshot-testing')
cd /Users/admin/builder/spi-builder-workspace/.dependencies/checkouts/swift-snapshot-testing
builtin-copy -exclude .DS_Store -exclude CVS -exclude .svn -exclude .git -exclude .hg -resolve-src-symlinks -rename /Users/admin/builder/spi-builder-workspace/.derivedData/Build/Intermediates.noindex/swift-snapshot-testing.build/Debug-watchos/SnapshotTesting-t.build/Objects-normal/arm64/SnapshotTesting.swiftmodule /Users/admin/builder/spi-builder-workspace/.derivedData/Build/Products/Debug-watchos/SnapshotTesting.swiftmodule/arm64-apple-watchos.swiftmodule
Copy /Users/admin/builder/spi-builder-workspace/.derivedData/Build/Products/Debug-watchos/SnapshotTesting.swiftmodule/arm64-apple-watchos.swiftdoc /Users/admin/builder/spi-builder-workspace/.derivedData/Build/Intermediates.noindex/swift-snapshot-testing.build/Debug-watchos/SnapshotTesting-t.build/Objects-normal/arm64/SnapshotTesting.swiftdoc (in target 'SnapshotTesting' from project 'swift-snapshot-testing')
cd /Users/admin/builder/spi-builder-workspace/.dependencies/checkouts/swift-snapshot-testing
builtin-copy -exclude .DS_Store -exclude CVS -exclude .svn -exclude .git -exclude .hg -resolve-src-symlinks -rename /Users/admin/builder/spi-builder-workspace/.derivedData/Build/Intermediates.noindex/swift-snapshot-testing.build/Debug-watchos/SnapshotTesting-t.build/Objects-normal/arm64/SnapshotTesting.swiftdoc /Users/admin/builder/spi-builder-workspace/.derivedData/Build/Products/Debug-watchos/SnapshotTesting.swiftmodule/arm64-apple-watchos.swiftdoc
Copy /Users/admin/builder/spi-builder-workspace/.derivedData/Build/Products/Debug-watchos/SnapshotTesting.swiftmodule/arm64-apple-watchos.abi.json /Users/admin/builder/spi-builder-workspace/.derivedData/Build/Intermediates.noindex/swift-snapshot-testing.build/Debug-watchos/SnapshotTesting-t.build/Objects-normal/arm64/SnapshotTesting.abi.json (in target 'SnapshotTesting' from project 'swift-snapshot-testing')
cd /Users/admin/builder/spi-builder-workspace/.dependencies/checkouts/swift-snapshot-testing
builtin-copy -exclude .DS_Store -exclude CVS -exclude .svn -exclude .git -exclude .hg -resolve-src-symlinks -rename /Users/admin/builder/spi-builder-workspace/.derivedData/Build/Intermediates.noindex/swift-snapshot-testing.build/Debug-watchos/SnapshotTesting-t.build/Objects-normal/arm64/SnapshotTesting.abi.json /Users/admin/builder/spi-builder-workspace/.derivedData/Build/Products/Debug-watchos/SnapshotTesting.swiftmodule/arm64-apple-watchos.abi.json
Copy /Users/admin/builder/spi-builder-workspace/.derivedData/Build/Products/Debug-watchos/SnapshotTesting.swiftmodule/Project/arm64_32-apple-watchos.swiftsourceinfo /Users/admin/builder/spi-builder-workspace/.derivedData/Build/Intermediates.noindex/swift-snapshot-testing.build/Debug-watchos/SnapshotTesting-t.build/Objects-normal/arm64_32/SnapshotTesting.swiftsourceinfo (in target 'SnapshotTesting' from project 'swift-snapshot-testing')
cd /Users/admin/builder/spi-builder-workspace/.dependencies/checkouts/swift-snapshot-testing
builtin-copy -exclude .DS_Store -exclude CVS -exclude .svn -exclude .git -exclude .hg -resolve-src-symlinks -rename /Users/admin/builder/spi-builder-workspace/.derivedData/Build/Intermediates.noindex/swift-snapshot-testing.build/Debug-watchos/SnapshotTesting-t.build/Objects-normal/arm64_32/SnapshotTesting.swiftsourceinfo /Users/admin/builder/spi-builder-workspace/.derivedData/Build/Products/Debug-watchos/SnapshotTesting.swiftmodule/Project/arm64_32-apple-watchos.swiftsourceinfo
Copy /Users/admin/builder/spi-builder-workspace/.derivedData/Build/Products/Debug-watchos/SnapshotTesting.swiftmodule/Project/arm64-apple-watchos.swiftsourceinfo /Users/admin/builder/spi-builder-workspace/.derivedData/Build/Intermediates.noindex/swift-snapshot-testing.build/Debug-watchos/SnapshotTesting-t.build/Objects-normal/arm64/SnapshotTesting.swiftsourceinfo (in target 'SnapshotTesting' from project 'swift-snapshot-testing')
cd /Users/admin/builder/spi-builder-workspace/.dependencies/checkouts/swift-snapshot-testing
builtin-copy -exclude .DS_Store -exclude CVS -exclude .svn -exclude .git -exclude .hg -resolve-src-symlinks -rename /Users/admin/builder/spi-builder-workspace/.derivedData/Build/Intermediates.noindex/swift-snapshot-testing.build/Debug-watchos/SnapshotTesting-t.build/Objects-normal/arm64/SnapshotTesting.swiftsourceinfo /Users/admin/builder/spi-builder-workspace/.derivedData/Build/Products/Debug-watchos/SnapshotTesting.swiftmodule/Project/arm64-apple-watchos.swiftsourceinfo
SwiftCompile normal arm64 Compiling\ String+SpecialCharacters.swift,\ View.swift,\ XCTAttachment.swift,\ Diff.swift /Users/admin/builder/spi-builder-workspace/.dependencies/checkouts/swift-snapshot-testing/Sources/SnapshotTesting/Common/String+SpecialCharacters.swift /Users/admin/builder/spi-builder-workspace/.dependencies/checkouts/swift-snapshot-testing/Sources/SnapshotTesting/Common/View.swift /Users/admin/builder/spi-builder-workspace/.dependencies/checkouts/swift-snapshot-testing/Sources/SnapshotTesting/Common/XCTAttachment.swift /Users/admin/builder/spi-builder-workspace/.dependencies/checkouts/swift-snapshot-testing/Sources/SnapshotTesting/Diff.swift (in target 'SnapshotTesting' from project 'swift-snapshot-testing')
SwiftCompile normal arm64 /Users/admin/builder/spi-builder-workspace/.dependencies/checkouts/swift-snapshot-testing/Sources/SnapshotTesting/Common/String+SpecialCharacters.swift (in target 'SnapshotTesting' from project 'swift-snapshot-testing')
cd /Users/admin/builder/spi-builder-workspace/.swiftpm/xcode
builtin-SwiftPerFileCompile String+SpecialCharacters.swift
SwiftCompile normal arm64 /Users/admin/builder/spi-builder-workspace/.dependencies/checkouts/swift-snapshot-testing/Sources/SnapshotTesting/Common/View.swift (in target 'SnapshotTesting' from project 'swift-snapshot-testing')
cd /Users/admin/builder/spi-builder-workspace/.swiftpm/xcode
builtin-SwiftPerFileCompile View.swift
SwiftCompile normal arm64 /Users/admin/builder/spi-builder-workspace/.dependencies/checkouts/swift-snapshot-testing/Sources/SnapshotTesting/Common/XCTAttachment.swift (in target 'SnapshotTesting' from project 'swift-snapshot-testing')
cd /Users/admin/builder/spi-builder-workspace/.swiftpm/xcode
builtin-SwiftPerFileCompile XCTAttachment.swift
SwiftCompile normal arm64 /Users/admin/builder/spi-builder-workspace/.dependencies/checkouts/swift-snapshot-testing/Sources/SnapshotTesting/Diff.swift (in target 'SnapshotTesting' from project 'swift-snapshot-testing')
cd /Users/admin/builder/spi-builder-workspace/.swiftpm/xcode
builtin-SwiftPerFileCompile Diff.swift
SwiftDriverJobDiscovery normal arm64 Compiling NSImage.swift, NSView.swift, NSViewController.swift (in target 'SnapshotTesting' from project 'swift-snapshot-testing')
SwiftCompile normal arm64 Compiling\ AssertSnapshot.swift,\ Async.swift,\ Internal.swift,\ PlistEncoder.swift /Users/admin/builder/spi-builder-workspace/.dependencies/checkouts/swift-snapshot-testing/Sources/SnapshotTesting/AssertSnapshot.swift /Users/admin/builder/spi-builder-workspace/.dependencies/checkouts/swift-snapshot-testing/Sources/SnapshotTesting/Async.swift /Users/admin/builder/spi-builder-workspace/.dependencies/checkouts/swift-snapshot-testing/Sources/SnapshotTesting/Common/Internal.swift /Users/admin/builder/spi-builder-workspace/.dependencies/checkouts/swift-snapshot-testing/Sources/SnapshotTesting/Common/PlistEncoder.swift (in target 'SnapshotTesting' from project 'swift-snapshot-testing')
SwiftCompile normal arm64 /Users/admin/builder/spi-builder-workspace/.dependencies/checkouts/swift-snapshot-testing/Sources/SnapshotTesting/AssertSnapshot.swift (in target 'SnapshotTesting' from project 'swift-snapshot-testing')
cd /Users/admin/builder/spi-builder-workspace/.swiftpm/xcode
builtin-SwiftPerFileCompile AssertSnapshot.swift
SwiftCompile normal arm64 /Users/admin/builder/spi-builder-workspace/.dependencies/checkouts/swift-snapshot-testing/Sources/SnapshotTesting/Async.swift (in target 'SnapshotTesting' from project 'swift-snapshot-testing')
cd /Users/admin/builder/spi-builder-workspace/.swiftpm/xcode
builtin-SwiftPerFileCompile Async.swift
SwiftCompile normal arm64 /Users/admin/builder/spi-builder-workspace/.dependencies/checkouts/swift-snapshot-testing/Sources/SnapshotTesting/Common/Internal.swift (in target 'SnapshotTesting' from project 'swift-snapshot-testing')
cd /Users/admin/builder/spi-builder-workspace/.swiftpm/xcode
builtin-SwiftPerFileCompile Internal.swift
SwiftCompile normal arm64 /Users/admin/builder/spi-builder-workspace/.dependencies/checkouts/swift-snapshot-testing/Sources/SnapshotTesting/Common/PlistEncoder.swift (in target 'SnapshotTesting' from project 'swift-snapshot-testing')
cd /Users/admin/builder/spi-builder-workspace/.swiftpm/xcode
builtin-SwiftPerFileCompile PlistEncoder.swift
SwiftDriverJobDiscovery normal arm64 Compiling CALayer.swift, CGPath.swift, CaseIterable.swift (in target 'SnapshotTesting' from project 'swift-snapshot-testing')
SwiftCompile normal arm64 Compiling\ SwiftUIView.swift,\ UIBezierPath.swift,\ UIImage.swift /Users/admin/builder/spi-builder-workspace/.dependencies/checkouts/swift-snapshot-testing/Sources/SnapshotTesting/Snapshotting/SwiftUIView.swift /Users/admin/builder/spi-builder-workspace/.dependencies/checkouts/swift-snapshot-testing/Sources/SnapshotTesting/Snapshotting/UIBezierPath.swift /Users/admin/builder/spi-builder-workspace/.dependencies/checkouts/swift-snapshot-testing/Sources/SnapshotTesting/Snapshotting/UIImage.swift (in target 'SnapshotTesting' from project 'swift-snapshot-testing')
SwiftCompile normal arm64 /Users/admin/builder/spi-builder-workspace/.dependencies/checkouts/swift-snapshot-testing/Sources/SnapshotTesting/Snapshotting/SwiftUIView.swift (in target 'SnapshotTesting' from project 'swift-snapshot-testing')
cd /Users/admin/builder/spi-builder-workspace/.swiftpm/xcode
builtin-SwiftPerFileCompile SwiftUIView.swift
SwiftCompile normal arm64 /Users/admin/builder/spi-builder-workspace/.dependencies/checkouts/swift-snapshot-testing/Sources/SnapshotTesting/Snapshotting/UIBezierPath.swift (in target 'SnapshotTesting' from project 'swift-snapshot-testing')
cd /Users/admin/builder/spi-builder-workspace/.swiftpm/xcode
builtin-SwiftPerFileCompile UIBezierPath.swift
SwiftCompile normal arm64 /Users/admin/builder/spi-builder-workspace/.dependencies/checkouts/swift-snapshot-testing/Sources/SnapshotTesting/Snapshotting/UIImage.swift (in target 'SnapshotTesting' from project 'swift-snapshot-testing')
cd /Users/admin/builder/spi-builder-workspace/.swiftpm/xcode
builtin-SwiftPerFileCompile UIImage.swift
SwiftDriverJobDiscovery normal arm64 Compiling UIView.swift, UIViewController.swift, URLRequest.swift (in target 'SnapshotTesting' from project 'swift-snapshot-testing')
SwiftCompile normal arm64_32 Compiling\ Diffing.swift,\ Wait.swift,\ Deprecations.swift,\ RecordIssue.swift /Users/admin/builder/spi-builder-workspace/.dependencies/checkouts/swift-snapshot-testing/Sources/SnapshotTesting/Diffing.swift /Users/admin/builder/spi-builder-workspace/.dependencies/checkouts/swift-snapshot-testing/Sources/SnapshotTesting/Extensions/Wait.swift /Users/admin/builder/spi-builder-workspace/.dependencies/checkouts/swift-snapshot-testing/Sources/SnapshotTesting/Internal/Deprecations.swift /Users/admin/builder/spi-builder-workspace/.dependencies/checkouts/swift-snapshot-testing/Sources/SnapshotTesting/Internal/RecordIssue.swift (in target 'SnapshotTesting' from project 'swift-snapshot-testing')
SwiftCompile normal arm64_32 /Users/admin/builder/spi-builder-workspace/.dependencies/checkouts/swift-snapshot-testing/Sources/SnapshotTesting/Diffing.swift (in target 'SnapshotTesting' from project 'swift-snapshot-testing')
cd /Users/admin/builder/spi-builder-workspace/.swiftpm/xcode
builtin-SwiftPerFileCompile Diffing.swift
SwiftCompile normal arm64_32 /Users/admin/builder/spi-builder-workspace/.dependencies/checkouts/swift-snapshot-testing/Sources/SnapshotTesting/Extensions/Wait.swift (in target 'SnapshotTesting' from project 'swift-snapshot-testing')
cd /Users/admin/builder/spi-builder-workspace/.swiftpm/xcode
builtin-SwiftPerFileCompile Wait.swift
SwiftCompile normal arm64_32 /Users/admin/builder/spi-builder-workspace/.dependencies/checkouts/swift-snapshot-testing/Sources/SnapshotTesting/Internal/Deprecations.swift (in target 'SnapshotTesting' from project 'swift-snapshot-testing')
cd /Users/admin/builder/spi-builder-workspace/.swiftpm/xcode
builtin-SwiftPerFileCompile Deprecations.swift
SwiftCompile normal arm64_32 /Users/admin/builder/spi-builder-workspace/.dependencies/checkouts/swift-snapshot-testing/Sources/SnapshotTesting/Internal/RecordIssue.swift (in target 'SnapshotTesting' from project 'swift-snapshot-testing')
cd /Users/admin/builder/spi-builder-workspace/.swiftpm/xcode
builtin-SwiftPerFileCompile RecordIssue.swift
SwiftCompile normal arm64_32 Compiling\ Data.swift,\ Encodable.swift,\ NSBezierPath.swift /Users/admin/builder/spi-builder-workspace/.dependencies/checkouts/swift-snapshot-testing/Sources/SnapshotTesting/Snapshotting/Data.swift /Users/admin/builder/spi-builder-workspace/.dependencies/checkouts/swift-snapshot-testing/Sources/SnapshotTesting/Snapshotting/Encodable.swift /Users/admin/builder/spi-builder-workspace/.dependencies/checkouts/swift-snapshot-testing/Sources/SnapshotTesting/Snapshotting/NSBezierPath.swift (in target 'SnapshotTesting' from project 'swift-snapshot-testing')
SwiftCompile normal arm64_32 /Users/admin/builder/spi-builder-workspace/.dependencies/checkouts/swift-snapshot-testing/Sources/SnapshotTesting/Snapshotting/Data.swift (in target 'SnapshotTesting' from project 'swift-snapshot-testing')
cd /Users/admin/builder/spi-builder-workspace/.swiftpm/xcode
builtin-SwiftPerFileCompile Data.swift
SwiftCompile normal arm64_32 /Users/admin/builder/spi-builder-workspace/.dependencies/checkouts/swift-snapshot-testing/Sources/SnapshotTesting/Snapshotting/Encodable.swift (in target 'SnapshotTesting' from project 'swift-snapshot-testing')
cd /Users/admin/builder/spi-builder-workspace/.swiftpm/xcode
builtin-SwiftPerFileCompile Encodable.swift
SwiftCompile normal arm64_32 /Users/admin/builder/spi-builder-workspace/.dependencies/checkouts/swift-snapshot-testing/Sources/SnapshotTesting/Snapshotting/NSBezierPath.swift (in target 'SnapshotTesting' from project 'swift-snapshot-testing')
cd /Users/admin/builder/spi-builder-workspace/.swiftpm/xcode
builtin-SwiftPerFileCompile NSBezierPath.swift
SwiftDriverJobDiscovery normal arm64_32 Compiling UIView.swift, UIViewController.swift, URLRequest.swift (in target 'SnapshotTesting' from project 'swift-snapshot-testing')
SwiftCompile normal arm64 Compiling\ Diffing.swift,\ Wait.swift,\ Deprecations.swift,\ RecordIssue.swift /Users/admin/builder/spi-builder-workspace/.dependencies/checkouts/swift-snapshot-testing/Sources/SnapshotTesting/Diffing.swift /Users/admin/builder/spi-builder-workspace/.dependencies/checkouts/swift-snapshot-testing/Sources/SnapshotTesting/Extensions/Wait.swift /Users/admin/builder/spi-builder-workspace/.dependencies/checkouts/swift-snapshot-testing/Sources/SnapshotTesting/Internal/Deprecations.swift /Users/admin/builder/spi-builder-workspace/.dependencies/checkouts/swift-snapshot-testing/Sources/SnapshotTesting/Internal/RecordIssue.swift (in target 'SnapshotTesting' from project 'swift-snapshot-testing')
SwiftCompile normal arm64 /Users/admin/builder/spi-builder-workspace/.dependencies/checkouts/swift-snapshot-testing/Sources/SnapshotTesting/Diffing.swift (in target 'SnapshotTesting' from project 'swift-snapshot-testing')
cd /Users/admin/builder/spi-builder-workspace/.swiftpm/xcode
builtin-SwiftPerFileCompile Diffing.swift
SwiftCompile normal arm64 /Users/admin/builder/spi-builder-workspace/.dependencies/checkouts/swift-snapshot-testing/Sources/SnapshotTesting/Extensions/Wait.swift (in target 'SnapshotTesting' from project 'swift-snapshot-testing')
cd /Users/admin/builder/spi-builder-workspace/.swiftpm/xcode
builtin-SwiftPerFileCompile Wait.swift
SwiftCompile normal arm64 /Users/admin/builder/spi-builder-workspace/.dependencies/checkouts/swift-snapshot-testing/Sources/SnapshotTesting/Internal/Deprecations.swift (in target 'SnapshotTesting' from project 'swift-snapshot-testing')
cd /Users/admin/builder/spi-builder-workspace/.swiftpm/xcode
builtin-SwiftPerFileCompile Deprecations.swift
SwiftCompile normal arm64 /Users/admin/builder/spi-builder-workspace/.dependencies/checkouts/swift-snapshot-testing/Sources/SnapshotTesting/Internal/RecordIssue.swift (in target 'SnapshotTesting' from project 'swift-snapshot-testing')
cd /Users/admin/builder/spi-builder-workspace/.swiftpm/xcode
builtin-SwiftPerFileCompile RecordIssue.swift
SwiftDriverJobDiscovery normal arm64 Compiling String+SpecialCharacters.swift, View.swift, XCTAttachment.swift, Diff.swift (in target 'SnapshotTesting' from project 'swift-snapshot-testing')
SwiftCompile normal arm64 Compiling\ Data.swift,\ Encodable.swift,\ NSBezierPath.swift /Users/admin/builder/spi-builder-workspace/.dependencies/checkouts/swift-snapshot-testing/Sources/SnapshotTesting/Snapshotting/Data.swift /Users/admin/builder/spi-builder-workspace/.dependencies/checkouts/swift-snapshot-testing/Sources/SnapshotTesting/Snapshotting/Encodable.swift /Users/admin/builder/spi-builder-workspace/.dependencies/checkouts/swift-snapshot-testing/Sources/SnapshotTesting/Snapshotting/NSBezierPath.swift (in target 'SnapshotTesting' from project 'swift-snapshot-testing')
SwiftCompile normal arm64 /Users/admin/builder/spi-builder-workspace/.dependencies/checkouts/swift-snapshot-testing/Sources/SnapshotTesting/Snapshotting/Data.swift (in target 'SnapshotTesting' from project 'swift-snapshot-testing')
cd /Users/admin/builder/spi-builder-workspace/.swiftpm/xcode
builtin-SwiftPerFileCompile Data.swift
SwiftCompile normal arm64 /Users/admin/builder/spi-builder-workspace/.dependencies/checkouts/swift-snapshot-testing/Sources/SnapshotTesting/Snapshotting/Encodable.swift (in target 'SnapshotTesting' from project 'swift-snapshot-testing')
cd /Users/admin/builder/spi-builder-workspace/.swiftpm/xcode
builtin-SwiftPerFileCompile Encodable.swift
SwiftCompile normal arm64 /Users/admin/builder/spi-builder-workspace/.dependencies/checkouts/swift-snapshot-testing/Sources/SnapshotTesting/Snapshotting/NSBezierPath.swift (in target 'SnapshotTesting' from project 'swift-snapshot-testing')
cd /Users/admin/builder/spi-builder-workspace/.swiftpm/xcode
builtin-SwiftPerFileCompile NSBezierPath.swift
SwiftDriverJobDiscovery normal arm64_32 Compiling String+SpecialCharacters.swift, View.swift, XCTAttachment.swift, Diff.swift (in target 'SnapshotTesting' from project 'swift-snapshot-testing')
SwiftCompile normal arm64_32 Compiling\ SnapshotTestingConfiguration.swift,\ SnapshotsTestTrait.swift,\ Snapshotting.swift,\ Any.swift /Users/admin/builder/spi-builder-workspace/.dependencies/checkouts/swift-snapshot-testing/Sources/SnapshotTesting/SnapshotTestingConfiguration.swift /Users/admin/builder/spi-builder-workspace/.dependencies/checkouts/swift-snapshot-testing/Sources/SnapshotTesting/SnapshotsTestTrait.swift /Users/admin/builder/spi-builder-workspace/.dependencies/checkouts/swift-snapshot-testing/Sources/SnapshotTesting/Snapshotting.swift /Users/admin/builder/spi-builder-workspace/.dependencies/checkouts/swift-snapshot-testing/Sources/SnapshotTesting/Snapshotting/Any.swift (in target 'SnapshotTesting' from project 'swift-snapshot-testing')
SwiftCompile normal arm64_32 /Users/admin/builder/spi-builder-workspace/.dependencies/checkouts/swift-snapshot-testing/Sources/SnapshotTesting/SnapshotTestingConfiguration.swift (in target 'SnapshotTesting' from project 'swift-snapshot-testing')
cd /Users/admin/builder/spi-builder-workspace/.swiftpm/xcode
builtin-SwiftPerFileCompile SnapshotTestingConfiguration.swift
SwiftCompile normal arm64_32 /Users/admin/builder/spi-builder-workspace/.dependencies/checkouts/swift-snapshot-testing/Sources/SnapshotTesting/SnapshotsTestTrait.swift (in target 'SnapshotTesting' from project 'swift-snapshot-testing')
cd /Users/admin/builder/spi-builder-workspace/.swiftpm/xcode
builtin-SwiftPerFileCompile SnapshotsTestTrait.swift
SwiftCompile normal arm64_32 /Users/admin/builder/spi-builder-workspace/.dependencies/checkouts/swift-snapshot-testing/Sources/SnapshotTesting/Snapshotting.swift (in target 'SnapshotTesting' from project 'swift-snapshot-testing')
cd /Users/admin/builder/spi-builder-workspace/.swiftpm/xcode
builtin-SwiftPerFileCompile Snapshotting.swift
SwiftCompile normal arm64_32 /Users/admin/builder/spi-builder-workspace/.dependencies/checkouts/swift-snapshot-testing/Sources/SnapshotTesting/Snapshotting/Any.swift (in target 'SnapshotTesting' from project 'swift-snapshot-testing')
cd /Users/admin/builder/spi-builder-workspace/.swiftpm/xcode
builtin-SwiftPerFileCompile Any.swift
SwiftDriverJobDiscovery normal arm64 Compiling SceneKit.swift, SpriteKit.swift, String.swift (in target 'SnapshotTesting' from project 'swift-snapshot-testing')
SwiftCompile normal arm64 Compiling\ SnapshotTestingConfiguration.swift,\ SnapshotsTestTrait.swift,\ Snapshotting.swift,\ Any.swift /Users/admin/builder/spi-builder-workspace/.dependencies/checkouts/swift-snapshot-testing/Sources/SnapshotTesting/SnapshotTestingConfiguration.swift /Users/admin/builder/spi-builder-workspace/.dependencies/checkouts/swift-snapshot-testing/Sources/SnapshotTesting/SnapshotsTestTrait.swift /Users/admin/builder/spi-builder-workspace/.dependencies/checkouts/swift-snapshot-testing/Sources/SnapshotTesting/Snapshotting.swift /Users/admin/builder/spi-builder-workspace/.dependencies/checkouts/swift-snapshot-testing/Sources/SnapshotTesting/Snapshotting/Any.swift (in target 'SnapshotTesting' from project 'swift-snapshot-testing')
SwiftCompile normal arm64 /Users/admin/builder/spi-builder-workspace/.dependencies/checkouts/swift-snapshot-testing/Sources/SnapshotTesting/SnapshotTestingConfiguration.swift (in target 'SnapshotTesting' from project 'swift-snapshot-testing')
cd /Users/admin/builder/spi-builder-workspace/.swiftpm/xcode
builtin-SwiftPerFileCompile SnapshotTestingConfiguration.swift
SwiftCompile normal arm64 /Users/admin/builder/spi-builder-workspace/.dependencies/checkouts/swift-snapshot-testing/Sources/SnapshotTesting/SnapshotsTestTrait.swift (in target 'SnapshotTesting' from project 'swift-snapshot-testing')
cd /Users/admin/builder/spi-builder-workspace/.swiftpm/xcode
builtin-SwiftPerFileCompile SnapshotsTestTrait.swift
SwiftCompile normal arm64 /Users/admin/builder/spi-builder-workspace/.dependencies/checkouts/swift-snapshot-testing/Sources/SnapshotTesting/Snapshotting.swift (in target 'SnapshotTesting' from project 'swift-snapshot-testing')
cd /Users/admin/builder/spi-builder-workspace/.swiftpm/xcode
builtin-SwiftPerFileCompile Snapshotting.swift
SwiftCompile normal arm64 /Users/admin/builder/spi-builder-workspace/.dependencies/checkouts/swift-snapshot-testing/Sources/SnapshotTesting/Snapshotting/Any.swift (in target 'SnapshotTesting' from project 'swift-snapshot-testing')
cd /Users/admin/builder/spi-builder-workspace/.swiftpm/xcode
builtin-SwiftPerFileCompile Any.swift
SwiftDriverJobDiscovery normal arm64_32 Compiling SceneKit.swift, SpriteKit.swift, String.swift (in target 'SnapshotTesting' from project 'swift-snapshot-testing')
SwiftDriverJobDiscovery normal arm64_32 Compiling Data.swift, Encodable.swift, NSBezierPath.swift (in target 'SnapshotTesting' from project 'swift-snapshot-testing')
SwiftDriverJobDiscovery normal arm64 Compiling Data.swift, Encodable.swift, NSBezierPath.swift (in target 'SnapshotTesting' from project 'swift-snapshot-testing')
SwiftDriver SwiftUISnapshotTesting normal arm64 com.apple.xcode.tools.swift.compiler (in target 'SwiftUISnapshotTesting' from project 'SwiftUISnapshotTesting')
cd /Users/admin/builder/spi-builder-workspace/.swiftpm/xcode
builtin-SwiftDriver -- /Applications/Xcode-27.0.0.app/Contents/Developer/Toolchains/XcodeDefault.xctoolchain/usr/bin/swiftc -parse-as-library -module-name SwiftUISnapshotTesting -Onone @/Users/admin/builder/spi-builder-workspace/.derivedData/Build/Intermediates.noindex/SwiftUISnapshotTesting.build/Debug-watchos/SwiftUISnapshotTesting-t.build/Objects-normal/arm64/SwiftUISnapshotTesting.SwiftFileList -DSWIFT_PACKAGE -DDEBUG -DSWIFT_MODULE_RESOURCE_BUNDLE_UNAVAILABLE -DXcode -plugin-path /Applications/Xcode-27.0.0.app/Contents/Developer/Toolchains/XcodeDefault.xctoolchain/usr/lib/swift/host/plugins/testing -enable-experimental-feature DebugDescriptionMacro -sdk /Applications/Xcode-27.0.0.app/Contents/Developer/Platforms/WatchOS.platform/Developer/SDKs/WatchOS27.0.sdk -target arm64-apple-watchos9.0 -g -module-cache-path /Users/admin/builder/spi-builder-workspace/.derivedData/ModuleCache.noindex -Xfrontend -serialize-debugging-options -profile-coverage-mapping -profile-generate -enable-testing -index-store-path /Users/admin/builder/spi-builder-workspace/.derivedData/Index.noindex/DataStore -Xcc -D_LIBCPP_HARDENING_MODE\=_LIBCPP_HARDENING_MODE_DEBUG -swift-version 6 -I /Users/admin/builder/spi-builder-workspace/.derivedData/Build/Products/Debug-watchos -Isystem /Applications/Xcode-27.0.0.app/Contents/Developer/Platforms/WatchOS.platform/Developer/usr/lib -F /Users/admin/builder/spi-builder-workspace/.derivedData/Build/Products/Debug-watchos/PackageFrameworks -F /Users/admin/builder/spi-builder-workspace/.derivedData/Build/Products/Debug-watchos -F /Applications/Xcode-27.0.0.app/Contents/Developer/Platforms/WatchOS.platform/Developer/Library/Frameworks -F /Applications/Xcode-27.0.0.app/Contents/Developer/Platforms/WatchOS.platform/Developer/SDKs/WatchOS27.0.sdk/Developer/Library/Frameworks -c -j10 -enable-batch-mode -incremental -Xcc -ivfsstatcache -Xcc /Users/admin/builder/spi-builder-workspace/.derivedData/SDKStatCaches.noindex/watchos27.0-24R360-e829b21a6f8c9b70876ba0858053c044b9db9bc9c079ee3c7b5f3373b13d10bc.sdkstatcache -output-file-map /Users/admin/builder/spi-builder-workspace/.derivedData/Build/Intermediates.noindex/SwiftUISnapshotTesting.build/Debug-watchos/SwiftUISnapshotTesting-t.build/Objects-normal/arm64/SwiftUISnapshotTesting-OutputFileMap.json -save-temps -no-color-diagnostics -explicit-module-build -module-cache-path /Users/admin/builder/spi-builder-workspace/.derivedData/Build/Intermediates.noindex/SwiftExplicitPrecompiledModules -clang-scanner-module-cache-path /Users/admin/builder/spi-builder-workspace/.derivedData/ModuleCache.noindex -sdk-module-cache-path /Users/admin/builder/spi-builder-workspace/.derivedData/SDKExplicitPrecompiledModules -emit-dependencies -emit-module -emit-module-path /Users/admin/builder/spi-builder-workspace/.derivedData/Build/Intermediates.noindex/SwiftUISnapshotTesting.build/Debug-watchos/SwiftUISnapshotTesting-t.build/Objects-normal/arm64/SwiftUISnapshotTesting.swiftmodule -serialize-diagnostics -dependency-scan-serialize-diagnostics-path /Users/admin/builder/spi-builder-workspace/.derivedData/Build/Intermediates.noindex/SwiftUISnapshotTesting.build/Debug-watchos/SwiftUISnapshotTesting-t.build/Objects-normal/arm64/SwiftUISnapshotTesting-dependency-scan.dia -validate-clang-modules-once -clang-build-session-file /Users/admin/builder/spi-builder-workspace/.derivedData/ModuleCache.noindex/Session.modulevalidation -Xcc -fmodules-prune-interval\=86400 -Xcc -fmodules-prune-after\=345600 -package-name spi_builder_workspace -emit-const-values -const-gather-protocols-list /Users/admin/builder/spi-builder-workspace/.derivedData/Build/Intermediates.noindex/SwiftUISnapshotTesting.build/Debug-watchos/SwiftUISnapshotTesting-t.build/Objects-normal/arm64/SwiftUISnapshotTesting_const_extract_protocols.json -Xcc -I/Users/admin/builder/spi-builder-workspace/.derivedData/Build/Products/Debug-watchos/include -Xcc -I/Users/admin/builder/spi-builder-workspace/.derivedData/Build/Intermediates.noindex/SwiftUISnapshotTesting.build/Debug-watchos/SwiftUISnapshotTesting-t.build/DerivedSources-normal/arm64 -Xcc -I/Users/admin/builder/spi-builder-workspace/.derivedData/Build/Intermediates.noindex/SwiftUISnapshotTesting.build/Debug-watchos/SwiftUISnapshotTesting-t.build/DerivedSources/arm64 -Xcc -I/Users/admin/builder/spi-builder-workspace/.derivedData/Build/Intermediates.noindex/SwiftUISnapshotTesting.build/Debug-watchos/SwiftUISnapshotTesting-t.build/DerivedSources -Xcc -DSWIFT_PACKAGE -Xcc -DDEBUG\=1 -emit-objc-header -emit-objc-header-path /Users/admin/builder/spi-builder-workspace/.derivedData/Build/Intermediates.noindex/SwiftUISnapshotTesting.build/Debug-watchos/SwiftUISnapshotTesting-t.build/Objects-normal/arm64/SwiftUISnapshotTesting-Swift.h -working-directory /Users/admin/builder/spi-builder-workspace/.swiftpm/xcode -experimental-emit-module-separately -disable-cmo
SwiftDriver SwiftUISnapshotTesting normal arm64_32 com.apple.xcode.tools.swift.compiler (in target 'SwiftUISnapshotTesting' from project 'SwiftUISnapshotTesting')
cd /Users/admin/builder/spi-builder-workspace/.swiftpm/xcode
builtin-SwiftDriver -- /Applications/Xcode-27.0.0.app/Contents/Developer/Toolchains/XcodeDefault.xctoolchain/usr/bin/swiftc -parse-as-library -module-name SwiftUISnapshotTesting -Onone @/Users/admin/builder/spi-builder-workspace/.derivedData/Build/Intermediates.noindex/SwiftUISnapshotTesting.build/Debug-watchos/SwiftUISnapshotTesting-t.build/Objects-normal/arm64_32/SwiftUISnapshotTesting.SwiftFileList -DSWIFT_PACKAGE -DDEBUG -DSWIFT_MODULE_RESOURCE_BUNDLE_UNAVAILABLE -DXcode -plugin-path /Applications/Xcode-27.0.0.app/Contents/Developer/Toolchains/XcodeDefault.xctoolchain/usr/lib/swift/host/plugins/testing -enable-experimental-feature DebugDescriptionMacro -sdk /Applications/Xcode-27.0.0.app/Contents/Developer/Platforms/WatchOS.platform/Developer/SDKs/WatchOS27.0.sdk -target arm64_32-apple-watchos9.0 -g -module-cache-path /Users/admin/builder/spi-builder-workspace/.derivedData/ModuleCache.noindex -Xfrontend -serialize-debugging-options -profile-coverage-mapping -profile-generate -enable-testing -index-store-path /Users/admin/builder/spi-builder-workspace/.derivedData/Index.noindex/DataStore -Xcc -D_LIBCPP_HARDENING_MODE\=_LIBCPP_HARDENING_MODE_DEBUG -swift-version 6 -I /Users/admin/builder/spi-builder-workspace/.derivedData/Build/Products/Debug-watchos -Isystem /Applications/Xcode-27.0.0.app/Contents/Developer/Platforms/WatchOS.platform/Developer/usr/lib -F /Users/admin/builder/spi-builder-workspace/.derivedData/Build/Products/Debug-watchos/PackageFrameworks -F /Users/admin/builder/spi-builder-workspace/.derivedData/Build/Products/Debug-watchos -F /Applications/Xcode-27.0.0.app/Contents/Developer/Platforms/WatchOS.platform/Developer/Library/Frameworks -F /Applications/Xcode-27.0.0.app/Contents/Developer/Platforms/WatchOS.platform/Developer/SDKs/WatchOS27.0.sdk/Developer/Library/Frameworks -c -j10 -enable-batch-mode -incremental -Xcc -ivfsstatcache -Xcc /Users/admin/builder/spi-builder-workspace/.derivedData/SDKStatCaches.noindex/watchos27.0-24R360-e829b21a6f8c9b70876ba0858053c044b9db9bc9c079ee3c7b5f3373b13d10bc.sdkstatcache -output-file-map /Users/admin/builder/spi-builder-workspace/.derivedData/Build/Intermediates.noindex/SwiftUISnapshotTesting.build/Debug-watchos/SwiftUISnapshotTesting-t.build/Objects-normal/arm64_32/SwiftUISnapshotTesting-OutputFileMap.json -save-temps -no-color-diagnostics -explicit-module-build -module-cache-path /Users/admin/builder/spi-builder-workspace/.derivedData/Build/Intermediates.noindex/SwiftExplicitPrecompiledModules -clang-scanner-module-cache-path /Users/admin/builder/spi-builder-workspace/.derivedData/ModuleCache.noindex -sdk-module-cache-path /Users/admin/builder/spi-builder-workspace/.derivedData/SDKExplicitPrecompiledModules -emit-dependencies -emit-module -emit-module-path /Users/admin/builder/spi-builder-workspace/.derivedData/Build/Intermediates.noindex/SwiftUISnapshotTesting.build/Debug-watchos/SwiftUISnapshotTesting-t.build/Objects-normal/arm64_32/SwiftUISnapshotTesting.swiftmodule -serialize-diagnostics -dependency-scan-serialize-diagnostics-path /Users/admin/builder/spi-builder-workspace/.derivedData/Build/Intermediates.noindex/SwiftUISnapshotTesting.build/Debug-watchos/SwiftUISnapshotTesting-t.build/Objects-normal/arm64_32/SwiftUISnapshotTesting-dependency-scan.dia -validate-clang-modules-once -clang-build-session-file /Users/admin/builder/spi-builder-workspace/.derivedData/ModuleCache.noindex/Session.modulevalidation -Xcc -fmodules-prune-interval\=86400 -Xcc -fmodules-prune-after\=345600 -package-name spi_builder_workspace -emit-const-values -const-gather-protocols-list /Users/admin/builder/spi-builder-workspace/.derivedData/Build/Intermediates.noindex/SwiftUISnapshotTesting.build/Debug-watchos/SwiftUISnapshotTesting-t.build/Objects-normal/arm64_32/SwiftUISnapshotTesting_const_extract_protocols.json -Xcc -I/Users/admin/builder/spi-builder-workspace/.derivedData/Build/Products/Debug-watchos/include -Xcc -I/Users/admin/builder/spi-builder-workspace/.derivedData/Build/Intermediates.noindex/SwiftUISnapshotTesting.build/Debug-watchos/SwiftUISnapshotTesting-t.build/DerivedSources-normal/arm64_32 -Xcc -I/Users/admin/builder/spi-builder-workspace/.derivedData/Build/Intermediates.noindex/SwiftUISnapshotTesting.build/Debug-watchos/SwiftUISnapshotTesting-t.build/DerivedSources/arm64_32 -Xcc -I/Users/admin/builder/spi-builder-workspace/.derivedData/Build/Intermediates.noindex/SwiftUISnapshotTesting.build/Debug-watchos/SwiftUISnapshotTesting-t.build/DerivedSources -Xcc -DSWIFT_PACKAGE -Xcc -DDEBUG\=1 -emit-objc-header -emit-objc-header-path /Users/admin/builder/spi-builder-workspace/.derivedData/Build/Intermediates.noindex/SwiftUISnapshotTesting.build/Debug-watchos/SwiftUISnapshotTesting-t.build/Objects-normal/arm64_32/SwiftUISnapshotTesting-Swift.h -working-directory /Users/admin/builder/spi-builder-workspace/.swiftpm/xcode -experimental-emit-module-separately -disable-cmo
SwiftDriverJobDiscovery normal arm64 Compiling Diffing.swift, Wait.swift, Deprecations.swift, RecordIssue.swift (in target 'SnapshotTesting' from project 'swift-snapshot-testing')
SwiftDriverJobDiscovery normal arm64_32 Compiling Diffing.swift, Wait.swift, Deprecations.swift, RecordIssue.swift (in target 'SnapshotTesting' from project 'swift-snapshot-testing')
SwiftExplicitDependencyGeneratePcm arm64 /Users/admin/builder/spi-builder-workspace/.derivedData/SDKExplicitPrecompiledModules/SwiftShims-D5RMRWG63RILSKWQ5872PCQT2.pcm
SwiftExplicitDependencyGeneratePcm arm64 /Users/admin/builder/spi-builder-workspace/.derivedData/SDKExplicitPrecompiledModules/ptrcheck-2FDVY6UR0H40GBA6U2HDPB8SM.pcm
SwiftExplicitDependencyGeneratePcm arm64 /Users/admin/builder/spi-builder-workspace/.derivedData/SDKExplicitPrecompiledModules/DeveloperToolsSupport-3A24UJC4NRK1KTKOC3ZZKBC85.pcm
SwiftExplicitDependencyGeneratePcm arm64 /Users/admin/builder/spi-builder-workspace/.derivedData/SDKExplicitPrecompiledModules/_Builtin_stdbool-EIIY79CJBKY0CNDO2RQTENME.pcm
SwiftExplicitDependencyGeneratePcm arm64 /Users/admin/builder/spi-builder-workspace/.derivedData/SDKExplicitPrecompiledModules/_SwiftConcurrencyShims-2Q4BGBV41YFU7T8ZZ1LYOHHM8.pcm
SwiftDriverJobDiscovery normal arm64_32 Compiling AssertSnapshot.swift, Async.swift, Internal.swift, PlistEncoder.swift (in target 'SnapshotTesting' from project 'swift-snapshot-testing')
SwiftExplicitDependencyGeneratePcm arm64_32 /Users/admin/builder/spi-builder-workspace/.derivedData/SDKExplicitPrecompiledModules/_Builtin_float-BJZXUCJSIX9PRVEKM14BGMJVY.pcm
SwiftExplicitDependencyGeneratePcm arm64_32 /Users/admin/builder/spi-builder-workspace/.derivedData/SDKExplicitPrecompiledModules/DeveloperToolsSupport-2SDLA0C7KKCYWP8CD7XVQTHPR.pcm
SwiftExplicitDependencyGeneratePcm arm64_32 /Users/admin/builder/spi-builder-workspace/.derivedData/SDKExplicitPrecompiledModules/_AvailabilityInternal-BQQUK8V8SWJHTHJSVFJK2AKWW.pcm
SwiftExplicitDependencyGeneratePcm arm64_32 /Users/admin/builder/spi-builder-workspace/.derivedData/SDKExplicitPrecompiledModules/SwiftShims-4MNCVKZ1HKINJ0ZSNUCRO6CZ8.pcm
SwiftExplicitDependencyGeneratePcm arm64_32 /Users/admin/builder/spi-builder-workspace/.derivedData/SDKExplicitPrecompiledModules/_Builtin_stdbool-DHPYJAMN6KTVWD1S31Z90I6C9.pcm
SwiftExplicitDependencyGeneratePcm arm64_32 /Users/admin/builder/spi-builder-workspace/.derivedData/SDKExplicitPrecompiledModules/_SwiftConcurrencyShims-AOFF2AEQJRI8DA66TEQ347NE7.pcm
SwiftDriverJobDiscovery normal arm64_32 Compiling SwiftUIView.swift, UIBezierPath.swift, UIImage.swift (in target 'SnapshotTesting' from project 'swift-snapshot-testing')
SwiftExplicitDependencyGeneratePcm arm64_32 /Users/admin/builder/spi-builder-workspace/.derivedData/SDKExplicitPrecompiledModules/_Builtin_stddef-8VT85WZQKGACA68JZ07TP0Y0J.pcm
SwiftDriverJobDiscovery normal arm64 Compiling SnapshotTestingConfiguration.swift, SnapshotsTestTrait.swift, Snapshotting.swift, Any.swift (in target 'SnapshotTesting' from project 'swift-snapshot-testing')
SwiftExplicitDependencyGeneratePcm arm64 /Users/admin/builder/spi-builder-workspace/.derivedData/SDKExplicitPrecompiledModules/ptrauth-75D2Q69SEU6TW661FC9T39G5T.pcm
SwiftExplicitDependencyGeneratePcm arm64 /Users/admin/builder/spi-builder-workspace/.derivedData/SDKExplicitPrecompiledModules/_Builtin_stdarg-ES3WE6BADGYLJ1IBGV298L0ED.pcm
SwiftExplicitDependencyGeneratePcm arm64 /Users/admin/builder/spi-builder-workspace/.derivedData/SDKExplicitPrecompiledModules/_Builtin_stddef-8XIMPUPOCEKW43OJT6UFVW8YW.pcm
SwiftExplicitDependencyGeneratePcm arm64_32 /Users/admin/builder/spi-builder-workspace/.derivedData/SDKExplicitPrecompiledModules/ptrauth-88RK1G9DAGJXQFP1AN1WL17RR.pcm
SwiftExplicitDependencyGeneratePcm arm64_32 /Users/admin/builder/spi-builder-workspace/.derivedData/SDKExplicitPrecompiledModules/_Builtin_stdarg-102WX5NAUESOXIXJSPGYHVM9S.pcm
SwiftExplicitDependencyGeneratePcm arm64 /Users/admin/builder/spi-builder-workspace/.derivedData/SDKExplicitPrecompiledModules/_Builtin_float-5MBXF8DKVHQBRUJNM16KVMIQC.pcm
SwiftDriverJobDiscovery normal arm64_32 Compiling SnapshotTestingConfiguration.swift, SnapshotsTestTrait.swift, Snapshotting.swift, Any.swift (in target 'SnapshotTesting' from project 'swift-snapshot-testing')
SwiftExplicitDependencyGeneratePcm arm64_32 /Users/admin/builder/spi-builder-workspace/.derivedData/SDKExplicitPrecompiledModules/ptrcheck-D11ZNSDYZRFEJJA53KWXZ702P.pcm
SwiftExplicitDependencyGeneratePcm arm64 /Users/admin/builder/spi-builder-workspace/.derivedData/SDKExplicitPrecompiledModules/_AvailabilityInternal-F1LNUT9MK1HRUMT1GHZHQ1RLU.pcm
SwiftDriver\ Compilation SnapshotTesting normal arm64_32 com.apple.xcode.tools.swift.compiler (in target 'SnapshotTesting' from project 'swift-snapshot-testing')
cd /Users/admin/builder/spi-builder-workspace/.swiftpm/xcode
builtin-Swift-Compilation -- /Applications/Xcode-27.0.0.app/Contents/Developer/Toolchains/XcodeDefault.xctoolchain/usr/bin/swiftc -parse-as-library -module-name SnapshotTesting -Onone @/Users/admin/builder/spi-builder-workspace/.derivedData/Build/Intermediates.noindex/swift-snapshot-testing.build/Debug-watchos/SnapshotTesting-t.build/Objects-normal/arm64_32/SnapshotTesting.SwiftFileList -DSWIFT_PACKAGE -DDEBUG -DSWIFT_MODULE_RESOURCE_BUNDLE_UNAVAILABLE -DXcode -plugin-path /Applications/Xcode-27.0.0.app/Contents/Developer/Toolchains/XcodeDefault.xctoolchain/usr/lib/swift/host/plugins/testing -enable-experimental-feature DebugDescriptionMacro -sdk /Applications/Xcode-27.0.0.app/Contents/Developer/Platforms/WatchOS.platform/Developer/SDKs/WatchOS27.0.sdk -target arm64_32-apple-watchos9.0 -g -module-cache-path /Users/admin/builder/spi-builder-workspace/.derivedData/ModuleCache.noindex -Xfrontend -serialize-debugging-options -profile-coverage-mapping -profile-generate -enable-testing -suppress-warnings -index-store-path /Users/admin/builder/spi-builder-workspace/.derivedData/Index.noindex/DataStore -Xcc -D_LIBCPP_HARDENING_MODE\=_LIBCPP_HARDENING_MODE_DEBUG -swift-version 5 -I /Users/admin/builder/spi-builder-workspace/.derivedData/Build/Products/Debug-watchos -Isystem /Applications/Xcode-27.0.0.app/Contents/Developer/Platforms/WatchOS.platform/Developer/usr/lib -F /Users/admin/builder/spi-builder-workspace/.derivedData/Build/Products/Debug-watchos -F /Applications/Xcode-27.0.0.app/Contents/Developer/Platforms/WatchOS.platform/Developer/Library/Frameworks -F /Applications/Xcode-27.0.0.app/Contents/Developer/Platforms/WatchOS.platform/Developer/SDKs/WatchOS27.0.sdk/Developer/Library/Frameworks -c -j10 -enable-batch-mode -incremental -Xcc -ivfsstatcache -Xcc /Users/admin/builder/spi-builder-workspace/.derivedData/SDKStatCaches.noindex/watchos27.0-24R360-e829b21a6f8c9b70876ba0858053c044b9db9bc9c079ee3c7b5f3373b13d10bc.sdkstatcache -output-file-map /Users/admin/builder/spi-builder-workspace/.derivedData/Build/Intermediates.noindex/swift-snapshot-testing.build/Debug-watchos/SnapshotTesting-t.build/Objects-normal/arm64_32/SnapshotTesting-OutputFileMap.json -save-temps -no-color-diagnostics -explicit-module-build -module-cache-path /Users/admin/builder/spi-builder-workspace/.derivedData/Build/Intermediates.noindex/SwiftExplicitPrecompiledModules -clang-scanner-module-cache-path /Users/admin/builder/spi-builder-workspace/.derivedData/ModuleCache.noindex -sdk-module-cache-path /Users/admin/builder/spi-builder-workspace/.derivedData/SDKExplicitPrecompiledModules -emit-dependencies -emit-module -emit-module-path /Users/admin/builder/spi-builder-workspace/.derivedData/Build/Intermediates.noindex/swift-snapshot-testing.build/Debug-watchos/SnapshotTesting-t.build/Objects-normal/arm64_32/SnapshotTesting.swiftmodule -serialize-diagnostics -dependency-scan-serialize-diagnostics-path /Users/admin/builder/spi-builder-workspace/.derivedData/Build/Intermediates.noindex/swift-snapshot-testing.build/Debug-watchos/SnapshotTesting-t.build/Objects-normal/arm64_32/SnapshotTesting-dependency-scan.dia -user-module-version 1.19.6 -validate-clang-modules-once -clang-build-session-file /Users/admin/builder/spi-builder-workspace/.derivedData/ModuleCache.noindex/Session.modulevalidation -Xcc -fmodules-prune-interval\=86400 -Xcc -fmodules-prune-after\=345600 -package-name swift_snapshot_testing -emit-const-values -const-gather-protocols-list /Users/admin/builder/spi-builder-workspace/.derivedData/Build/Intermediates.noindex/swift-snapshot-testing.build/Debug-watchos/SnapshotTesting-t.build/Objects-normal/arm64_32/SnapshotTesting_const_extract_protocols.json -Xcc -I/Users/admin/builder/spi-builder-workspace/.derivedData/Build/Products/Debug-watchos/include -Xcc -I/Users/admin/builder/spi-builder-workspace/.derivedData/Build/Intermediates.noindex/swift-snapshot-testing.build/Debug-watchos/SnapshotTesting-t.build/DerivedSources-normal/arm64_32 -Xcc -I/Users/admin/builder/spi-builder-workspace/.derivedData/Build/Intermediates.noindex/swift-snapshot-testing.build/Debug-watchos/SnapshotTesting-t.build/DerivedSources/arm64_32 -Xcc -I/Users/admin/builder/spi-builder-workspace/.derivedData/Build/Intermediates.noindex/swift-snapshot-testing.build/Debug-watchos/SnapshotTesting-t.build/DerivedSources -Xcc -DSWIFT_PACKAGE -Xcc -DDEBUG\=1 -emit-objc-header -emit-objc-header-path /Users/admin/builder/spi-builder-workspace/.derivedData/Build/Intermediates.noindex/swift-snapshot-testing.build/Debug-watchos/SnapshotTesting-t.build/Objects-normal/arm64_32/SnapshotTesting-Swift.h -working-directory /Users/admin/builder/spi-builder-workspace/.swiftpm/xcode -experimental-emit-module-separately -disable-cmo
Ld /Users/admin/builder/spi-builder-workspace/.derivedData/Build/Intermediates.noindex/swift-snapshot-testing.build/Debug-watchos/SnapshotTesting-t.build/Objects-normal/arm64_32/Binary/SnapshotTesting.o normal arm64_32 (in target 'SnapshotTesting' from project 'swift-snapshot-testing')
cd /Users/admin/builder/spi-builder-workspace/.dependencies/checkouts/swift-snapshot-testing
/Applications/Xcode-27.0.0.app/Contents/Developer/Toolchains/XcodeDefault.xctoolchain/usr/bin/clang -Xlinker -reproducible -target arm64_32-apple-watchos9.0 -r -isysroot /Applications/Xcode-27.0.0.app/Contents/Developer/Platforms/WatchOS.platform/Developer/SDKs/WatchOS27.0.sdk -O0 -w -Xlinker -no_warn_duplicate_libraries -F/Users/admin/builder/spi-builder-workspace/.derivedData/Build/Intermediates.noindex/EagerLinkingTBDs/Debug-watchos -F/Users/admin/builder/spi-builder-workspace/.derivedData/Build/Products/Debug-watchos -iframework /Applications/Xcode-27.0.0.app/Contents/Developer/Platforms/WatchOS.platform/Developer/Library/Frameworks -iframework /Applications/Xcode-27.0.0.app/Contents/Developer/Platforms/WatchOS.platform/Developer/SDKs/WatchOS27.0.sdk/Developer/Library/Frameworks -filelist /Users/admin/builder/spi-builder-workspace/.derivedData/Build/Intermediates.noindex/swift-snapshot-testing.build/Debug-watchos/SnapshotTesting-t.build/Objects-normal/arm64_32/SnapshotTesting.LinkFileList -nostdlib -Xlinker -object_path_lto -Xlinker /Users/admin/builder/spi-builder-workspace/.derivedData/Build/Intermediates.noindex/swift-snapshot-testing.build/Debug-watchos/SnapshotTesting-t.build/Objects-normal/arm64_32/SnapshotTesting_lto.o -Xlinker -no_deduplicate -Xlinker -debug_variant -Xlinker -dependency_info -Xlinker /Users/admin/builder/spi-builder-workspace/.derivedData/Build/Intermediates.noindex/swift-snapshot-testing.build/Debug-watchos/SnapshotTesting-t.build/Objects-normal/arm64_32/SnapshotTesting_dependency_info.dat -fobjc-link-runtime -L/Applications/Xcode-27.0.0.app/Contents/Developer/Toolchains/XcodeDefault.xctoolchain/usr/lib/swift/watchos -L/usr/lib/swift -Xlinker -add_ast_path -Xlinker /Users/admin/builder/spi-builder-workspace/.derivedData/Build/Intermediates.noindex/swift-snapshot-testing.build/Debug-watchos/SnapshotTesting-t.build/Objects-normal/arm64_32/SnapshotTesting.swiftmodule -o /Users/admin/builder/spi-builder-workspace/.derivedData/Build/Intermediates.noindex/swift-snapshot-testing.build/Debug-watchos/SnapshotTesting-t.build/Objects-normal/arm64_32/Binary/SnapshotTesting.o
SwiftExplicitDependencyGeneratePcm arm64_32 /Users/admin/builder/spi-builder-workspace/.derivedData/SDKExplicitPrecompiledModules/_DarwinFoundation1-88RVECTIWIA3ZONBBWQIW1DJZ.pcm
SwiftDriverJobDiscovery normal arm64 Compiling AssertSnapshot.swift, Async.swift, Internal.swift, PlistEncoder.swift (in target 'SnapshotTesting' from project 'swift-snapshot-testing')
SwiftExplicitDependencyGeneratePcm arm64 /Users/admin/builder/spi-builder-workspace/.derivedData/SDKExplicitPrecompiledModules/_DarwinFoundation1-C5AXMEYDFVMWI0AXBXZS13K0J.pcm
SwiftDriverJobDiscovery normal arm64 Compiling SwiftUIView.swift, UIBezierPath.swift, UIImage.swift (in target 'SnapshotTesting' from project 'swift-snapshot-testing')
SwiftDriver\ Compilation SnapshotTesting normal arm64 com.apple.xcode.tools.swift.compiler (in target 'SnapshotTesting' from project 'swift-snapshot-testing')
cd /Users/admin/builder/spi-builder-workspace/.swiftpm/xcode
builtin-Swift-Compilation -- /Applications/Xcode-27.0.0.app/Contents/Developer/Toolchains/XcodeDefault.xctoolchain/usr/bin/swiftc -parse-as-library -module-name SnapshotTesting -Onone @/Users/admin/builder/spi-builder-workspace/.derivedData/Build/Intermediates.noindex/swift-snapshot-testing.build/Debug-watchos/SnapshotTesting-t.build/Objects-normal/arm64/SnapshotTesting.SwiftFileList -DSWIFT_PACKAGE -DDEBUG -DSWIFT_MODULE_RESOURCE_BUNDLE_UNAVAILABLE -DXcode -plugin-path /Applications/Xcode-27.0.0.app/Contents/Developer/Toolchains/XcodeDefault.xctoolchain/usr/lib/swift/host/plugins/testing -enable-experimental-feature DebugDescriptionMacro -sdk /Applications/Xcode-27.0.0.app/Contents/Developer/Platforms/WatchOS.platform/Developer/SDKs/WatchOS27.0.sdk -target arm64-apple-watchos9.0 -g -module-cache-path /Users/admin/builder/spi-builder-workspace/.derivedData/ModuleCache.noindex -Xfrontend -serialize-debugging-options -profile-coverage-mapping -profile-generate -enable-testing -suppress-warnings -index-store-path /Users/admin/builder/spi-builder-workspace/.derivedData/Index.noindex/DataStore -Xcc -D_LIBCPP_HARDENING_MODE\=_LIBCPP_HARDENING_MODE_DEBUG -swift-version 5 -I /Users/admin/builder/spi-builder-workspace/.derivedData/Build/Products/Debug-watchos -Isystem /Applications/Xcode-27.0.0.app/Contents/Developer/Platforms/WatchOS.platform/Developer/usr/lib -F /Users/admin/builder/spi-builder-workspace/.derivedData/Build/Products/Debug-watchos -F /Applications/Xcode-27.0.0.app/Contents/Developer/Platforms/WatchOS.platform/Developer/Library/Frameworks -F /Applications/Xcode-27.0.0.app/Contents/Developer/Platforms/WatchOS.platform/Developer/SDKs/WatchOS27.0.sdk/Developer/Library/Frameworks -c -j10 -enable-batch-mode -incremental -Xcc -ivfsstatcache -Xcc /Users/admin/builder/spi-builder-workspace/.derivedData/SDKStatCaches.noindex/watchos27.0-24R360-e829b21a6f8c9b70876ba0858053c044b9db9bc9c079ee3c7b5f3373b13d10bc.sdkstatcache -output-file-map /Users/admin/builder/spi-builder-workspace/.derivedData/Build/Intermediates.noindex/swift-snapshot-testing.build/Debug-watchos/SnapshotTesting-t.build/Objects-normal/arm64/SnapshotTesting-OutputFileMap.json -save-temps -no-color-diagnostics -explicit-module-build -module-cache-path /Users/admin/builder/spi-builder-workspace/.derivedData/Build/Intermediates.noindex/SwiftExplicitPrecompiledModules -clang-scanner-module-cache-path /Users/admin/builder/spi-builder-workspace/.derivedData/ModuleCache.noindex -sdk-module-cache-path /Users/admin/builder/spi-builder-workspace/.derivedData/SDKExplicitPrecompiledModules -emit-dependencies -emit-module -emit-module-path /Users/admin/builder/spi-builder-workspace/.derivedData/Build/Intermediates.noindex/swift-snapshot-testing.build/Debug-watchos/SnapshotTesting-t.build/Objects-normal/arm64/SnapshotTesting.swiftmodule -serialize-diagnostics -dependency-scan-serialize-diagnostics-path /Users/admin/builder/spi-builder-workspace/.derivedData/Build/Intermediates.noindex/swift-snapshot-testing.build/Debug-watchos/SnapshotTesting-t.build/Objects-normal/arm64/SnapshotTesting-dependency-scan.dia -user-module-version 1.19.6 -validate-clang-modules-once -clang-build-session-file /Users/admin/builder/spi-builder-workspace/.derivedData/ModuleCache.noindex/Session.modulevalidation -Xcc -fmodules-prune-interval\=86400 -Xcc -fmodules-prune-after\=345600 -package-name swift_snapshot_testing -emit-const-values -const-gather-protocols-list /Users/admin/builder/spi-builder-workspace/.derivedData/Build/Intermediates.noindex/swift-snapshot-testing.build/Debug-watchos/SnapshotTesting-t.build/Objects-normal/arm64/SnapshotTesting_const_extract_protocols.json -Xcc -I/Users/admin/builder/spi-builder-workspace/.derivedData/Build/Products/Debug-watchos/include -Xcc -I/Users/admin/builder/spi-builder-workspace/.derivedData/Build/Intermediates.noindex/swift-snapshot-testing.build/Debug-watchos/SnapshotTesting-t.build/DerivedSources-normal/arm64 -Xcc -I/Users/admin/builder/spi-builder-workspace/.derivedData/Build/Intermediates.noindex/swift-snapshot-testing.build/Debug-watchos/SnapshotTesting-t.build/DerivedSources/arm64 -Xcc -I/Users/admin/builder/spi-builder-workspace/.derivedData/Build/Intermediates.noindex/swift-snapshot-testing.build/Debug-watchos/SnapshotTesting-t.build/DerivedSources -Xcc -DSWIFT_PACKAGE -Xcc -DDEBUG\=1 -emit-objc-header -emit-objc-header-path /Users/admin/builder/spi-builder-workspace/.derivedData/Build/Intermediates.noindex/swift-snapshot-testing.build/Debug-watchos/SnapshotTesting-t.build/Objects-normal/arm64/SnapshotTesting-Swift.h -working-directory /Users/admin/builder/spi-builder-workspace/.swiftpm/xcode -experimental-emit-module-separately -disable-cmo
Ld /Users/admin/builder/spi-builder-workspace/.derivedData/Build/Intermediates.noindex/swift-snapshot-testing.build/Debug-watchos/SnapshotTesting-t.build/Objects-normal/arm64/Binary/SnapshotTesting.o normal arm64 (in target 'SnapshotTesting' from project 'swift-snapshot-testing')
cd /Users/admin/builder/spi-builder-workspace/.dependencies/checkouts/swift-snapshot-testing
/Applications/Xcode-27.0.0.app/Contents/Developer/Toolchains/XcodeDefault.xctoolchain/usr/bin/clang -Xlinker -reproducible -target arm64-apple-watchos9.0 -r -isysroot /Applications/Xcode-27.0.0.app/Contents/Developer/Platforms/WatchOS.platform/Developer/SDKs/WatchOS27.0.sdk -O0 -w -Xlinker -no_warn_duplicate_libraries -F/Users/admin/builder/spi-builder-workspace/.derivedData/Build/Intermediates.noindex/EagerLinkingTBDs/Debug-watchos -F/Users/admin/builder/spi-builder-workspace/.derivedData/Build/Products/Debug-watchos -iframework /Applications/Xcode-27.0.0.app/Contents/Developer/Platforms/WatchOS.platform/Developer/Library/Frameworks -iframework /Applications/Xcode-27.0.0.app/Contents/Developer/Platforms/WatchOS.platform/Developer/SDKs/WatchOS27.0.sdk/Developer/Library/Frameworks -filelist /Users/admin/builder/spi-builder-workspace/.derivedData/Build/Intermediates.noindex/swift-snapshot-testing.build/Debug-watchos/SnapshotTesting-t.build/Objects-normal/arm64/SnapshotTesting.LinkFileList -nostdlib -Xlinker -object_path_lto -Xlinker /Users/admin/builder/spi-builder-workspace/.derivedData/Build/Intermediates.noindex/swift-snapshot-testing.build/Debug-watchos/SnapshotTesting-t.build/Objects-normal/arm64/SnapshotTesting_lto.o -Xlinker -no_deduplicate -Xlinker -debug_variant -Xlinker -dependency_info -Xlinker /Users/admin/builder/spi-builder-workspace/.derivedData/Build/Intermediates.noindex/swift-snapshot-testing.build/Debug-watchos/SnapshotTesting-t.build/Objects-normal/arm64/SnapshotTesting_dependency_info.dat -fobjc-link-runtime -L/Applications/Xcode-27.0.0.app/Contents/Developer/Toolchains/XcodeDefault.xctoolchain/usr/lib/swift/watchos -L/usr/lib/swift -Xlinker -add_ast_path -Xlinker /Users/admin/builder/spi-builder-workspace/.derivedData/Build/Intermediates.noindex/swift-snapshot-testing.build/Debug-watchos/SnapshotTesting-t.build/Objects-normal/arm64/SnapshotTesting.swiftmodule -o /Users/admin/builder/spi-builder-workspace/.derivedData/Build/Intermediates.noindex/swift-snapshot-testing.build/Debug-watchos/SnapshotTesting-t.build/Objects-normal/arm64/Binary/SnapshotTesting.o
SwiftExplicitDependencyGeneratePcm arm64_32 /Users/admin/builder/spi-builder-workspace/.derivedData/SDKExplicitPrecompiledModules/_DarwinFoundation2-44ZJFO85HR0BJ749M999B8LPA.pcm
SwiftExplicitDependencyGeneratePcm arm64_32 /Users/admin/builder/spi-builder-workspace/.derivedData/SDKExplicitPrecompiledModules/_Builtin_limits-C136SD3CEQ3KB0CFUK32YJB19.pcm
CreateUniversalBinary /Users/admin/builder/spi-builder-workspace/.derivedData/Build/Products/Debug-watchos/SnapshotTesting.o normal arm64\ arm64_32 (in target 'SnapshotTesting' from project 'swift-snapshot-testing')
cd /Users/admin/builder/spi-builder-workspace/.dependencies/checkouts/swift-snapshot-testing
/Applications/Xcode-27.0.0.app/Contents/Developer/Toolchains/XcodeDefault.xctoolchain/usr/bin/lipo -create /Users/admin/builder/spi-builder-workspace/.derivedData/Build/Intermediates.noindex/swift-snapshot-testing.build/Debug-watchos/SnapshotTesting-t.build/Objects-normal/arm64/Binary/SnapshotTesting.o /Users/admin/builder/spi-builder-workspace/.derivedData/Build/Intermediates.noindex/swift-snapshot-testing.build/Debug-watchos/SnapshotTesting-t.build/Objects-normal/arm64_32/Binary/SnapshotTesting.o -output /Users/admin/builder/spi-builder-workspace/.derivedData/Build/Products/Debug-watchos/SnapshotTesting.o
SwiftExplicitDependencyGeneratePcm arm64 /Users/admin/builder/spi-builder-workspace/.derivedData/SDKExplicitPrecompiledModules/_DarwinFoundation2-NYVMEQYGHBE0ZIL3ZJZSOEY1.pcm
SwiftExplicitDependencyGeneratePcm arm64 /Users/admin/builder/spi-builder-workspace/.derivedData/SDKExplicitPrecompiledModules/_Builtin_limits-D5KOXTTAIGWXE3DL0Q1NI089X.pcm
ExtractAppIntentsMetadata (in target 'SnapshotTesting' from project 'swift-snapshot-testing')
cd /Users/admin/builder/spi-builder-workspace/.dependencies/checkouts/swift-snapshot-testing
/Applications/Xcode-27.0.0.app/Contents/Developer/Toolchains/XcodeDefault.xctoolchain/usr/bin/appintentsmetadataprocessor --toolchain-dir /var/run/com.apple.security.cryptexd/mnt/com.apple.MobileAsset.MetalToolchain-v27.1.266.1.gtAH3Y/Metal.xctoolchain --module-name SnapshotTesting --sdk-root /Applications/Xcode-27.0.0.app/Contents/Developer/Platforms/WatchOS.platform/Developer/SDKs/WatchOS27.0.sdk --xcode-version 27A266a --platform-family watchOS --deployment-target 9.0 --bundle-identifier swift-snapshot-testing.SnapshotTesting --output /Users/admin/builder/spi-builder-workspace/.derivedData/Build/Products/Debug-watchos/SnapshotTesting.appintents --target-triple arm64-apple-watchos9.0 --target-triple arm64_32-apple-watchos9.0 --binary-file /Users/admin/builder/spi-builder-workspace/.derivedData/Build/Products/Debug-watchos/SnapshotTesting.o --dependency-file /Users/admin/builder/spi-builder-workspace/.derivedData/Build/Intermediates.noindex/swift-snapshot-testing.build/Debug-watchos/SnapshotTesting-t.build/Objects-normal/arm64/SnapshotTesting_dependency_info.dat --dependency-file /Users/admin/builder/spi-builder-workspace/.derivedData/Build/Intermediates.noindex/swift-snapshot-testing.build/Debug-watchos/SnapshotTesting-t.build/Objects-normal/arm64_32/SnapshotTesting_dependency_info.dat --stringsdata-file /Users/admin/builder/spi-builder-workspace/.derivedData/Build/Intermediates.noindex/swift-snapshot-testing.build/Debug-watchos/SnapshotTesting-t.build/Objects-normal/arm64/ExtractedAppShortcutsMetadata.stringsdata --stringsdata-file /Users/admin/builder/spi-builder-workspace/.derivedData/Build/Intermediates.noindex/swift-snapshot-testing.build/Debug-watchos/SnapshotTesting-t.build/Objects-normal/arm64_32/ExtractedAppShortcutsMetadata.stringsdata --source-file-list /Users/admin/builder/spi-builder-workspace/.derivedData/Build/Intermediates.noindex/swift-snapshot-testing.build/Debug-watchos/SnapshotTesting-t.build/Objects-normal/arm64/SnapshotTesting.SwiftFileList --source-file-list /Users/admin/builder/spi-builder-workspace/.derivedData/Build/Intermediates.noindex/swift-snapshot-testing.build/Debug-watchos/SnapshotTesting-t.build/Objects-normal/arm64_32/SnapshotTesting.SwiftFileList --metadata-file-list /Users/admin/builder/spi-builder-workspace/.derivedData/Build/Intermediates.noindex/swift-snapshot-testing.build/Debug-watchos/SnapshotTesting-t.build/SnapshotTesting.DependencyMetadataFileList --static-metadata-file-list /Users/admin/builder/spi-builder-workspace/.derivedData/Build/Intermediates.noindex/swift-snapshot-testing.build/Debug-watchos/SnapshotTesting-t.build/SnapshotTesting.DependencyStaticMetadataFileList --swift-const-vals-list /Users/admin/builder/spi-builder-workspace/.derivedData/Build/Intermediates.noindex/swift-snapshot-testing.build/Debug-watchos/SnapshotTesting-t.build/Objects-normal/arm64/SnapshotTesting.SwiftConstValuesFileList --swift-const-vals-list /Users/admin/builder/spi-builder-workspace/.derivedData/Build/Intermediates.noindex/swift-snapshot-testing.build/Debug-watchos/SnapshotTesting-t.build/Objects-normal/arm64_32/SnapshotTesting.SwiftConstValuesFileList --force --compile-time-extraction --deployment-aware-processing --no-app-shortcuts-localization
2026-10-10 02:55:34.977 appintentsmetadataprocessor[1063:5950] Starting appintentsmetadataprocessor export
2026-10-10 02:55:35.074 appintentsmetadataprocessor[1063:5950] Extracted no relevant App Intents symbols, skipping writing output
SwiftExplicitDependencyGeneratePcm arm64_32 /Users/admin/builder/spi-builder-workspace/.derivedData/SDKExplicitPrecompiledModules/string_h-5JIQF7F6QR5PADS6CIIQIXRFW.pcm
SwiftExplicitDependencyGeneratePcm arm64_32 /Users/admin/builder/spi-builder-workspace/.derivedData/SDKExplicitPrecompiledModules/sys_types-C3M5EX2O95KRM34PBYN44HPBI.pcm
SwiftExplicitDependencyGeneratePcm arm64_32 /Users/admin/builder/spi-builder-workspace/.derivedData/SDKExplicitPrecompiledModules/_Builtin_stdint-2Z10U0EB6591SMUSD1HCK6PI.pcm
SwiftExplicitDependencyGeneratePcm arm64_32 /Users/admin/builder/spi-builder-workspace/.derivedData/SDKExplicitPrecompiledModules/_Builtin_tgmath-9EIX6C0B946AJ5BO3J3W0E8YL.pcm
SwiftExplicitDependencyGeneratePcm arm64 /Users/admin/builder/spi-builder-workspace/.derivedData/SDKExplicitPrecompiledModules/_Builtin_stdint-74NMYF5YUKK9X44SQHE76VBIQ.pcm
SwiftExplicitDependencyGeneratePcm arm64 /Users/admin/builder/spi-builder-workspace/.derivedData/SDKExplicitPrecompiledModules/string_h-4CSQOUX7AGTYYYGKC8M276OI9.pcm
SwiftExplicitDependencyGeneratePcm arm64 /Users/admin/builder/spi-builder-workspace/.derivedData/SDKExplicitPrecompiledModules/sys_types-ASTFSZ1DRYRY331XT4Z9KV73D.pcm
SwiftExplicitDependencyGeneratePcm arm64 /Users/admin/builder/spi-builder-workspace/.derivedData/SDKExplicitPrecompiledModules/_Builtin_tgmath-1OJ1CVZRD1MGSKTENEG2SEKB2.pcm
SwiftExplicitDependencyGeneratePcm arm64_32 /Users/admin/builder/spi-builder-workspace/.derivedData/SDKExplicitPrecompiledModules/_Builtin_intrinsics-959O5MVSMXRGS5ARHGPSM2J7C.pcm
SwiftExplicitDependencyGeneratePcm arm64_32 /Users/admin/builder/spi-builder-workspace/.derivedData/SDKExplicitPrecompiledModules/_Builtin_stdatomic-70890TXYRZ5DZ1JPU2XCV4YSX.pcm
SwiftExplicitDependencyGeneratePcm arm64_32 /Users/admin/builder/spi-builder-workspace/.derivedData/SDKExplicitPrecompiledModules/_DarwinFoundation3-F4AQTMWJJP4FVAZ08SHRNZXAM.pcm
SwiftExplicitDependencyGeneratePcm arm64 /Users/admin/builder/spi-builder-workspace/.derivedData/SDKExplicitPrecompiledModules/_Builtin_intrinsics-AQBT3I3HZ6WQLHM0XJXAYR4R2.pcm
SwiftExplicitDependencyGeneratePcm arm64 /Users/admin/builder/spi-builder-workspace/.derivedData/SDKExplicitPrecompiledModules/_Builtin_stdatomic-DFKZ8ZOUW5YM8P1GLT1U424GY.pcm
SwiftExplicitDependencyGeneratePcm arm64 /Users/admin/builder/spi-builder-workspace/.derivedData/SDKExplicitPrecompiledModules/_DarwinFoundation3-ANTW1ITQ0J9JQTH8BRFBZWI1Q.pcm
SwiftExplicitDependencyGeneratePcm arm64_32 /Users/admin/builder/spi-builder-workspace/.derivedData/SDKExplicitPrecompiledModules/_Builtin_inttypes-BMQHYJQS69SCBJY3RFS64DBTV.pcm
SwiftExplicitDependencyGeneratePcm arm64 /Users/admin/builder/spi-builder-workspace/.derivedData/SDKExplicitPrecompiledModules/_Builtin_inttypes-6I92U55H5N26FLV9VYV8R3I6O.pcm
SwiftExplicitDependencyGeneratePcm arm64_32 /Users/admin/builder/spi-builder-workspace/.derivedData/SDKExplicitPrecompiledModules/Darwin-7UEVD02CQP1PVIKBVFQ49O3SD.pcm
SwiftExplicitDependencyGeneratePcm arm64 /Users/admin/builder/spi-builder-workspace/.derivedData/SDKExplicitPrecompiledModules/Darwin-98ESD9QN5COC9NNCABFONVFP8.pcm
SwiftExplicitDependencyGeneratePcm arm64_32 /Users/admin/builder/spi-builder-workspace/.derivedData/SDKExplicitPrecompiledModules/simd-AF64M5Z1H71R1EGNAU05UY87.pcm
SwiftExplicitDependencyGeneratePcm arm64 /Users/admin/builder/spi-builder-workspace/.derivedData/SDKExplicitPrecompiledModules/simd-528GTDMDKZMZXSDX30KY5IDV3.pcm
SwiftExplicitDependencyGeneratePcm arm64_32 /Users/admin/builder/spi-builder-workspace/.derivedData/SDKExplicitPrecompiledModules/ObjectiveC-AJI1K6ZMESMAXDSQ8OKHJ72H7.pcm
SwiftExplicitDependencyGeneratePcm arm64_32 /Users/admin/builder/spi-builder-workspace/.derivedData/SDKExplicitPrecompiledModules/MachO-ACR45N7ZFEL35O7PB2TVKQT6F.pcm
SwiftExplicitDependencyGeneratePcm arm64 /Users/admin/builder/spi-builder-workspace/.derivedData/SDKExplicitPrecompiledModules/MachO-15FQ9M0VC0V1FL7TPT2R7Q0R4.pcm
SwiftExplicitDependencyGeneratePcm arm64 /Users/admin/builder/spi-builder-workspace/.derivedData/SDKExplicitPrecompiledModules/ObjectiveC-DV0JE3OUNWO3O3UE1N347RY55.pcm
SwiftExplicitDependencyGeneratePcm arm64_32 /Users/admin/builder/spi-builder-workspace/.derivedData/SDKExplicitPrecompiledModules/os_object-5TY9JM8WCIDWZD1H148JEBV2F.pcm
SwiftExplicitDependencyCompileModuleFromInterface arm64_32 /Users/admin/builder/spi-builder-workspace/.derivedData/Build/Intermediates.noindex/SwiftExplicitPrecompiledModules/Testing-2P0NNCADH8GHH.swiftmodule
SwiftExplicitDependencyGeneratePcm arm64 /Users/admin/builder/spi-builder-workspace/.derivedData/SDKExplicitPrecompiledModules/os_object-1JFESJBLQUD4RS3VL4N1KYEDU.pcm
SwiftExplicitDependencyCompileModuleFromInterface arm64 /Users/admin/builder/spi-builder-workspace/.derivedData/Build/Intermediates.noindex/SwiftExplicitPrecompiledModules/Testing-333RADZJWK828.swiftmodule
SwiftExplicitDependencyGeneratePcm arm64_32 /Users/admin/builder/spi-builder-workspace/.derivedData/SDKExplicitPrecompiledModules/os_workgroup-LKX7LZYC1IUZO27QQLWUANJE.pcm
SwiftExplicitDependencyGeneratePcm arm64 /Users/admin/builder/spi-builder-workspace/.derivedData/SDKExplicitPrecompiledModules/os_workgroup-65XNBX18CBCXC0KTSN0M6UNVT.pcm
SwiftExplicitDependencyGeneratePcm arm64_32 /Users/admin/builder/spi-builder-workspace/.derivedData/SDKExplicitPrecompiledModules/Spatial-8KUW3XOM48SC4KMH7TC7PGQBL.pcm
SwiftExplicitDependencyGeneratePcm arm64_32 /Users/admin/builder/spi-builder-workspace/.derivedData/SDKExplicitPrecompiledModules/Dispatch-7K60THHWK3C851QMSWUUEEC2Q.pcm
SwiftExplicitDependencyGeneratePcm arm64 /Users/admin/builder/spi-builder-workspace/.derivedData/SDKExplicitPrecompiledModules/Dispatch-6D65D6EIW4AHX08JGF4J74MV9.pcm
SwiftExplicitDependencyGeneratePcm arm64 /Users/admin/builder/spi-builder-workspace/.derivedData/SDKExplicitPrecompiledModules/Spatial-9MID3YIH729B1WBR3BU8WEG1D.pcm
SwiftExplicitDependencyGeneratePcm arm64_32 /Users/admin/builder/spi-builder-workspace/.derivedData/SDKExplicitPrecompiledModules/XPC-CZIZYD8A7DCOUWGZRQ4DKZKSL.pcm
SwiftExplicitDependencyGeneratePcm arm64 /Users/admin/builder/spi-builder-workspace/.derivedData/SDKExplicitPrecompiledModules/XPC-46U120GB61ZMOBIJJ669AYIXF.pcm
SwiftExplicitDependencyGeneratePcm arm64_32 /Users/admin/builder/spi-builder-workspace/.derivedData/SDKExplicitPrecompiledModules/CoreFoundation-89G5WX03B78NXYKER48PGSMVI.pcm
SwiftExplicitDependencyGeneratePcm arm64 /Users/admin/builder/spi-builder-workspace/.derivedData/SDKExplicitPrecompiledModules/CoreFoundation-8MLEPC68IRDBIK6YTJL7DNZH.pcm
SwiftExplicitDependencyGeneratePcm arm64_32 /Users/admin/builder/spi-builder-workspace/.derivedData/SDKExplicitPrecompiledModules/os-3K8UZAZIRDUH91EOFIWCRRSEM.pcm
SwiftExplicitDependencyGeneratePcm arm64 /Users/admin/builder/spi-builder-workspace/.derivedData/SDKExplicitPrecompiledModules/os-2GDYECRIKV7Q8I9SYTO8ZHGYP.pcm
SwiftExplicitDependencyGeneratePcm arm64_32 /Users/admin/builder/spi-builder-workspace/.derivedData/SDKExplicitPrecompiledModules/CoreAudioTypes-EH46BW0N9TQAFAM658KAXI2HK.pcm
SwiftExplicitDependencyGeneratePcm arm64_32 /Users/admin/builder/spi-builder-workspace/.derivedData/SDKExplicitPrecompiledModules/CoreServices-48NZOH39EH4X3S3QX781K8KHY.pcm
SwiftExplicitDependencyGeneratePcm arm64_32 /Users/admin/builder/spi-builder-workspace/.derivedData/SDKExplicitPrecompiledModules/Security-C9W0029I4749M0FMG9UVPZUKU.pcm
SwiftExplicitDependencyGeneratePcm arm64_32 /Users/admin/builder/spi-builder-workspace/.derivedData/SDKExplicitPrecompiledModules/CoreGraphics-46XFDT15OA1UMAVA4P068AUXB.pcm
SwiftExplicitDependencyGeneratePcm arm64 /Users/admin/builder/spi-builder-workspace/.derivedData/SDKExplicitPrecompiledModules/CoreGraphics-5PBZKZGKBP8I3OSEUDR963CHA.pcm
SwiftExplicitDependencyGeneratePcm arm64 /Users/admin/builder/spi-builder-workspace/.derivedData/SDKExplicitPrecompiledModules/CoreAudioTypes-6S9P9W0OZSKT9SWE5WTT2ZKG7.pcm
SwiftExplicitDependencyGeneratePcm arm64 /Users/admin/builder/spi-builder-workspace/.derivedData/SDKExplicitPrecompiledModules/CoreServices-RO6RFS3UMOPMAH88PNMDYVOA.pcm
SwiftExplicitDependencyGeneratePcm arm64 /Users/admin/builder/spi-builder-workspace/.derivedData/SDKExplicitPrecompiledModules/Security-B8EWSEMP4Z3IE155A3ILBKM2V.pcm
SwiftExplicitDependencyGeneratePcm arm64 /Users/admin/builder/spi-builder-workspace/.derivedData/SDKExplicitPrecompiledModules/CoreAudio-AG4UGUIQ2S3L92SD9AJ5MTPM6.pcm
SwiftExplicitDependencyGeneratePcm arm64_32 /Users/admin/builder/spi-builder-workspace/.derivedData/SDKExplicitPrecompiledModules/CoreAudio-1D85LQBU32G9DAVFVJDRIIKVU.pcm
SwiftExplicitDependencyGeneratePcm arm64_32 /Users/admin/builder/spi-builder-workspace/.derivedData/SDKExplicitPrecompiledModules/Foundation-63KC4JQT5I8XAZ72WSG0A8C35.pcm
SwiftExplicitDependencyGeneratePcm arm64 /Users/admin/builder/spi-builder-workspace/.derivedData/SDKExplicitPrecompiledModules/Foundation-93OAIR4R5IDN1SU1A5KNY63PA.pcm
SwiftExplicitDependencyGeneratePcm arm64 /Users/admin/builder/spi-builder-workspace/.derivedData/SDKExplicitPrecompiledModules/CoreText-C2OMK34E5UWXOOMMXM462Q23U.pcm
SwiftExplicitDependencyGeneratePcm arm64 /Users/admin/builder/spi-builder-workspace/.derivedData/SDKExplicitPrecompiledModules/CoreVideo-44ANF38Y9COF9WNQ4Z4TVH3HT.pcm
SwiftExplicitDependencyGeneratePcm arm64_32 /Users/admin/builder/spi-builder-workspace/.derivedData/SDKExplicitPrecompiledModules/CoreVideo-982R0MIIT4QZ7CNNYJRWDCVJZ.pcm
SwiftExplicitDependencyGeneratePcm arm64_32 /Users/admin/builder/spi-builder-workspace/.derivedData/SDKExplicitPrecompiledModules/CoreText-9SR0QSHMJLFSEX1SQHTJKGSL5.pcm
SwiftExplicitDependencyGeneratePcm arm64 /Users/admin/builder/spi-builder-workspace/.derivedData/SDKExplicitPrecompiledModules/CoreMedia-67TS8991WTJ4DNEII1DNQ0M3U.pcm
SwiftExplicitDependencyGeneratePcm arm64_32 /Users/admin/builder/spi-builder-workspace/.derivedData/SDKExplicitPrecompiledModules/CoreMedia-DIRRX6DLEO5M2R4N3ZWIHNQD4.pcm
SwiftExplicitDependencyGeneratePcm arm64 /Users/admin/builder/spi-builder-workspace/.derivedData/SDKExplicitPrecompiledModules/UIUtilities-7ZIMMCI52YM1PP54E6HPMAX8Z.pcm
SwiftExplicitDependencyGeneratePcm arm64 /Users/admin/builder/spi-builder-workspace/.derivedData/SDKExplicitPrecompiledModules/CoreTransferable-CUPPADLUY13ZK3BQZ1IYC67D4.pcm
SwiftExplicitDependencyGeneratePcm arm64 /Users/admin/builder/spi-builder-workspace/.derivedData/SDKExplicitPrecompiledModules/_LocationEssentials-AC3H2STDUT9P96FJO6DV48PNP.pcm
SwiftExplicitDependencyCompileModuleFromInterface arm64 /Users/admin/builder/spi-builder-workspace/.derivedData/Build/Intermediates.noindex/SwiftExplicitPrecompiledModules/_Testing_Foundation-11JPRLARWPCIK.swiftmodule
SwiftExplicitDependencyGeneratePcm arm64 /Users/admin/builder/spi-builder-workspace/.derivedData/SDKExplicitPrecompiledModules/OSLog-BTXJQEK6BKB6NQOIYRYP0MQYB.pcm
SwiftExplicitDependencyGeneratePcm arm64 /Users/admin/builder/spi-builder-workspace/.derivedData/SDKExplicitPrecompiledModules/UniformTypeIdentifiers-3ROI8ZFKQNP9FEJCLTAB3G3S6.pcm
SwiftExplicitDependencyGeneratePcm arm64_32 /Users/admin/builder/spi-builder-workspace/.derivedData/SDKExplicitPrecompiledModules/_LocationEssentials-BCQ50OBW7GBDX1MPTAFKD09AZ.pcm
SwiftExplicitDependencyGeneratePcm arm64_32 /Users/admin/builder/spi-builder-workspace/.derivedData/SDKExplicitPrecompiledModules/UIUtilities-CGRQYRG51XDGM33ZVEWF0FZ35.pcm
SwiftExplicitDependencyGeneratePcm arm64 /Users/admin/builder/spi-builder-workspace/.derivedData/SDKExplicitPrecompiledModules/Accessibility-3TNHG64JB39D1D5QZ377QJNC6.pcm
SwiftExplicitDependencyGeneratePcm arm64 /Users/admin/builder/spi-builder-workspace/.derivedData/SDKExplicitPrecompiledModules/CoreData-3CN8KB1YOLM0QLFHRWY1TM0I4.pcm
SwiftExplicitDependencyGeneratePcm arm64_32 /Users/admin/builder/spi-builder-workspace/.derivedData/SDKExplicitPrecompiledModules/UserNotifications-1PEWVA01YZLKTDUKQR5CHG2WA.pcm
SwiftExplicitDependencyGeneratePcm arm64_32 /Users/admin/builder/spi-builder-workspace/.derivedData/SDKExplicitPrecompiledModules/CoreTransferable-1U3A73F7D5AKXVOWIDJ9BE6E5.pcm
SwiftExplicitDependencyGeneratePcm arm64_32 /Users/admin/builder/spi-builder-workspace/.derivedData/SDKExplicitPrecompiledModules/Accessibility-DIBKN45VPPKZ23QP6RIRRS0J.pcm
SwiftExplicitDependencyGeneratePcm arm64_32 /Users/admin/builder/spi-builder-workspace/.derivedData/SDKExplicitPrecompiledModules/QuartzCore-B38JYPKZ9JJSZZH09PD93UYGH.pcm
SwiftExplicitDependencyGeneratePcm arm64_32 /Users/admin/builder/spi-builder-workspace/.derivedData/SDKExplicitPrecompiledModules/Symbols-2ENRG72YSQC7AWU0CD2G85VCR.pcm
SwiftExplicitDependencyGeneratePcm arm64_32 /Users/admin/builder/spi-builder-workspace/.derivedData/SDKExplicitPrecompiledModules/CoreLocation-9AQCUG84MXK7QRA19UHUZ7COW.pcm
SwiftExplicitDependencyGeneratePcm arm64_32 /Users/admin/builder/spi-builder-workspace/.derivedData/SDKExplicitPrecompiledModules/UniformTypeIdentifiers-7HPV1K0BFGWF49HRB05L12Y0G.pcm
SwiftExplicitDependencyCompileModuleFromInterface arm64 /Users/admin/builder/spi-builder-workspace/.derivedData/Build/Intermediates.noindex/SwiftExplicitPrecompiledModules/_Testing_CoreGraphics-3OMHTMGM6RNL6.swiftmodule
SwiftExplicitDependencyGeneratePcm arm64_32 /Users/admin/builder/spi-builder-workspace/.derivedData/SDKExplicitPrecompiledModules/DataDetection-2T8L1HB9S7KDCI3ZEAASNGW3.pcm
SwiftExplicitDependencyGeneratePcm arm64_32 /Users/admin/builder/spi-builder-workspace/.derivedData/SDKExplicitPrecompiledModules/SceneKit-8B7HHHTQ2WX4UCJPGYJNHAZXO.pcm
SwiftExplicitDependencyGeneratePcm arm64 /Users/admin/builder/spi-builder-workspace/.derivedData/SDKExplicitPrecompiledModules/UserNotifications-2AO17R2GNRDA2OMZ5W8PY02MP.pcm
SwiftExplicitDependencyCompileModuleFromInterface arm64_32 /Users/admin/builder/spi-builder-workspace/.derivedData/Build/Intermediates.noindex/SwiftExplicitPrecompiledModules/_Testing_Foundation-25064MZABQGUL.swiftmodule
SwiftExplicitDependencyGeneratePcm arm64 /Users/admin/builder/spi-builder-workspace/.derivedData/SDKExplicitPrecompiledModules/SceneKit-3DCWNSWKMHXAPF5B6UTK4HEM0.pcm
SwiftExplicitDependencyGeneratePcm arm64_32 /Users/admin/builder/spi-builder-workspace/.derivedData/SDKExplicitPrecompiledModules/OSLog-9Y6C28FUSEHZ0VUUKF2HBOUOC.pcm
SwiftExplicitDependencyGeneratePcm arm64 /Users/admin/builder/spi-builder-workspace/.derivedData/SDKExplicitPrecompiledModules/QuartzCore-3NILGGAZ5TSVKY4F7DWF68I34.pcm
SwiftExplicitDependencyGeneratePcm arm64_32 /Users/admin/builder/spi-builder-workspace/.derivedData/SDKExplicitPrecompiledModules/CoreData-6Y9HVIU7TWJCVTQD1ZWWIXODI.pcm
SwiftExplicitDependencyCompileModuleFromInterface arm64_32 /Users/admin/builder/spi-builder-workspace/.derivedData/Build/Intermediates.noindex/SwiftExplicitPrecompiledModules/_Testing_CoreGraphics-26TTUS1750KSM.swiftmodule
SwiftExplicitDependencyGeneratePcm arm64 /Users/admin/builder/spi-builder-workspace/.derivedData/SDKExplicitPrecompiledModules/Symbols-9X6U62JAYVGTYK6610D3S514E.pcm
SwiftExplicitDependencyGeneratePcm arm64_32 /Users/admin/builder/spi-builder-workspace/.derivedData/SDKExplicitPrecompiledModules/CoreMotion-3JCK5DO7QLO4DSQD87NSMN3FO.pcm
SwiftExplicitDependencyGeneratePcm arm64_32 /Users/admin/builder/spi-builder-workspace/.derivedData/SDKExplicitPrecompiledModules/SwiftUICore-UYWG2UM50SUK6GUT85OJGGGU.pcm
SwiftExplicitDependencyGeneratePcm arm64 /Users/admin/builder/spi-builder-workspace/.derivedData/SDKExplicitPrecompiledModules/DataDetection-BU5I7ELEWG639KG0N6MNLXFNO.pcm
SwiftExplicitDependencyGeneratePcm arm64 /Users/admin/builder/spi-builder-workspace/.derivedData/SDKExplicitPrecompiledModules/CoreLocation-CT7IO6D7J2ZQGMTWKD2YA5BLV.pcm
SwiftExplicitDependencyGeneratePcm arm64 /Users/admin/builder/spi-builder-workspace/.derivedData/SDKExplicitPrecompiledModules/SwiftUICore-NS6C80YTAE6CMPAZ003V82QV.pcm
SwiftExplicitDependencyGeneratePcm arm64_32 /Users/admin/builder/spi-builder-workspace/.derivedData/SDKExplicitPrecompiledModules/UIKit-4XONMD0BX0LMIR90AS1OF9IWL.pcm
SwiftExplicitDependencyGeneratePcm arm64 /Users/admin/builder/spi-builder-workspace/.derivedData/SDKExplicitPrecompiledModules/CoreMotion-2LM13SKZR55U3ZSU2B92ETH7E.pcm
SwiftExplicitDependencyGeneratePcm arm64 /Users/admin/builder/spi-builder-workspace/.derivedData/SDKExplicitPrecompiledModules/UIKit-3NXNXJMGTIGLSPCUMJYECGUT2.pcm
SwiftExplicitDependencyCompileModuleFromInterface arm64_32 /Users/admin/builder/spi-builder-workspace/.derivedData/Build/Intermediates.noindex/SwiftExplicitPrecompiledModules/_Testing_UIKit-XOAEH3E2C494.swiftmodule
SwiftExplicitDependencyGeneratePcm arm64_32 /Users/admin/builder/spi-builder-workspace/.derivedData/SDKExplicitPrecompiledModules/MapKit-4QHO9971BNK7Z8ZV3IM0Z8JHM.pcm
SwiftExplicitDependencyGeneratePcm arm64_32 /Users/admin/builder/spi-builder-workspace/.derivedData/SDKExplicitPrecompiledModules/HomeKit-3G28JPRBYVFDNVGP3N1AJIRON.pcm
SwiftExplicitDependencyGeneratePcm arm64_32 /Users/admin/builder/spi-builder-workspace/.derivedData/Build/Intermediates.noindex/SwiftExplicitPrecompiledModules/XCUIAutomation-8GYOFGFLX45S5ZLOR7B4SIGSA.pcm
SwiftExplicitDependencyGeneratePcm arm64_32 /Users/admin/builder/spi-builder-workspace/.derivedData/Build/Intermediates.noindex/SwiftExplicitPrecompiledModules/XCTest-7XU5NITC5E2UHAPX23TTIBMHU.pcm
SwiftExplicitDependencyCompileModuleFromInterface arm64_32 /Users/admin/builder/spi-builder-workspace/.derivedData/Build/Intermediates.noindex/SwiftExplicitPrecompiledModules/XCUIAutomation-1QC406N6F995J.swiftmodule
SwiftExplicitDependencyGeneratePcm arm64 /Users/admin/builder/spi-builder-workspace/.derivedData/SDKExplicitPrecompiledModules/HomeKit-828DN93JSOQ52ZA4QA4J38CD.pcm
SwiftExplicitDependencyGeneratePcm arm64 /Users/admin/builder/spi-builder-workspace/.derivedData/Build/Intermediates.noindex/SwiftExplicitPrecompiledModules/XCUIAutomation-CZRXBT38GCWY79C37OV092VLY.pcm
SwiftExplicitDependencyGeneratePcm arm64 /Users/admin/builder/spi-builder-workspace/.derivedData/SDKExplicitPrecompiledModules/MapKit-CY0HYXY78Y7MKX7HHJKLHZHSE.pcm
SwiftExplicitDependencyCompileModuleFromInterface arm64 /Users/admin/builder/spi-builder-workspace/.derivedData/Build/Intermediates.noindex/SwiftExplicitPrecompiledModules/_Testing_UIKit-30HOYCZM1YRWZ.swiftmodule
SwiftExplicitDependencyGeneratePcm arm64_32 /Users/admin/builder/spi-builder-workspace/.derivedData/SDKExplicitPrecompiledModules/WatchKit-52R8D796YDUMWDJVUEFB445DC.pcm
SwiftExplicitDependencyGeneratePcm arm64 /Users/admin/builder/spi-builder-workspace/.derivedData/Build/Intermediates.noindex/SwiftExplicitPrecompiledModules/XCTest-9LSJJVZ6HP0V6121ISZGUJTAW.pcm
SwiftExplicitDependencyCompileModuleFromInterface arm64 /Users/admin/builder/spi-builder-workspace/.derivedData/Build/Intermediates.noindex/SwiftExplicitPrecompiledModules/XCUIAutomation-2HVHRULD67KOM.swiftmodule
SwiftExplicitDependencyCompileModuleFromInterface arm64_32 /Users/admin/builder/spi-builder-workspace/.derivedData/Build/Intermediates.noindex/SwiftExplicitPrecompiledModules/XCTest-1Q73BEF3Q59BI.swiftmodule
SwiftExplicitDependencyGeneratePcm arm64 /Users/admin/builder/spi-builder-workspace/.derivedData/SDKExplicitPrecompiledModules/WatchKit-BO78WUD7ZRCBRY95H7ENJBBSS.pcm
SwiftExplicitDependencyGeneratePcm arm64_32 /Users/admin/builder/spi-builder-workspace/.derivedData/SDKExplicitPrecompiledModules/SwiftUI-1RR011ILX8M637U24HKCUKH2G.pcm
SwiftExplicitDependencyCompileModuleFromInterface arm64 /Users/admin/builder/spi-builder-workspace/.derivedData/Build/Intermediates.noindex/SwiftExplicitPrecompiledModules/XCTest-131YNXZCV8I23.swiftmodule
SwiftExplicitDependencyGeneratePcm arm64 /Users/admin/builder/spi-builder-workspace/.derivedData/SDKExplicitPrecompiledModules/SwiftUI-50RGMSU3855RUN43JPITBT2Y9.pcm
SwiftCompile normal arm64_32 Compiling\ Snapshotting+NSImage.swift /Users/admin/builder/spi-builder-workspace/Sources/Snapshotting+NSImage.swift (in target 'SwiftUISnapshotTesting' from project 'SwiftUISnapshotTesting')
SwiftCompile normal arm64_32 /Users/admin/builder/spi-builder-workspace/Sources/Snapshotting+NSImage.swift (in target 'SwiftUISnapshotTesting' from project 'SwiftUISnapshotTesting')
cd /Users/admin/builder/spi-builder-workspace/.swiftpm/xcode
builtin-SwiftPerFileCompile Snapshotting+NSImage.swift
SwiftCompile normal arm64_32 Compiling\ Render.swift /Users/admin/builder/spi-builder-workspace/Sources/Render.swift (in target 'SwiftUISnapshotTesting' from project 'SwiftUISnapshotTesting')
SwiftCompile normal arm64_32 /Users/admin/builder/spi-builder-workspace/Sources/Render.swift (in target 'SwiftUISnapshotTesting' from project 'SwiftUISnapshotTesting')
cd /Users/admin/builder/spi-builder-workspace/.swiftpm/xcode
builtin-SwiftPerFileCompile Render.swift
SwiftEmitModule normal arm64_32 Emitting\ module\ for\ SwiftUISnapshotTesting (in target 'SwiftUISnapshotTesting' from project 'SwiftUISnapshotTesting')
/Users/admin/builder/spi-builder-workspace/Sources/Expression.swift:22:17: error: 'CACurrentMediaTime()' is unavailable in watchOS
20 | }
21 | }
22 | let start = CACurrentMediaTime()
| `- error: 'CACurrentMediaTime()' is unavailable in watchOS
23 | let status = ExpressionStatus()
24 | while await !status.isFulfilled, CACurrentMediaTime() - start < timeout {
/Applications/Xcode-27.0.0.app/Contents/Developer/Platforms/WatchOS.platform/Developer/SDKs/WatchOS27.0.sdk/System/Library/Frameworks/QuartzCore.framework/Headers/CABase.h:127:26: note: 'CACurrentMediaTime()' has been explicitly marked unavailable here
125 | * calling mach_absolute_time () and converting the units to seconds. */
126 |
127 | CA_EXTERN CFTimeInterval CACurrentMediaTime (void)
| `- note: 'CACurrentMediaTime()' has been explicitly marked unavailable here
128 | API_AVAILABLE(macos(10.5), ios(2.0)) API_UNAVAILABLE(watchos);
129 |
/Users/admin/builder/spi-builder-workspace/Sources/Expression.swift:24:38: error: 'CACurrentMediaTime()' is unavailable in watchOS
22 | let start = CACurrentMediaTime()
23 | let status = ExpressionStatus()
24 | while await !status.isFulfilled, CACurrentMediaTime() - start < timeout {
| `- error: 'CACurrentMediaTime()' is unavailable in watchOS
25 | await Task.yield()
26 | let task = Task<Bool, Error> { @MainActor in
/Applications/Xcode-27.0.0.app/Contents/Developer/Platforms/WatchOS.platform/Developer/SDKs/WatchOS27.0.sdk/System/Library/Frameworks/QuartzCore.framework/Headers/CABase.h:127:26: note: 'CACurrentMediaTime()' has been explicitly marked unavailable here
125 | * calling mach_absolute_time () and converting the units to seconds. */
126 |
127 | CA_EXTERN CFTimeInterval CACurrentMediaTime (void)
| `- note: 'CACurrentMediaTime()' has been explicitly marked unavailable here
128 | API_AVAILABLE(macos(10.5), ios(2.0)) API_UNAVAILABLE(watchos);
129 |
/Users/admin/builder/spi-builder-workspace/Sources/Expression.swift:29:9: warning: unstructured throwing task created by 'init(name:priority:operation:)' is not used, which may accidentally ignore errors thrown inside the task [#NoUseUnstructuredThrowingTask]
27 | return try await expression()
28 | }
29 | Task { [status] in
| |- warning: unstructured throwing task created by 'init(name:priority:operation:)' is not used, which may accidentally ignore errors thrown inside the task [#NoUseUnstructuredThrowingTask]
| `- note: to silence this warning, handle the error inside the task, or store/discard the task value explicitly
30 | try await Task.sleep(for: .seconds(timeout))
31 | if await !status.isFulfilled {
/Users/admin/builder/spi-builder-workspace/Sources/Snapshot.swift:81:42: error: cannot find type 'NSImage' in scope
79 | @MainActor
80 | public func assertSnapshot(
81 | image: @autoclosure () throws -> NSImage,
| `- error: cannot find type 'NSImage' in scope
82 | named name: String? = nil,
83 | record recording: Bool? = nil,
[#NoUseUnstructuredThrowingTask]: <https://docs.swift.org/compiler/documentation/diagnostics/no-use-throwing-unstructured-task>
Failed frontend command:
/Applications/Xcode-27.0.0.app/Contents/Developer/Toolchains/XcodeDefault.xctoolchain/usr/bin/swift-frontend -frontend -emit-module -experimental-skip-non-inlinable-function-bodies-without-types /Users/admin/builder/spi-builder-workspace/Sources/Expression.swift /Users/admin/builder/spi-builder-workspace/Sources/MacOSSnapshot.swift /Users/admin/builder/spi-builder-workspace/Sources/Platform.swift /Users/admin/builder/spi-builder-workspace/Sources/RegionalImageComparison.swift /Users/admin/builder/spi-builder-workspace/Sources/RegionalImageSnapshotting.swift /Users/admin/builder/spi-builder-workspace/Sources/Render.swift /Users/admin/builder/spi-builder-workspace/Sources/Snapshot.swift /Users/admin/builder/spi-builder-workspace/Sources/Snapshotting+NSImage.swift /Users/admin/builder/spi-builder-workspace/Sources/Snapshotting+UIImage.swift -target arm64_32-apple-watchos9.0 -module-can-import-version UIKit 9127.0.84.1 9127.0.84 -disable-cross-import-overlay-search -swift-module-cross-import Testing /Applications/Xcode-27.0.0.app/Contents/Developer/Platforms/WatchOS.platform/Developer/Library/Frameworks/Testing.framework/Modules/Testing.swiftcrossimport/CoreGraphics.swiftoverlay -swift-module-cross-import Testing /Applications/Xcode-27.0.0.app/Contents/Developer/Platforms/WatchOS.platform/Developer/Library/Frameworks/Testing.framework/Modules/Testing.swiftcrossimport/CoreTransferable.swiftoverlay -swift-module-cross-import Testing /Applications/Xcode-27.0.0.app/Contents/Developer/Platforms/WatchOS.platform/Developer/Library/Frameworks/Testing.framework/Modules/Testing.swiftcrossimport/Foundation.swiftoverlay -swift-module-cross-import Testing /Applications/Xcode-27.0.0.app/Contents/Developer/Platforms/WatchOS.platform/Developer/Library/Frameworks/Testing.framework/Modules/Testing.swiftcrossimport/UIKit.swiftoverlay -load-resolved-plugin /Applications/Xcode-27.0.0.app/Contents/Developer/Platforms/WatchOS.platform/Developer/usr/lib/swift/host/plugins/libFoundationMacros.dylib\#/Applications/Xcode-27.0.0.app/Contents/Developer/Platforms/WatchOS.platform/Developer/usr/bin/swift-plugin-server\#FoundationMacros -load-resolved-plugin /Applications/Xcode-27.0.0.app/Contents/Developer/Platforms/WatchOS.platform/Developer/usr/lib/swift/host/plugins/libObservationMacros.dylib\#/Applications/Xcode-27.0.0.app/Contents/Developer/Platforms/WatchOS.platform/Developer/usr/bin/swift-plugin-server\#ObservationMacros -load-resolved-plugin /Applications/Xcode-27.0.0.app/Contents/Developer/Platforms/WatchOS.platform/Developer/usr/lib/swift/host/plugins/libPreviewsMacros.dylib\#/Applications/Xcode-27.0.0.app/Contents/Developer/Platforms/WatchOS.platform/Developer/usr/bin/swift-plugin-server\#PreviewsMacros -load-resolved-plugin /Applications/Xcode-27.0.0.app/Contents/Developer/Platforms/WatchOS.platform/Developer/usr/lib/swift/host/plugins/libSwiftMacros.dylib\#/Applications/Xcode-27.0.0.app/Contents/Developer/Platforms/WatchOS.platform/Developer/usr/bin/swift-plugin-server\#SwiftMacros -load-resolved-plugin /Applications/Xcode-27.0.0.app/Contents/Developer/Platforms/WatchOS.platform/Developer/usr/lib/swift/host/plugins/libSwiftUIMacros.dylib\#/Applications/Xcode-27.0.0.app/Contents/Developer/Platforms/WatchOS.platform/Developer/usr/bin/swift-plugin-server\#SwiftUIMacros -load-resolved-plugin /Applications/Xcode-27.0.0.app/Contents/Developer/Toolchains/XcodeDefault.xctoolchain/usr/lib/swift/host/plugins/testing/libTestingMacros.dylib\#\#TestingMacros -disable-implicit-swift-modules -Xcc -fno-implicit-modules -Xcc -fno-implicit-module-maps -explicit-swift-module-map-file /Users/admin/builder/spi-builder-workspace/.derivedData/Build/Intermediates.noindex/SwiftUISnapshotTesting.build/Debug-watchos/SwiftUISnapshotTesting-t.build/Objects-normal/arm64_32/SwiftUISnapshotTesting-dependencies-2.json -enable-objc-interop -sdk /Applications/Xcode-27.0.0.app/Contents/Developer/Platforms/WatchOS.platform/Developer/SDKs/WatchOS27.0.sdk -I /Users/admin/builder/spi-builder-workspace/.derivedData/Build/Products/Debug-watchos -Isystem /Applications/Xcode-27.0.0.app/Contents/Developer/Platforms/WatchOS.platform/Developer/usr/lib -F /Users/admin/builder/spi-builder-workspace/.derivedData/Build/Products/Debug-watchos/PackageFrameworks -F /Users/admin/builder/spi-builder-workspace/.derivedData/Build/Products/Debug-watchos -F /Applications/Xcode-27.0.0.app/Contents/Developer/Platforms/WatchOS.platform/Developer/Library/Frameworks -F /Applications/Xcode-27.0.0.app/Contents/Developer/Platforms/WatchOS.platform/Developer/SDKs/WatchOS27.0.sdk/Developer/Library/Frameworks -module-cache-path /Users/admin/builder/spi-builder-workspace/.derivedData/Build/Intermediates.noindex/SwiftExplicitPrecompiledModules -no-color-diagnostics -Xcc -fno-color-diagnostics -enable-testing -g -debug-info-format\=dwarf -dwarf-version\=4 -profile-generate -profile-coverage-mapping -swift-version 6 -Onone -D SWIFT_PACKAGE -D DEBUG -D SWIFT_MODULE_RESOURCE_BUNDLE_UNAVAILABLE -D Xcode -serialize-debugging-options -enable-experimental-feature DebugDescriptionMacro -empty-abi-descriptor -validate-clang-modules-once -clang-build-session-file /Users/admin/builder/spi-builder-workspace/.derivedData/ModuleCache.noindex/Session.modulevalidation -Xcc -working-directory -Xcc /Users/admin/builder/spi-builder-workspace/.swiftpm/xcode -enable-anonymous-context-mangled-names -file-compilation-dir /Users/admin/builder/spi-builder-workspace/.swiftpm/xcode -Xcc -D_LIBCPP_HARDENING_MODE\=_LIBCPP_HARDENING_MODE_DEBUG -Xcc -ivfsstatcache -Xcc /Users/admin/builder/spi-builder-workspace/.derivedData/SDKStatCaches.noindex/watchos27.0-24R360-e829b21a6f8c9b70876ba0858053c044b9db9bc9c079ee3c7b5f3373b13d10bc.sdkstatcache -Xcc -fmodules-prune-interval\=86400 -Xcc -fmodules-prune-after\=345600 -Xcc -I/Users/admin/builder/spi-builder-workspace/.derivedData/Build/Products/Debug-watchos/include -Xcc -I/Users/admin/builder/spi-builder-workspace/.derivedData/Build/Intermediates.noindex/SwiftUISnapshotTesting.build/Debug-watchos/SwiftUISnapshotTesting-t.build/DerivedSources-normal/arm64_32 -Xcc -I/Users/admin/builder/spi-builder-workspace/.derivedData/Build/Intermediates.noindex/SwiftUISnapshotTesting.build/Debug-watchos/SwiftUISnapshotTesting-t.build/DerivedSources/arm64_32 -Xcc -I/Users/admin/builder/spi-builder-workspace/.derivedData/Build/Intermediates.noindex/SwiftUISnapshotTesting.build/Debug-watchos/SwiftUISnapshotTesting-t.build/DerivedSources -Xcc -DSWIFT_PACKAGE -Xcc -DDEBUG\=1 -no-auto-bridging-header-chaining -module-name SwiftUISnapshotTesting -package-name spi_builder_workspace -const-gather-protocols-file /Users/admin/builder/spi-builder-workspace/.derivedData/Build/Intermediates.noindex/SwiftUISnapshotTesting.build/Debug-watchos/SwiftUISnapshotTesting-t.build/Objects-normal/arm64_32/SwiftUISnapshotTesting_const_extract_protocols.json -disable-clang-spi -clang-target arm64_32-apple-watchos27.0 -target-sdk-version 27.0 -target-sdk-name watchos27.0 -in-process-plugin-server-path /Applications/Xcode-27.0.0.app/Contents/Developer/Toolchains/XcodeDefault.xctoolchain/usr/lib/swift/host/libSwiftInProcPluginServer.dylib -emit-module-doc-path /Users/admin/builder/spi-builder-workspace/.derivedData/Build/Intermediates.noindex/SwiftUISnapshotTesting.build/Debug-watchos/SwiftUISnapshotTesting-t.build/Objects-normal/arm64_32/SwiftUISnapshotTesting.swiftdoc -emit-module-source-info-path /Users/admin/builder/spi-builder-workspace/.derivedData/Build/Intermediates.noindex/SwiftUISnapshotTesting.build/Debug-watchos/SwiftUISnapshotTesting-t.build/Objects-normal/arm64_32/SwiftUISnapshotTesting.swiftsourceinfo -emit-objc-header-path /Users/admin/builder/spi-builder-workspace/.derivedData/Build/Intermediates.noindex/SwiftUISnapshotTesting.build/Debug-watchos/SwiftUISnapshotTesting-t.build/Objects-normal/arm64_32/SwiftUISnapshotTesting-Swift.h -serialize-diagnostics-path /Users/admin/builder/spi-builder-workspace/.derivedData/Build/Intermediates.noindex/SwiftUISnapshotTesting.build/Debug-watchos/SwiftUISnapshotTesting-t.build/Objects-normal/arm64_32/SwiftUISnapshotTesting-primary-emit-module.dia -emit-dependencies-path /Users/admin/builder/spi-builder-workspace/.derivedData/Build/Intermediates.noindex/SwiftUISnapshotTesting.build/Debug-watchos/SwiftUISnapshotTesting-t.build/Objects-normal/arm64_32/SwiftUISnapshotTesting-primary-emit-module.d -parse-as-library -o /Users/admin/builder/spi-builder-workspace/.derivedData/Build/Intermediates.noindex/SwiftUISnapshotTesting.build/Debug-watchos/SwiftUISnapshotTesting-t.build/Objects-normal/arm64_32/SwiftUISnapshotTesting.swiftmodule -emit-abi-descriptor-path /Users/admin/builder/spi-builder-workspace/.derivedData/Build/Intermediates.noindex/SwiftUISnapshotTesting.build/Debug-watchos/SwiftUISnapshotTesting-t.build/Objects-normal/arm64_32/SwiftUISnapshotTesting.abi.json
SwiftCompile normal arm64_32 (in target 'SwiftUISnapshotTesting' from project 'SwiftUISnapshotTesting')
cd /Users/admin/builder/spi-builder-workspace/.swiftpm/xcode
SwiftCompile normal arm64_32 Compiling\ Snapshotting+UIImage.swift /Users/admin/builder/spi-builder-workspace/Sources/Snapshotting+UIImage.swift (in target 'SwiftUISnapshotTesting' from project 'SwiftUISnapshotTesting')
/Users/admin/builder/spi-builder-workspace/Sources/Snapshotting+UIImage.swift:37:13: error: generic parameter 'Format' could not be inferred
35 | -> Snapshotting
36 | {
37 | SimplySnapshotting.image(precision: precision, perceptualPrecision: perceptualPrecision).asyncPullback { view in
| |- error: generic parameter 'Format' could not be inferred
| `- note: explicitly specify the generic arguments to fix this issue
38 | .init { callback in
39 | let renderer = ImageRenderer(content: view)
SwiftCompile normal arm64_32 /Users/admin/builder/spi-builder-workspace/Sources/Snapshotting+UIImage.swift (in target 'SwiftUISnapshotTesting' from project 'SwiftUISnapshotTesting')
cd /Users/admin/builder/spi-builder-workspace/.swiftpm/xcode
builtin-SwiftPerFileCompile Snapshotting+UIImage.swift
SwiftCompile normal arm64_32 Compiling\ RegionalImageSnapshotting.swift /Users/admin/builder/spi-builder-workspace/Sources/RegionalImageSnapshotting.swift (in target 'SwiftUISnapshotTesting' from project 'SwiftUISnapshotTesting')
SwiftCompile normal arm64_32 /Users/admin/builder/spi-builder-workspace/Sources/RegionalImageSnapshotting.swift (in target 'SwiftUISnapshotTesting' from project 'SwiftUISnapshotTesting')
cd /Users/admin/builder/spi-builder-workspace/.swiftpm/xcode
builtin-SwiftPerFileCompile RegionalImageSnapshotting.swift
SwiftCompile normal arm64_32 Compiling\ Platform.swift /Users/admin/builder/spi-builder-workspace/Sources/Platform.swift (in target 'SwiftUISnapshotTesting' from project 'SwiftUISnapshotTesting')
/Users/admin/builder/spi-builder-workspace/Sources/Platform.swift:59:5: error: missing return in getter expected to return 'CGFloat'
57 | #endif
58 | }
59 | }
| `- error: missing return in getter expected to return 'CGFloat'
60 |
61 | var height: CGFloat {
SwiftCompile normal arm64_32 /Users/admin/builder/spi-builder-workspace/Sources/Platform.swift (in target 'SwiftUISnapshotTesting' from project 'SwiftUISnapshotTesting')
cd /Users/admin/builder/spi-builder-workspace/.swiftpm/xcode
builtin-SwiftPerFileCompile Platform.swift
SwiftCompile normal arm64_32 Compiling\ RegionalImageComparison.swift /Users/admin/builder/spi-builder-workspace/Sources/RegionalImageComparison.swift (in target 'SwiftUISnapshotTesting' from project 'SwiftUISnapshotTesting')
SwiftCompile normal arm64_32 /Users/admin/builder/spi-builder-workspace/Sources/RegionalImageComparison.swift (in target 'SwiftUISnapshotTesting' from project 'SwiftUISnapshotTesting')
cd /Users/admin/builder/spi-builder-workspace/.swiftpm/xcode
builtin-SwiftPerFileCompile RegionalImageComparison.swift
SwiftCompile normal arm64_32 Compiling\ Snapshot.swift /Users/admin/builder/spi-builder-workspace/Sources/Snapshot.swift (in target 'SwiftUISnapshotTesting' from project 'SwiftUISnapshotTesting')
/Users/admin/builder/spi-builder-workspace/Sources/Snapshot.swift:81:42: error: cannot find type 'NSImage' in scope
79 | @MainActor
80 | public func assertSnapshot(
81 | image: @autoclosure () throws -> NSImage,
| `- error: cannot find type 'NSImage' in scope
82 | named name: String? = nil,
83 | record recording: Bool? = nil,
/Users/admin/builder/spi-builder-workspace/Sources/Snapshot.swift:65:24: error: cannot find 'snapshotImage' in scope
63 |
64 | assertSnapshot(
65 | image: try snapshotImage(view: view, size: CGSize(width: device.width, height: device.height),
| `- error: cannot find 'snapshotImage' in scope
66 | backingScale: backingScale),
67 | named: name,
/Users/admin/builder/spi-builder-workspace/Sources/Snapshot.swift:65:24: error: extra argument 'image' in call
63 |
64 | assertSnapshot(
65 | image: try snapshotImage(view: view, size: CGSize(width: device.width, height: device.height),
| `- error: extra argument 'image' in call
66 | backingScale: backingScale),
67 | named: name,
/Users/admin/builder/spi-builder-workspace/Sources/Snapshot.swift:64:23: error: missing arguments for parameters 'view', 'device' in call
42 | #else
43 | @MainActor
44 | public func assertSnapshot(
| `- note: 'assertSnapshot(view:device:backingScale:named:record:timeout:fileID:file:testName:line:column:)' declared here
45 | view: some View,
46 | device: SnapshotDevice,
:
62 | }
63 |
64 | assertSnapshot(
| `- error: missing arguments for parameters 'view', 'device' in call
65 | image: try snapshotImage(view: view, size: CGSize(width: device.width, height: device.height),
66 | backingScale: backingScale),
/Users/admin/builder/spi-builder-workspace/Sources/Snapshot.swift:91:25: error: generic parameter 'Format' could not be inferred
89 | column: UInt = #column
90 | ) {
91 | SnapshotTesting.assertSnapshot(
| `- error: generic parameter 'Format' could not be inferred
92 | of: try image(), as: .image, named: name,
93 | record: recording.map { $0 ? SnapshotTestingConfiguration.Record.all : .missing },
SnapshotTesting.assertSnapshot:1:13: note: in call to function 'assertSnapshot(of:as:named:record:timeout:fileID:file:testName:line:column:)'
1 | public func assertSnapshot<Value, Format>(of value: @autoclosure () throws -> Value, as snapshotting: SnapshotTesting.Snapshotting<Value, Format>, named name: String? = nil, record: SnapshotTesting.SnapshotTestingConfiguration.Record? = nil, timeout: TimeInterval = 5, fileID: StaticString = #fileID, file filePath: StaticString = #filePath, testName: String = #function, line: UInt = #line, column: UInt = #column)
| `- note: in call to function 'assertSnapshot(of:as:named:record:timeout:fileID:file:testName:line:column:)'
SwiftCompile normal arm64_32 /Users/admin/builder/spi-builder-workspace/Sources/Snapshot.swift (in target 'SwiftUISnapshotTesting' from project 'SwiftUISnapshotTesting')
cd /Users/admin/builder/spi-builder-workspace/.swiftpm/xcode
builtin-SwiftPerFileCompile Snapshot.swift
SwiftCompile normal arm64_32 Compiling\ Expression.swift /Users/admin/builder/spi-builder-workspace/Sources/Expression.swift (in target 'SwiftUISnapshotTesting' from project 'SwiftUISnapshotTesting')
/Users/admin/builder/spi-builder-workspace/Sources/Expression.swift:22:17: error: 'CACurrentMediaTime()' is unavailable in watchOS
20 | }
21 | }
22 | let start = CACurrentMediaTime()
| `- error: 'CACurrentMediaTime()' is unavailable in watchOS
23 | let status = ExpressionStatus()
24 | while await !status.isFulfilled, CACurrentMediaTime() - start < timeout {
/Applications/Xcode-27.0.0.app/Contents/Developer/Platforms/WatchOS.platform/Developer/SDKs/WatchOS27.0.sdk/System/Library/Frameworks/QuartzCore.framework/Headers/CABase.h:127:26: note: 'CACurrentMediaTime()' has been explicitly marked unavailable here
125 | * calling mach_absolute_time () and converting the units to seconds. */
126 |
127 | CA_EXTERN CFTimeInterval CACurrentMediaTime (void)
| `- note: 'CACurrentMediaTime()' has been explicitly marked unavailable here
128 | API_AVAILABLE(macos(10.5), ios(2.0)) API_UNAVAILABLE(watchos);
129 |
/Users/admin/builder/spi-builder-workspace/Sources/Expression.swift:24:38: error: 'CACurrentMediaTime()' is unavailable in watchOS
22 | let start = CACurrentMediaTime()
23 | let status = ExpressionStatus()
24 | while await !status.isFulfilled, CACurrentMediaTime() - start < timeout {
| `- error: 'CACurrentMediaTime()' is unavailable in watchOS
25 | await Task.yield()
26 | let task = Task<Bool, Error> { @MainActor in
/Applications/Xcode-27.0.0.app/Contents/Developer/Platforms/WatchOS.platform/Developer/SDKs/WatchOS27.0.sdk/System/Library/Frameworks/QuartzCore.framework/Headers/CABase.h:127:26: note: 'CACurrentMediaTime()' has been explicitly marked unavailable here
125 | * calling mach_absolute_time () and converting the units to seconds. */
126 |
127 | CA_EXTERN CFTimeInterval CACurrentMediaTime (void)
| `- note: 'CACurrentMediaTime()' has been explicitly marked unavailable here
128 | API_AVAILABLE(macos(10.5), ios(2.0)) API_UNAVAILABLE(watchos);
129 |
SwiftCompile normal arm64_32 /Users/admin/builder/spi-builder-workspace/Sources/Expression.swift (in target 'SwiftUISnapshotTesting' from project 'SwiftUISnapshotTesting')
cd /Users/admin/builder/spi-builder-workspace/.swiftpm/xcode
builtin-SwiftPerFileCompile Expression.swift
SwiftCompile normal arm64_32 Compiling\ MacOSSnapshot.swift /Users/admin/builder/spi-builder-workspace/Sources/MacOSSnapshot.swift (in target 'SwiftUISnapshotTesting' from project 'SwiftUISnapshotTesting')
SwiftCompile normal arm64_32 /Users/admin/builder/spi-builder-workspace/Sources/MacOSSnapshot.swift (in target 'SwiftUISnapshotTesting' from project 'SwiftUISnapshotTesting')
cd /Users/admin/builder/spi-builder-workspace/.swiftpm/xcode
builtin-SwiftPerFileCompile MacOSSnapshot.swift
SwiftEmitModule normal arm64 Emitting\ module\ for\ SwiftUISnapshotTesting (in target 'SwiftUISnapshotTesting' from project 'SwiftUISnapshotTesting')
SwiftCompile normal arm64 (in target 'SwiftUISnapshotTesting' from project 'SwiftUISnapshotTesting')
cd /Users/admin/builder/spi-builder-workspace/.swiftpm/xcode
PruneExplicitPrecompiledModules /Users/admin/builder/spi-builder-workspace/.derivedData/Build/Intermediates.noindex/SwiftExplicitPrecompiledModules
PruneExplicitPrecompiledModules /Users/admin/builder/spi-builder-workspace/.derivedData/SDKExplicitPrecompiledModules
PruneExplicitPrecompiledModules /Users/admin/builder/spi-builder-workspace/.derivedData/Build/Intermediates.noindex/ExplicitPrecompiledModules
2026-10-10 02:55:25.042 xcodebuild[818:4899] [MT] IDERunDestination: Supported platforms for the buildables in the current scheme is empty.
** BUILD FAILED **
The following build commands failed:
SwiftEmitModule normal arm64_32 Emitting\ module\ for\ SwiftUISnapshotTesting (in target 'SwiftUISnapshotTesting' from project 'SwiftUISnapshotTesting')
SwiftCompile normal arm64_32 (in target 'SwiftUISnapshotTesting' from project 'SwiftUISnapshotTesting')
Building workspace SwiftUISnapshotTesting with scheme SwiftUISnapshotTesting
(3 failures)
Command line invocation:
/Applications/Xcode-27.0.0.app/Contents/Developer/usr/bin/xcodebuild -IDEClonedSourcePackagesDirPathOverride=/Users/admin/builder/spi-builder-workspace/.dependencies -resolvePackageDependencies
Resolve Package Graph
Resolved source packages:
swift-issue-reporting: https://github.com/pointfreeco/swift-issue-reporting @ 2.1.1
SwiftUISnapshotTesting: /Users/admin/builder/spi-builder-workspace
swift-snapshot-testing: https://github.com/pointfreeco/swift-snapshot-testing @ 1.19.6
swift-syntax: https://github.com/swiftlang/swift-syntax @ 604.0.0
swift-custom-dump: https://github.com/pointfreeco/swift-custom-dump @ 1.7.3
resolved source packages: swift-issue-reporting, SwiftUISnapshotTesting, swift-snapshot-testing, swift-syntax, swift-custom-dump
2026-10-10 02:55:39.727 xcodebuild[1186:6234] [MT] IDERunDestination: Supported platforms for the buildables in the current scheme is empty.
{
"dependencies" : [
{
"identity" : "swift-snapshot-testing",
"requirement" : {
"range" : [
{
"lower_bound" : "1.19.4",
"upper_bound" : "2.0.0"
}
]
},
"type" : "sourceControl",
"url" : "https://github.com/pointfreeco/swift-snapshot-testing"
}
],
"manifest_display_name" : "SwiftUISnapshotTesting",
"name" : "SwiftUISnapshotTesting",
"path" : "/Users/admin/builder/spi-builder-workspace",
"platforms" : [
{
"name" : "ios",
"version" : "16.0"
},
{
"name" : "macos",
"version" : "15.0"
}
],
"products" : [
{
"name" : "SwiftUISnapshotTesting",
"targets" : [
"SwiftUISnapshotTesting"
],
"type" : {
"library" : [
"automatic"
]
}
}
],
"targets" : [
{
"c99name" : "SwiftUISnapshotTestingTests",
"module_type" : "SwiftTarget",
"name" : "SwiftUISnapshotTestingTests",
"path" : "Tests",
"sources" : [
"ExpressionTests.swift",
"MacOSSnapshotTests.swift",
"RegionalImageComparisonTests.swift",
"SnapshotTests.swift"
],
"target_dependencies" : [
"SwiftUISnapshotTesting"
],
"type" : "test"
},
{
"c99name" : "SwiftUISnapshotTesting",
"module_type" : "SwiftTarget",
"name" : "SwiftUISnapshotTesting",
"path" : "Sources",
"product_dependencies" : [
"SnapshotTesting"
],
"product_memberships" : [
"SwiftUISnapshotTesting"
],
"sources" : [
"Expression.swift",
"MacOSSnapshot.swift",
"Platform.swift",
"RegionalImageComparison.swift",
"RegionalImageSnapshotting.swift",
"Render.swift",
"Snapshot.swift",
"Snapshotting+NSImage.swift",
"Snapshotting+UIImage.swift"
],
"type" : "library"
}
],
"tools_version" : "6.0"
}
{
"workspace" : {
"name" : "SwiftUISnapshotTesting",
"schemes" : [
"SwiftUISnapshotTesting"
]
}
}
2026-10-10 02:55:41.818 xcodebuild[1195:6315] [MT] IDERunDestination: Supported platforms for the buildables in the current scheme is empty.
Running build ...
env DEVELOPER_DIR=/Applications/Xcode-27.0.0-Release.Candidate.app xcrun xcodebuild -IDEClonedSourcePackagesDirPathOverride=$PWD/.dependencies -skipMacroValidation -skipPackagePluginValidation -derivedDataPath $PWD/.derivedData build -scheme SwiftUISnapshotTesting -destination generic/platform=watchOS
Command line invocation:
/Applications/Xcode-27.0.0.app/Contents/Developer/usr/bin/xcodebuild -IDEClonedSourcePackagesDirPathOverride=/Users/admin/builder/spi-builder-workspace/.dependencies -skipMacroValidation -skipPackagePluginValidation -derivedDataPath /Users/admin/builder/spi-builder-workspace/.derivedData build -scheme SwiftUISnapshotTesting -destination generic/platform=watchOS
Resolve Package Graph
Resolved source packages:
swift-snapshot-testing: https://github.com/pointfreeco/swift-snapshot-testing @ 1.19.6
swift-issue-reporting: https://github.com/pointfreeco/swift-issue-reporting @ 2.1.1
SwiftUISnapshotTesting: /Users/admin/builder/spi-builder-workspace
swift-syntax: https://github.com/swiftlang/swift-syntax @ 604.0.0
swift-custom-dump: https://github.com/pointfreeco/swift-custom-dump @ 1.7.3
ComputePackagePrebuildTargetDependencyGraph
Prepare packages
CreateBuildRequest
SendProjectDescription
CreateBuildOperation
ComputeTargetDependencyGraph
note: Building targets in dependency order
note: Target dependency graph (4 targets)
Target 'SwiftUISnapshotTesting-product' in project 'SwiftUISnapshotTesting'
➜ Explicit dependency on target 'SwiftUISnapshotTesting' in project 'SwiftUISnapshotTesting'
➜ Explicit dependency on target 'SnapshotTesting-product' in project 'swift-snapshot-testing'
Target 'SwiftUISnapshotTesting' in project 'SwiftUISnapshotTesting'
➜ Explicit dependency on target 'SnapshotTesting-product' in project 'swift-snapshot-testing'
Target 'SnapshotTesting-product' in project 'swift-snapshot-testing'
➜ Explicit dependency on target 'SnapshotTesting' in project 'swift-snapshot-testing'
Target 'SnapshotTesting' in project 'swift-snapshot-testing' (no dependencies)
GatherProvisioningInputs
CreateBuildDescription
ClangStatCache /Applications/Xcode-27.0.0.app/Contents/Developer/Toolchains/XcodeDefault.xctoolchain/usr/bin/clang-stat-cache /Applications/Xcode-27.0.0.app/Contents/Developer/Platforms/WatchOS.platform/Developer/SDKs/WatchOS27.0.sdk /Users/admin/builder/spi-builder-workspace/.derivedData/SDKStatCaches.noindex/watchos27.0-24R360-e829b21a6f8c9b70876ba0858053c044b9db9bc9c079ee3c7b5f3373b13d10bc.sdkstatcache
cd /Users/admin/builder/spi-builder-workspace/.swiftpm/xcode
/Applications/Xcode-27.0.0.app/Contents/Developer/Toolchains/XcodeDefault.xctoolchain/usr/bin/clang-stat-cache /Applications/Xcode-27.0.0.app/Contents/Developer/Platforms/WatchOS.platform/Developer/SDKs/WatchOS27.0.sdk -o /Users/admin/builder/spi-builder-workspace/.derivedData/SDKStatCaches.noindex/watchos27.0-24R360-e829b21a6f8c9b70876ba0858053c044b9db9bc9c079ee3c7b5f3373b13d10bc.sdkstatcache
SwiftDriver SwiftUISnapshotTesting normal arm64 com.apple.xcode.tools.swift.compiler (in target 'SwiftUISnapshotTesting' from project 'SwiftUISnapshotTesting')
cd /Users/admin/builder/spi-builder-workspace/.swiftpm/xcode
builtin-SwiftDriver -- /Applications/Xcode-27.0.0.app/Contents/Developer/Toolchains/XcodeDefault.xctoolchain/usr/bin/swiftc -parse-as-library -module-name SwiftUISnapshotTesting -Onone @/Users/admin/builder/spi-builder-workspace/.derivedData/Build/Intermediates.noindex/SwiftUISnapshotTesting.build/Debug-watchos/SwiftUISnapshotTesting-t.build/Objects-normal/arm64/SwiftUISnapshotTesting.SwiftFileList -DSWIFT_PACKAGE -DDEBUG -DSWIFT_MODULE_RESOURCE_BUNDLE_UNAVAILABLE -DXcode -plugin-path /Applications/Xcode-27.0.0.app/Contents/Developer/Toolchains/XcodeDefault.xctoolchain/usr/lib/swift/host/plugins/testing -enable-experimental-feature DebugDescriptionMacro -sdk /Applications/Xcode-27.0.0.app/Contents/Developer/Platforms/WatchOS.platform/Developer/SDKs/WatchOS27.0.sdk -target arm64-apple-watchos9.0 -g -module-cache-path /Users/admin/builder/spi-builder-workspace/.derivedData/ModuleCache.noindex -Xfrontend -serialize-debugging-options -profile-coverage-mapping -profile-generate -enable-testing -index-store-path /Users/admin/builder/spi-builder-workspace/.derivedData/Index.noindex/DataStore -Xcc -D_LIBCPP_HARDENING_MODE\=_LIBCPP_HARDENING_MODE_DEBUG -swift-version 6 -I /Users/admin/builder/spi-builder-workspace/.derivedData/Build/Products/Debug-watchos -Isystem /Applications/Xcode-27.0.0.app/Contents/Developer/Platforms/WatchOS.platform/Developer/usr/lib -F /Users/admin/builder/spi-builder-workspace/.derivedData/Build/Products/Debug-watchos/PackageFrameworks -F /Users/admin/builder/spi-builder-workspace/.derivedData/Build/Products/Debug-watchos -F /Applications/Xcode-27.0.0.app/Contents/Developer/Platforms/WatchOS.platform/Developer/Library/Frameworks -F /Applications/Xcode-27.0.0.app/Contents/Developer/Platforms/WatchOS.platform/Developer/SDKs/WatchOS27.0.sdk/Developer/Library/Frameworks -c -j10 -enable-batch-mode -incremental -Xcc -ivfsstatcache -Xcc /Users/admin/builder/spi-builder-workspace/.derivedData/SDKStatCaches.noindex/watchos27.0-24R360-e829b21a6f8c9b70876ba0858053c044b9db9bc9c079ee3c7b5f3373b13d10bc.sdkstatcache -output-file-map /Users/admin/builder/spi-builder-workspace/.derivedData/Build/Intermediates.noindex/SwiftUISnapshotTesting.build/Debug-watchos/SwiftUISnapshotTesting-t.build/Objects-normal/arm64/SwiftUISnapshotTesting-OutputFileMap.json -save-temps -no-color-diagnostics -explicit-module-build -module-cache-path /Users/admin/builder/spi-builder-workspace/.derivedData/Build/Intermediates.noindex/SwiftExplicitPrecompiledModules -clang-scanner-module-cache-path /Users/admin/builder/spi-builder-workspace/.derivedData/ModuleCache.noindex -sdk-module-cache-path /Users/admin/builder/spi-builder-workspace/.derivedData/SDKExplicitPrecompiledModules -emit-dependencies -emit-module -emit-module-path /Users/admin/builder/spi-builder-workspace/.derivedData/Build/Intermediates.noindex/SwiftUISnapshotTesting.build/Debug-watchos/SwiftUISnapshotTesting-t.build/Objects-normal/arm64/SwiftUISnapshotTesting.swiftmodule -serialize-diagnostics -dependency-scan-serialize-diagnostics-path /Users/admin/builder/spi-builder-workspace/.derivedData/Build/Intermediates.noindex/SwiftUISnapshotTesting.build/Debug-watchos/SwiftUISnapshotTesting-t.build/Objects-normal/arm64/SwiftUISnapshotTesting-dependency-scan.dia -validate-clang-modules-once -clang-build-session-file /Users/admin/builder/spi-builder-workspace/.derivedData/ModuleCache.noindex/Session.modulevalidation -Xcc -fmodules-prune-interval\=86400 -Xcc -fmodules-prune-after\=345600 -package-name spi_builder_workspace -emit-const-values -const-gather-protocols-list /Users/admin/builder/spi-builder-workspace/.derivedData/Build/Intermediates.noindex/SwiftUISnapshotTesting.build/Debug-watchos/SwiftUISnapshotTesting-t.build/Objects-normal/arm64/SwiftUISnapshotTesting_const_extract_protocols.json -Xcc -I/Users/admin/builder/spi-builder-workspace/.derivedData/Build/Products/Debug-watchos/include -Xcc -I/Users/admin/builder/spi-builder-workspace/.derivedData/Build/Intermediates.noindex/SwiftUISnapshotTesting.build/Debug-watchos/SwiftUISnapshotTesting-t.build/DerivedSources-normal/arm64 -Xcc -I/Users/admin/builder/spi-builder-workspace/.derivedData/Build/Intermediates.noindex/SwiftUISnapshotTesting.build/Debug-watchos/SwiftUISnapshotTesting-t.build/DerivedSources/arm64 -Xcc -I/Users/admin/builder/spi-builder-workspace/.derivedData/Build/Intermediates.noindex/SwiftUISnapshotTesting.build/Debug-watchos/SwiftUISnapshotTesting-t.build/DerivedSources -Xcc -DSWIFT_PACKAGE -Xcc -DDEBUG\=1 -emit-objc-header -emit-objc-header-path /Users/admin/builder/spi-builder-workspace/.derivedData/Build/Intermediates.noindex/SwiftUISnapshotTesting.build/Debug-watchos/SwiftUISnapshotTesting-t.build/Objects-normal/arm64/SwiftUISnapshotTesting-Swift.h -working-directory /Users/admin/builder/spi-builder-workspace/.swiftpm/xcode -experimental-emit-module-separately -disable-cmo
SwiftDriver SwiftUISnapshotTesting normal arm64_32 com.apple.xcode.tools.swift.compiler (in target 'SwiftUISnapshotTesting' from project 'SwiftUISnapshotTesting')
cd /Users/admin/builder/spi-builder-workspace/.swiftpm/xcode
builtin-SwiftDriver -- /Applications/Xcode-27.0.0.app/Contents/Developer/Toolchains/XcodeDefault.xctoolchain/usr/bin/swiftc -parse-as-library -module-name SwiftUISnapshotTesting -Onone @/Users/admin/builder/spi-builder-workspace/.derivedData/Build/Intermediates.noindex/SwiftUISnapshotTesting.build/Debug-watchos/SwiftUISnapshotTesting-t.build/Objects-normal/arm64_32/SwiftUISnapshotTesting.SwiftFileList -DSWIFT_PACKAGE -DDEBUG -DSWIFT_MODULE_RESOURCE_BUNDLE_UNAVAILABLE -DXcode -plugin-path /Applications/Xcode-27.0.0.app/Contents/Developer/Toolchains/XcodeDefault.xctoolchain/usr/lib/swift/host/plugins/testing -enable-experimental-feature DebugDescriptionMacro -sdk /Applications/Xcode-27.0.0.app/Contents/Developer/Platforms/WatchOS.platform/Developer/SDKs/WatchOS27.0.sdk -target arm64_32-apple-watchos9.0 -g -module-cache-path /Users/admin/builder/spi-builder-workspace/.derivedData/ModuleCache.noindex -Xfrontend -serialize-debugging-options -profile-coverage-mapping -profile-generate -enable-testing -index-store-path /Users/admin/builder/spi-builder-workspace/.derivedData/Index.noindex/DataStore -Xcc -D_LIBCPP_HARDENING_MODE\=_LIBCPP_HARDENING_MODE_DEBUG -swift-version 6 -I /Users/admin/builder/spi-builder-workspace/.derivedData/Build/Products/Debug-watchos -Isystem /Applications/Xcode-27.0.0.app/Contents/Developer/Platforms/WatchOS.platform/Developer/usr/lib -F /Users/admin/builder/spi-builder-workspace/.derivedData/Build/Products/Debug-watchos/PackageFrameworks -F /Users/admin/builder/spi-builder-workspace/.derivedData/Build/Products/Debug-watchos -F /Applications/Xcode-27.0.0.app/Contents/Developer/Platforms/WatchOS.platform/Developer/Library/Frameworks -F /Applications/Xcode-27.0.0.app/Contents/Developer/Platforms/WatchOS.platform/Developer/SDKs/WatchOS27.0.sdk/Developer/Library/Frameworks -c -j10 -enable-batch-mode -incremental -Xcc -ivfsstatcache -Xcc /Users/admin/builder/spi-builder-workspace/.derivedData/SDKStatCaches.noindex/watchos27.0-24R360-e829b21a6f8c9b70876ba0858053c044b9db9bc9c079ee3c7b5f3373b13d10bc.sdkstatcache -output-file-map /Users/admin/builder/spi-builder-workspace/.derivedData/Build/Intermediates.noindex/SwiftUISnapshotTesting.build/Debug-watchos/SwiftUISnapshotTesting-t.build/Objects-normal/arm64_32/SwiftUISnapshotTesting-OutputFileMap.json -save-temps -no-color-diagnostics -explicit-module-build -module-cache-path /Users/admin/builder/spi-builder-workspace/.derivedData/Build/Intermediates.noindex/SwiftExplicitPrecompiledModules -clang-scanner-module-cache-path /Users/admin/builder/spi-builder-workspace/.derivedData/ModuleCache.noindex -sdk-module-cache-path /Users/admin/builder/spi-builder-workspace/.derivedData/SDKExplicitPrecompiledModules -emit-dependencies -emit-module -emit-module-path /Users/admin/builder/spi-builder-workspace/.derivedData/Build/Intermediates.noindex/SwiftUISnapshotTesting.build/Debug-watchos/SwiftUISnapshotTesting-t.build/Objects-normal/arm64_32/SwiftUISnapshotTesting.swiftmodule -serialize-diagnostics -dependency-scan-serialize-diagnostics-path /Users/admin/builder/spi-builder-workspace/.derivedData/Build/Intermediates.noindex/SwiftUISnapshotTesting.build/Debug-watchos/SwiftUISnapshotTesting-t.build/Objects-normal/arm64_32/SwiftUISnapshotTesting-dependency-scan.dia -validate-clang-modules-once -clang-build-session-file /Users/admin/builder/spi-builder-workspace/.derivedData/ModuleCache.noindex/Session.modulevalidation -Xcc -fmodules-prune-interval\=86400 -Xcc -fmodules-prune-after\=345600 -package-name spi_builder_workspace -emit-const-values -const-gather-protocols-list /Users/admin/builder/spi-builder-workspace/.derivedData/Build/Intermediates.noindex/SwiftUISnapshotTesting.build/Debug-watchos/SwiftUISnapshotTesting-t.build/Objects-normal/arm64_32/SwiftUISnapshotTesting_const_extract_protocols.json -Xcc -I/Users/admin/builder/spi-builder-workspace/.derivedData/Build/Products/Debug-watchos/include -Xcc -I/Users/admin/builder/spi-builder-workspace/.derivedData/Build/Intermediates.noindex/SwiftUISnapshotTesting.build/Debug-watchos/SwiftUISnapshotTesting-t.build/DerivedSources-normal/arm64_32 -Xcc -I/Users/admin/builder/spi-builder-workspace/.derivedData/Build/Intermediates.noindex/SwiftUISnapshotTesting.build/Debug-watchos/SwiftUISnapshotTesting-t.build/DerivedSources/arm64_32 -Xcc -I/Users/admin/builder/spi-builder-workspace/.derivedData/Build/Intermediates.noindex/SwiftUISnapshotTesting.build/Debug-watchos/SwiftUISnapshotTesting-t.build/DerivedSources -Xcc -DSWIFT_PACKAGE -Xcc -DDEBUG\=1 -emit-objc-header -emit-objc-header-path /Users/admin/builder/spi-builder-workspace/.derivedData/Build/Intermediates.noindex/SwiftUISnapshotTesting.build/Debug-watchos/SwiftUISnapshotTesting-t.build/Objects-normal/arm64_32/SwiftUISnapshotTesting-Swift.h -working-directory /Users/admin/builder/spi-builder-workspace/.swiftpm/xcode -experimental-emit-module-separately -disable-cmo
SwiftExplicitDependencyCompileModuleFromInterface arm64 /Users/admin/builder/spi-builder-workspace/.derivedData/Build/Intermediates.noindex/SwiftExplicitPrecompiledModules/XCUIAutomation-2HVHRULD67KOM.swiftmodule
SwiftExplicitDependencyCompileModuleFromInterface arm64_32 /Users/admin/builder/spi-builder-workspace/.derivedData/Build/Intermediates.noindex/SwiftExplicitPrecompiledModules/XCUIAutomation-1QC406N6F995J.swiftmodule
SwiftExplicitDependencyCompileModuleFromInterface arm64 /Users/admin/builder/spi-builder-workspace/.derivedData/Build/Intermediates.noindex/SwiftExplicitPrecompiledModules/Testing-333RADZJWK828.swiftmodule
SwiftExplicitDependencyCompileModuleFromInterface arm64_32 /Users/admin/builder/spi-builder-workspace/.derivedData/Build/Intermediates.noindex/SwiftExplicitPrecompiledModules/Testing-2P0NNCADH8GHH.swiftmodule
SwiftExplicitDependencyCompileModuleFromInterface arm64 /Users/admin/builder/spi-builder-workspace/.derivedData/Build/Intermediates.noindex/SwiftExplicitPrecompiledModules/XCTest-131YNXZCV8I23.swiftmodule
SwiftExplicitDependencyCompileModuleFromInterface arm64_32 /Users/admin/builder/spi-builder-workspace/.derivedData/Build/Intermediates.noindex/SwiftExplicitPrecompiledModules/XCTest-1Q73BEF3Q59BI.swiftmodule
SwiftExplicitDependencyCompileModuleFromInterface arm64_32 /Users/admin/builder/spi-builder-workspace/.derivedData/Build/Intermediates.noindex/SwiftExplicitPrecompiledModules/_Testing_Foundation-25064MZABQGUL.swiftmodule
SwiftExplicitDependencyCompileModuleFromInterface arm64_32 /Users/admin/builder/spi-builder-workspace/.derivedData/Build/Intermediates.noindex/SwiftExplicitPrecompiledModules/_Testing_CoreGraphics-26TTUS1750KSM.swiftmodule
SwiftExplicitDependencyCompileModuleFromInterface arm64 /Users/admin/builder/spi-builder-workspace/.derivedData/Build/Intermediates.noindex/SwiftExplicitPrecompiledModules/_Testing_CoreGraphics-3OMHTMGM6RNL6.swiftmodule
SwiftExplicitDependencyCompileModuleFromInterface arm64 /Users/admin/builder/spi-builder-workspace/.derivedData/Build/Intermediates.noindex/SwiftExplicitPrecompiledModules/_Testing_Foundation-11JPRLARWPCIK.swiftmodule
SwiftExplicitDependencyCompileModuleFromInterface arm64_32 /Users/admin/builder/spi-builder-workspace/.derivedData/Build/Intermediates.noindex/SwiftExplicitPrecompiledModules/_Testing_UIKit-XOAEH3E2C494.swiftmodule
SwiftExplicitDependencyCompileModuleFromInterface arm64 /Users/admin/builder/spi-builder-workspace/.derivedData/Build/Intermediates.noindex/SwiftExplicitPrecompiledModules/_Testing_UIKit-30HOYCZM1YRWZ.swiftmodule
SwiftCompile normal arm64_32 Compiling\ Render.swift /Users/admin/builder/spi-builder-workspace/Sources/Render.swift (in target 'SwiftUISnapshotTesting' from project 'SwiftUISnapshotTesting')
SwiftCompile normal arm64_32 /Users/admin/builder/spi-builder-workspace/Sources/Render.swift (in target 'SwiftUISnapshotTesting' from project 'SwiftUISnapshotTesting')
cd /Users/admin/builder/spi-builder-workspace/.swiftpm/xcode
builtin-SwiftPerFileCompile Render.swift
SwiftCompile normal arm64_32 Compiling\ Snapshot.swift /Users/admin/builder/spi-builder-workspace/Sources/Snapshot.swift (in target 'SwiftUISnapshotTesting' from project 'SwiftUISnapshotTesting')
/Users/admin/builder/spi-builder-workspace/Sources/Snapshot.swift:81:42: error: cannot find type 'NSImage' in scope
79 | @MainActor
80 | public func assertSnapshot(
81 | image: @autoclosure () throws -> NSImage,
| `- error: cannot find type 'NSImage' in scope
82 | named name: String? = nil,
83 | record recording: Bool? = nil,
/Users/admin/builder/spi-builder-workspace/Sources/Snapshot.swift:65:24: error: cannot find 'snapshotImage' in scope
63 |
64 | assertSnapshot(
65 | image: try snapshotImage(view: view, size: CGSize(width: device.width, height: device.height),
| `- error: cannot find 'snapshotImage' in scope
66 | backingScale: backingScale),
67 | named: name,
/Users/admin/builder/spi-builder-workspace/Sources/Snapshot.swift:65:24: error: extra argument 'image' in call
63 |
64 | assertSnapshot(
65 | image: try snapshotImage(view: view, size: CGSize(width: device.width, height: device.height),
| `- error: extra argument 'image' in call
66 | backingScale: backingScale),
67 | named: name,
/Users/admin/builder/spi-builder-workspace/Sources/Snapshot.swift:64:23: error: missing arguments for parameters 'view', 'device' in call
42 | #else
43 | @MainActor
44 | public func assertSnapshot(
| `- note: 'assertSnapshot(view:device:backingScale:named:record:timeout:fileID:file:testName:line:column:)' declared here
45 | view: some View,
46 | device: SnapshotDevice,
:
62 | }
63 |
64 | assertSnapshot(
| `- error: missing arguments for parameters 'view', 'device' in call
65 | image: try snapshotImage(view: view, size: CGSize(width: device.width, height: device.height),
66 | backingScale: backingScale),
/Users/admin/builder/spi-builder-workspace/Sources/Snapshot.swift:91:25: error: generic parameter 'Format' could not be inferred
89 | column: UInt = #column
90 | ) {
91 | SnapshotTesting.assertSnapshot(
| `- error: generic parameter 'Format' could not be inferred
92 | of: try image(), as: .image, named: name,
93 | record: recording.map { $0 ? SnapshotTestingConfiguration.Record.all : .missing },
SnapshotTesting.assertSnapshot:1:13: note: in call to function 'assertSnapshot(of:as:named:record:timeout:fileID:file:testName:line:column:)'
1 | public func assertSnapshot<Value, Format>(of value: @autoclosure () throws -> Value, as snapshotting: SnapshotTesting.Snapshotting<Value, Format>, named name: String? = nil, record: SnapshotTesting.SnapshotTestingConfiguration.Record? = nil, timeout: TimeInterval = 5, fileID: StaticString = #fileID, file filePath: StaticString = #filePath, testName: String = #function, line: UInt = #line, column: UInt = #column)
| `- note: in call to function 'assertSnapshot(of:as:named:record:timeout:fileID:file:testName:line:column:)'
SwiftCompile normal arm64_32 /Users/admin/builder/spi-builder-workspace/Sources/Snapshot.swift (in target 'SwiftUISnapshotTesting' from project 'SwiftUISnapshotTesting')
cd /Users/admin/builder/spi-builder-workspace/.swiftpm/xcode
builtin-SwiftPerFileCompile Snapshot.swift
SwiftCompile normal arm64_32 Compiling\ RegionalImageSnapshotting.swift /Users/admin/builder/spi-builder-workspace/Sources/RegionalImageSnapshotting.swift (in target 'SwiftUISnapshotTesting' from project 'SwiftUISnapshotTesting')
SwiftCompile normal arm64_32 /Users/admin/builder/spi-builder-workspace/Sources/RegionalImageSnapshotting.swift (in target 'SwiftUISnapshotTesting' from project 'SwiftUISnapshotTesting')
cd /Users/admin/builder/spi-builder-workspace/.swiftpm/xcode
builtin-SwiftPerFileCompile RegionalImageSnapshotting.swift
SwiftCompile normal arm64_32 Compiling\ RegionalImageComparison.swift /Users/admin/builder/spi-builder-workspace/Sources/RegionalImageComparison.swift (in target 'SwiftUISnapshotTesting' from project 'SwiftUISnapshotTesting')
SwiftCompile normal arm64_32 /Users/admin/builder/spi-builder-workspace/Sources/RegionalImageComparison.swift (in target 'SwiftUISnapshotTesting' from project 'SwiftUISnapshotTesting')
cd /Users/admin/builder/spi-builder-workspace/.swiftpm/xcode
builtin-SwiftPerFileCompile RegionalImageComparison.swift
SwiftCompile normal arm64_32 Compiling\ Snapshotting+UIImage.swift /Users/admin/builder/spi-builder-workspace/Sources/Snapshotting+UIImage.swift (in target 'SwiftUISnapshotTesting' from project 'SwiftUISnapshotTesting')
/Users/admin/builder/spi-builder-workspace/Sources/Snapshotting+UIImage.swift:37:13: error: generic parameter 'Format' could not be inferred
35 | -> Snapshotting
36 | {
37 | SimplySnapshotting.image(precision: precision, perceptualPrecision: perceptualPrecision).asyncPullback { view in
| |- error: generic parameter 'Format' could not be inferred
| `- note: explicitly specify the generic arguments to fix this issue
38 | .init { callback in
39 | let renderer = ImageRenderer(content: view)
SwiftCompile normal arm64_32 /Users/admin/builder/spi-builder-workspace/Sources/Snapshotting+UIImage.swift (in target 'SwiftUISnapshotTesting' from project 'SwiftUISnapshotTesting')
cd /Users/admin/builder/spi-builder-workspace/.swiftpm/xcode
builtin-SwiftPerFileCompile Snapshotting+UIImage.swift
SwiftCompile normal arm64_32 Compiling\ Platform.swift /Users/admin/builder/spi-builder-workspace/Sources/Platform.swift (in target 'SwiftUISnapshotTesting' from project 'SwiftUISnapshotTesting')
/Users/admin/builder/spi-builder-workspace/Sources/Platform.swift:59:5: error: missing return in getter expected to return 'CGFloat'
57 | #endif
58 | }
59 | }
| `- error: missing return in getter expected to return 'CGFloat'
60 |
61 | var height: CGFloat {
SwiftCompile normal arm64_32 /Users/admin/builder/spi-builder-workspace/Sources/Platform.swift (in target 'SwiftUISnapshotTesting' from project 'SwiftUISnapshotTesting')
cd /Users/admin/builder/spi-builder-workspace/.swiftpm/xcode
builtin-SwiftPerFileCompile Platform.swift
SwiftCompile normal arm64_32 Compiling\ Snapshotting+NSImage.swift /Users/admin/builder/spi-builder-workspace/Sources/Snapshotting+NSImage.swift (in target 'SwiftUISnapshotTesting' from project 'SwiftUISnapshotTesting')
SwiftCompile normal arm64_32 /Users/admin/builder/spi-builder-workspace/Sources/Snapshotting+NSImage.swift (in target 'SwiftUISnapshotTesting' from project 'SwiftUISnapshotTesting')
cd /Users/admin/builder/spi-builder-workspace/.swiftpm/xcode
builtin-SwiftPerFileCompile Snapshotting+NSImage.swift
SwiftCompile normal arm64_32 Compiling\ MacOSSnapshot.swift /Users/admin/builder/spi-builder-workspace/Sources/MacOSSnapshot.swift (in target 'SwiftUISnapshotTesting' from project 'SwiftUISnapshotTesting')
SwiftCompile normal arm64_32 /Users/admin/builder/spi-builder-workspace/Sources/MacOSSnapshot.swift (in target 'SwiftUISnapshotTesting' from project 'SwiftUISnapshotTesting')
cd /Users/admin/builder/spi-builder-workspace/.swiftpm/xcode
builtin-SwiftPerFileCompile MacOSSnapshot.swift
SwiftEmitModule normal arm64 Emitting\ module\ for\ SwiftUISnapshotTesting (in target 'SwiftUISnapshotTesting' from project 'SwiftUISnapshotTesting')
/Users/admin/builder/spi-builder-workspace/Sources/Expression.swift:22:17: error: 'CACurrentMediaTime()' is unavailable in watchOS
20 | }
21 | }
22 | let start = CACurrentMediaTime()
| `- error: 'CACurrentMediaTime()' is unavailable in watchOS
23 | let status = ExpressionStatus()
24 | while await !status.isFulfilled, CACurrentMediaTime() - start < timeout {
/Applications/Xcode-27.0.0.app/Contents/Developer/Platforms/WatchOS.platform/Developer/SDKs/WatchOS27.0.sdk/System/Library/Frameworks/QuartzCore.framework/Headers/CABase.h:127:26: note: 'CACurrentMediaTime()' has been explicitly marked unavailable here
125 | * calling mach_absolute_time () and converting the units to seconds. */
126 |
127 | CA_EXTERN CFTimeInterval CACurrentMediaTime (void)
| `- note: 'CACurrentMediaTime()' has been explicitly marked unavailable here
128 | API_AVAILABLE(macos(10.5), ios(2.0)) API_UNAVAILABLE(watchos);
129 |
/Users/admin/builder/spi-builder-workspace/Sources/Expression.swift:24:38: error: 'CACurrentMediaTime()' is unavailable in watchOS
22 | let start = CACurrentMediaTime()
23 | let status = ExpressionStatus()
24 | while await !status.isFulfilled, CACurrentMediaTime() - start < timeout {
| `- error: 'CACurrentMediaTime()' is unavailable in watchOS
25 | await Task.yield()
26 | let task = Task<Bool, Error> { @MainActor in
/Applications/Xcode-27.0.0.app/Contents/Developer/Platforms/WatchOS.platform/Developer/SDKs/WatchOS27.0.sdk/System/Library/Frameworks/QuartzCore.framework/Headers/CABase.h:127:26: note: 'CACurrentMediaTime()' has been explicitly marked unavailable here
125 | * calling mach_absolute_time () and converting the units to seconds. */
126 |
127 | CA_EXTERN CFTimeInterval CACurrentMediaTime (void)
| `- note: 'CACurrentMediaTime()' has been explicitly marked unavailable here
128 | API_AVAILABLE(macos(10.5), ios(2.0)) API_UNAVAILABLE(watchos);
129 |
/Users/admin/builder/spi-builder-workspace/Sources/Expression.swift:29:9: warning: unstructured throwing task created by 'init(name:priority:operation:)' is not used, which may accidentally ignore errors thrown inside the task [#NoUseUnstructuredThrowingTask]
27 | return try await expression()
28 | }
29 | Task { [status] in
| |- warning: unstructured throwing task created by 'init(name:priority:operation:)' is not used, which may accidentally ignore errors thrown inside the task [#NoUseUnstructuredThrowingTask]
| `- note: to silence this warning, handle the error inside the task, or store/discard the task value explicitly
30 | try await Task.sleep(for: .seconds(timeout))
31 | if await !status.isFulfilled {
/Users/admin/builder/spi-builder-workspace/Sources/Snapshot.swift:81:42: error: cannot find type 'NSImage' in scope
79 | @MainActor
80 | public func assertSnapshot(
81 | image: @autoclosure () throws -> NSImage,
| `- error: cannot find type 'NSImage' in scope
82 | named name: String? = nil,
83 | record recording: Bool? = nil,
[#NoUseUnstructuredThrowingTask]: <https://docs.swift.org/compiler/documentation/diagnostics/no-use-throwing-unstructured-task>
Failed frontend command:
/Applications/Xcode-27.0.0.app/Contents/Developer/Toolchains/XcodeDefault.xctoolchain/usr/bin/swift-frontend -frontend -emit-module -experimental-skip-non-inlinable-function-bodies-without-types /Users/admin/builder/spi-builder-workspace/Sources/Expression.swift /Users/admin/builder/spi-builder-workspace/Sources/MacOSSnapshot.swift /Users/admin/builder/spi-builder-workspace/Sources/Platform.swift /Users/admin/builder/spi-builder-workspace/Sources/RegionalImageComparison.swift /Users/admin/builder/spi-builder-workspace/Sources/RegionalImageSnapshotting.swift /Users/admin/builder/spi-builder-workspace/Sources/Render.swift /Users/admin/builder/spi-builder-workspace/Sources/Snapshot.swift /Users/admin/builder/spi-builder-workspace/Sources/Snapshotting+NSImage.swift /Users/admin/builder/spi-builder-workspace/Sources/Snapshotting+UIImage.swift -target arm64-apple-watchos9.0 -module-can-import-version UIKit 9127.0.84.1 9127.0.84 -disable-cross-import-overlay-search -swift-module-cross-import Testing /Applications/Xcode-27.0.0.app/Contents/Developer/Platforms/WatchOS.platform/Developer/Library/Frameworks/Testing.framework/Modules/Testing.swiftcrossimport/CoreGraphics.swiftoverlay -swift-module-cross-import Testing /Applications/Xcode-27.0.0.app/Contents/Developer/Platforms/WatchOS.platform/Developer/Library/Frameworks/Testing.framework/Modules/Testing.swiftcrossimport/CoreTransferable.swiftoverlay -swift-module-cross-import Testing /Applications/Xcode-27.0.0.app/Contents/Developer/Platforms/WatchOS.platform/Developer/Library/Frameworks/Testing.framework/Modules/Testing.swiftcrossimport/Foundation.swiftoverlay -swift-module-cross-import Testing /Applications/Xcode-27.0.0.app/Contents/Developer/Platforms/WatchOS.platform/Developer/Library/Frameworks/Testing.framework/Modules/Testing.swiftcrossimport/UIKit.swiftoverlay -load-resolved-plugin /Applications/Xcode-27.0.0.app/Contents/Developer/Platforms/WatchOS.platform/Developer/usr/lib/swift/host/plugins/libFoundationMacros.dylib\#/Applications/Xcode-27.0.0.app/Contents/Developer/Platforms/WatchOS.platform/Developer/usr/bin/swift-plugin-server\#FoundationMacros -load-resolved-plugin /Applications/Xcode-27.0.0.app/Contents/Developer/Platforms/WatchOS.platform/Developer/usr/lib/swift/host/plugins/libObservationMacros.dylib\#/Applications/Xcode-27.0.0.app/Contents/Developer/Platforms/WatchOS.platform/Developer/usr/bin/swift-plugin-server\#ObservationMacros -load-resolved-plugin /Applications/Xcode-27.0.0.app/Contents/Developer/Platforms/WatchOS.platform/Developer/usr/lib/swift/host/plugins/libPreviewsMacros.dylib\#/Applications/Xcode-27.0.0.app/Contents/Developer/Platforms/WatchOS.platform/Developer/usr/bin/swift-plugin-server\#PreviewsMacros -load-resolved-plugin /Applications/Xcode-27.0.0.app/Contents/Developer/Platforms/WatchOS.platform/Developer/usr/lib/swift/host/plugins/libSwiftMacros.dylib\#/Applications/Xcode-27.0.0.app/Contents/Developer/Platforms/WatchOS.platform/Developer/usr/bin/swift-plugin-server\#SwiftMacros -load-resolved-plugin /Applications/Xcode-27.0.0.app/Contents/Developer/Platforms/WatchOS.platform/Developer/usr/lib/swift/host/plugins/libSwiftUIMacros.dylib\#/Applications/Xcode-27.0.0.app/Contents/Developer/Platforms/WatchOS.platform/Developer/usr/bin/swift-plugin-server\#SwiftUIMacros -load-resolved-plugin /Applications/Xcode-27.0.0.app/Contents/Developer/Toolchains/XcodeDefault.xctoolchain/usr/lib/swift/host/plugins/testing/libTestingMacros.dylib\#\#TestingMacros -disable-implicit-swift-modules -Xcc -fno-implicit-modules -Xcc -fno-implicit-module-maps -explicit-swift-module-map-file /Users/admin/builder/spi-builder-workspace/.derivedData/Build/Intermediates.noindex/SwiftUISnapshotTesting.build/Debug-watchos/SwiftUISnapshotTesting-t.build/Objects-normal/arm64/SwiftUISnapshotTesting-dependencies-1.json -Xllvm -aarch64-use-tbi -enable-objc-interop -stack-check -sdk /Applications/Xcode-27.0.0.app/Contents/Developer/Platforms/WatchOS.platform/Developer/SDKs/WatchOS27.0.sdk -I /Users/admin/builder/spi-builder-workspace/.derivedData/Build/Products/Debug-watchos -Isystem /Applications/Xcode-27.0.0.app/Contents/Developer/Platforms/WatchOS.platform/Developer/usr/lib -F /Users/admin/builder/spi-builder-workspace/.derivedData/Build/Products/Debug-watchos/PackageFrameworks -F /Users/admin/builder/spi-builder-workspace/.derivedData/Build/Products/Debug-watchos -F /Applications/Xcode-27.0.0.app/Contents/Developer/Platforms/WatchOS.platform/Developer/Library/Frameworks -F /Applications/Xcode-27.0.0.app/Contents/Developer/Platforms/WatchOS.platform/Developer/SDKs/WatchOS27.0.sdk/Developer/Library/Frameworks -module-cache-path /Users/admin/builder/spi-builder-workspace/.derivedData/Build/Intermediates.noindex/SwiftExplicitPrecompiledModules -no-color-diagnostics -Xcc -fno-color-diagnostics -enable-testing -g -debug-info-format\=dwarf -dwarf-version\=4 -profile-generate -profile-coverage-mapping -swift-version 6 -Onone -D SWIFT_PACKAGE -D DEBUG -D SWIFT_MODULE_RESOURCE_BUNDLE_UNAVAILABLE -D Xcode -serialize-debugging-options -enable-experimental-feature DebugDescriptionMacro -empty-abi-descriptor -validate-clang-modules-once -clang-build-session-file /Users/admin/builder/spi-builder-workspace/.derivedData/ModuleCache.noindex/Session.modulevalidation -Xcc -working-directory -Xcc /Users/admin/builder/spi-builder-workspace/.swiftpm/xcode -enable-anonymous-context-mangled-names -file-compilation-dir /Users/admin/builder/spi-builder-workspace/.swiftpm/xcode -Xcc -D_LIBCPP_HARDENING_MODE\=_LIBCPP_HARDENING_MODE_DEBUG -Xcc -ivfsstatcache -Xcc /Users/admin/builder/spi-builder-workspace/.derivedData/SDKStatCaches.noindex/watchos27.0-24R360-e829b21a6f8c9b70876ba0858053c044b9db9bc9c079ee3c7b5f3373b13d10bc.sdkstatcache -Xcc -fmodules-prune-interval\=86400 -Xcc -fmodules-prune-after\=345600 -Xcc -I/Users/admin/builder/spi-builder-workspace/.derivedData/Build/Products/Debug-watchos/include -Xcc -I/Users/admin/builder/spi-builder-workspace/.derivedData/Build/Intermediates.noindex/SwiftUISnapshotTesting.build/Debug-watchos/SwiftUISnapshotTesting-t.build/DerivedSources-normal/arm64 -Xcc -I/Users/admin/builder/spi-builder-workspace/.derivedData/Build/Intermediates.noindex/SwiftUISnapshotTesting.build/Debug-watchos/SwiftUISnapshotTesting-t.build/DerivedSources/arm64 -Xcc -I/Users/admin/builder/spi-builder-workspace/.derivedData/Build/Intermediates.noindex/SwiftUISnapshotTesting.build/Debug-watchos/SwiftUISnapshotTesting-t.build/DerivedSources -Xcc -DSWIFT_PACKAGE -Xcc -DDEBUG\=1 -no-auto-bridging-header-chaining -module-name SwiftUISnapshotTesting -package-name spi_builder_workspace -const-gather-protocols-file /Users/admin/builder/spi-builder-workspace/.derivedData/Build/Intermediates.noindex/SwiftUISnapshotTesting.build/Debug-watchos/SwiftUISnapshotTesting-t.build/Objects-normal/arm64/SwiftUISnapshotTesting_const_extract_protocols.json -disable-clang-spi -clang-target arm64-apple-watchos27.0 -target-sdk-version 27.0 -target-sdk-name watchos27.0 -in-process-plugin-server-path /Applications/Xcode-27.0.0.app/Contents/Developer/Toolchains/XcodeDefault.xctoolchain/usr/lib/swift/host/libSwiftInProcPluginServer.dylib -emit-module-doc-path /Users/admin/builder/spi-builder-workspace/.derivedData/Build/Intermediates.noindex/SwiftUISnapshotTesting.build/Debug-watchos/SwiftUISnapshotTesting-t.build/Objects-normal/arm64/SwiftUISnapshotTesting.swiftdoc -emit-module-source-info-path /Users/admin/builder/spi-builder-workspace/.derivedData/Build/Intermediates.noindex/SwiftUISnapshotTesting.build/Debug-watchos/SwiftUISnapshotTesting-t.build/Objects-normal/arm64/SwiftUISnapshotTesting.swiftsourceinfo -emit-objc-header-path /Users/admin/builder/spi-builder-workspace/.derivedData/Build/Intermediates.noindex/SwiftUISnapshotTesting.build/Debug-watchos/SwiftUISnapshotTesting-t.build/Objects-normal/arm64/SwiftUISnapshotTesting-Swift.h -serialize-diagnostics-path /Users/admin/builder/spi-builder-workspace/.derivedData/Build/Intermediates.noindex/SwiftUISnapshotTesting.build/Debug-watchos/SwiftUISnapshotTesting-t.build/Objects-normal/arm64/SwiftUISnapshotTesting-primary-emit-module.dia -emit-dependencies-path /Users/admin/builder/spi-builder-workspace/.derivedData/Build/Intermediates.noindex/SwiftUISnapshotTesting.build/Debug-watchos/SwiftUISnapshotTesting-t.build/Objects-normal/arm64/SwiftUISnapshotTesting-primary-emit-module.d -parse-as-library -o /Users/admin/builder/spi-builder-workspace/.derivedData/Build/Intermediates.noindex/SwiftUISnapshotTesting.build/Debug-watchos/SwiftUISnapshotTesting-t.build/Objects-normal/arm64/SwiftUISnapshotTesting.swiftmodule -emit-abi-descriptor-path /Users/admin/builder/spi-builder-workspace/.derivedData/Build/Intermediates.noindex/SwiftUISnapshotTesting.build/Debug-watchos/SwiftUISnapshotTesting-t.build/Objects-normal/arm64/SwiftUISnapshotTesting.abi.json
SwiftCompile normal arm64 (in target 'SwiftUISnapshotTesting' from project 'SwiftUISnapshotTesting')
cd /Users/admin/builder/spi-builder-workspace/.swiftpm/xcode
SwiftEmitModule normal arm64_32 Emitting\ module\ for\ SwiftUISnapshotTesting (in target 'SwiftUISnapshotTesting' from project 'SwiftUISnapshotTesting')
/Users/admin/builder/spi-builder-workspace/Sources/Expression.swift:22:17: error: 'CACurrentMediaTime()' is unavailable in watchOS
20 | }
21 | }
22 | let start = CACurrentMediaTime()
| `- error: 'CACurrentMediaTime()' is unavailable in watchOS
23 | let status = ExpressionStatus()
24 | while await !status.isFulfilled, CACurrentMediaTime() - start < timeout {
/Applications/Xcode-27.0.0.app/Contents/Developer/Platforms/WatchOS.platform/Developer/SDKs/WatchOS27.0.sdk/System/Library/Frameworks/QuartzCore.framework/Headers/CABase.h:127:26: note: 'CACurrentMediaTime()' has been explicitly marked unavailable here
125 | * calling mach_absolute_time () and converting the units to seconds. */
126 |
127 | CA_EXTERN CFTimeInterval CACurrentMediaTime (void)
| `- note: 'CACurrentMediaTime()' has been explicitly marked unavailable here
128 | API_AVAILABLE(macos(10.5), ios(2.0)) API_UNAVAILABLE(watchos);
129 |
/Users/admin/builder/spi-builder-workspace/Sources/Expression.swift:24:38: error: 'CACurrentMediaTime()' is unavailable in watchOS
22 | let start = CACurrentMediaTime()
23 | let status = ExpressionStatus()
24 | while await !status.isFulfilled, CACurrentMediaTime() - start < timeout {
| `- error: 'CACurrentMediaTime()' is unavailable in watchOS
25 | await Task.yield()
26 | let task = Task<Bool, Error> { @MainActor in
/Applications/Xcode-27.0.0.app/Contents/Developer/Platforms/WatchOS.platform/Developer/SDKs/WatchOS27.0.sdk/System/Library/Frameworks/QuartzCore.framework/Headers/CABase.h:127:26: note: 'CACurrentMediaTime()' has been explicitly marked unavailable here
125 | * calling mach_absolute_time () and converting the units to seconds. */
126 |
127 | CA_EXTERN CFTimeInterval CACurrentMediaTime (void)
| `- note: 'CACurrentMediaTime()' has been explicitly marked unavailable here
128 | API_AVAILABLE(macos(10.5), ios(2.0)) API_UNAVAILABLE(watchos);
129 |
/Users/admin/builder/spi-builder-workspace/Sources/Expression.swift:29:9: warning: unstructured throwing task created by 'init(name:priority:operation:)' is not used, which may accidentally ignore errors thrown inside the task [#NoUseUnstructuredThrowingTask]
27 | return try await expression()
28 | }
29 | Task { [status] in
| |- warning: unstructured throwing task created by 'init(name:priority:operation:)' is not used, which may accidentally ignore errors thrown inside the task [#NoUseUnstructuredThrowingTask]
| `- note: to silence this warning, handle the error inside the task, or store/discard the task value explicitly
30 | try await Task.sleep(for: .seconds(timeout))
31 | if await !status.isFulfilled {
/Users/admin/builder/spi-builder-workspace/Sources/Snapshot.swift:81:42: error: cannot find type 'NSImage' in scope
79 | @MainActor
80 | public func assertSnapshot(
81 | image: @autoclosure () throws -> NSImage,
| `- error: cannot find type 'NSImage' in scope
82 | named name: String? = nil,
83 | record recording: Bool? = nil,
[#NoUseUnstructuredThrowingTask]: <https://docs.swift.org/compiler/documentation/diagnostics/no-use-throwing-unstructured-task>
Failed frontend command:
/Applications/Xcode-27.0.0.app/Contents/Developer/Toolchains/XcodeDefault.xctoolchain/usr/bin/swift-frontend -frontend -emit-module -experimental-skip-non-inlinable-function-bodies-without-types /Users/admin/builder/spi-builder-workspace/Sources/Expression.swift /Users/admin/builder/spi-builder-workspace/Sources/MacOSSnapshot.swift /Users/admin/builder/spi-builder-workspace/Sources/Platform.swift /Users/admin/builder/spi-builder-workspace/Sources/RegionalImageComparison.swift /Users/admin/builder/spi-builder-workspace/Sources/RegionalImageSnapshotting.swift /Users/admin/builder/spi-builder-workspace/Sources/Render.swift /Users/admin/builder/spi-builder-workspace/Sources/Snapshot.swift /Users/admin/builder/spi-builder-workspace/Sources/Snapshotting+NSImage.swift /Users/admin/builder/spi-builder-workspace/Sources/Snapshotting+UIImage.swift -target arm64_32-apple-watchos9.0 -module-can-import-version UIKit 9127.0.84.1 9127.0.84 -disable-cross-import-overlay-search -swift-module-cross-import Testing /Applications/Xcode-27.0.0.app/Contents/Developer/Platforms/WatchOS.platform/Developer/Library/Frameworks/Testing.framework/Modules/Testing.swiftcrossimport/CoreGraphics.swiftoverlay -swift-module-cross-import Testing /Applications/Xcode-27.0.0.app/Contents/Developer/Platforms/WatchOS.platform/Developer/Library/Frameworks/Testing.framework/Modules/Testing.swiftcrossimport/CoreTransferable.swiftoverlay -swift-module-cross-import Testing /Applications/Xcode-27.0.0.app/Contents/Developer/Platforms/WatchOS.platform/Developer/Library/Frameworks/Testing.framework/Modules/Testing.swiftcrossimport/Foundation.swiftoverlay -swift-module-cross-import Testing /Applications/Xcode-27.0.0.app/Contents/Developer/Platforms/WatchOS.platform/Developer/Library/Frameworks/Testing.framework/Modules/Testing.swiftcrossimport/UIKit.swiftoverlay -load-resolved-plugin /Applications/Xcode-27.0.0.app/Contents/Developer/Platforms/WatchOS.platform/Developer/usr/lib/swift/host/plugins/libFoundationMacros.dylib\#/Applications/Xcode-27.0.0.app/Contents/Developer/Platforms/WatchOS.platform/Developer/usr/bin/swift-plugin-server\#FoundationMacros -load-resolved-plugin /Applications/Xcode-27.0.0.app/Contents/Developer/Platforms/WatchOS.platform/Developer/usr/lib/swift/host/plugins/libObservationMacros.dylib\#/Applications/Xcode-27.0.0.app/Contents/Developer/Platforms/WatchOS.platform/Developer/usr/bin/swift-plugin-server\#ObservationMacros -load-resolved-plugin /Applications/Xcode-27.0.0.app/Contents/Developer/Platforms/WatchOS.platform/Developer/usr/lib/swift/host/plugins/libPreviewsMacros.dylib\#/Applications/Xcode-27.0.0.app/Contents/Developer/Platforms/WatchOS.platform/Developer/usr/bin/swift-plugin-server\#PreviewsMacros -load-resolved-plugin /Applications/Xcode-27.0.0.app/Contents/Developer/Platforms/WatchOS.platform/Developer/usr/lib/swift/host/plugins/libSwiftMacros.dylib\#/Applications/Xcode-27.0.0.app/Contents/Developer/Platforms/WatchOS.platform/Developer/usr/bin/swift-plugin-server\#SwiftMacros -load-resolved-plugin /Applications/Xcode-27.0.0.app/Contents/Developer/Platforms/WatchOS.platform/Developer/usr/lib/swift/host/plugins/libSwiftUIMacros.dylib\#/Applications/Xcode-27.0.0.app/Contents/Developer/Platforms/WatchOS.platform/Developer/usr/bin/swift-plugin-server\#SwiftUIMacros -load-resolved-plugin /Applications/Xcode-27.0.0.app/Contents/Developer/Toolchains/XcodeDefault.xctoolchain/usr/lib/swift/host/plugins/testing/libTestingMacros.dylib\#\#TestingMacros -disable-implicit-swift-modules -Xcc -fno-implicit-modules -Xcc -fno-implicit-module-maps -explicit-swift-module-map-file /Users/admin/builder/spi-builder-workspace/.derivedData/Build/Intermediates.noindex/SwiftUISnapshotTesting.build/Debug-watchos/SwiftUISnapshotTesting-t.build/Objects-normal/arm64_32/SwiftUISnapshotTesting-dependencies-2.json -enable-objc-interop -sdk /Applications/Xcode-27.0.0.app/Contents/Developer/Platforms/WatchOS.platform/Developer/SDKs/WatchOS27.0.sdk -I /Users/admin/builder/spi-builder-workspace/.derivedData/Build/Products/Debug-watchos -Isystem /Applications/Xcode-27.0.0.app/Contents/Developer/Platforms/WatchOS.platform/Developer/usr/lib -F /Users/admin/builder/spi-builder-workspace/.derivedData/Build/Products/Debug-watchos/PackageFrameworks -F /Users/admin/builder/spi-builder-workspace/.derivedData/Build/Products/Debug-watchos -F /Applications/Xcode-27.0.0.app/Contents/Developer/Platforms/WatchOS.platform/Developer/Library/Frameworks -F /Applications/Xcode-27.0.0.app/Contents/Developer/Platforms/WatchOS.platform/Developer/SDKs/WatchOS27.0.sdk/Developer/Library/Frameworks -module-cache-path /Users/admin/builder/spi-builder-workspace/.derivedData/Build/Intermediates.noindex/SwiftExplicitPrecompiledModules -no-color-diagnostics -Xcc -fno-color-diagnostics -enable-testing -g -debug-info-format\=dwarf -dwarf-version\=4 -profile-generate -profile-coverage-mapping -swift-version 6 -Onone -D SWIFT_PACKAGE -D DEBUG -D SWIFT_MODULE_RESOURCE_BUNDLE_UNAVAILABLE -D Xcode -serialize-debugging-options -enable-experimental-feature DebugDescriptionMacro -empty-abi-descriptor -validate-clang-modules-once -clang-build-session-file /Users/admin/builder/spi-builder-workspace/.derivedData/ModuleCache.noindex/Session.modulevalidation -Xcc -working-directory -Xcc /Users/admin/builder/spi-builder-workspace/.swiftpm/xcode -enable-anonymous-context-mangled-names -file-compilation-dir /Users/admin/builder/spi-builder-workspace/.swiftpm/xcode -Xcc -D_LIBCPP_HARDENING_MODE\=_LIBCPP_HARDENING_MODE_DEBUG -Xcc -ivfsstatcache -Xcc /Users/admin/builder/spi-builder-workspace/.derivedData/SDKStatCaches.noindex/watchos27.0-24R360-e829b21a6f8c9b70876ba0858053c044b9db9bc9c079ee3c7b5f3373b13d10bc.sdkstatcache -Xcc -fmodules-prune-interval\=86400 -Xcc -fmodules-prune-after\=345600 -Xcc -I/Users/admin/builder/spi-builder-workspace/.derivedData/Build/Products/Debug-watchos/include -Xcc -I/Users/admin/builder/spi-builder-workspace/.derivedData/Build/Intermediates.noindex/SwiftUISnapshotTesting.build/Debug-watchos/SwiftUISnapshotTesting-t.build/DerivedSources-normal/arm64_32 -Xcc -I/Users/admin/builder/spi-builder-workspace/.derivedData/Build/Intermediates.noindex/SwiftUISnapshotTesting.build/Debug-watchos/SwiftUISnapshotTesting-t.build/DerivedSources/arm64_32 -Xcc -I/Users/admin/builder/spi-builder-workspace/.derivedData/Build/Intermediates.noindex/SwiftUISnapshotTesting.build/Debug-watchos/SwiftUISnapshotTesting-t.build/DerivedSources -Xcc -DSWIFT_PACKAGE -Xcc -DDEBUG\=1 -no-auto-bridging-header-chaining -module-name SwiftUISnapshotTesting -package-name spi_builder_workspace -const-gather-protocols-file /Users/admin/builder/spi-builder-workspace/.derivedData/Build/Intermediates.noindex/SwiftUISnapshotTesting.build/Debug-watchos/SwiftUISnapshotTesting-t.build/Objects-normal/arm64_32/SwiftUISnapshotTesting_const_extract_protocols.json -disable-clang-spi -clang-target arm64_32-apple-watchos27.0 -target-sdk-version 27.0 -target-sdk-name watchos27.0 -in-process-plugin-server-path /Applications/Xcode-27.0.0.app/Contents/Developer/Toolchains/XcodeDefault.xctoolchain/usr/lib/swift/host/libSwiftInProcPluginServer.dylib -emit-module-doc-path /Users/admin/builder/spi-builder-workspace/.derivedData/Build/Intermediates.noindex/SwiftUISnapshotTesting.build/Debug-watchos/SwiftUISnapshotTesting-t.build/Objects-normal/arm64_32/SwiftUISnapshotTesting.swiftdoc -emit-module-source-info-path /Users/admin/builder/spi-builder-workspace/.derivedData/Build/Intermediates.noindex/SwiftUISnapshotTesting.build/Debug-watchos/SwiftUISnapshotTesting-t.build/Objects-normal/arm64_32/SwiftUISnapshotTesting.swiftsourceinfo -emit-objc-header-path /Users/admin/builder/spi-builder-workspace/.derivedData/Build/Intermediates.noindex/SwiftUISnapshotTesting.build/Debug-watchos/SwiftUISnapshotTesting-t.build/Objects-normal/arm64_32/SwiftUISnapshotTesting-Swift.h -serialize-diagnostics-path /Users/admin/builder/spi-builder-workspace/.derivedData/Build/Intermediates.noindex/SwiftUISnapshotTesting.build/Debug-watchos/SwiftUISnapshotTesting-t.build/Objects-normal/arm64_32/SwiftUISnapshotTesting-primary-emit-module.dia -emit-dependencies-path /Users/admin/builder/spi-builder-workspace/.derivedData/Build/Intermediates.noindex/SwiftUISnapshotTesting.build/Debug-watchos/SwiftUISnapshotTesting-t.build/Objects-normal/arm64_32/SwiftUISnapshotTesting-primary-emit-module.d -parse-as-library -o /Users/admin/builder/spi-builder-workspace/.derivedData/Build/Intermediates.noindex/SwiftUISnapshotTesting.build/Debug-watchos/SwiftUISnapshotTesting-t.build/Objects-normal/arm64_32/SwiftUISnapshotTesting.swiftmodule -emit-abi-descriptor-path /Users/admin/builder/spi-builder-workspace/.derivedData/Build/Intermediates.noindex/SwiftUISnapshotTesting.build/Debug-watchos/SwiftUISnapshotTesting-t.build/Objects-normal/arm64_32/SwiftUISnapshotTesting.abi.json
SwiftCompile normal arm64_32 (in target 'SwiftUISnapshotTesting' from project 'SwiftUISnapshotTesting')
cd /Users/admin/builder/spi-builder-workspace/.swiftpm/xcode
SwiftCompile normal arm64 Compiling\ RegionalImageSnapshotting.swift /Users/admin/builder/spi-builder-workspace/Sources/RegionalImageSnapshotting.swift (in target 'SwiftUISnapshotTesting' from project 'SwiftUISnapshotTesting')
SwiftCompile normal arm64 /Users/admin/builder/spi-builder-workspace/Sources/RegionalImageSnapshotting.swift (in target 'SwiftUISnapshotTesting' from project 'SwiftUISnapshotTesting')
cd /Users/admin/builder/spi-builder-workspace/.swiftpm/xcode
builtin-SwiftPerFileCompile RegionalImageSnapshotting.swift
PruneExplicitPrecompiledModules /Users/admin/builder/spi-builder-workspace/.derivedData/Build/Intermediates.noindex/ExplicitPrecompiledModules
PruneExplicitPrecompiledModules /Users/admin/builder/spi-builder-workspace/.derivedData/Build/Intermediates.noindex/SwiftExplicitPrecompiledModules
PruneExplicitPrecompiledModules /Users/admin/builder/spi-builder-workspace/.derivedData/SDKExplicitPrecompiledModules
2026-10-10 02:55:43.687 xcodebuild[1197:6353] [MT] IDERunDestination: Supported platforms for the buildables in the current scheme is empty.
** BUILD FAILED **
The following build commands failed:
SwiftEmitModule normal arm64 Emitting\ module\ for\ SwiftUISnapshotTesting (in target 'SwiftUISnapshotTesting' from project 'SwiftUISnapshotTesting')
SwiftCompile normal arm64 (in target 'SwiftUISnapshotTesting' from project 'SwiftUISnapshotTesting')
SwiftEmitModule normal arm64_32 Emitting\ module\ for\ SwiftUISnapshotTesting (in target 'SwiftUISnapshotTesting' from project 'SwiftUISnapshotTesting')
SwiftCompile normal arm64_32 (in target 'SwiftUISnapshotTesting' from project 'SwiftUISnapshotTesting')
Building workspace SwiftUISnapshotTesting with scheme SwiftUISnapshotTesting
(5 failures)
BUILD FAILURE 6.4 watchOS