Build Information
Failed to build AsyncRequestKit, reference main (6040e4), with Swift 6.3 for watchOS using Xcode 26.4 on 21 Jul 2026 23:00:20 UTC.
Build Command
env DEVELOPER_DIR=/Applications/Xcode-26.4.0.app xcrun xcodebuild -IDEClonedSourcePackagesDirPathOverride=$PWD/.dependencies -skipMacroValidation -skipPackagePluginValidation -derivedDataPath $PWD/.derivedData build -scheme AsyncRequestKit-Package -destination generic/platform=watchOSBuild Log
========================================
RunAll
========================================
Builder version: undefined version: run 'make version' to update
Interrupt handler set up.
========================================
Checkout
========================================
Clone URL: https://github.com/AikenCod/AsyncRequestKit.git
Reference: main
Initialized empty Git repository in /Users/admin/builder/spi-builder-workspace/.git/
From https://github.com/AikenCod/AsyncRequestKit
* branch main -> FETCH_HEAD
* [new branch] main -> origin/main
HEAD is now at 6040e40 docs: refresh public commit evidence
Cloned https://github.com/AikenCod/AsyncRequestKit.git
Revision (git rev-parse @):
6040e407e446670a33756ef0a354be24fdf3d465
SPI manifest file found: $PWD/.spi.yml
SUCCESS checkout https://github.com/AikenCod/AsyncRequestKit.git at main
========================================
Build
========================================
Selected platform: watchOS
Swift version: 6.3
Building package at path: $PWD
https://github.com/AikenCod/AsyncRequestKit.git
Command line invocation:
/Applications/Xcode-26.4.0.app/Contents/Developer/usr/bin/xcodebuild -IDEClonedSourcePackagesDirPathOverride=/Users/admin/builder/spi-builder-workspace/.dependencies -resolvePackageDependencies
Resolve Package Graph
Resolve Package Graph
Resolved source packages:
AsyncRequestKit: /Users/admin/builder/spi-builder-workspace
resolved source packages: AsyncRequestKit
2026-07-21 18:59:46.703 xcodebuild[541:3205] [MT] IDERunDestination: Supported platforms for the buildables in the current scheme is empty.
{
"dependencies" : [
],
"manifest_display_name" : "AsyncRequestKit",
"name" : "AsyncRequestKit",
"path" : "/Users/admin/builder/spi-builder-workspace",
"platforms" : [
{
"name" : "macos",
"version" : "13.0"
},
{
"name" : "ios",
"version" : "16.0"
},
{
"name" : "tvos",
"version" : "16.0"
},
{
"name" : "watchos",
"version" : "9.0"
}
],
"products" : [
{
"name" : "AsyncRequestKit",
"targets" : [
"AsyncRequestKit"
],
"type" : {
"library" : [
"automatic"
]
}
},
{
"name" : "AsyncRequestKitDemo",
"targets" : [
"AsyncRequestKitDemo"
],
"type" : {
"executable" : null
}
}
],
"targets" : [
{
"c99name" : "AsyncRequestKitTests",
"module_type" : "SwiftTarget",
"name" : "AsyncRequestKitTests",
"path" : "Tests/AsyncRequestKitTests",
"sources" : [
"AsyncRequestKitTests.swift"
],
"target_dependencies" : [
"AsyncRequestKit"
],
"type" : "test"
},
{
"c99name" : "AsyncRequestKitDemo",
"module_type" : "SwiftTarget",
"name" : "AsyncRequestKitDemo",
"path" : "Sources/AsyncRequestKitDemo",
"product_memberships" : [
"AsyncRequestKitDemo"
],
"sources" : [
"main.swift"
],
"target_dependencies" : [
"AsyncRequestKit"
],
"type" : "executable"
},
{
"c99name" : "AsyncRequestKit",
"module_type" : "SwiftTarget",
"name" : "AsyncRequestKit",
"path" : "Sources/AsyncRequestKit",
"product_memberships" : [
"AsyncRequestKit",
"AsyncRequestKitDemo"
],
"sources" : [
"Cache/AsyncCache.swift",
"Core/AsyncRequestKitError.swift",
"Core/Duration+Nanoseconds.swift",
"HTTP/AK+Convenience.swift",
"HTTP/AK+HTTPMethods.swift",
"HTTP/AK+Upload.swift",
"HTTP/AK.swift",
"HTTP/HTTPClient+Convenience.swift",
"HTTP/HTTPClient+Execution.swift",
"HTTP/HTTPClient+HTTPMethods.swift",
"HTTP/HTTPClient+RequestSupport.swift",
"HTTP/HTTPClient+Upload.swift",
"HTTP/HTTPClient.swift",
"HTTP/HTTPInterceptor.swift",
"HTTP/HTTPResponse.swift",
"HTTP/MultipartFormData.swift",
"HTTP/ParameterEncoding.swift",
"HTTP/TokenRefreshCoordinator.swift",
"Parallel/LimitedConcurrency.swift",
"Queue/AsyncQueue.swift",
"Retry/RetryPolicy.swift",
"Timeout/Timeout.swift"
],
"type" : "library"
}
],
"tools_version" : "6.0"
}
{
"workspace" : {
"name" : "spi-builder-workspace",
"schemes" : [
"AsyncRequestKit",
"AsyncRequestKit-Package",
"AsyncRequestKitDemo"
]
}
}
2026-07-21 19:00:07.280 xcodebuild[697:4437] [MT] IDERunDestination: Supported platforms for the buildables in the current scheme is empty.
Running build ...
env DEVELOPER_DIR=/Applications/Xcode-26.4.0.app xcrun xcodebuild -IDEClonedSourcePackagesDirPathOverride=$PWD/.dependencies -skipMacroValidation -skipPackagePluginValidation -derivedDataPath $PWD/.derivedData build -scheme AsyncRequestKit-Package -destination generic/platform=watchOS
Command line invocation:
/Applications/Xcode-26.4.0.app/Contents/Developer/usr/bin/xcodebuild -IDEClonedSourcePackagesDirPathOverride=/Users/admin/builder/spi-builder-workspace/.dependencies -skipMacroValidation -skipPackagePluginValidation -derivedDataPath /Users/admin/builder/spi-builder-workspace/.derivedData build -scheme AsyncRequestKit-Package -destination generic/platform=watchOS
Resolve Package Graph
Resolved source packages:
AsyncRequestKit: /Users/admin/builder/spi-builder-workspace
ComputePackagePrebuildTargetDependencyGraph
Prepare packages
CreateBuildRequest
SendProjectDescription
CreateBuildOperation
ComputeTargetDependencyGraph
note: Building targets in dependency order
note: Target dependency graph (3 targets)
Target 'AsyncRequestKitDemo' in project 'AsyncRequestKit'
➜ Explicit dependency on target 'AsyncRequestKit' in project 'AsyncRequestKit'
Target 'AsyncRequestKit' in project 'AsyncRequestKit'
➜ Explicit dependency on target 'AsyncRequestKit' in project 'AsyncRequestKit'
Target 'AsyncRequestKit' in project 'AsyncRequestKit' (no dependencies)
GatherProvisioningInputs
CreateBuildDescription
ExecuteExternalTool /Applications/Xcode-26.4.0.app/Contents/Developer/Toolchains/XcodeDefault.xctoolchain/usr/bin/clang -v -E -dM -isysroot /Applications/Xcode-26.4.0.app/Contents/Developer/Platforms/WatchOS.platform/Developer/SDKs/WatchOS26.4.sdk -x c -c /dev/null
ExecuteExternalTool /Applications/Xcode-26.4.0.app/Contents/Developer/Toolchains/XcodeDefault.xctoolchain/usr/bin/swiftc --version
ExecuteExternalTool /Applications/Xcode-26.4.0.app/Contents/Developer/Toolchains/XcodeDefault.xctoolchain/usr/bin/ld -version_details
ReadFileContents /Applications/Xcode-26.4.0.app/Contents/Developer/Toolchains/XcodeDefault.xctoolchain/usr/share/docc/features.json
Build description signature: 28f852d970785d579b1d3137f06f8555
Build description path: /Users/admin/builder/spi-builder-workspace/.derivedData/Build/Intermediates.noindex/XCBuildData/28f852d970785d579b1d3137f06f8555.xcbuilddata
CreateBuildDirectory /Users/admin/builder/spi-builder-workspace/.derivedData/Build/Products
cd /Users/admin/builder/spi-builder-workspace/.swiftpm/xcode
builtin-create-build-directory /Users/admin/builder/spi-builder-workspace/.derivedData/Build/Products
CreateBuildDirectory /Users/admin/builder/spi-builder-workspace/.derivedData/Build/Intermediates.noindex
cd /Users/admin/builder/spi-builder-workspace/.swiftpm/xcode
builtin-create-build-directory /Users/admin/builder/spi-builder-workspace/.derivedData/Build/Intermediates.noindex
ClangStatCache /Applications/Xcode-26.4.0.app/Contents/Developer/Toolchains/XcodeDefault.xctoolchain/usr/bin/clang-stat-cache /Applications/Xcode-26.4.0.app/Contents/Developer/Platforms/WatchOS.platform/Developer/SDKs/WatchOS26.4.sdk /Users/admin/builder/spi-builder-workspace/.derivedData/SDKStatCaches.noindex/watchos26.4-23T238-688ef53f1462e2c8f657fdc38a81448f9e51884a582f42380855760c9d4cc599.sdkstatcache
cd /Users/admin/builder/spi-builder-workspace/.swiftpm/xcode
/Applications/Xcode-26.4.0.app/Contents/Developer/Toolchains/XcodeDefault.xctoolchain/usr/bin/clang-stat-cache /Applications/Xcode-26.4.0.app/Contents/Developer/Platforms/WatchOS.platform/Developer/SDKs/WatchOS26.4.sdk -o /Users/admin/builder/spi-builder-workspace/.derivedData/SDKStatCaches.noindex/watchos26.4-23T238-688ef53f1462e2c8f657fdc38a81448f9e51884a582f42380855760c9d4cc599.sdkstatcache
CreateBuildDirectory /Users/admin/builder/spi-builder-workspace/.derivedData/Build/Intermediates.noindex/SwiftExplicitPrecompiledModules
cd /Users/admin/builder/spi-builder-workspace/.swiftpm/xcode
builtin-create-build-directory /Users/admin/builder/spi-builder-workspace/.derivedData/Build/Intermediates.noindex/SwiftExplicitPrecompiledModules
CreateBuildDirectory /Users/admin/builder/spi-builder-workspace/.derivedData/Build/Intermediates.noindex/ExplicitPrecompiledModules
cd /Users/admin/builder/spi-builder-workspace/.swiftpm/xcode
builtin-create-build-directory /Users/admin/builder/spi-builder-workspace/.derivedData/Build/Intermediates.noindex/ExplicitPrecompiledModules
CreateBuildDirectory /Users/admin/builder/spi-builder-workspace/.derivedData/Build/Intermediates.noindex/EagerLinkingTBDs/Debug-watchos
cd /Users/admin/builder/spi-builder-workspace/.swiftpm/xcode
builtin-create-build-directory /Users/admin/builder/spi-builder-workspace/.derivedData/Build/Intermediates.noindex/EagerLinkingTBDs/Debug-watchos
CreateBuildDirectory /Users/admin/builder/spi-builder-workspace/.derivedData/Build/Products/Debug-watchos
cd /Users/admin/builder/spi-builder-workspace/.swiftpm/xcode
builtin-create-build-directory /Users/admin/builder/spi-builder-workspace/.derivedData/Build/Products/Debug-watchos
CreateBuildDirectory /Users/admin/builder/spi-builder-workspace/.derivedData/Build/Products/Debug-watchos/PackageFrameworks
cd /Users/admin/builder/spi-builder-workspace/.swiftpm/xcode
builtin-create-build-directory /Users/admin/builder/spi-builder-workspace/.derivedData/Build/Products/Debug-watchos/PackageFrameworks
WriteAuxiliaryFile /Users/admin/builder/spi-builder-workspace/.derivedData/Build/Intermediates.noindex/AsyncRequestKit.build/Debug-watchos/AsyncRequestKitDemo.build/AsyncRequestKitDemo.DependencyStaticMetadataFileList (in target 'AsyncRequestKitDemo' from project 'AsyncRequestKit')
cd /Users/admin/builder/spi-builder-workspace
write-file /Users/admin/builder/spi-builder-workspace/.derivedData/Build/Intermediates.noindex/AsyncRequestKit.build/Debug-watchos/AsyncRequestKitDemo.build/AsyncRequestKitDemo.DependencyStaticMetadataFileList
WriteAuxiliaryFile /Users/admin/builder/spi-builder-workspace/.derivedData/Build/Intermediates.noindex/AsyncRequestKit.build/Debug-watchos/AsyncRequestKitDemo.build/Objects-normal/arm64/AsyncRequestKitDemo.SwiftFileList (in target 'AsyncRequestKitDemo' from project 'AsyncRequestKit')
cd /Users/admin/builder/spi-builder-workspace
write-file /Users/admin/builder/spi-builder-workspace/.derivedData/Build/Intermediates.noindex/AsyncRequestKit.build/Debug-watchos/AsyncRequestKitDemo.build/Objects-normal/arm64/AsyncRequestKitDemo.SwiftFileList
WriteAuxiliaryFile /Users/admin/builder/spi-builder-workspace/.derivedData/Build/Intermediates.noindex/AsyncRequestKit.build/Debug-watchos/AsyncRequestKitDemo.build/Objects-normal/arm64/AsyncRequestKitDemo_const_extract_protocols.json (in target 'AsyncRequestKitDemo' from project 'AsyncRequestKit')
cd /Users/admin/builder/spi-builder-workspace
write-file /Users/admin/builder/spi-builder-workspace/.derivedData/Build/Intermediates.noindex/AsyncRequestKit.build/Debug-watchos/AsyncRequestKitDemo.build/Objects-normal/arm64/AsyncRequestKitDemo_const_extract_protocols.json
WriteAuxiliaryFile /Users/admin/builder/spi-builder-workspace/.derivedData/Build/Intermediates.noindex/AsyncRequestKit.build/Debug-watchos/AsyncRequestKitDemo.build/Objects-normal/arm64/AsyncRequestKitDemo-OutputFileMap.json (in target 'AsyncRequestKitDemo' from project 'AsyncRequestKit')
cd /Users/admin/builder/spi-builder-workspace
write-file /Users/admin/builder/spi-builder-workspace/.derivedData/Build/Intermediates.noindex/AsyncRequestKit.build/Debug-watchos/AsyncRequestKitDemo.build/Objects-normal/arm64/AsyncRequestKitDemo-OutputFileMap.json
WriteAuxiliaryFile /Users/admin/builder/spi-builder-workspace/.derivedData/Build/Intermediates.noindex/AsyncRequestKit.build/Debug-watchos/AsyncRequestKitDemo.build/Objects-normal/arm64/AsyncRequestKitDemo.LinkFileList (in target 'AsyncRequestKitDemo' from project 'AsyncRequestKit')
cd /Users/admin/builder/spi-builder-workspace
write-file /Users/admin/builder/spi-builder-workspace/.derivedData/Build/Intermediates.noindex/AsyncRequestKit.build/Debug-watchos/AsyncRequestKitDemo.build/Objects-normal/arm64/AsyncRequestKitDemo.LinkFileList
WriteAuxiliaryFile /Users/admin/builder/spi-builder-workspace/.derivedData/Build/Intermediates.noindex/AsyncRequestKit.build/Debug-watchos/AsyncRequestKitDemo.build/Objects-normal/arm64_32/AsyncRequestKitDemo.SwiftFileList (in target 'AsyncRequestKitDemo' from project 'AsyncRequestKit')
cd /Users/admin/builder/spi-builder-workspace
write-file /Users/admin/builder/spi-builder-workspace/.derivedData/Build/Intermediates.noindex/AsyncRequestKit.build/Debug-watchos/AsyncRequestKitDemo.build/Objects-normal/arm64_32/AsyncRequestKitDemo.SwiftFileList
WriteAuxiliaryFile /Users/admin/builder/spi-builder-workspace/.derivedData/Build/Intermediates.noindex/AsyncRequestKit.build/Debug-watchos/AsyncRequestKitDemo.build/Objects-normal/arm64_32/AsyncRequestKitDemo.LinkFileList (in target 'AsyncRequestKitDemo' from project 'AsyncRequestKit')
cd /Users/admin/builder/spi-builder-workspace
write-file /Users/admin/builder/spi-builder-workspace/.derivedData/Build/Intermediates.noindex/AsyncRequestKit.build/Debug-watchos/AsyncRequestKitDemo.build/Objects-normal/arm64_32/AsyncRequestKitDemo.LinkFileList
WriteAuxiliaryFile /Users/admin/builder/spi-builder-workspace/.derivedData/Build/Intermediates.noindex/AsyncRequestKit.build/Debug-watchos/AsyncRequestKitDemo.build/Objects-normal/arm64_32/AsyncRequestKitDemo_const_extract_protocols.json (in target 'AsyncRequestKitDemo' from project 'AsyncRequestKit')
cd /Users/admin/builder/spi-builder-workspace
write-file /Users/admin/builder/spi-builder-workspace/.derivedData/Build/Intermediates.noindex/AsyncRequestKit.build/Debug-watchos/AsyncRequestKitDemo.build/Objects-normal/arm64_32/AsyncRequestKitDemo_const_extract_protocols.json
WriteAuxiliaryFile /Users/admin/builder/spi-builder-workspace/.derivedData/Build/Intermediates.noindex/AsyncRequestKit.build/Debug-watchos/AsyncRequestKitDemo.build/Objects-normal/arm64_32/AsyncRequestKitDemo-OutputFileMap.json (in target 'AsyncRequestKitDemo' from project 'AsyncRequestKit')
cd /Users/admin/builder/spi-builder-workspace
write-file /Users/admin/builder/spi-builder-workspace/.derivedData/Build/Intermediates.noindex/AsyncRequestKit.build/Debug-watchos/AsyncRequestKitDemo.build/Objects-normal/arm64_32/AsyncRequestKitDemo-OutputFileMap.json
WriteAuxiliaryFile /Users/admin/builder/spi-builder-workspace/.derivedData/Build/Intermediates.noindex/AsyncRequestKit.build/Debug-watchos/AsyncRequestKitDemo.build/AsyncRequestKitDemo.DependencyMetadataFileList (in target 'AsyncRequestKitDemo' from project 'AsyncRequestKit')
cd /Users/admin/builder/spi-builder-workspace
write-file /Users/admin/builder/spi-builder-workspace/.derivedData/Build/Intermediates.noindex/AsyncRequestKit.build/Debug-watchos/AsyncRequestKitDemo.build/AsyncRequestKitDemo.DependencyMetadataFileList
WriteAuxiliaryFile /Users/admin/builder/spi-builder-workspace/.derivedData/Build/Intermediates.noindex/AsyncRequestKit.build/Debug-watchos/AsyncRequestKit.build/Objects-normal/arm64_32/AsyncRequestKit.LinkFileList (in target 'AsyncRequestKit' from project 'AsyncRequestKit')
cd /Users/admin/builder/spi-builder-workspace
write-file /Users/admin/builder/spi-builder-workspace/.derivedData/Build/Intermediates.noindex/AsyncRequestKit.build/Debug-watchos/AsyncRequestKit.build/Objects-normal/arm64_32/AsyncRequestKit.LinkFileList
WriteAuxiliaryFile /Users/admin/builder/spi-builder-workspace/.derivedData/Build/Intermediates.noindex/AsyncRequestKit.build/Debug-watchos/AsyncRequestKit.build/Objects-normal/arm64_32/AsyncRequestKit.SwiftConstValuesFileList (in target 'AsyncRequestKit' from project 'AsyncRequestKit')
cd /Users/admin/builder/spi-builder-workspace
write-file /Users/admin/builder/spi-builder-workspace/.derivedData/Build/Intermediates.noindex/AsyncRequestKit.build/Debug-watchos/AsyncRequestKit.build/Objects-normal/arm64_32/AsyncRequestKit.SwiftConstValuesFileList
WriteAuxiliaryFile /Users/admin/builder/spi-builder-workspace/.derivedData/Build/Intermediates.noindex/AsyncRequestKit.build/Debug-watchos/AsyncRequestKit.build/Objects-normal/arm64_32/AsyncRequestKit_const_extract_protocols.json (in target 'AsyncRequestKit' from project 'AsyncRequestKit')
cd /Users/admin/builder/spi-builder-workspace
write-file /Users/admin/builder/spi-builder-workspace/.derivedData/Build/Intermediates.noindex/AsyncRequestKit.build/Debug-watchos/AsyncRequestKit.build/Objects-normal/arm64_32/AsyncRequestKit_const_extract_protocols.json
WriteAuxiliaryFile /Users/admin/builder/spi-builder-workspace/.derivedData/Build/Intermediates.noindex/AsyncRequestKit.build/Debug-watchos/AsyncRequestKit.build/Objects-normal/arm64_32/AsyncRequestKit.SwiftFileList (in target 'AsyncRequestKit' from project 'AsyncRequestKit')
cd /Users/admin/builder/spi-builder-workspace
write-file /Users/admin/builder/spi-builder-workspace/.derivedData/Build/Intermediates.noindex/AsyncRequestKit.build/Debug-watchos/AsyncRequestKit.build/Objects-normal/arm64_32/AsyncRequestKit.SwiftFileList
WriteAuxiliaryFile /Users/admin/builder/spi-builder-workspace/.derivedData/Build/Intermediates.noindex/AsyncRequestKit.build/Debug-watchos/AsyncRequestKit.build/Objects-normal/arm64_32/AsyncRequestKit-OutputFileMap.json (in target 'AsyncRequestKit' from project 'AsyncRequestKit')
cd /Users/admin/builder/spi-builder-workspace
write-file /Users/admin/builder/spi-builder-workspace/.derivedData/Build/Intermediates.noindex/AsyncRequestKit.build/Debug-watchos/AsyncRequestKit.build/Objects-normal/arm64_32/AsyncRequestKit-OutputFileMap.json
WriteAuxiliaryFile /Users/admin/builder/spi-builder-workspace/.derivedData/Build/Intermediates.noindex/AsyncRequestKit.build/Debug-watchos/AsyncRequestKit.build/Objects-normal/arm64/AsyncRequestKit_const_extract_protocols.json (in target 'AsyncRequestKit' from project 'AsyncRequestKit')
cd /Users/admin/builder/spi-builder-workspace
write-file /Users/admin/builder/spi-builder-workspace/.derivedData/Build/Intermediates.noindex/AsyncRequestKit.build/Debug-watchos/AsyncRequestKit.build/Objects-normal/arm64/AsyncRequestKit_const_extract_protocols.json
WriteAuxiliaryFile /Users/admin/builder/spi-builder-workspace/.derivedData/Build/Intermediates.noindex/AsyncRequestKit.build/Debug-watchos/AsyncRequestKit.build/Objects-normal/arm64/AsyncRequestKit.SwiftFileList (in target 'AsyncRequestKit' from project 'AsyncRequestKit')
cd /Users/admin/builder/spi-builder-workspace
write-file /Users/admin/builder/spi-builder-workspace/.derivedData/Build/Intermediates.noindex/AsyncRequestKit.build/Debug-watchos/AsyncRequestKit.build/Objects-normal/arm64/AsyncRequestKit.SwiftFileList
WriteAuxiliaryFile /Users/admin/builder/spi-builder-workspace/.derivedData/Build/Intermediates.noindex/AsyncRequestKit.build/Debug-watchos/AsyncRequestKit.build/Objects-normal/arm64/AsyncRequestKit.SwiftConstValuesFileList (in target 'AsyncRequestKit' from project 'AsyncRequestKit')
cd /Users/admin/builder/spi-builder-workspace
write-file /Users/admin/builder/spi-builder-workspace/.derivedData/Build/Intermediates.noindex/AsyncRequestKit.build/Debug-watchos/AsyncRequestKit.build/Objects-normal/arm64/AsyncRequestKit.SwiftConstValuesFileList
WriteAuxiliaryFile /Users/admin/builder/spi-builder-workspace/.derivedData/Build/Intermediates.noindex/AsyncRequestKit.build/Debug-watchos/AsyncRequestKit.build/Objects-normal/arm64/AsyncRequestKit.LinkFileList (in target 'AsyncRequestKit' from project 'AsyncRequestKit')
cd /Users/admin/builder/spi-builder-workspace
write-file /Users/admin/builder/spi-builder-workspace/.derivedData/Build/Intermediates.noindex/AsyncRequestKit.build/Debug-watchos/AsyncRequestKit.build/Objects-normal/arm64/AsyncRequestKit.LinkFileList
WriteAuxiliaryFile /Users/admin/builder/spi-builder-workspace/.derivedData/Build/Intermediates.noindex/AsyncRequestKit.build/Debug-watchos/AsyncRequestKit.build/Objects-normal/arm64/AsyncRequestKit-OutputFileMap.json (in target 'AsyncRequestKit' from project 'AsyncRequestKit')
cd /Users/admin/builder/spi-builder-workspace
write-file /Users/admin/builder/spi-builder-workspace/.derivedData/Build/Intermediates.noindex/AsyncRequestKit.build/Debug-watchos/AsyncRequestKit.build/Objects-normal/arm64/AsyncRequestKit-OutputFileMap.json
WriteAuxiliaryFile /Users/admin/builder/spi-builder-workspace/.derivedData/Build/Intermediates.noindex/AsyncRequestKit.build/Debug-watchos/AsyncRequestKit.build/AsyncRequestKit.modulemap (in target 'AsyncRequestKit' from project 'AsyncRequestKit')
cd /Users/admin/builder/spi-builder-workspace
write-file /Users/admin/builder/spi-builder-workspace/.derivedData/Build/Intermediates.noindex/AsyncRequestKit.build/Debug-watchos/AsyncRequestKit.build/AsyncRequestKit.modulemap
WriteAuxiliaryFile /Users/admin/builder/spi-builder-workspace/.derivedData/Build/Intermediates.noindex/AsyncRequestKit.build/Debug-watchos/AsyncRequestKit.build/AsyncRequestKit.DependencyStaticMetadataFileList (in target 'AsyncRequestKit' from project 'AsyncRequestKit')
cd /Users/admin/builder/spi-builder-workspace
write-file /Users/admin/builder/spi-builder-workspace/.derivedData/Build/Intermediates.noindex/AsyncRequestKit.build/Debug-watchos/AsyncRequestKit.build/AsyncRequestKit.DependencyStaticMetadataFileList
WriteAuxiliaryFile /Users/admin/builder/spi-builder-workspace/.derivedData/Build/Intermediates.noindex/AsyncRequestKit.build/Debug-watchos/AsyncRequestKit.build/AsyncRequestKit.DependencyMetadataFileList (in target 'AsyncRequestKit' from project 'AsyncRequestKit')
cd /Users/admin/builder/spi-builder-workspace
write-file /Users/admin/builder/spi-builder-workspace/.derivedData/Build/Intermediates.noindex/AsyncRequestKit.build/Debug-watchos/AsyncRequestKit.build/AsyncRequestKit.DependencyMetadataFileList
Copy /Users/admin/builder/spi-builder-workspace/.derivedData/Build/Intermediates.noindex/GeneratedModuleMaps-watchos/AsyncRequestKit.modulemap /Users/admin/builder/spi-builder-workspace/.derivedData/Build/Intermediates.noindex/AsyncRequestKit.build/Debug-watchos/AsyncRequestKit.build/AsyncRequestKit.modulemap (in target 'AsyncRequestKit' from project 'AsyncRequestKit')
cd /Users/admin/builder/spi-builder-workspace
builtin-copy -exclude .DS_Store -exclude CVS -exclude .svn -exclude .git -exclude .hg -resolve-src-symlinks /Users/admin/builder/spi-builder-workspace/.derivedData/Build/Intermediates.noindex/AsyncRequestKit.build/Debug-watchos/AsyncRequestKit.build/AsyncRequestKit.modulemap /Users/admin/builder/spi-builder-workspace/.derivedData/Build/Intermediates.noindex/GeneratedModuleMaps-watchos
SwiftDriver AsyncRequestKit normal arm64 com.apple.xcode.tools.swift.compiler (in target 'AsyncRequestKit' from project 'AsyncRequestKit')
cd /Users/admin/builder/spi-builder-workspace/.swiftpm/xcode
builtin-SwiftDriver -- /Applications/Xcode-26.4.0.app/Contents/Developer/Toolchains/XcodeDefault.xctoolchain/usr/bin/swiftc -module-name AsyncRequestKit -Onone @/Users/admin/builder/spi-builder-workspace/.derivedData/Build/Intermediates.noindex/AsyncRequestKit.build/Debug-watchos/AsyncRequestKit.build/Objects-normal/arm64/AsyncRequestKit.SwiftFileList -DSWIFT_PACKAGE -DDEBUG -DSWIFT_MODULE_RESOURCE_BUNDLE_UNAVAILABLE -DXcode -plugin-path /Applications/Xcode-26.4.0.app/Contents/Developer/Toolchains/XcodeDefault.xctoolchain/usr/lib/swift/host/plugins/testing -enable-experimental-feature DebugDescriptionMacro -sdk /Applications/Xcode-26.4.0.app/Contents/Developer/Platforms/WatchOS.platform/Developer/SDKs/WatchOS26.4.sdk -target arm64-apple-watchos9.0 -g -module-cache-path /Users/admin/builder/spi-builder-workspace/.derivedData/ModuleCache.noindex -Xfrontend -serialize-debugging-options -profile-coverage-mapping -profile-generate -enable-testing -index-store-path /Users/admin/builder/spi-builder-workspace/.derivedData/Index.noindex/DataStore -Xcc -D_LIBCPP_HARDENING_MODE\=_LIBCPP_HARDENING_MODE_DEBUG -swift-version 6 -I /Users/admin/builder/spi-builder-workspace/.derivedData/Build/Products/Debug-watchos -Isystem /Applications/Xcode-26.4.0.app/Contents/Developer/Platforms/WatchOS.platform/Developer/usr/lib -F /Users/admin/builder/spi-builder-workspace/.derivedData/Build/Products/Debug-watchos -F /Applications/Xcode-26.4.0.app/Contents/Developer/Platforms/WatchOS.platform/Developer/Library/Frameworks -F /Applications/Xcode-26.4.0.app/Contents/Developer/Platforms/WatchOS.platform/Developer/SDKs/WatchOS26.4.sdk/Developer/Library/Frameworks -c -j10 -enable-batch-mode -incremental -Xcc -ivfsstatcache -Xcc /Users/admin/builder/spi-builder-workspace/.derivedData/SDKStatCaches.noindex/watchos26.4-23T238-688ef53f1462e2c8f657fdc38a81448f9e51884a582f42380855760c9d4cc599.sdkstatcache -output-file-map /Users/admin/builder/spi-builder-workspace/.derivedData/Build/Intermediates.noindex/AsyncRequestKit.build/Debug-watchos/AsyncRequestKit.build/Objects-normal/arm64/AsyncRequestKit-OutputFileMap.json -use-frontend-parseable-output -save-temps -no-color-diagnostics -explicit-module-build -module-cache-path /Users/admin/builder/spi-builder-workspace/.derivedData/Build/Intermediates.noindex/SwiftExplicitPrecompiledModules -clang-scanner-module-cache-path /Users/admin/builder/spi-builder-workspace/.derivedData/ModuleCache.noindex -sdk-module-cache-path /Users/admin/builder/spi-builder-workspace/.derivedData/ModuleCache.noindex -serialize-diagnostics -emit-dependencies -emit-module -emit-module-path /Users/admin/builder/spi-builder-workspace/.derivedData/Build/Intermediates.noindex/AsyncRequestKit.build/Debug-watchos/AsyncRequestKit.build/Objects-normal/arm64/AsyncRequestKit.swiftmodule -validate-clang-modules-once -clang-build-session-file /Users/admin/builder/spi-builder-workspace/.derivedData/ModuleCache.noindex/Session.modulevalidation -package-name spi_builder_workspace -Xcc -I/Users/admin/builder/spi-builder-workspace/.derivedData/Build/Intermediates.noindex/AsyncRequestKit.build/Debug-watchos/AsyncRequestKit.build/swift-overrides.hmap -emit-const-values -Xfrontend -const-gather-protocols-file -Xfrontend /Users/admin/builder/spi-builder-workspace/.derivedData/Build/Intermediates.noindex/AsyncRequestKit.build/Debug-watchos/AsyncRequestKit.build/Objects-normal/arm64/AsyncRequestKit_const_extract_protocols.json -Xcc -I/Users/admin/builder/spi-builder-workspace/.derivedData/Build/Products/Debug-watchos/include -Xcc -I/Users/admin/builder/spi-builder-workspace/.derivedData/Build/Intermediates.noindex/AsyncRequestKit.build/Debug-watchos/AsyncRequestKit.build/DerivedSources-normal/arm64 -Xcc -I/Users/admin/builder/spi-builder-workspace/.derivedData/Build/Intermediates.noindex/AsyncRequestKit.build/Debug-watchos/AsyncRequestKit.build/DerivedSources/arm64 -Xcc -I/Users/admin/builder/spi-builder-workspace/.derivedData/Build/Intermediates.noindex/AsyncRequestKit.build/Debug-watchos/AsyncRequestKit.build/DerivedSources -Xcc -DSWIFT_PACKAGE -Xcc -DDEBUG\=1 -emit-objc-header -emit-objc-header-path /Users/admin/builder/spi-builder-workspace/.derivedData/Build/Intermediates.noindex/AsyncRequestKit.build/Debug-watchos/AsyncRequestKit.build/Objects-normal/arm64/AsyncRequestKit-Swift.h -working-directory /Users/admin/builder/spi-builder-workspace/.swiftpm/xcode -experimental-emit-module-separately -disable-cmo
SwiftDriver AsyncRequestKit normal arm64_32 com.apple.xcode.tools.swift.compiler (in target 'AsyncRequestKit' from project 'AsyncRequestKit')
cd /Users/admin/builder/spi-builder-workspace/.swiftpm/xcode
builtin-SwiftDriver -- /Applications/Xcode-26.4.0.app/Contents/Developer/Toolchains/XcodeDefault.xctoolchain/usr/bin/swiftc -module-name AsyncRequestKit -Onone @/Users/admin/builder/spi-builder-workspace/.derivedData/Build/Intermediates.noindex/AsyncRequestKit.build/Debug-watchos/AsyncRequestKit.build/Objects-normal/arm64_32/AsyncRequestKit.SwiftFileList -DSWIFT_PACKAGE -DDEBUG -DSWIFT_MODULE_RESOURCE_BUNDLE_UNAVAILABLE -DXcode -plugin-path /Applications/Xcode-26.4.0.app/Contents/Developer/Toolchains/XcodeDefault.xctoolchain/usr/lib/swift/host/plugins/testing -enable-experimental-feature DebugDescriptionMacro -sdk /Applications/Xcode-26.4.0.app/Contents/Developer/Platforms/WatchOS.platform/Developer/SDKs/WatchOS26.4.sdk -target arm64_32-apple-watchos9.0 -g -module-cache-path /Users/admin/builder/spi-builder-workspace/.derivedData/ModuleCache.noindex -Xfrontend -serialize-debugging-options -profile-coverage-mapping -profile-generate -enable-testing -index-store-path /Users/admin/builder/spi-builder-workspace/.derivedData/Index.noindex/DataStore -Xcc -D_LIBCPP_HARDENING_MODE\=_LIBCPP_HARDENING_MODE_DEBUG -swift-version 6 -I /Users/admin/builder/spi-builder-workspace/.derivedData/Build/Products/Debug-watchos -Isystem /Applications/Xcode-26.4.0.app/Contents/Developer/Platforms/WatchOS.platform/Developer/usr/lib -F /Users/admin/builder/spi-builder-workspace/.derivedData/Build/Products/Debug-watchos -F /Applications/Xcode-26.4.0.app/Contents/Developer/Platforms/WatchOS.platform/Developer/Library/Frameworks -F /Applications/Xcode-26.4.0.app/Contents/Developer/Platforms/WatchOS.platform/Developer/SDKs/WatchOS26.4.sdk/Developer/Library/Frameworks -c -j10 -enable-batch-mode -incremental -Xcc -ivfsstatcache -Xcc /Users/admin/builder/spi-builder-workspace/.derivedData/SDKStatCaches.noindex/watchos26.4-23T238-688ef53f1462e2c8f657fdc38a81448f9e51884a582f42380855760c9d4cc599.sdkstatcache -output-file-map /Users/admin/builder/spi-builder-workspace/.derivedData/Build/Intermediates.noindex/AsyncRequestKit.build/Debug-watchos/AsyncRequestKit.build/Objects-normal/arm64_32/AsyncRequestKit-OutputFileMap.json -use-frontend-parseable-output -save-temps -no-color-diagnostics -explicit-module-build -module-cache-path /Users/admin/builder/spi-builder-workspace/.derivedData/Build/Intermediates.noindex/SwiftExplicitPrecompiledModules -clang-scanner-module-cache-path /Users/admin/builder/spi-builder-workspace/.derivedData/ModuleCache.noindex -sdk-module-cache-path /Users/admin/builder/spi-builder-workspace/.derivedData/ModuleCache.noindex -serialize-diagnostics -emit-dependencies -emit-module -emit-module-path /Users/admin/builder/spi-builder-workspace/.derivedData/Build/Intermediates.noindex/AsyncRequestKit.build/Debug-watchos/AsyncRequestKit.build/Objects-normal/arm64_32/AsyncRequestKit.swiftmodule -validate-clang-modules-once -clang-build-session-file /Users/admin/builder/spi-builder-workspace/.derivedData/ModuleCache.noindex/Session.modulevalidation -package-name spi_builder_workspace -Xcc -I/Users/admin/builder/spi-builder-workspace/.derivedData/Build/Intermediates.noindex/AsyncRequestKit.build/Debug-watchos/AsyncRequestKit.build/swift-overrides.hmap -emit-const-values -Xfrontend -const-gather-protocols-file -Xfrontend /Users/admin/builder/spi-builder-workspace/.derivedData/Build/Intermediates.noindex/AsyncRequestKit.build/Debug-watchos/AsyncRequestKit.build/Objects-normal/arm64_32/AsyncRequestKit_const_extract_protocols.json -Xcc -I/Users/admin/builder/spi-builder-workspace/.derivedData/Build/Products/Debug-watchos/include -Xcc -I/Users/admin/builder/spi-builder-workspace/.derivedData/Build/Intermediates.noindex/AsyncRequestKit.build/Debug-watchos/AsyncRequestKit.build/DerivedSources-normal/arm64_32 -Xcc -I/Users/admin/builder/spi-builder-workspace/.derivedData/Build/Intermediates.noindex/AsyncRequestKit.build/Debug-watchos/AsyncRequestKit.build/DerivedSources/arm64_32 -Xcc -I/Users/admin/builder/spi-builder-workspace/.derivedData/Build/Intermediates.noindex/AsyncRequestKit.build/Debug-watchos/AsyncRequestKit.build/DerivedSources -Xcc -DSWIFT_PACKAGE -Xcc -DDEBUG\=1 -emit-objc-header -emit-objc-header-path /Users/admin/builder/spi-builder-workspace/.derivedData/Build/Intermediates.noindex/AsyncRequestKit.build/Debug-watchos/AsyncRequestKit.build/Objects-normal/arm64_32/AsyncRequestKit-Swift.h -working-directory /Users/admin/builder/spi-builder-workspace/.swiftpm/xcode -experimental-emit-module-separately -disable-cmo
SwiftExplicitDependencyGeneratePcm arm64_32 /Users/admin/builder/spi-builder-workspace/.derivedData/ModuleCache.noindex/_Builtin_stdarg-9QJQ6YF71IBBNARH6DJ15ECUA.pcm
SwiftExplicitDependencyGeneratePcm arm64_32 /Users/admin/builder/spi-builder-workspace/.derivedData/ModuleCache.noindex/_Builtin_stdbool-32VS6E3RJ2GW9HCKVH7N8W3I1.pcm
SwiftExplicitDependencyGeneratePcm arm64_32 /Users/admin/builder/spi-builder-workspace/.derivedData/ModuleCache.noindex/_SwiftConcurrencyShims-CS37TA6S5T8WO941F1Y6KPTPB.pcm
SwiftExplicitDependencyGeneratePcm arm64_32 /Users/admin/builder/spi-builder-workspace/.derivedData/ModuleCache.noindex/_Builtin_stddef-5FZDPVDXD2HPLM78ZOM9N03SU.pcm
SwiftExplicitDependencyGeneratePcm arm64_32 /Users/admin/builder/spi-builder-workspace/.derivedData/ModuleCache.noindex/ptrcheck-266NT1P7D1LMWVI1EJLP0L9GE.pcm
SwiftExplicitDependencyGeneratePcm arm64_32 /Users/admin/builder/spi-builder-workspace/.derivedData/ModuleCache.noindex/_AvailabilityInternal-3FGS91GJTSCVBQWF0AZ8RDWIB.pcm
SwiftExplicitDependencyGeneratePcm arm64_32 /Users/admin/builder/spi-builder-workspace/.derivedData/ModuleCache.noindex/_Builtin_float-32WBVDB5Y1RJ3SQX5PTMTSJGL.pcm
SwiftExplicitDependencyGeneratePcm arm64_32 /Users/admin/builder/spi-builder-workspace/.derivedData/ModuleCache.noindex/SwiftShims-EDJTPVI58WEN65KIWCAS19P47.pcm
SwiftExplicitDependencyGeneratePcm arm64_32 /Users/admin/builder/spi-builder-workspace/.derivedData/ModuleCache.noindex/ptrauth-86SG3KWN2416SP1TV07QXWLZJ.pcm
SwiftExplicitDependencyGeneratePcm arm64 /Users/admin/builder/spi-builder-workspace/.derivedData/ModuleCache.noindex/_AvailabilityInternal-VGXHWQD1X9HM4Q2T00E645TO.pcm
SwiftExplicitDependencyGeneratePcm arm64 /Users/admin/builder/spi-builder-workspace/.derivedData/ModuleCache.noindex/_Builtin_stddef-23GVZO3J60TK1907VB9EHEBV9.pcm
SwiftExplicitDependencyGeneratePcm arm64 /Users/admin/builder/spi-builder-workspace/.derivedData/ModuleCache.noindex/ptrcheck-D9WKCDD8BROY62AW3B8MFPIXL.pcm
SwiftExplicitDependencyGeneratePcm arm64 /Users/admin/builder/spi-builder-workspace/.derivedData/ModuleCache.noindex/_SwiftConcurrencyShims-4ZAELXTE2GG4SZFDXPWPT7O9.pcm
SwiftExplicitDependencyGeneratePcm arm64 /Users/admin/builder/spi-builder-workspace/.derivedData/ModuleCache.noindex/_Builtin_stdarg-9C1VDMTMAA0JCC5F9EDHMU7LC.pcm
SwiftExplicitDependencyGeneratePcm arm64 /Users/admin/builder/spi-builder-workspace/.derivedData/ModuleCache.noindex/_Builtin_float-1SCPK6D91G9GTJ123R4QFENF6.pcm
SwiftExplicitDependencyGeneratePcm arm64 /Users/admin/builder/spi-builder-workspace/.derivedData/ModuleCache.noindex/ptrauth-8NZTOI4T0VWLZ8LCHBTWOV0U.pcm
SwiftExplicitDependencyGeneratePcm arm64 /Users/admin/builder/spi-builder-workspace/.derivedData/ModuleCache.noindex/_Builtin_stdbool-EZGCYJSMQH3DYOXQY29AVGE07.pcm
SwiftExplicitDependencyGeneratePcm arm64 /Users/admin/builder/spi-builder-workspace/.derivedData/ModuleCache.noindex/SwiftShims-3F71YKAFPIL4I12A9PF0U6XHE.pcm
SwiftExplicitDependencyGeneratePcm arm64_32 /Users/admin/builder/spi-builder-workspace/.derivedData/ModuleCache.noindex/_DarwinFoundation1-6O6RHGGQ8I02TIQLYBL6S0W5Y.pcm
SwiftExplicitDependencyGeneratePcm arm64 /Users/admin/builder/spi-builder-workspace/.derivedData/ModuleCache.noindex/_DarwinFoundation1-1DTQYY9UU66023I0ATSGWG7ZE.pcm
SwiftExplicitDependencyGeneratePcm arm64_32 /Users/admin/builder/spi-builder-workspace/.derivedData/ModuleCache.noindex/_Builtin_limits-EU5DPB0SJLR7RBL14Y02NSQS1.pcm
SwiftExplicitDependencyGeneratePcm arm64_32 /Users/admin/builder/spi-builder-workspace/.derivedData/ModuleCache.noindex/_DarwinFoundation2-BWJ8WVXJZ6T37PQKKMKQAIQ22.pcm
SwiftExplicitDependencyGeneratePcm arm64 /Users/admin/builder/spi-builder-workspace/.derivedData/ModuleCache.noindex/_DarwinFoundation2-9HF0QGHXY3KFYNL697MDX2JFV.pcm
SwiftExplicitDependencyGeneratePcm arm64 /Users/admin/builder/spi-builder-workspace/.derivedData/ModuleCache.noindex/_Builtin_limits-EL9Q6E0RP2I23KV7GOAH9UASG.pcm
SwiftExplicitDependencyGeneratePcm arm64_32 /Users/admin/builder/spi-builder-workspace/.derivedData/ModuleCache.noindex/_Builtin_stdint-ANMRWEGXQF51I6TK574L4FTFE.pcm
SwiftExplicitDependencyGeneratePcm arm64_32 /Users/admin/builder/spi-builder-workspace/.derivedData/ModuleCache.noindex/sys_types-D49PZOP3LYQFTFQ3ZWU4CUWLY.pcm
SwiftExplicitDependencyGeneratePcm arm64 /Users/admin/builder/spi-builder-workspace/.derivedData/ModuleCache.noindex/sys_types-5N90L5D6IYIYT6DRYMU0H0V03.pcm
SwiftExplicitDependencyGeneratePcm arm64 /Users/admin/builder/spi-builder-workspace/.derivedData/ModuleCache.noindex/_Builtin_stdint-7P8EAMJHII1Y13KPDIO6OPE85.pcm
SwiftExplicitDependencyGeneratePcm arm64_32 /Users/admin/builder/spi-builder-workspace/.derivedData/ModuleCache.noindex/_DarwinFoundation3-BKK5BSQWGF92KVELOAWQ749XO.pcm
SwiftExplicitDependencyGeneratePcm arm64 /Users/admin/builder/spi-builder-workspace/.derivedData/ModuleCache.noindex/_DarwinFoundation3-2GWRARA6K993RJ88V1Y96KEJJ.pcm
SwiftExplicitDependencyGeneratePcm arm64_32 /Users/admin/builder/spi-builder-workspace/.derivedData/ModuleCache.noindex/_Builtin_inttypes-8SQHK6BHD7C805PBQL0T3FF2V.pcm
SwiftExplicitDependencyGeneratePcm arm64 /Users/admin/builder/spi-builder-workspace/.derivedData/ModuleCache.noindex/_Builtin_inttypes-9IKAGRULHBU3C82MV2Y7ETRR9.pcm
SwiftExplicitDependencyGeneratePcm arm64_32 /Users/admin/builder/spi-builder-workspace/.derivedData/ModuleCache.noindex/Darwin-EXSLV4FZ23ACOHESV6HN242JF.pcm
SwiftExplicitDependencyGeneratePcm arm64 /Users/admin/builder/spi-builder-workspace/.derivedData/ModuleCache.noindex/Darwin-D1BA92JP0VXKAOKXR6B6MZJZO.pcm
SwiftExplicitDependencyGeneratePcm arm64_32 /Users/admin/builder/spi-builder-workspace/.derivedData/ModuleCache.noindex/ObjectiveC-7UUR49QAGO7D92C84DCGJCQ92.pcm
SwiftExplicitDependencyGeneratePcm arm64 /Users/admin/builder/spi-builder-workspace/.derivedData/ModuleCache.noindex/ObjectiveC-E9GNV3GPGTFX3JG66LQF1QW75.pcm
SwiftExplicitDependencyGeneratePcm arm64_32 /Users/admin/builder/spi-builder-workspace/.derivedData/ModuleCache.noindex/os_object-7E7HKSKAV5AQ47IQSCMCCSI5V.pcm
SwiftExplicitDependencyGeneratePcm arm64 /Users/admin/builder/spi-builder-workspace/.derivedData/ModuleCache.noindex/os_object-ABHR2RPZAPKKRPEZKN1VS3U62.pcm
SwiftExplicitDependencyGeneratePcm arm64_32 /Users/admin/builder/spi-builder-workspace/.derivedData/ModuleCache.noindex/os_workgroup-4432WEOWGS1BJEUBC5UJRUFI3.pcm
SwiftExplicitDependencyGeneratePcm arm64 /Users/admin/builder/spi-builder-workspace/.derivedData/ModuleCache.noindex/os_workgroup-57SK7T5TWBSHOGKKP26ZBGOZ9.pcm
SwiftExplicitDependencyGeneratePcm arm64_32 /Users/admin/builder/spi-builder-workspace/.derivedData/ModuleCache.noindex/Dispatch-4G9M6BOQAKJFT396RD8IL8IUF.pcm
SwiftExplicitDependencyGeneratePcm arm64 /Users/admin/builder/spi-builder-workspace/.derivedData/ModuleCache.noindex/Dispatch-B36SMAPOXYMQNNNBLHT80G2FZ.pcm
SwiftExplicitDependencyGeneratePcm arm64_32 /Users/admin/builder/spi-builder-workspace/.derivedData/ModuleCache.noindex/CoreFoundation-BJL619DGQVH96DCT9RMEYS271.pcm
SwiftExplicitDependencyGeneratePcm arm64_32 /Users/admin/builder/spi-builder-workspace/.derivedData/ModuleCache.noindex/XPC-EF0P0CB81D8MM9HSY5UO4BF4M.pcm
SwiftExplicitDependencyGeneratePcm arm64 /Users/admin/builder/spi-builder-workspace/.derivedData/ModuleCache.noindex/CoreFoundation-84YPE2UAZHTV4F627ZS1DADPK.pcm
SwiftExplicitDependencyGeneratePcm arm64 /Users/admin/builder/spi-builder-workspace/.derivedData/ModuleCache.noindex/XPC-Y7I7SAWGZK3XSFY29XNYOFQY.pcm
SwiftExplicitDependencyGeneratePcm arm64_32 /Users/admin/builder/spi-builder-workspace/.derivedData/ModuleCache.noindex/Security-71DXGL209Y0POA2RI0VLBU7FT.pcm
SwiftExplicitDependencyGeneratePcm arm64 /Users/admin/builder/spi-builder-workspace/.derivedData/ModuleCache.noindex/Security-8P4ROWVRZKZVZOL4S233P5SIA.pcm
SwiftExplicitDependencyGeneratePcm arm64_32 /Users/admin/builder/spi-builder-workspace/.derivedData/ModuleCache.noindex/Foundation-31UN2CX7CUTVJGRDSF1GJVT2O.pcm
SwiftExplicitDependencyGeneratePcm arm64 /Users/admin/builder/spi-builder-workspace/.derivedData/ModuleCache.noindex/Foundation-7BDO0EMJRHS1THDHPCHC04IUO.pcm
SwiftCompile normal arm64_32 Compiling\ HTTPClient.swift,\ HTTPInterceptor.swift /Users/admin/builder/spi-builder-workspace/Sources/AsyncRequestKit/HTTP/HTTPClient.swift /Users/admin/builder/spi-builder-workspace/Sources/AsyncRequestKit/HTTP/HTTPInterceptor.swift (in target 'AsyncRequestKit' from project 'AsyncRequestKit')
SwiftCompile normal arm64_32 /Users/admin/builder/spi-builder-workspace/Sources/AsyncRequestKit/HTTP/HTTPClient.swift (in target 'AsyncRequestKit' from project 'AsyncRequestKit')
cd /Users/admin/builder/spi-builder-workspace/.swiftpm/xcode
SwiftCompile normal arm64_32 /Users/admin/builder/spi-builder-workspace/Sources/AsyncRequestKit/HTTP/HTTPInterceptor.swift (in target 'AsyncRequestKit' from project 'AsyncRequestKit')
cd /Users/admin/builder/spi-builder-workspace/.swiftpm/xcode
SwiftCompile normal arm64_32 Compiling\ HTTPResponse.swift,\ MultipartFormData.swift /Users/admin/builder/spi-builder-workspace/Sources/AsyncRequestKit/HTTP/HTTPResponse.swift /Users/admin/builder/spi-builder-workspace/Sources/AsyncRequestKit/HTTP/MultipartFormData.swift (in target 'AsyncRequestKit' from project 'AsyncRequestKit')
SwiftCompile normal arm64_32 /Users/admin/builder/spi-builder-workspace/Sources/AsyncRequestKit/HTTP/HTTPResponse.swift (in target 'AsyncRequestKit' from project 'AsyncRequestKit')
cd /Users/admin/builder/spi-builder-workspace/.swiftpm/xcode
SwiftCompile normal arm64_32 /Users/admin/builder/spi-builder-workspace/Sources/AsyncRequestKit/HTTP/MultipartFormData.swift (in target 'AsyncRequestKit' from project 'AsyncRequestKit')
cd /Users/admin/builder/spi-builder-workspace/.swiftpm/xcode
SwiftCompile normal arm64_32 Compiling\ ParameterEncoding.swift,\ TokenRefreshCoordinator.swift /Users/admin/builder/spi-builder-workspace/Sources/AsyncRequestKit/HTTP/ParameterEncoding.swift /Users/admin/builder/spi-builder-workspace/Sources/AsyncRequestKit/HTTP/TokenRefreshCoordinator.swift (in target 'AsyncRequestKit' from project 'AsyncRequestKit')
SwiftCompile normal arm64_32 /Users/admin/builder/spi-builder-workspace/Sources/AsyncRequestKit/HTTP/ParameterEncoding.swift (in target 'AsyncRequestKit' from project 'AsyncRequestKit')
cd /Users/admin/builder/spi-builder-workspace/.swiftpm/xcode
SwiftCompile normal arm64_32 /Users/admin/builder/spi-builder-workspace/Sources/AsyncRequestKit/HTTP/TokenRefreshCoordinator.swift (in target 'AsyncRequestKit' from project 'AsyncRequestKit')
cd /Users/admin/builder/spi-builder-workspace/.swiftpm/xcode
SwiftCompile normal arm64_32 Compiling\ LimitedConcurrency.swift,\ AsyncQueue.swift /Users/admin/builder/spi-builder-workspace/Sources/AsyncRequestKit/Parallel/LimitedConcurrency.swift /Users/admin/builder/spi-builder-workspace/Sources/AsyncRequestKit/Queue/AsyncQueue.swift (in target 'AsyncRequestKit' from project 'AsyncRequestKit')
SwiftCompile normal arm64_32 /Users/admin/builder/spi-builder-workspace/Sources/AsyncRequestKit/Parallel/LimitedConcurrency.swift (in target 'AsyncRequestKit' from project 'AsyncRequestKit')
cd /Users/admin/builder/spi-builder-workspace/.swiftpm/xcode
SwiftCompile normal arm64_32 /Users/admin/builder/spi-builder-workspace/Sources/AsyncRequestKit/Queue/AsyncQueue.swift (in target 'AsyncRequestKit' from project 'AsyncRequestKit')
cd /Users/admin/builder/spi-builder-workspace/.swiftpm/xcode
SwiftCompile normal arm64_32 Compiling\ HTTPClient+RequestSupport.swift,\ HTTPClient+Upload.swift /Users/admin/builder/spi-builder-workspace/Sources/AsyncRequestKit/HTTP/HTTPClient+RequestSupport.swift /Users/admin/builder/spi-builder-workspace/Sources/AsyncRequestKit/HTTP/HTTPClient+Upload.swift (in target 'AsyncRequestKit' from project 'AsyncRequestKit')
SwiftCompile normal arm64_32 /Users/admin/builder/spi-builder-workspace/Sources/AsyncRequestKit/HTTP/HTTPClient+RequestSupport.swift (in target 'AsyncRequestKit' from project 'AsyncRequestKit')
cd /Users/admin/builder/spi-builder-workspace/.swiftpm/xcode
SwiftCompile normal arm64_32 /Users/admin/builder/spi-builder-workspace/Sources/AsyncRequestKit/HTTP/HTTPClient+Upload.swift (in target 'AsyncRequestKit' from project 'AsyncRequestKit')
cd /Users/admin/builder/spi-builder-workspace/.swiftpm/xcode
SwiftCompile normal arm64_32 Compiling\ HTTPClient+Execution.swift,\ HTTPClient+HTTPMethods.swift /Users/admin/builder/spi-builder-workspace/Sources/AsyncRequestKit/HTTP/HTTPClient+Execution.swift /Users/admin/builder/spi-builder-workspace/Sources/AsyncRequestKit/HTTP/HTTPClient+HTTPMethods.swift (in target 'AsyncRequestKit' from project 'AsyncRequestKit')
SwiftCompile normal arm64_32 /Users/admin/builder/spi-builder-workspace/Sources/AsyncRequestKit/HTTP/HTTPClient+Execution.swift (in target 'AsyncRequestKit' from project 'AsyncRequestKit')
cd /Users/admin/builder/spi-builder-workspace/.swiftpm/xcode
SwiftCompile normal arm64_32 /Users/admin/builder/spi-builder-workspace/Sources/AsyncRequestKit/HTTP/HTTPClient+HTTPMethods.swift (in target 'AsyncRequestKit' from project 'AsyncRequestKit')
cd /Users/admin/builder/spi-builder-workspace/.swiftpm/xcode
SwiftCompile normal arm64_32 Compiling\ AsyncCache.swift,\ AsyncRequestKitError.swift,\ Duration+Nanoseconds.swift /Users/admin/builder/spi-builder-workspace/Sources/AsyncRequestKit/Cache/AsyncCache.swift /Users/admin/builder/spi-builder-workspace/Sources/AsyncRequestKit/Core/AsyncRequestKitError.swift /Users/admin/builder/spi-builder-workspace/Sources/AsyncRequestKit/Core/Duration+Nanoseconds.swift (in target 'AsyncRequestKit' from project 'AsyncRequestKit')
SwiftCompile normal arm64_32 /Users/admin/builder/spi-builder-workspace/Sources/AsyncRequestKit/Cache/AsyncCache.swift (in target 'AsyncRequestKit' from project 'AsyncRequestKit')
cd /Users/admin/builder/spi-builder-workspace/.swiftpm/xcode
SwiftCompile normal arm64_32 /Users/admin/builder/spi-builder-workspace/Sources/AsyncRequestKit/Core/AsyncRequestKitError.swift (in target 'AsyncRequestKit' from project 'AsyncRequestKit')
cd /Users/admin/builder/spi-builder-workspace/.swiftpm/xcode
SwiftCompile normal arm64_32 /Users/admin/builder/spi-builder-workspace/Sources/AsyncRequestKit/Core/Duration+Nanoseconds.swift (in target 'AsyncRequestKit' from project 'AsyncRequestKit')
cd /Users/admin/builder/spi-builder-workspace/.swiftpm/xcode
SwiftCompile normal arm64_32 Compiling\ AK.swift,\ HTTPClient+Convenience.swift /Users/admin/builder/spi-builder-workspace/Sources/AsyncRequestKit/HTTP/AK.swift /Users/admin/builder/spi-builder-workspace/Sources/AsyncRequestKit/HTTP/HTTPClient+Convenience.swift (in target 'AsyncRequestKit' from project 'AsyncRequestKit')
SwiftCompile normal arm64_32 /Users/admin/builder/spi-builder-workspace/Sources/AsyncRequestKit/HTTP/AK.swift (in target 'AsyncRequestKit' from project 'AsyncRequestKit')
cd /Users/admin/builder/spi-builder-workspace/.swiftpm/xcode
SwiftCompile normal arm64_32 /Users/admin/builder/spi-builder-workspace/Sources/AsyncRequestKit/HTTP/HTTPClient+Convenience.swift (in target 'AsyncRequestKit' from project 'AsyncRequestKit')
cd /Users/admin/builder/spi-builder-workspace/.swiftpm/xcode
SwiftEmitModule normal arm64_32 Emitting\ module\ for\ AsyncRequestKit (in target 'AsyncRequestKit' from project 'AsyncRequestKit')
EmitSwiftModule normal arm64_32 (in target 'AsyncRequestKit' from project 'AsyncRequestKit')
cd /Users/admin/builder/spi-builder-workspace/.swiftpm/xcode
SwiftCompile normal arm64_32 Compiling\ RetryPolicy.swift,\ Timeout.swift /Users/admin/builder/spi-builder-workspace/Sources/AsyncRequestKit/Retry/RetryPolicy.swift /Users/admin/builder/spi-builder-workspace/Sources/AsyncRequestKit/Timeout/Timeout.swift (in target 'AsyncRequestKit' from project 'AsyncRequestKit')
SwiftCompile normal arm64_32 /Users/admin/builder/spi-builder-workspace/Sources/AsyncRequestKit/Retry/RetryPolicy.swift (in target 'AsyncRequestKit' from project 'AsyncRequestKit')
cd /Users/admin/builder/spi-builder-workspace/.swiftpm/xcode
SwiftCompile normal arm64_32 /Users/admin/builder/spi-builder-workspace/Sources/AsyncRequestKit/Timeout/Timeout.swift (in target 'AsyncRequestKit' from project 'AsyncRequestKit')
cd /Users/admin/builder/spi-builder-workspace/.swiftpm/xcode
SwiftEmitModule normal arm64 Emitting\ module\ for\ AsyncRequestKit (in target 'AsyncRequestKit' from project 'AsyncRequestKit')
EmitSwiftModule normal arm64 (in target 'AsyncRequestKit' from project 'AsyncRequestKit')
cd /Users/admin/builder/spi-builder-workspace/.swiftpm/xcode
SwiftDriverJobDiscovery normal arm64_32 Emitting module for AsyncRequestKit (in target 'AsyncRequestKit' from project 'AsyncRequestKit')
SwiftDriver\ Compilation\ Requirements AsyncRequestKit normal arm64_32 com.apple.xcode.tools.swift.compiler (in target 'AsyncRequestKit' from project 'AsyncRequestKit')
cd /Users/admin/builder/spi-builder-workspace/.swiftpm/xcode
builtin-Swift-Compilation-Requirements -- /Applications/Xcode-26.4.0.app/Contents/Developer/Toolchains/XcodeDefault.xctoolchain/usr/bin/swiftc -module-name AsyncRequestKit -Onone @/Users/admin/builder/spi-builder-workspace/.derivedData/Build/Intermediates.noindex/AsyncRequestKit.build/Debug-watchos/AsyncRequestKit.build/Objects-normal/arm64_32/AsyncRequestKit.SwiftFileList -DSWIFT_PACKAGE -DDEBUG -DSWIFT_MODULE_RESOURCE_BUNDLE_UNAVAILABLE -DXcode -plugin-path /Applications/Xcode-26.4.0.app/Contents/Developer/Toolchains/XcodeDefault.xctoolchain/usr/lib/swift/host/plugins/testing -enable-experimental-feature DebugDescriptionMacro -sdk /Applications/Xcode-26.4.0.app/Contents/Developer/Platforms/WatchOS.platform/Developer/SDKs/WatchOS26.4.sdk -target arm64_32-apple-watchos9.0 -g -module-cache-path /Users/admin/builder/spi-builder-workspace/.derivedData/ModuleCache.noindex -Xfrontend -serialize-debugging-options -profile-coverage-mapping -profile-generate -enable-testing -index-store-path /Users/admin/builder/spi-builder-workspace/.derivedData/Index.noindex/DataStore -Xcc -D_LIBCPP_HARDENING_MODE\=_LIBCPP_HARDENING_MODE_DEBUG -swift-version 6 -I /Users/admin/builder/spi-builder-workspace/.derivedData/Build/Products/Debug-watchos -Isystem /Applications/Xcode-26.4.0.app/Contents/Developer/Platforms/WatchOS.platform/Developer/usr/lib -F /Users/admin/builder/spi-builder-workspace/.derivedData/Build/Products/Debug-watchos -F /Applications/Xcode-26.4.0.app/Contents/Developer/Platforms/WatchOS.platform/Developer/Library/Frameworks -F /Applications/Xcode-26.4.0.app/Contents/Developer/Platforms/WatchOS.platform/Developer/SDKs/WatchOS26.4.sdk/Developer/Library/Frameworks -c -j10 -enable-batch-mode -incremental -Xcc -ivfsstatcache -Xcc /Users/admin/builder/spi-builder-workspace/.derivedData/SDKStatCaches.noindex/watchos26.4-23T238-688ef53f1462e2c8f657fdc38a81448f9e51884a582f42380855760c9d4cc599.sdkstatcache -output-file-map /Users/admin/builder/spi-builder-workspace/.derivedData/Build/Intermediates.noindex/AsyncRequestKit.build/Debug-watchos/AsyncRequestKit.build/Objects-normal/arm64_32/AsyncRequestKit-OutputFileMap.json -use-frontend-parseable-output -save-temps -no-color-diagnostics -explicit-module-build -module-cache-path /Users/admin/builder/spi-builder-workspace/.derivedData/Build/Intermediates.noindex/SwiftExplicitPrecompiledModules -clang-scanner-module-cache-path /Users/admin/builder/spi-builder-workspace/.derivedData/ModuleCache.noindex -sdk-module-cache-path /Users/admin/builder/spi-builder-workspace/.derivedData/ModuleCache.noindex -serialize-diagnostics -emit-dependencies -emit-module -emit-module-path /Users/admin/builder/spi-builder-workspace/.derivedData/Build/Intermediates.noindex/AsyncRequestKit.build/Debug-watchos/AsyncRequestKit.build/Objects-normal/arm64_32/AsyncRequestKit.swiftmodule -validate-clang-modules-once -clang-build-session-file /Users/admin/builder/spi-builder-workspace/.derivedData/ModuleCache.noindex/Session.modulevalidation -package-name spi_builder_workspace -Xcc -I/Users/admin/builder/spi-builder-workspace/.derivedData/Build/Intermediates.noindex/AsyncRequestKit.build/Debug-watchos/AsyncRequestKit.build/swift-overrides.hmap -emit-const-values -Xfrontend -const-gather-protocols-file -Xfrontend /Users/admin/builder/spi-builder-workspace/.derivedData/Build/Intermediates.noindex/AsyncRequestKit.build/Debug-watchos/AsyncRequestKit.build/Objects-normal/arm64_32/AsyncRequestKit_const_extract_protocols.json -Xcc -I/Users/admin/builder/spi-builder-workspace/.derivedData/Build/Products/Debug-watchos/include -Xcc -I/Users/admin/builder/spi-builder-workspace/.derivedData/Build/Intermediates.noindex/AsyncRequestKit.build/Debug-watchos/AsyncRequestKit.build/DerivedSources-normal/arm64_32 -Xcc -I/Users/admin/builder/spi-builder-workspace/.derivedData/Build/Intermediates.noindex/AsyncRequestKit.build/Debug-watchos/AsyncRequestKit.build/DerivedSources/arm64_32 -Xcc -I/Users/admin/builder/spi-builder-workspace/.derivedData/Build/Intermediates.noindex/AsyncRequestKit.build/Debug-watchos/AsyncRequestKit.build/DerivedSources -Xcc -DSWIFT_PACKAGE -Xcc -DDEBUG\=1 -emit-objc-header -emit-objc-header-path /Users/admin/builder/spi-builder-workspace/.derivedData/Build/Intermediates.noindex/AsyncRequestKit.build/Debug-watchos/AsyncRequestKit.build/Objects-normal/arm64_32/AsyncRequestKit-Swift.h -working-directory /Users/admin/builder/spi-builder-workspace/.swiftpm/xcode -experimental-emit-module-separately -disable-cmo
SwiftDriverJobDiscovery normal arm64 Emitting module for AsyncRequestKit (in target 'AsyncRequestKit' from project 'AsyncRequestKit')
SwiftDriver\ Compilation\ Requirements AsyncRequestKit normal arm64 com.apple.xcode.tools.swift.compiler (in target 'AsyncRequestKit' from project 'AsyncRequestKit')
cd /Users/admin/builder/spi-builder-workspace/.swiftpm/xcode
builtin-Swift-Compilation-Requirements -- /Applications/Xcode-26.4.0.app/Contents/Developer/Toolchains/XcodeDefault.xctoolchain/usr/bin/swiftc -module-name AsyncRequestKit -Onone @/Users/admin/builder/spi-builder-workspace/.derivedData/Build/Intermediates.noindex/AsyncRequestKit.build/Debug-watchos/AsyncRequestKit.build/Objects-normal/arm64/AsyncRequestKit.SwiftFileList -DSWIFT_PACKAGE -DDEBUG -DSWIFT_MODULE_RESOURCE_BUNDLE_UNAVAILABLE -DXcode -plugin-path /Applications/Xcode-26.4.0.app/Contents/Developer/Toolchains/XcodeDefault.xctoolchain/usr/lib/swift/host/plugins/testing -enable-experimental-feature DebugDescriptionMacro -sdk /Applications/Xcode-26.4.0.app/Contents/Developer/Platforms/WatchOS.platform/Developer/SDKs/WatchOS26.4.sdk -target arm64-apple-watchos9.0 -g -module-cache-path /Users/admin/builder/spi-builder-workspace/.derivedData/ModuleCache.noindex -Xfrontend -serialize-debugging-options -profile-coverage-mapping -profile-generate -enable-testing -index-store-path /Users/admin/builder/spi-builder-workspace/.derivedData/Index.noindex/DataStore -Xcc -D_LIBCPP_HARDENING_MODE\=_LIBCPP_HARDENING_MODE_DEBUG -swift-version 6 -I /Users/admin/builder/spi-builder-workspace/.derivedData/Build/Products/Debug-watchos -Isystem /Applications/Xcode-26.4.0.app/Contents/Developer/Platforms/WatchOS.platform/Developer/usr/lib -F /Users/admin/builder/spi-builder-workspace/.derivedData/Build/Products/Debug-watchos -F /Applications/Xcode-26.4.0.app/Contents/Developer/Platforms/WatchOS.platform/Developer/Library/Frameworks -F /Applications/Xcode-26.4.0.app/Contents/Developer/Platforms/WatchOS.platform/Developer/SDKs/WatchOS26.4.sdk/Developer/Library/Frameworks -c -j10 -enable-batch-mode -incremental -Xcc -ivfsstatcache -Xcc /Users/admin/builder/spi-builder-workspace/.derivedData/SDKStatCaches.noindex/watchos26.4-23T238-688ef53f1462e2c8f657fdc38a81448f9e51884a582f42380855760c9d4cc599.sdkstatcache -output-file-map /Users/admin/builder/spi-builder-workspace/.derivedData/Build/Intermediates.noindex/AsyncRequestKit.build/Debug-watchos/AsyncRequestKit.build/Objects-normal/arm64/AsyncRequestKit-OutputFileMap.json -use-frontend-parseable-output -save-temps -no-color-diagnostics -explicit-module-build -module-cache-path /Users/admin/builder/spi-builder-workspace/.derivedData/Build/Intermediates.noindex/SwiftExplicitPrecompiledModules -clang-scanner-module-cache-path /Users/admin/builder/spi-builder-workspace/.derivedData/ModuleCache.noindex -sdk-module-cache-path /Users/admin/builder/spi-builder-workspace/.derivedData/ModuleCache.noindex -serialize-diagnostics -emit-dependencies -emit-module -emit-module-path /Users/admin/builder/spi-builder-workspace/.derivedData/Build/Intermediates.noindex/AsyncRequestKit.build/Debug-watchos/AsyncRequestKit.build/Objects-normal/arm64/AsyncRequestKit.swiftmodule -validate-clang-modules-once -clang-build-session-file /Users/admin/builder/spi-builder-workspace/.derivedData/ModuleCache.noindex/Session.modulevalidation -package-name spi_builder_workspace -Xcc -I/Users/admin/builder/spi-builder-workspace/.derivedData/Build/Intermediates.noindex/AsyncRequestKit.build/Debug-watchos/AsyncRequestKit.build/swift-overrides.hmap -emit-const-values -Xfrontend -const-gather-protocols-file -Xfrontend /Users/admin/builder/spi-builder-workspace/.derivedData/Build/Intermediates.noindex/AsyncRequestKit.build/Debug-watchos/AsyncRequestKit.build/Objects-normal/arm64/AsyncRequestKit_const_extract_protocols.json -Xcc -I/Users/admin/builder/spi-builder-workspace/.derivedData/Build/Products/Debug-watchos/include -Xcc -I/Users/admin/builder/spi-builder-workspace/.derivedData/Build/Intermediates.noindex/AsyncRequestKit.build/Debug-watchos/AsyncRequestKit.build/DerivedSources-normal/arm64 -Xcc -I/Users/admin/builder/spi-builder-workspace/.derivedData/Build/Intermediates.noindex/AsyncRequestKit.build/Debug-watchos/AsyncRequestKit.build/DerivedSources/arm64 -Xcc -I/Users/admin/builder/spi-builder-workspace/.derivedData/Build/Intermediates.noindex/AsyncRequestKit.build/Debug-watchos/AsyncRequestKit.build/DerivedSources -Xcc -DSWIFT_PACKAGE -Xcc -DDEBUG\=1 -emit-objc-header -emit-objc-header-path /Users/admin/builder/spi-builder-workspace/.derivedData/Build/Intermediates.noindex/AsyncRequestKit.build/Debug-watchos/AsyncRequestKit.build/Objects-normal/arm64/AsyncRequestKit-Swift.h -working-directory /Users/admin/builder/spi-builder-workspace/.swiftpm/xcode -experimental-emit-module-separately -disable-cmo
Copy /Users/admin/builder/spi-builder-workspace/.derivedData/Build/Products/Debug-watchos/AsyncRequestKit.swiftmodule/arm64_32-apple-watchos.swiftmodule /Users/admin/builder/spi-builder-workspace/.derivedData/Build/Intermediates.noindex/AsyncRequestKit.build/Debug-watchos/AsyncRequestKit.build/Objects-normal/arm64_32/AsyncRequestKit.swiftmodule (in target 'AsyncRequestKit' from project 'AsyncRequestKit')
cd /Users/admin/builder/spi-builder-workspace
builtin-copy -exclude .DS_Store -exclude CVS -exclude .svn -exclude .git -exclude .hg -resolve-src-symlinks -rename /Users/admin/builder/spi-builder-workspace/.derivedData/Build/Intermediates.noindex/AsyncRequestKit.build/Debug-watchos/AsyncRequestKit.build/Objects-normal/arm64_32/AsyncRequestKit.swiftmodule /Users/admin/builder/spi-builder-workspace/.derivedData/Build/Products/Debug-watchos/AsyncRequestKit.swiftmodule/arm64_32-apple-watchos.swiftmodule
SwiftMergeGeneratedHeaders /Users/admin/builder/spi-builder-workspace/.derivedData/Build/Intermediates.noindex/GeneratedModuleMaps-watchos/AsyncRequestKit-Swift.h /Users/admin/builder/spi-builder-workspace/.derivedData/Build/Intermediates.noindex/AsyncRequestKit.build/Debug-watchos/AsyncRequestKit.build/Objects-normal/arm64/AsyncRequestKit-Swift.h /Users/admin/builder/spi-builder-workspace/.derivedData/Build/Intermediates.noindex/AsyncRequestKit.build/Debug-watchos/AsyncRequestKit.build/Objects-normal/arm64_32/AsyncRequestKit-Swift.h (in target 'AsyncRequestKit' from project 'AsyncRequestKit')
cd /Users/admin/builder/spi-builder-workspace
builtin-swiftHeaderTool -arch arm64 /Users/admin/builder/spi-builder-workspace/.derivedData/Build/Intermediates.noindex/AsyncRequestKit.build/Debug-watchos/AsyncRequestKit.build/Objects-normal/arm64/AsyncRequestKit-Swift.h -arch arm64_32 /Users/admin/builder/spi-builder-workspace/.derivedData/Build/Intermediates.noindex/AsyncRequestKit.build/Debug-watchos/AsyncRequestKit.build/Objects-normal/arm64_32/AsyncRequestKit-Swift.h -o /Users/admin/builder/spi-builder-workspace/.derivedData/Build/Intermediates.noindex/GeneratedModuleMaps-watchos/AsyncRequestKit-Swift.h
Copy /Users/admin/builder/spi-builder-workspace/.derivedData/Build/Products/Debug-watchos/AsyncRequestKit.swiftmodule/arm64_32-apple-watchos.swiftdoc /Users/admin/builder/spi-builder-workspace/.derivedData/Build/Intermediates.noindex/AsyncRequestKit.build/Debug-watchos/AsyncRequestKit.build/Objects-normal/arm64_32/AsyncRequestKit.swiftdoc (in target 'AsyncRequestKit' from project 'AsyncRequestKit')
cd /Users/admin/builder/spi-builder-workspace
builtin-copy -exclude .DS_Store -exclude CVS -exclude .svn -exclude .git -exclude .hg -resolve-src-symlinks -rename /Users/admin/builder/spi-builder-workspace/.derivedData/Build/Intermediates.noindex/AsyncRequestKit.build/Debug-watchos/AsyncRequestKit.build/Objects-normal/arm64_32/AsyncRequestKit.swiftdoc /Users/admin/builder/spi-builder-workspace/.derivedData/Build/Products/Debug-watchos/AsyncRequestKit.swiftmodule/arm64_32-apple-watchos.swiftdoc
Copy /Users/admin/builder/spi-builder-workspace/.derivedData/Build/Products/Debug-watchos/AsyncRequestKit.swiftmodule/arm64_32-apple-watchos.abi.json /Users/admin/builder/spi-builder-workspace/.derivedData/Build/Intermediates.noindex/AsyncRequestKit.build/Debug-watchos/AsyncRequestKit.build/Objects-normal/arm64_32/AsyncRequestKit.abi.json (in target 'AsyncRequestKit' from project 'AsyncRequestKit')
cd /Users/admin/builder/spi-builder-workspace
builtin-copy -exclude .DS_Store -exclude CVS -exclude .svn -exclude .git -exclude .hg -resolve-src-symlinks -rename /Users/admin/builder/spi-builder-workspace/.derivedData/Build/Intermediates.noindex/AsyncRequestKit.build/Debug-watchos/AsyncRequestKit.build/Objects-normal/arm64_32/AsyncRequestKit.abi.json /Users/admin/builder/spi-builder-workspace/.derivedData/Build/Products/Debug-watchos/AsyncRequestKit.swiftmodule/arm64_32-apple-watchos.abi.json
Copy /Users/admin/builder/spi-builder-workspace/.derivedData/Build/Products/Debug-watchos/AsyncRequestKit.swiftmodule/arm64-apple-watchos.swiftmodule /Users/admin/builder/spi-builder-workspace/.derivedData/Build/Intermediates.noindex/AsyncRequestKit.build/Debug-watchos/AsyncRequestKit.build/Objects-normal/arm64/AsyncRequestKit.swiftmodule (in target 'AsyncRequestKit' from project 'AsyncRequestKit')
cd /Users/admin/builder/spi-builder-workspace
builtin-copy -exclude .DS_Store -exclude CVS -exclude .svn -exclude .git -exclude .hg -resolve-src-symlinks -rename /Users/admin/builder/spi-builder-workspace/.derivedData/Build/Intermediates.noindex/AsyncRequestKit.build/Debug-watchos/AsyncRequestKit.build/Objects-normal/arm64/AsyncRequestKit.swiftmodule /Users/admin/builder/spi-builder-workspace/.derivedData/Build/Products/Debug-watchos/AsyncRequestKit.swiftmodule/arm64-apple-watchos.swiftmodule
Copy /Users/admin/builder/spi-builder-workspace/.derivedData/Build/Products/Debug-watchos/AsyncRequestKit.swiftmodule/arm64-apple-watchos.swiftdoc /Users/admin/builder/spi-builder-workspace/.derivedData/Build/Intermediates.noindex/AsyncRequestKit.build/Debug-watchos/AsyncRequestKit.build/Objects-normal/arm64/AsyncRequestKit.swiftdoc (in target 'AsyncRequestKit' from project 'AsyncRequestKit')
cd /Users/admin/builder/spi-builder-workspace
builtin-copy -exclude .DS_Store -exclude CVS -exclude .svn -exclude .git -exclude .hg -resolve-src-symlinks -rename /Users/admin/builder/spi-builder-workspace/.derivedData/Build/Intermediates.noindex/AsyncRequestKit.build/Debug-watchos/AsyncRequestKit.build/Objects-normal/arm64/AsyncRequestKit.swiftdoc /Users/admin/builder/spi-builder-workspace/.derivedData/Build/Products/Debug-watchos/AsyncRequestKit.swiftmodule/arm64-apple-watchos.swiftdoc
Copy /Users/admin/builder/spi-builder-workspace/.derivedData/Build/Products/Debug-watchos/AsyncRequestKit.swiftmodule/arm64-apple-watchos.abi.json /Users/admin/builder/spi-builder-workspace/.derivedData/Build/Intermediates.noindex/AsyncRequestKit.build/Debug-watchos/AsyncRequestKit.build/Objects-normal/arm64/AsyncRequestKit.abi.json (in target 'AsyncRequestKit' from project 'AsyncRequestKit')
cd /Users/admin/builder/spi-builder-workspace
builtin-copy -exclude .DS_Store -exclude CVS -exclude .svn -exclude .git -exclude .hg -resolve-src-symlinks -rename /Users/admin/builder/spi-builder-workspace/.derivedData/Build/Intermediates.noindex/AsyncRequestKit.build/Debug-watchos/AsyncRequestKit.build/Objects-normal/arm64/AsyncRequestKit.abi.json /Users/admin/builder/spi-builder-workspace/.derivedData/Build/Products/Debug-watchos/AsyncRequestKit.swiftmodule/arm64-apple-watchos.abi.json
Copy /Users/admin/builder/spi-builder-workspace/.derivedData/Build/Products/Debug-watchos/AsyncRequestKit.swiftmodule/Project/arm64_32-apple-watchos.swiftsourceinfo /Users/admin/builder/spi-builder-workspace/.derivedData/Build/Intermediates.noindex/AsyncRequestKit.build/Debug-watchos/AsyncRequestKit.build/Objects-normal/arm64_32/AsyncRequestKit.swiftsourceinfo (in target 'AsyncRequestKit' from project 'AsyncRequestKit')
cd /Users/admin/builder/spi-builder-workspace
builtin-copy -exclude .DS_Store -exclude CVS -exclude .svn -exclude .git -exclude .hg -resolve-src-symlinks -rename /Users/admin/builder/spi-builder-workspace/.derivedData/Build/Intermediates.noindex/AsyncRequestKit.build/Debug-watchos/AsyncRequestKit.build/Objects-normal/arm64_32/AsyncRequestKit.swiftsourceinfo /Users/admin/builder/spi-builder-workspace/.derivedData/Build/Products/Debug-watchos/AsyncRequestKit.swiftmodule/Project/arm64_32-apple-watchos.swiftsourceinfo
Copy /Users/admin/builder/spi-builder-workspace/.derivedData/Build/Products/Debug-watchos/AsyncRequestKit.swiftmodule/Project/arm64-apple-watchos.swiftsourceinfo /Users/admin/builder/spi-builder-workspace/.derivedData/Build/Intermediates.noindex/AsyncRequestKit.build/Debug-watchos/AsyncRequestKit.build/Objects-normal/arm64/AsyncRequestKit.swiftsourceinfo (in target 'AsyncRequestKit' from project 'AsyncRequestKit')
cd /Users/admin/builder/spi-builder-workspace
builtin-copy -exclude .DS_Store -exclude CVS -exclude .svn -exclude .git -exclude .hg -resolve-src-symlinks -rename /Users/admin/builder/spi-builder-workspace/.derivedData/Build/Intermediates.noindex/AsyncRequestKit.build/Debug-watchos/AsyncRequestKit.build/Objects-normal/arm64/AsyncRequestKit.swiftsourceinfo /Users/admin/builder/spi-builder-workspace/.derivedData/Build/Products/Debug-watchos/AsyncRequestKit.swiftmodule/Project/arm64-apple-watchos.swiftsourceinfo
SwiftCompile normal arm64 Compiling\ AsyncCache.swift,\ AsyncRequestKitError.swift,\ Duration+Nanoseconds.swift /Users/admin/builder/spi-builder-workspace/Sources/AsyncRequestKit/Cache/AsyncCache.swift /Users/admin/builder/spi-builder-workspace/Sources/AsyncRequestKit/Core/AsyncRequestKitError.swift /Users/admin/builder/spi-builder-workspace/Sources/AsyncRequestKit/Core/Duration+Nanoseconds.swift (in target 'AsyncRequestKit' from project 'AsyncRequestKit')
SwiftCompile normal arm64 /Users/admin/builder/spi-builder-workspace/Sources/AsyncRequestKit/Cache/AsyncCache.swift (in target 'AsyncRequestKit' from project 'AsyncRequestKit')
cd /Users/admin/builder/spi-builder-workspace/.swiftpm/xcode
SwiftCompile normal arm64 /Users/admin/builder/spi-builder-workspace/Sources/AsyncRequestKit/Core/AsyncRequestKitError.swift (in target 'AsyncRequestKit' from project 'AsyncRequestKit')
cd /Users/admin/builder/spi-builder-workspace/.swiftpm/xcode
SwiftCompile normal arm64 /Users/admin/builder/spi-builder-workspace/Sources/AsyncRequestKit/Core/Duration+Nanoseconds.swift (in target 'AsyncRequestKit' from project 'AsyncRequestKit')
cd /Users/admin/builder/spi-builder-workspace/.swiftpm/xcode
SwiftCompile normal arm64 Compiling\ AK.swift,\ HTTPClient+Convenience.swift /Users/admin/builder/spi-builder-workspace/Sources/AsyncRequestKit/HTTP/AK.swift /Users/admin/builder/spi-builder-workspace/Sources/AsyncRequestKit/HTTP/HTTPClient+Convenience.swift (in target 'AsyncRequestKit' from project 'AsyncRequestKit')
SwiftCompile normal arm64 /Users/admin/builder/spi-builder-workspace/Sources/AsyncRequestKit/HTTP/AK.swift (in target 'AsyncRequestKit' from project 'AsyncRequestKit')
cd /Users/admin/builder/spi-builder-workspace/.swiftpm/xcode
SwiftCompile normal arm64 /Users/admin/builder/spi-builder-workspace/Sources/AsyncRequestKit/HTTP/HTTPClient+Convenience.swift (in target 'AsyncRequestKit' from project 'AsyncRequestKit')
cd /Users/admin/builder/spi-builder-workspace/.swiftpm/xcode
SwiftDriverJobDiscovery normal arm64_32 Compiling AsyncCache.swift, AsyncRequestKitError.swift, Duration+Nanoseconds.swift (in target 'AsyncRequestKit' from project 'AsyncRequestKit')
SwiftCompile normal arm64 Compiling\ HTTPResponse.swift,\ MultipartFormData.swift /Users/admin/builder/spi-builder-workspace/Sources/AsyncRequestKit/HTTP/HTTPResponse.swift /Users/admin/builder/spi-builder-workspace/Sources/AsyncRequestKit/HTTP/MultipartFormData.swift (in target 'AsyncRequestKit' from project 'AsyncRequestKit')
SwiftCompile normal arm64 /Users/admin/builder/spi-builder-workspace/Sources/AsyncRequestKit/HTTP/HTTPResponse.swift (in target 'AsyncRequestKit' from project 'AsyncRequestKit')
cd /Users/admin/builder/spi-builder-workspace/.swiftpm/xcode
SwiftCompile normal arm64 /Users/admin/builder/spi-builder-workspace/Sources/AsyncRequestKit/HTTP/MultipartFormData.swift (in target 'AsyncRequestKit' from project 'AsyncRequestKit')
cd /Users/admin/builder/spi-builder-workspace/.swiftpm/xcode
SwiftDriverJobDiscovery normal arm64 Compiling AsyncCache.swift, AsyncRequestKitError.swift, Duration+Nanoseconds.swift (in target 'AsyncRequestKit' from project 'AsyncRequestKit')
SwiftDriverJobDiscovery normal arm64 Compiling HTTPResponse.swift, MultipartFormData.swift (in target 'AsyncRequestKit' from project 'AsyncRequestKit')
SwiftCompile normal arm64 Compiling\ ParameterEncoding.swift,\ TokenRefreshCoordinator.swift /Users/admin/builder/spi-builder-workspace/Sources/AsyncRequestKit/HTTP/ParameterEncoding.swift /Users/admin/builder/spi-builder-workspace/Sources/AsyncRequestKit/HTTP/TokenRefreshCoordinator.swift (in target 'AsyncRequestKit' from project 'AsyncRequestKit')
SwiftCompile normal arm64 /Users/admin/builder/spi-builder-workspace/Sources/AsyncRequestKit/HTTP/ParameterEncoding.swift (in target 'AsyncRequestKit' from project 'AsyncRequestKit')
cd /Users/admin/builder/spi-builder-workspace/.swiftpm/xcode
SwiftCompile normal arm64 /Users/admin/builder/spi-builder-workspace/Sources/AsyncRequestKit/HTTP/TokenRefreshCoordinator.swift (in target 'AsyncRequestKit' from project 'AsyncRequestKit')
cd /Users/admin/builder/spi-builder-workspace/.swiftpm/xcode
SwiftDriverJobDiscovery normal arm64_32 Compiling HTTPClient+RequestSupport.swift, HTTPClient+Upload.swift (in target 'AsyncRequestKit' from project 'AsyncRequestKit')
SwiftCompile normal arm64 Compiling\ HTTPClient.swift,\ HTTPInterceptor.swift /Users/admin/builder/spi-builder-workspace/Sources/AsyncRequestKit/HTTP/HTTPClient.swift /Users/admin/builder/spi-builder-workspace/Sources/AsyncRequestKit/HTTP/HTTPInterceptor.swift (in target 'AsyncRequestKit' from project 'AsyncRequestKit')
SwiftCompile normal arm64 /Users/admin/builder/spi-builder-workspace/Sources/AsyncRequestKit/HTTP/HTTPClient.swift (in target 'AsyncRequestKit' from project 'AsyncRequestKit')
cd /Users/admin/builder/spi-builder-workspace/.swiftpm/xcode
SwiftCompile normal arm64 /Users/admin/builder/spi-builder-workspace/Sources/AsyncRequestKit/HTTP/HTTPInterceptor.swift (in target 'AsyncRequestKit' from project 'AsyncRequestKit')
cd /Users/admin/builder/spi-builder-workspace/.swiftpm/xcode
SwiftCompile normal arm64 Compiling\ RetryPolicy.swift,\ Timeout.swift /Users/admin/builder/spi-builder-workspace/Sources/AsyncRequestKit/Retry/RetryPolicy.swift /Users/admin/builder/spi-builder-workspace/Sources/AsyncRequestKit/Timeout/Timeout.swift (in target 'AsyncRequestKit' from project 'AsyncRequestKit')
SwiftCompile normal arm64 /Users/admin/builder/spi-builder-workspace/Sources/AsyncRequestKit/Retry/RetryPolicy.swift (in target 'AsyncRequestKit' from project 'AsyncRequestKit')
cd /Users/admin/builder/spi-builder-workspace/.swiftpm/xcode
SwiftCompile normal arm64 /Users/admin/builder/spi-builder-workspace/Sources/AsyncRequestKit/Timeout/Timeout.swift (in target 'AsyncRequestKit' from project 'AsyncRequestKit')
cd /Users/admin/builder/spi-builder-workspace/.swiftpm/xcode
SwiftDriverJobDiscovery normal arm64_32 Compiling ParameterEncoding.swift, TokenRefreshCoordinator.swift (in target 'AsyncRequestKit' from project 'AsyncRequestKit')
SwiftCompile normal arm64 Compiling\ LimitedConcurrency.swift,\ AsyncQueue.swift /Users/admin/builder/spi-builder-workspace/Sources/AsyncRequestKit/Parallel/LimitedConcurrency.swift /Users/admin/builder/spi-builder-workspace/Sources/AsyncRequestKit/Queue/AsyncQueue.swift (in target 'AsyncRequestKit' from project 'AsyncRequestKit')
SwiftCompile normal arm64 /Users/admin/builder/spi-builder-workspace/Sources/AsyncRequestKit/Parallel/LimitedConcurrency.swift (in target 'AsyncRequestKit' from project 'AsyncRequestKit')
cd /Users/admin/builder/spi-builder-workspace/.swiftpm/xcode
SwiftCompile normal arm64 /Users/admin/builder/spi-builder-workspace/Sources/AsyncRequestKit/Queue/AsyncQueue.swift (in target 'AsyncRequestKit' from project 'AsyncRequestKit')
cd /Users/admin/builder/spi-builder-workspace/.swiftpm/xcode
SwiftCompile normal arm64 Compiling\ AK+Convenience.swift,\ AK+HTTPMethods.swift,\ AK+Upload.swift /Users/admin/builder/spi-builder-workspace/Sources/AsyncRequestKit/HTTP/AK+Convenience.swift /Users/admin/builder/spi-builder-workspace/Sources/AsyncRequestKit/HTTP/AK+HTTPMethods.swift /Users/admin/builder/spi-builder-workspace/Sources/AsyncRequestKit/HTTP/AK+Upload.swift (in target 'AsyncRequestKit' from project 'AsyncRequestKit')
SwiftCompile normal arm64 /Users/admin/builder/spi-builder-workspace/Sources/AsyncRequestKit/HTTP/AK+Convenience.swift (in target 'AsyncRequestKit' from project 'AsyncRequestKit')
cd /Users/admin/builder/spi-builder-workspace/.swiftpm/xcode
SwiftCompile normal arm64 /Users/admin/builder/spi-builder-workspace/Sources/AsyncRequestKit/HTTP/AK+HTTPMethods.swift (in target 'AsyncRequestKit' from project 'AsyncRequestKit')
cd /Users/admin/builder/spi-builder-workspace/.swiftpm/xcode
SwiftCompile normal arm64 /Users/admin/builder/spi-builder-workspace/Sources/AsyncRequestKit/HTTP/AK+Upload.swift (in target 'AsyncRequestKit' from project 'AsyncRequestKit')
cd /Users/admin/builder/spi-builder-workspace/.swiftpm/xcode
SwiftCompile normal arm64 Compiling\ HTTPClient+Execution.swift,\ HTTPClient+HTTPMethods.swift /Users/admin/builder/spi-builder-workspace/Sources/AsyncRequestKit/HTTP/HTTPClient+Execution.swift /Users/admin/builder/spi-builder-workspace/Sources/AsyncRequestKit/HTTP/HTTPClient+HTTPMethods.swift (in target 'AsyncRequestKit' from project 'AsyncRequestKit')
SwiftCompile normal arm64 /Users/admin/builder/spi-builder-workspace/Sources/AsyncRequestKit/HTTP/HTTPClient+Execution.swift (in target 'AsyncRequestKit' from project 'AsyncRequestKit')
cd /Users/admin/builder/spi-builder-workspace/.swiftpm/xcode
SwiftCompile normal arm64 /Users/admin/builder/spi-builder-workspace/Sources/AsyncRequestKit/HTTP/HTTPClient+HTTPMethods.swift (in target 'AsyncRequestKit' from project 'AsyncRequestKit')
cd /Users/admin/builder/spi-builder-workspace/.swiftpm/xcode
SwiftDriverJobDiscovery normal arm64_32 Compiling HTTPClient+Execution.swift, HTTPClient+HTTPMethods.swift (in target 'AsyncRequestKit' from project 'AsyncRequestKit')
SwiftDriverJobDiscovery normal arm64_32 Compiling HTTPClient.swift, HTTPInterceptor.swift (in target 'AsyncRequestKit' from project 'AsyncRequestKit')
SwiftDriverJobDiscovery normal arm64_32 Compiling RetryPolicy.swift, Timeout.swift (in target 'AsyncRequestKit' from project 'AsyncRequestKit')
SwiftCompile normal arm64 Compiling\ HTTPClient+RequestSupport.swift,\ HTTPClient+Upload.swift /Users/admin/builder/spi-builder-workspace/Sources/AsyncRequestKit/HTTP/HTTPClient+RequestSupport.swift /Users/admin/builder/spi-builder-workspace/Sources/AsyncRequestKit/HTTP/HTTPClient+Upload.swift (in target 'AsyncRequestKit' from project 'AsyncRequestKit')
SwiftCompile normal arm64 /Users/admin/builder/spi-builder-workspace/Sources/AsyncRequestKit/HTTP/HTTPClient+RequestSupport.swift (in target 'AsyncRequestKit' from project 'AsyncRequestKit')
cd /Users/admin/builder/spi-builder-workspace/.swiftpm/xcode
SwiftCompile normal arm64 /Users/admin/builder/spi-builder-workspace/Sources/AsyncRequestKit/HTTP/HTTPClient+Upload.swift (in target 'AsyncRequestKit' from project 'AsyncRequestKit')
cd /Users/admin/builder/spi-builder-workspace/.swiftpm/xcode
SwiftCompile normal arm64_32 Compiling\ AK+Convenience.swift,\ AK+HTTPMethods.swift,\ AK+Upload.swift /Users/admin/builder/spi-builder-workspace/Sources/AsyncRequestKit/HTTP/AK+Convenience.swift /Users/admin/builder/spi-builder-workspace/Sources/AsyncRequestKit/HTTP/AK+HTTPMethods.swift /Users/admin/builder/spi-builder-workspace/Sources/AsyncRequestKit/HTTP/AK+Upload.swift (in target 'AsyncRequestKit' from project 'AsyncRequestKit')
SwiftCompile normal arm64_32 /Users/admin/builder/spi-builder-workspace/Sources/AsyncRequestKit/HTTP/AK+Convenience.swift (in target 'AsyncRequestKit' from project 'AsyncRequestKit')
cd /Users/admin/builder/spi-builder-workspace/.swiftpm/xcode
SwiftCompile normal arm64_32 /Users/admin/builder/spi-builder-workspace/Sources/AsyncRequestKit/HTTP/AK+HTTPMethods.swift (in target 'AsyncRequestKit' from project 'AsyncRequestKit')
cd /Users/admin/builder/spi-builder-workspace/.swiftpm/xcode
SwiftCompile normal arm64_32 /Users/admin/builder/spi-builder-workspace/Sources/AsyncRequestKit/HTTP/AK+Upload.swift (in target 'AsyncRequestKit' from project 'AsyncRequestKit')
cd /Users/admin/builder/spi-builder-workspace/.swiftpm/xcode
SwiftDriverJobDiscovery normal arm64_32 Compiling LimitedConcurrency.swift, AsyncQueue.swift (in target 'AsyncRequestKit' from project 'AsyncRequestKit')
SwiftDriverJobDiscovery normal arm64_32 Compiling HTTPResponse.swift, MultipartFormData.swift (in target 'AsyncRequestKit' from project 'AsyncRequestKit')
SwiftDriverJobDiscovery normal arm64 Compiling AK.swift, HTTPClient+Convenience.swift (in target 'AsyncRequestKit' from project 'AsyncRequestKit')
SwiftDriverJobDiscovery normal arm64_32 Compiling AK.swift, HTTPClient+Convenience.swift (in target 'AsyncRequestKit' from project 'AsyncRequestKit')
SwiftDriver AsyncRequestKitDemo normal arm64 com.apple.xcode.tools.swift.compiler (in target 'AsyncRequestKitDemo' from project 'AsyncRequestKit')
cd /Users/admin/builder/spi-builder-workspace/.swiftpm/xcode
builtin-SwiftDriver -- /Applications/Xcode-26.4.0.app/Contents/Developer/Toolchains/XcodeDefault.xctoolchain/usr/bin/swiftc -module-name AsyncRequestKitDemo -Onone @/Users/admin/builder/spi-builder-workspace/.derivedData/Build/Intermediates.noindex/AsyncRequestKit.build/Debug-watchos/AsyncRequestKitDemo.build/Objects-normal/arm64/AsyncRequestKitDemo.SwiftFileList -DSWIFT_PACKAGE -DDEBUG -DXcode -plugin-path /Applications/Xcode-26.4.0.app/Contents/Developer/Toolchains/XcodeDefault.xctoolchain/usr/lib/swift/host/plugins/testing -enable-experimental-feature DebugDescriptionMacro -sdk /Applications/Xcode-26.4.0.app/Contents/Developer/Platforms/WatchOS.platform/Developer/SDKs/WatchOS26.4.sdk -target arm64-apple-watchos9.0 -g -module-cache-path /Users/admin/builder/spi-builder-workspace/.derivedData/ModuleCache.noindex -Xfrontend -serialize-debugging-options -profile-coverage-mapping -profile-generate -enable-testing -index-store-path /Users/admin/builder/spi-builder-workspace/.derivedData/Index.noindex/DataStore -Xcc -D_LIBCPP_HARDENING_MODE\=_LIBCPP_HARDENING_MODE_DEBUG -swift-version 6 -I /Users/admin/builder/spi-builder-workspace/.derivedData/Build/Products/Debug-watchos -Isystem /Applications/Xcode-26.4.0.app/Contents/Developer/Platforms/WatchOS.platform/Developer/usr/lib -F /Users/admin/builder/spi-builder-workspace/.derivedData/Build/Products/Debug-watchos/PackageFrameworks -F /Users/admin/builder/spi-builder-workspace/.derivedData/Build/Products/Debug-watchos -F /Applications/Xcode-26.4.0.app/Contents/Developer/Platforms/WatchOS.platform/Developer/Library/Frameworks -F /Applications/Xcode-26.4.0.app/Contents/Developer/Platforms/WatchOS.platform/Developer/SDKs/WatchOS26.4.sdk/Developer/Library/Frameworks -c -j10 -enable-batch-mode -incremental -Xcc -ivfsstatcache -Xcc /Users/admin/builder/spi-builder-workspace/.derivedData/SDKStatCaches.noindex/watchos26.4-23T238-688ef53f1462e2c8f657fdc38a81448f9e51884a582f42380855760c9d4cc599.sdkstatcache -output-file-map /Users/admin/builder/spi-builder-workspace/.derivedData/Build/Intermediates.noindex/AsyncRequestKit.build/Debug-watchos/AsyncRequestKitDemo.build/Objects-normal/arm64/AsyncRequestKitDemo-OutputFileMap.json -use-frontend-parseable-output -save-temps -no-color-diagnostics -explicit-module-build -module-cache-path /Users/admin/builder/spi-builder-workspace/.derivedData/Build/Intermediates.noindex/SwiftExplicitPrecompiledModules -clang-scanner-module-cache-path /Users/admin/builder/spi-builder-workspace/.derivedData/ModuleCache.noindex -sdk-module-cache-path /Users/admin/builder/spi-builder-workspace/.derivedData/ModuleCache.noindex -serialize-diagnostics -emit-dependencies -emit-module -emit-module-path /Users/admin/builder/spi-builder-workspace/.derivedData/Build/Intermediates.noindex/AsyncRequestKit.build/Debug-watchos/AsyncRequestKitDemo.build/Objects-normal/arm64/AsyncRequestKitDemo.swiftmodule -validate-clang-modules-once -clang-build-session-file /Users/admin/builder/spi-builder-workspace/.derivedData/ModuleCache.noindex/Session.modulevalidation -package-name spi_builder_workspace -emit-const-values -Xfrontend -const-gather-protocols-file -Xfrontend /Users/admin/builder/spi-builder-workspace/.derivedData/Build/Intermediates.noindex/AsyncRequestKit.build/Debug-watchos/AsyncRequestKitDemo.build/Objects-normal/arm64/AsyncRequestKitDemo_const_extract_protocols.json -Xcc -I/Users/admin/builder/spi-builder-workspace/.derivedData/Build/Products/Debug-watchos/include -Xcc -I/Users/admin/builder/spi-builder-workspace/.derivedData/Build/Intermediates.noindex/AsyncRequestKit.build/Debug-watchos/AsyncRequestKitDemo.build/DerivedSources-normal/arm64 -Xcc -I/Users/admin/builder/spi-builder-workspace/.derivedData/Build/Intermediates.noindex/AsyncRequestKit.build/Debug-watchos/AsyncRequestKitDemo.build/DerivedSources/arm64 -Xcc -I/Users/admin/builder/spi-builder-workspace/.derivedData/Build/Intermediates.noindex/AsyncRequestKit.build/Debug-watchos/AsyncRequestKitDemo.build/DerivedSources -Xcc -DSWIFT_PACKAGE -Xcc -DDEBUG\=1 -working-directory /Users/admin/builder/spi-builder-workspace/.swiftpm/xcode -experimental-emit-module-separately -disable-cmo
SwiftDriver AsyncRequestKitDemo normal arm64_32 com.apple.xcode.tools.swift.compiler (in target 'AsyncRequestKitDemo' from project 'AsyncRequestKit')
cd /Users/admin/builder/spi-builder-workspace/.swiftpm/xcode
builtin-SwiftDriver -- /Applications/Xcode-26.4.0.app/Contents/Developer/Toolchains/XcodeDefault.xctoolchain/usr/bin/swiftc -module-name AsyncRequestKitDemo -Onone @/Users/admin/builder/spi-builder-workspace/.derivedData/Build/Intermediates.noindex/AsyncRequestKit.build/Debug-watchos/AsyncRequestKitDemo.build/Objects-normal/arm64_32/AsyncRequestKitDemo.SwiftFileList -DSWIFT_PACKAGE -DDEBUG -DXcode -plugin-path /Applications/Xcode-26.4.0.app/Contents/Developer/Toolchains/XcodeDefault.xctoolchain/usr/lib/swift/host/plugins/testing -enable-experimental-feature DebugDescriptionMacro -sdk /Applications/Xcode-26.4.0.app/Contents/Developer/Platforms/WatchOS.platform/Developer/SDKs/WatchOS26.4.sdk -target arm64_32-apple-watchos9.0 -g -module-cache-path /Users/admin/builder/spi-builder-workspace/.derivedData/ModuleCache.noindex -Xfrontend -serialize-debugging-options -profile-coverage-mapping -profile-generate -enable-testing -index-store-path /Users/admin/builder/spi-builder-workspace/.derivedData/Index.noindex/DataStore -Xcc -D_LIBCPP_HARDENING_MODE\=_LIBCPP_HARDENING_MODE_DEBUG -swift-version 6 -I /Users/admin/builder/spi-builder-workspace/.derivedData/Build/Products/Debug-watchos -Isystem /Applications/Xcode-26.4.0.app/Contents/Developer/Platforms/WatchOS.platform/Developer/usr/lib -F /Users/admin/builder/spi-builder-workspace/.derivedData/Build/Products/Debug-watchos/PackageFrameworks -F /Users/admin/builder/spi-builder-workspace/.derivedData/Build/Products/Debug-watchos -F /Applications/Xcode-26.4.0.app/Contents/Developer/Platforms/WatchOS.platform/Developer/Library/Frameworks -F /Applications/Xcode-26.4.0.app/Contents/Developer/Platforms/WatchOS.platform/Developer/SDKs/WatchOS26.4.sdk/Developer/Library/Frameworks -c -j10 -enable-batch-mode -incremental -Xcc -ivfsstatcache -Xcc /Users/admin/builder/spi-builder-workspace/.derivedData/SDKStatCaches.noindex/watchos26.4-23T238-688ef53f1462e2c8f657fdc38a81448f9e51884a582f42380855760c9d4cc599.sdkstatcache -output-file-map /Users/admin/builder/spi-builder-workspace/.derivedData/Build/Intermediates.noindex/AsyncRequestKit.build/Debug-watchos/AsyncRequestKitDemo.build/Objects-normal/arm64_32/AsyncRequestKitDemo-OutputFileMap.json -use-frontend-parseable-output -save-temps -no-color-diagnostics -explicit-module-build -module-cache-path /Users/admin/builder/spi-builder-workspace/.derivedData/Build/Intermediates.noindex/SwiftExplicitPrecompiledModules -clang-scanner-module-cache-path /Users/admin/builder/spi-builder-workspace/.derivedData/ModuleCache.noindex -sdk-module-cache-path /Users/admin/builder/spi-builder-workspace/.derivedData/ModuleCache.noindex -serialize-diagnostics -emit-dependencies -emit-module -emit-module-path /Users/admin/builder/spi-builder-workspace/.derivedData/Build/Intermediates.noindex/AsyncRequestKit.build/Debug-watchos/AsyncRequestKitDemo.build/Objects-normal/arm64_32/AsyncRequestKitDemo.swiftmodule -validate-clang-modules-once -clang-build-session-file /Users/admin/builder/spi-builder-workspace/.derivedData/ModuleCache.noindex/Session.modulevalidation -package-name spi_builder_workspace -emit-const-values -Xfrontend -const-gather-protocols-file -Xfrontend /Users/admin/builder/spi-builder-workspace/.derivedData/Build/Intermediates.noindex/AsyncRequestKit.build/Debug-watchos/AsyncRequestKitDemo.build/Objects-normal/arm64_32/AsyncRequestKitDemo_const_extract_protocols.json -Xcc -I/Users/admin/builder/spi-builder-workspace/.derivedData/Build/Products/Debug-watchos/include -Xcc -I/Users/admin/builder/spi-builder-workspace/.derivedData/Build/Intermediates.noindex/AsyncRequestKit.build/Debug-watchos/AsyncRequestKitDemo.build/DerivedSources-normal/arm64_32 -Xcc -I/Users/admin/builder/spi-builder-workspace/.derivedData/Build/Intermediates.noindex/AsyncRequestKit.build/Debug-watchos/AsyncRequestKitDemo.build/DerivedSources/arm64_32 -Xcc -I/Users/admin/builder/spi-builder-workspace/.derivedData/Build/Intermediates.noindex/AsyncRequestKit.build/Debug-watchos/AsyncRequestKitDemo.build/DerivedSources -Xcc -DSWIFT_PACKAGE -Xcc -DDEBUG\=1 -working-directory /Users/admin/builder/spi-builder-workspace/.swiftpm/xcode -experimental-emit-module-separately -disable-cmo
SwiftDriverJobDiscovery normal arm64 Compiling HTTPClient.swift, HTTPInterceptor.swift (in target 'AsyncRequestKit' from project 'AsyncRequestKit')
SwiftCompile normal arm64 Compiling\ main.swift /Users/admin/builder/spi-builder-workspace/Sources/AsyncRequestKitDemo/main.swift (in target 'AsyncRequestKitDemo' from project 'AsyncRequestKit')
SwiftCompile normal arm64 /Users/admin/builder/spi-builder-workspace/Sources/AsyncRequestKitDemo/main.swift (in target 'AsyncRequestKitDemo' from project 'AsyncRequestKit')
cd /Users/admin/builder/spi-builder-workspace/.swiftpm/xcode
SwiftEmitModule normal arm64 Emitting\ module\ for\ AsyncRequestKitDemo (in target 'AsyncRequestKitDemo' from project 'AsyncRequestKit')
Failed frontend command:
/Applications/Xcode-26.4.0.app/Contents/Developer/Toolchains/XcodeDefault.xctoolchain/usr/bin/swift-frontend -frontend -emit-module -experimental-skip-non-inlinable-function-bodies-without-types /Users/admin/builder/spi-builder-workspace/Sources/AsyncRequestKitDemo/main.swift -target arm64-apple-watchos9.0 -load-resolved-plugin /Applications/Xcode-26.4.0.app/Contents/Developer/Platforms/WatchOS.platform/Developer/usr/lib/swift/host/plugins/libFoundationMacros.dylib\#/Applications/Xcode-26.4.0.app/Contents/Developer/Platforms/WatchOS.platform/Developer/usr/bin/swift-plugin-server\#FoundationMacros -load-resolved-plugin /Applications/Xcode-26.4.0.app/Contents/Developer/Platforms/WatchOS.platform/Developer/usr/lib/swift/host/plugins/libObservationMacros.dylib\#/Applications/Xcode-26.4.0.app/Contents/Developer/Platforms/WatchOS.platform/Developer/usr/bin/swift-plugin-server\#ObservationMacros -load-resolved-plugin /Applications/Xcode-26.4.0.app/Contents/Developer/Platforms/WatchOS.platform/Developer/usr/lib/swift/host/plugins/libSwiftMacros.dylib\#/Applications/Xcode-26.4.0.app/Contents/Developer/Platforms/WatchOS.platform/Developer/usr/bin/swift-plugin-server\#SwiftMacros -disable-implicit-swift-modules -Xcc -fno-implicit-modules -Xcc -fno-implicit-module-maps -explicit-swift-module-map-file /Users/admin/builder/spi-builder-workspace/.derivedData/Build/Intermediates.noindex/AsyncRequestKit.build/Debug-watchos/AsyncRequestKitDemo.build/Objects-normal/arm64/AsyncRequestKitDemo-dependencies-1.json -Xllvm -aarch64-use-tbi -enable-objc-interop -stack-check -sdk /Applications/Xcode-26.4.0.app/Contents/Developer/Platforms/WatchOS.platform/Developer/SDKs/WatchOS26.4.sdk -I /Users/admin/builder/spi-builder-workspace/.derivedData/Build/Products/Debug-watchos -Isystem /Applications/Xcode-26.4.0.app/Contents/Developer/Platforms/WatchOS.platform/Developer/usr/lib -F /Users/admin/builder/spi-builder-workspace/.derivedData/Build/Products/Debug-watchos/PackageFrameworks -F /Users/admin/builder/spi-builder-workspace/.derivedData/Build/Products/Debug-watchos -F /Applications/Xcode-26.4.0.app/Contents/Developer/Platforms/WatchOS.platform/Developer/Library/Frameworks -F /Applications/Xcode-26.4.0.app/Contents/Developer/Platforms/WatchOS.platform/Developer/SDKs/WatchOS26.4.sdk/Developer/Library/Frameworks -no-color-diagnostics -Xcc -fno-color-diagnostics -enable-testing -g -debug-info-format\=dwarf -dwarf-version\=4 -module-cache-path /Users/admin/builder/spi-builder-workspace/.derivedData/Build/Intermediates.noindex/SwiftExplicitPrecompiledModules -profile-generate -profile-coverage-mapping -swift-version 6 -Onone -D SWIFT_PACKAGE -D DEBUG -D Xcode -serialize-debugging-options -const-gather-protocols-file /Users/admin/builder/spi-builder-workspace/.derivedData/Build/Intermediates.noindex/AsyncRequestKit.build/Debug-watchos/AsyncRequestKitDemo.build/Objects-normal/arm64/AsyncRequestKitDemo_const_extract_protocols.json -enable-experimental-feature DebugDescriptionMacro -empty-abi-descriptor -validate-clang-modules-once -clang-build-session-file /Users/admin/builder/spi-builder-workspace/.derivedData/ModuleCache.noindex/Session.modulevalidation -Xcc -working-directory -Xcc /Users/admin/builder/spi-builder-workspace/.swiftpm/xcode -enable-anonymous-context-mangled-names -file-compilation-dir /Users/admin/builder/spi-builder-workspace/.swiftpm/xcode -Xcc -D_LIBCPP_HARDENING_MODE\=_LIBCPP_HARDENING_MODE_DEBUG -Xcc -ivfsstatcache -Xcc /Users/admin/builder/spi-builder-workspace/.derivedData/SDKStatCaches.noindex/watchos26.4-23T238-688ef53f1462e2c8f657fdc38a81448f9e51884a582f42380855760c9d4cc599.sdkstatcache -Xcc -I/Users/admin/builder/spi-builder-workspace/.derivedData/Build/Products/Debug-watchos/include -Xcc -I/Users/admin/builder/spi-builder-workspace/.derivedData/Build/Intermediates.noindex/AsyncRequestKit.build/Debug-watchos/AsyncRequestKitDemo.build/DerivedSources-normal/arm64 -Xcc -I/Users/admin/builder/spi-builder-workspace/.derivedData/Build/Intermediates.noindex/AsyncRequestKit.build/Debug-watchos/AsyncRequestKitDemo.build/DerivedSources/arm64 -Xcc -I/Users/admin/builder/spi-builder-workspace/.derivedData/Build/Intermediates.noindex/AsyncRequestKit.build/Debug-watchos/AsyncRequestKitDemo.build/DerivedSources -Xcc -DSWIFT_PACKAGE -Xcc -DDEBUG\=1 -no-auto-bridging-header-chaining -module-name AsyncRequestKitDemo -package-name spi_builder_workspace -frontend-parseable-output -disable-clang-spi -clang-target arm64-apple-watchos26.4 -target-sdk-version 26.4 -target-sdk-name watchos26.4 -in-process-plugin-server-path /Applications/Xcode-26.4.0.app/Contents/Developer/Toolchains/XcodeDefault.xctoolchain/usr/lib/swift/host/libSwiftInProcPluginServer.dylib -emit-module-doc-path /Users/admin/builder/spi-builder-workspace/.derivedData/Build/Intermediates.noindex/AsyncRequestKit.build/Debug-watchos/AsyncRequestKitDemo.build/Objects-normal/arm64/AsyncRequestKitDemo.swiftdoc -emit-module-source-info-path /Users/admin/builder/spi-builder-workspace/.derivedData/Build/Intermediates.noindex/AsyncRequestKit.build/Debug-watchos/AsyncRequestKitDemo.build/Objects-normal/arm64/AsyncRequestKitDemo.swiftsourceinfo -serialize-diagnostics-path /Users/admin/builder/spi-builder-workspace/.derivedData/Build/Intermediates.noindex/AsyncRequestKit.build/Debug-watchos/AsyncRequestKitDemo.build/Objects-normal/arm64/AsyncRequestKitDemo-primary-emit-module.dia -emit-dependencies-path /Users/admin/builder/spi-builder-workspace/.derivedData/Build/Intermediates.noindex/AsyncRequestKit.build/Debug-watchos/AsyncRequestKitDemo.build/Objects-normal/arm64/AsyncRequestKitDemo-primary-emit-module.d -o /Users/admin/builder/spi-builder-workspace/.derivedData/Build/Intermediates.noindex/AsyncRequestKit.build/Debug-watchos/AsyncRequestKitDemo.build/Objects-normal/arm64/AsyncRequestKitDemo.swiftmodule -emit-abi-descriptor-path /Users/admin/builder/spi-builder-workspace/.derivedData/Build/Intermediates.noindex/AsyncRequestKit.build/Debug-watchos/AsyncRequestKitDemo.build/Objects-normal/arm64/AsyncRequestKitDemo.abi.json
SwiftCompile normal arm64 /Users/admin/builder/spi-builder-workspace/Sources/AsyncRequestKitDemo/main.swift (in target 'AsyncRequestKitDemo' from project 'AsyncRequestKit')
cd /Users/admin/builder/spi-builder-workspace/.swiftpm/xcode
/Users/admin/builder/spi-builder-workspace/Sources/AsyncRequestKitDemo/main.swift:24:1: error: 'main' attribute cannot be used in a module that contains top-level code
@main
^
/Users/admin/builder/spi-builder-workspace/Sources/AsyncRequestKitDemo/main.swift:1:1: note: top-level code defined in this source file
import AsyncRequestKit
^
/Users/admin/builder/spi-builder-workspace/Sources/AsyncRequestKitDemo/main.swift:1:1: note: pass '-parse-as-library' to compiler invocation if this is intentional
import AsyncRequestKit
^
SwiftEmitModule normal arm64_32 Emitting\ module\ for\ AsyncRequestKitDemo (in target 'AsyncRequestKitDemo' from project 'AsyncRequestKit')
Failed frontend command:
/Applications/Xcode-26.4.0.app/Contents/Developer/Toolchains/XcodeDefault.xctoolchain/usr/bin/swift-frontend -frontend -emit-module -experimental-skip-non-inlinable-function-bodies-without-types /Users/admin/builder/spi-builder-workspace/Sources/AsyncRequestKitDemo/main.swift -target arm64_32-apple-watchos9.0 -load-resolved-plugin /Applications/Xcode-26.4.0.app/Contents/Developer/Platforms/WatchOS.platform/Developer/usr/lib/swift/host/plugins/libFoundationMacros.dylib\#/Applications/Xcode-26.4.0.app/Contents/Developer/Platforms/WatchOS.platform/Developer/usr/bin/swift-plugin-server\#FoundationMacros -load-resolved-plugin /Applications/Xcode-26.4.0.app/Contents/Developer/Platforms/WatchOS.platform/Developer/usr/lib/swift/host/plugins/libObservationMacros.dylib\#/Applications/Xcode-26.4.0.app/Contents/Developer/Platforms/WatchOS.platform/Developer/usr/bin/swift-plugin-server\#ObservationMacros -load-resolved-plugin /Applications/Xcode-26.4.0.app/Contents/Developer/Platforms/WatchOS.platform/Developer/usr/lib/swift/host/plugins/libSwiftMacros.dylib\#/Applications/Xcode-26.4.0.app/Contents/Developer/Platforms/WatchOS.platform/Developer/usr/bin/swift-plugin-server\#SwiftMacros -disable-implicit-swift-modules -Xcc -fno-implicit-modules -Xcc -fno-implicit-module-maps -explicit-swift-module-map-file /Users/admin/builder/spi-builder-workspace/.derivedData/Build/Intermediates.noindex/AsyncRequestKit.build/Debug-watchos/AsyncRequestKitDemo.build/Objects-normal/arm64_32/AsyncRequestKitDemo-dependencies-2.json -enable-objc-interop -sdk /Applications/Xcode-26.4.0.app/Contents/Developer/Platforms/WatchOS.platform/Developer/SDKs/WatchOS26.4.sdk -I /Users/admin/builder/spi-builder-workspace/.derivedData/Build/Products/Debug-watchos -Isystem /Applications/Xcode-26.4.0.app/Contents/Developer/Platforms/WatchOS.platform/Developer/usr/lib -F /Users/admin/builder/spi-builder-workspace/.derivedData/Build/Products/Debug-watchos/PackageFrameworks -F /Users/admin/builder/spi-builder-workspace/.derivedData/Build/Products/Debug-watchos -F /Applications/Xcode-26.4.0.app/Contents/Developer/Platforms/WatchOS.platform/Developer/Library/Frameworks -F /Applications/Xcode-26.4.0.app/Contents/Developer/Platforms/WatchOS.platform/Developer/SDKs/WatchOS26.4.sdk/Developer/Library/Frameworks -no-color-diagnostics -Xcc -fno-color-diagnostics -enable-testing -g -debug-info-format\=dwarf -dwarf-version\=4 -module-cache-path /Users/admin/builder/spi-builder-workspace/.derivedData/Build/Intermediates.noindex/SwiftExplicitPrecompiledModules -profile-generate -profile-coverage-mapping -swift-version 6 -Onone -D SWIFT_PACKAGE -D DEBUG -D Xcode -serialize-debugging-options -const-gather-protocols-file /Users/admin/builder/spi-builder-workspace/.derivedData/Build/Intermediates.noindex/AsyncRequestKit.build/Debug-watchos/AsyncRequestKitDemo.build/Objects-normal/arm64_32/AsyncRequestKitDemo_const_extract_protocols.json -enable-experimental-feature DebugDescriptionMacro -empty-abi-descriptor -validate-clang-modules-once -clang-build-session-file /Users/admin/builder/spi-builder-workspace/.derivedData/ModuleCache.noindex/Session.modulevalidation -Xcc -working-directory -Xcc /Users/admin/builder/spi-builder-workspace/.swiftpm/xcode -enable-anonymous-context-mangled-names -file-compilation-dir /Users/admin/builder/spi-builder-workspace/.swiftpm/xcode -Xcc -D_LIBCPP_HARDENING_MODE\=_LIBCPP_HARDENING_MODE_DEBUG -Xcc -ivfsstatcache -Xcc /Users/admin/builder/spi-builder-workspace/.derivedData/SDKStatCaches.noindex/watchos26.4-23T238-688ef53f1462e2c8f657fdc38a81448f9e51884a582f42380855760c9d4cc599.sdkstatcache -Xcc -I/Users/admin/builder/spi-builder-workspace/.derivedData/Build/Products/Debug-watchos/include -Xcc -I/Users/admin/builder/spi-builder-workspace/.derivedData/Build/Intermediates.noindex/AsyncRequestKit.build/Debug-watchos/AsyncRequestKitDemo.build/DerivedSources-normal/arm64_32 -Xcc -I/Users/admin/builder/spi-builder-workspace/.derivedData/Build/Intermediates.noindex/AsyncRequestKit.build/Debug-watchos/AsyncRequestKitDemo.build/DerivedSources/arm64_32 -Xcc -I/Users/admin/builder/spi-builder-workspace/.derivedData/Build/Intermediates.noindex/AsyncRequestKit.build/Debug-watchos/AsyncRequestKitDemo.build/DerivedSources -Xcc -DSWIFT_PACKAGE -Xcc -DDEBUG\=1 -no-auto-bridging-header-chaining -module-name AsyncRequestKitDemo -package-name spi_builder_workspace -frontend-parseable-output -disable-clang-spi -clang-target arm64_32-apple-watchos26.4 -target-sdk-version 26.4 -target-sdk-name watchos26.4 -in-process-plugin-server-path /Applications/Xcode-26.4.0.app/Contents/Developer/Toolchains/XcodeDefault.xctoolchain/usr/lib/swift/host/libSwiftInProcPluginServer.dylib -emit-module-doc-path /Users/admin/builder/spi-builder-workspace/.derivedData/Build/Intermediates.noindex/AsyncRequestKit.build/Debug-watchos/AsyncRequestKitDemo.build/Objects-normal/arm64_32/AsyncRequestKitDemo.swiftdoc -emit-module-source-info-path /Users/admin/builder/spi-builder-workspace/.derivedData/Build/Intermediates.noindex/AsyncRequestKit.build/Debug-watchos/AsyncRequestKitDemo.build/Objects-normal/arm64_32/AsyncRequestKitDemo.swiftsourceinfo -serialize-diagnostics-path /Users/admin/builder/spi-builder-workspace/.derivedData/Build/Intermediates.noindex/AsyncRequestKit.build/Debug-watchos/AsyncRequestKitDemo.build/Objects-normal/arm64_32/AsyncRequestKitDemo-primary-emit-module.dia -emit-dependencies-path /Users/admin/builder/spi-builder-workspace/.derivedData/Build/Intermediates.noindex/AsyncRequestKit.build/Debug-watchos/AsyncRequestKitDemo.build/Objects-normal/arm64_32/AsyncRequestKitDemo-primary-emit-module.d -o /Users/admin/builder/spi-builder-workspace/.derivedData/Build/Intermediates.noindex/AsyncRequestKit.build/Debug-watchos/AsyncRequestKitDemo.build/Objects-normal/arm64_32/AsyncRequestKitDemo.swiftmodule -emit-abi-descriptor-path /Users/admin/builder/spi-builder-workspace/.derivedData/Build/Intermediates.noindex/AsyncRequestKit.build/Debug-watchos/AsyncRequestKitDemo.build/Objects-normal/arm64_32/AsyncRequestKitDemo.abi.json
SwiftCompile normal arm64_32 /Users/admin/builder/spi-builder-workspace/Sources/AsyncRequestKitDemo/main.swift (in target 'AsyncRequestKitDemo' from project 'AsyncRequestKit')
cd /Users/admin/builder/spi-builder-workspace/.swiftpm/xcode
/Users/admin/builder/spi-builder-workspace/Sources/AsyncRequestKitDemo/main.swift:24:1: error: 'main' attribute cannot be used in a module that contains top-level code
@main
^
/Users/admin/builder/spi-builder-workspace/Sources/AsyncRequestKitDemo/main.swift:1:1: note: top-level code defined in this source file
import AsyncRequestKit
^
/Users/admin/builder/spi-builder-workspace/Sources/AsyncRequestKitDemo/main.swift:1:1: note: pass '-parse-as-library' to compiler invocation if this is intentional
import AsyncRequestKit
^
SwiftCompile normal arm64_32 Compiling\ main.swift /Users/admin/builder/spi-builder-workspace/Sources/AsyncRequestKitDemo/main.swift (in target 'AsyncRequestKitDemo' from project 'AsyncRequestKit')
SwiftDriverJobDiscovery normal arm64 Compiling HTTPClient+Execution.swift, HTTPClient+HTTPMethods.swift (in target 'AsyncRequestKit' from project 'AsyncRequestKit')
SwiftDriverJobDiscovery normal arm64 Compiling ParameterEncoding.swift, TokenRefreshCoordinator.swift (in target 'AsyncRequestKit' from project 'AsyncRequestKit')
SwiftDriverJobDiscovery normal arm64 Compiling HTTPClient+RequestSupport.swift, HTTPClient+Upload.swift (in target 'AsyncRequestKit' from project 'AsyncRequestKit')
SwiftDriverJobDiscovery normal arm64 Compiling RetryPolicy.swift, Timeout.swift (in target 'AsyncRequestKit' from project 'AsyncRequestKit')
2026-07-21 19:00:08.863 xcodebuild[705:4529] [MT] IDERunDestination: Supported platforms for the buildables in the current scheme is empty.
** BUILD FAILED **
The following build commands failed:
SwiftEmitModule normal arm64 Emitting\ module\ for\ AsyncRequestKitDemo (in target 'AsyncRequestKitDemo' from project 'AsyncRequestKit')
SwiftCompile normal arm64 /Users/admin/builder/spi-builder-workspace/Sources/AsyncRequestKitDemo/main.swift (in target 'AsyncRequestKitDemo' from project 'AsyncRequestKit')
SwiftEmitModule normal arm64_32 Emitting\ module\ for\ AsyncRequestKitDemo (in target 'AsyncRequestKitDemo' from project 'AsyncRequestKit')
SwiftCompile normal arm64_32 /Users/admin/builder/spi-builder-workspace/Sources/AsyncRequestKitDemo/main.swift (in target 'AsyncRequestKitDemo' from project 'AsyncRequestKit')
Building workspace spi-builder-workspace with scheme AsyncRequestKit-Package
(5 failures)
Command line invocation:
/Applications/Xcode-26.4.0.app/Contents/Developer/usr/bin/xcodebuild -IDEClonedSourcePackagesDirPathOverride=/Users/admin/builder/spi-builder-workspace/.dependencies -resolvePackageDependencies
Resolve Package Graph
Resolved source packages:
AsyncRequestKit: /Users/admin/builder/spi-builder-workspace
resolved source packages: AsyncRequestKit
2026-07-21 19:00:17.304 xcodebuild[798:5006] [MT] IDERunDestination: Supported platforms for the buildables in the current scheme is empty.
{
"dependencies" : [
],
"manifest_display_name" : "AsyncRequestKit",
"name" : "AsyncRequestKit",
"path" : "/Users/admin/builder/spi-builder-workspace",
"platforms" : [
{
"name" : "macos",
"version" : "13.0"
},
{
"name" : "ios",
"version" : "16.0"
},
{
"name" : "tvos",
"version" : "16.0"
},
{
"name" : "watchos",
"version" : "9.0"
}
],
"products" : [
{
"name" : "AsyncRequestKit",
"targets" : [
"AsyncRequestKit"
],
"type" : {
"library" : [
"automatic"
]
}
},
{
"name" : "AsyncRequestKitDemo",
"targets" : [
"AsyncRequestKitDemo"
],
"type" : {
"executable" : null
}
}
],
"targets" : [
{
"c99name" : "AsyncRequestKitTests",
"module_type" : "SwiftTarget",
"name" : "AsyncRequestKitTests",
"path" : "Tests/AsyncRequestKitTests",
"sources" : [
"AsyncRequestKitTests.swift"
],
"target_dependencies" : [
"AsyncRequestKit"
],
"type" : "test"
},
{
"c99name" : "AsyncRequestKitDemo",
"module_type" : "SwiftTarget",
"name" : "AsyncRequestKitDemo",
"path" : "Sources/AsyncRequestKitDemo",
"product_memberships" : [
"AsyncRequestKitDemo"
],
"sources" : [
"main.swift"
],
"target_dependencies" : [
"AsyncRequestKit"
],
"type" : "executable"
},
{
"c99name" : "AsyncRequestKit",
"module_type" : "SwiftTarget",
"name" : "AsyncRequestKit",
"path" : "Sources/AsyncRequestKit",
"product_memberships" : [
"AsyncRequestKit",
"AsyncRequestKitDemo"
],
"sources" : [
"Cache/AsyncCache.swift",
"Core/AsyncRequestKitError.swift",
"Core/Duration+Nanoseconds.swift",
"HTTP/AK+Convenience.swift",
"HTTP/AK+HTTPMethods.swift",
"HTTP/AK+Upload.swift",
"HTTP/AK.swift",
"HTTP/HTTPClient+Convenience.swift",
"HTTP/HTTPClient+Execution.swift",
"HTTP/HTTPClient+HTTPMethods.swift",
"HTTP/HTTPClient+RequestSupport.swift",
"HTTP/HTTPClient+Upload.swift",
"HTTP/HTTPClient.swift",
"HTTP/HTTPInterceptor.swift",
"HTTP/HTTPResponse.swift",
"HTTP/MultipartFormData.swift",
"HTTP/ParameterEncoding.swift",
"HTTP/TokenRefreshCoordinator.swift",
"Parallel/LimitedConcurrency.swift",
"Queue/AsyncQueue.swift",
"Retry/RetryPolicy.swift",
"Timeout/Timeout.swift"
],
"type" : "library"
}
],
"tools_version" : "6.0"
}
{
"workspace" : {
"name" : "spi-builder-workspace",
"schemes" : [
"AsyncRequestKit",
"AsyncRequestKit-Package",
"AsyncRequestKitDemo"
]
}
}
2026-07-21 19:00:18.446 xcodebuild[808:5084] [MT] IDERunDestination: Supported platforms for the buildables in the current scheme is empty.
Running build ...
env DEVELOPER_DIR=/Applications/Xcode-26.4.0.app xcrun xcodebuild -IDEClonedSourcePackagesDirPathOverride=$PWD/.dependencies -skipMacroValidation -skipPackagePluginValidation -derivedDataPath $PWD/.derivedData build -scheme AsyncRequestKit-Package -destination generic/platform=watchOS
Command line invocation:
/Applications/Xcode-26.4.0.app/Contents/Developer/usr/bin/xcodebuild -IDEClonedSourcePackagesDirPathOverride=/Users/admin/builder/spi-builder-workspace/.dependencies -skipMacroValidation -skipPackagePluginValidation -derivedDataPath /Users/admin/builder/spi-builder-workspace/.derivedData build -scheme AsyncRequestKit-Package -destination generic/platform=watchOS
Resolve Package Graph
Resolved source packages:
AsyncRequestKit: /Users/admin/builder/spi-builder-workspace
ComputePackagePrebuildTargetDependencyGraph
Prepare packages
CreateBuildRequest
SendProjectDescription
CreateBuildOperation
ComputeTargetDependencyGraph
note: Building targets in dependency order
note: Target dependency graph (3 targets)
Target 'AsyncRequestKitDemo' in project 'AsyncRequestKit'
➜ Explicit dependency on target 'AsyncRequestKit' in project 'AsyncRequestKit'
Target 'AsyncRequestKit' in project 'AsyncRequestKit'
➜ Explicit dependency on target 'AsyncRequestKit' in project 'AsyncRequestKit'
Target 'AsyncRequestKit' in project 'AsyncRequestKit' (no dependencies)
GatherProvisioningInputs
CreateBuildDescription
ClangStatCache /Applications/Xcode-26.4.0.app/Contents/Developer/Toolchains/XcodeDefault.xctoolchain/usr/bin/clang-stat-cache /Applications/Xcode-26.4.0.app/Contents/Developer/Platforms/WatchOS.platform/Developer/SDKs/WatchOS26.4.sdk /Users/admin/builder/spi-builder-workspace/.derivedData/SDKStatCaches.noindex/watchos26.4-23T238-688ef53f1462e2c8f657fdc38a81448f9e51884a582f42380855760c9d4cc599.sdkstatcache
cd /Users/admin/builder/spi-builder-workspace/.swiftpm/xcode
/Applications/Xcode-26.4.0.app/Contents/Developer/Toolchains/XcodeDefault.xctoolchain/usr/bin/clang-stat-cache /Applications/Xcode-26.4.0.app/Contents/Developer/Platforms/WatchOS.platform/Developer/SDKs/WatchOS26.4.sdk -o /Users/admin/builder/spi-builder-workspace/.derivedData/SDKStatCaches.noindex/watchos26.4-23T238-688ef53f1462e2c8f657fdc38a81448f9e51884a582f42380855760c9d4cc599.sdkstatcache
SwiftDriver AsyncRequestKitDemo normal arm64 com.apple.xcode.tools.swift.compiler (in target 'AsyncRequestKitDemo' from project 'AsyncRequestKit')
cd /Users/admin/builder/spi-builder-workspace/.swiftpm/xcode
builtin-SwiftDriver -- /Applications/Xcode-26.4.0.app/Contents/Developer/Toolchains/XcodeDefault.xctoolchain/usr/bin/swiftc -module-name AsyncRequestKitDemo -Onone @/Users/admin/builder/spi-builder-workspace/.derivedData/Build/Intermediates.noindex/AsyncRequestKit.build/Debug-watchos/AsyncRequestKitDemo.build/Objects-normal/arm64/AsyncRequestKitDemo.SwiftFileList -DSWIFT_PACKAGE -DDEBUG -DXcode -plugin-path /Applications/Xcode-26.4.0.app/Contents/Developer/Toolchains/XcodeDefault.xctoolchain/usr/lib/swift/host/plugins/testing -enable-experimental-feature DebugDescriptionMacro -sdk /Applications/Xcode-26.4.0.app/Contents/Developer/Platforms/WatchOS.platform/Developer/SDKs/WatchOS26.4.sdk -target arm64-apple-watchos9.0 -g -module-cache-path /Users/admin/builder/spi-builder-workspace/.derivedData/ModuleCache.noindex -Xfrontend -serialize-debugging-options -profile-coverage-mapping -profile-generate -enable-testing -index-store-path /Users/admin/builder/spi-builder-workspace/.derivedData/Index.noindex/DataStore -Xcc -D_LIBCPP_HARDENING_MODE\=_LIBCPP_HARDENING_MODE_DEBUG -swift-version 6 -I /Users/admin/builder/spi-builder-workspace/.derivedData/Build/Products/Debug-watchos -Isystem /Applications/Xcode-26.4.0.app/Contents/Developer/Platforms/WatchOS.platform/Developer/usr/lib -F /Users/admin/builder/spi-builder-workspace/.derivedData/Build/Products/Debug-watchos/PackageFrameworks -F /Users/admin/builder/spi-builder-workspace/.derivedData/Build/Products/Debug-watchos -F /Applications/Xcode-26.4.0.app/Contents/Developer/Platforms/WatchOS.platform/Developer/Library/Frameworks -F /Applications/Xcode-26.4.0.app/Contents/Developer/Platforms/WatchOS.platform/Developer/SDKs/WatchOS26.4.sdk/Developer/Library/Frameworks -c -j10 -enable-batch-mode -incremental -Xcc -ivfsstatcache -Xcc /Users/admin/builder/spi-builder-workspace/.derivedData/SDKStatCaches.noindex/watchos26.4-23T238-688ef53f1462e2c8f657fdc38a81448f9e51884a582f42380855760c9d4cc599.sdkstatcache -output-file-map /Users/admin/builder/spi-builder-workspace/.derivedData/Build/Intermediates.noindex/AsyncRequestKit.build/Debug-watchos/AsyncRequestKitDemo.build/Objects-normal/arm64/AsyncRequestKitDemo-OutputFileMap.json -use-frontend-parseable-output -save-temps -no-color-diagnostics -explicit-module-build -module-cache-path /Users/admin/builder/spi-builder-workspace/.derivedData/Build/Intermediates.noindex/SwiftExplicitPrecompiledModules -clang-scanner-module-cache-path /Users/admin/builder/spi-builder-workspace/.derivedData/ModuleCache.noindex -sdk-module-cache-path /Users/admin/builder/spi-builder-workspace/.derivedData/ModuleCache.noindex -serialize-diagnostics -emit-dependencies -emit-module -emit-module-path /Users/admin/builder/spi-builder-workspace/.derivedData/Build/Intermediates.noindex/AsyncRequestKit.build/Debug-watchos/AsyncRequestKitDemo.build/Objects-normal/arm64/AsyncRequestKitDemo.swiftmodule -validate-clang-modules-once -clang-build-session-file /Users/admin/builder/spi-builder-workspace/.derivedData/ModuleCache.noindex/Session.modulevalidation -package-name spi_builder_workspace -emit-const-values -Xfrontend -const-gather-protocols-file -Xfrontend /Users/admin/builder/spi-builder-workspace/.derivedData/Build/Intermediates.noindex/AsyncRequestKit.build/Debug-watchos/AsyncRequestKitDemo.build/Objects-normal/arm64/AsyncRequestKitDemo_const_extract_protocols.json -Xcc -I/Users/admin/builder/spi-builder-workspace/.derivedData/Build/Products/Debug-watchos/include -Xcc -I/Users/admin/builder/spi-builder-workspace/.derivedData/Build/Intermediates.noindex/AsyncRequestKit.build/Debug-watchos/AsyncRequestKitDemo.build/DerivedSources-normal/arm64 -Xcc -I/Users/admin/builder/spi-builder-workspace/.derivedData/Build/Intermediates.noindex/AsyncRequestKit.build/Debug-watchos/AsyncRequestKitDemo.build/DerivedSources/arm64 -Xcc -I/Users/admin/builder/spi-builder-workspace/.derivedData/Build/Intermediates.noindex/AsyncRequestKit.build/Debug-watchos/AsyncRequestKitDemo.build/DerivedSources -Xcc -DSWIFT_PACKAGE -Xcc -DDEBUG\=1 -working-directory /Users/admin/builder/spi-builder-workspace/.swiftpm/xcode -experimental-emit-module-separately -disable-cmo
SwiftDriver AsyncRequestKitDemo normal arm64_32 com.apple.xcode.tools.swift.compiler (in target 'AsyncRequestKitDemo' from project 'AsyncRequestKit')
cd /Users/admin/builder/spi-builder-workspace/.swiftpm/xcode
builtin-SwiftDriver -- /Applications/Xcode-26.4.0.app/Contents/Developer/Toolchains/XcodeDefault.xctoolchain/usr/bin/swiftc -module-name AsyncRequestKitDemo -Onone @/Users/admin/builder/spi-builder-workspace/.derivedData/Build/Intermediates.noindex/AsyncRequestKit.build/Debug-watchos/AsyncRequestKitDemo.build/Objects-normal/arm64_32/AsyncRequestKitDemo.SwiftFileList -DSWIFT_PACKAGE -DDEBUG -DXcode -plugin-path /Applications/Xcode-26.4.0.app/Contents/Developer/Toolchains/XcodeDefault.xctoolchain/usr/lib/swift/host/plugins/testing -enable-experimental-feature DebugDescriptionMacro -sdk /Applications/Xcode-26.4.0.app/Contents/Developer/Platforms/WatchOS.platform/Developer/SDKs/WatchOS26.4.sdk -target arm64_32-apple-watchos9.0 -g -module-cache-path /Users/admin/builder/spi-builder-workspace/.derivedData/ModuleCache.noindex -Xfrontend -serialize-debugging-options -profile-coverage-mapping -profile-generate -enable-testing -index-store-path /Users/admin/builder/spi-builder-workspace/.derivedData/Index.noindex/DataStore -Xcc -D_LIBCPP_HARDENING_MODE\=_LIBCPP_HARDENING_MODE_DEBUG -swift-version 6 -I /Users/admin/builder/spi-builder-workspace/.derivedData/Build/Products/Debug-watchos -Isystem /Applications/Xcode-26.4.0.app/Contents/Developer/Platforms/WatchOS.platform/Developer/usr/lib -F /Users/admin/builder/spi-builder-workspace/.derivedData/Build/Products/Debug-watchos/PackageFrameworks -F /Users/admin/builder/spi-builder-workspace/.derivedData/Build/Products/Debug-watchos -F /Applications/Xcode-26.4.0.app/Contents/Developer/Platforms/WatchOS.platform/Developer/Library/Frameworks -F /Applications/Xcode-26.4.0.app/Contents/Developer/Platforms/WatchOS.platform/Developer/SDKs/WatchOS26.4.sdk/Developer/Library/Frameworks -c -j10 -enable-batch-mode -incremental -Xcc -ivfsstatcache -Xcc /Users/admin/builder/spi-builder-workspace/.derivedData/SDKStatCaches.noindex/watchos26.4-23T238-688ef53f1462e2c8f657fdc38a81448f9e51884a582f42380855760c9d4cc599.sdkstatcache -output-file-map /Users/admin/builder/spi-builder-workspace/.derivedData/Build/Intermediates.noindex/AsyncRequestKit.build/Debug-watchos/AsyncRequestKitDemo.build/Objects-normal/arm64_32/AsyncRequestKitDemo-OutputFileMap.json -use-frontend-parseable-output -save-temps -no-color-diagnostics -explicit-module-build -module-cache-path /Users/admin/builder/spi-builder-workspace/.derivedData/Build/Intermediates.noindex/SwiftExplicitPrecompiledModules -clang-scanner-module-cache-path /Users/admin/builder/spi-builder-workspace/.derivedData/ModuleCache.noindex -sdk-module-cache-path /Users/admin/builder/spi-builder-workspace/.derivedData/ModuleCache.noindex -serialize-diagnostics -emit-dependencies -emit-module -emit-module-path /Users/admin/builder/spi-builder-workspace/.derivedData/Build/Intermediates.noindex/AsyncRequestKit.build/Debug-watchos/AsyncRequestKitDemo.build/Objects-normal/arm64_32/AsyncRequestKitDemo.swiftmodule -validate-clang-modules-once -clang-build-session-file /Users/admin/builder/spi-builder-workspace/.derivedData/ModuleCache.noindex/Session.modulevalidation -package-name spi_builder_workspace -emit-const-values -Xfrontend -const-gather-protocols-file -Xfrontend /Users/admin/builder/spi-builder-workspace/.derivedData/Build/Intermediates.noindex/AsyncRequestKit.build/Debug-watchos/AsyncRequestKitDemo.build/Objects-normal/arm64_32/AsyncRequestKitDemo_const_extract_protocols.json -Xcc -I/Users/admin/builder/spi-builder-workspace/.derivedData/Build/Products/Debug-watchos/include -Xcc -I/Users/admin/builder/spi-builder-workspace/.derivedData/Build/Intermediates.noindex/AsyncRequestKit.build/Debug-watchos/AsyncRequestKitDemo.build/DerivedSources-normal/arm64_32 -Xcc -I/Users/admin/builder/spi-builder-workspace/.derivedData/Build/Intermediates.noindex/AsyncRequestKit.build/Debug-watchos/AsyncRequestKitDemo.build/DerivedSources/arm64_32 -Xcc -I/Users/admin/builder/spi-builder-workspace/.derivedData/Build/Intermediates.noindex/AsyncRequestKit.build/Debug-watchos/AsyncRequestKitDemo.build/DerivedSources -Xcc -DSWIFT_PACKAGE -Xcc -DDEBUG\=1 -working-directory /Users/admin/builder/spi-builder-workspace/.swiftpm/xcode -experimental-emit-module-separately -disable-cmo
SwiftDriver AsyncRequestKit normal arm64 com.apple.xcode.tools.swift.compiler (in target 'AsyncRequestKit' from project 'AsyncRequestKit')
cd /Users/admin/builder/spi-builder-workspace/.swiftpm/xcode
builtin-SwiftDriver -- /Applications/Xcode-26.4.0.app/Contents/Developer/Toolchains/XcodeDefault.xctoolchain/usr/bin/swiftc -module-name AsyncRequestKit -Onone @/Users/admin/builder/spi-builder-workspace/.derivedData/Build/Intermediates.noindex/AsyncRequestKit.build/Debug-watchos/AsyncRequestKit.build/Objects-normal/arm64/AsyncRequestKit.SwiftFileList -DSWIFT_PACKAGE -DDEBUG -DSWIFT_MODULE_RESOURCE_BUNDLE_UNAVAILABLE -DXcode -plugin-path /Applications/Xcode-26.4.0.app/Contents/Developer/Toolchains/XcodeDefault.xctoolchain/usr/lib/swift/host/plugins/testing -enable-experimental-feature DebugDescriptionMacro -sdk /Applications/Xcode-26.4.0.app/Contents/Developer/Platforms/WatchOS.platform/Developer/SDKs/WatchOS26.4.sdk -target arm64-apple-watchos9.0 -g -module-cache-path /Users/admin/builder/spi-builder-workspace/.derivedData/ModuleCache.noindex -Xfrontend -serialize-debugging-options -profile-coverage-mapping -profile-generate -enable-testing -index-store-path /Users/admin/builder/spi-builder-workspace/.derivedData/Index.noindex/DataStore -Xcc -D_LIBCPP_HARDENING_MODE\=_LIBCPP_HARDENING_MODE_DEBUG -swift-version 6 -I /Users/admin/builder/spi-builder-workspace/.derivedData/Build/Products/Debug-watchos -Isystem /Applications/Xcode-26.4.0.app/Contents/Developer/Platforms/WatchOS.platform/Developer/usr/lib -F /Users/admin/builder/spi-builder-workspace/.derivedData/Build/Products/Debug-watchos -F /Applications/Xcode-26.4.0.app/Contents/Developer/Platforms/WatchOS.platform/Developer/Library/Frameworks -F /Applications/Xcode-26.4.0.app/Contents/Developer/Platforms/WatchOS.platform/Developer/SDKs/WatchOS26.4.sdk/Developer/Library/Frameworks -c -j10 -enable-batch-mode -incremental -Xcc -ivfsstatcache -Xcc /Users/admin/builder/spi-builder-workspace/.derivedData/SDKStatCaches.noindex/watchos26.4-23T238-688ef53f1462e2c8f657fdc38a81448f9e51884a582f42380855760c9d4cc599.sdkstatcache -output-file-map /Users/admin/builder/spi-builder-workspace/.derivedData/Build/Intermediates.noindex/AsyncRequestKit.build/Debug-watchos/AsyncRequestKit.build/Objects-normal/arm64/AsyncRequestKit-OutputFileMap.json -use-frontend-parseable-output -save-temps -no-color-diagnostics -explicit-module-build -module-cache-path /Users/admin/builder/spi-builder-workspace/.derivedData/Build/Intermediates.noindex/SwiftExplicitPrecompiledModules -clang-scanner-module-cache-path /Users/admin/builder/spi-builder-workspace/.derivedData/ModuleCache.noindex -sdk-module-cache-path /Users/admin/builder/spi-builder-workspace/.derivedData/ModuleCache.noindex -serialize-diagnostics -emit-dependencies -emit-module -emit-module-path /Users/admin/builder/spi-builder-workspace/.derivedData/Build/Intermediates.noindex/AsyncRequestKit.build/Debug-watchos/AsyncRequestKit.build/Objects-normal/arm64/AsyncRequestKit.swiftmodule -validate-clang-modules-once -clang-build-session-file /Users/admin/builder/spi-builder-workspace/.derivedData/ModuleCache.noindex/Session.modulevalidation -package-name spi_builder_workspace -Xcc -I/Users/admin/builder/spi-builder-workspace/.derivedData/Build/Intermediates.noindex/AsyncRequestKit.build/Debug-watchos/AsyncRequestKit.build/swift-overrides.hmap -emit-const-values -Xfrontend -const-gather-protocols-file -Xfrontend /Users/admin/builder/spi-builder-workspace/.derivedData/Build/Intermediates.noindex/AsyncRequestKit.build/Debug-watchos/AsyncRequestKit.build/Objects-normal/arm64/AsyncRequestKit_const_extract_protocols.json -Xcc -I/Users/admin/builder/spi-builder-workspace/.derivedData/Build/Products/Debug-watchos/include -Xcc -I/Users/admin/builder/spi-builder-workspace/.derivedData/Build/Intermediates.noindex/AsyncRequestKit.build/Debug-watchos/AsyncRequestKit.build/DerivedSources-normal/arm64 -Xcc -I/Users/admin/builder/spi-builder-workspace/.derivedData/Build/Intermediates.noindex/AsyncRequestKit.build/Debug-watchos/AsyncRequestKit.build/DerivedSources/arm64 -Xcc -I/Users/admin/builder/spi-builder-workspace/.derivedData/Build/Intermediates.noindex/AsyncRequestKit.build/Debug-watchos/AsyncRequestKit.build/DerivedSources -Xcc -DSWIFT_PACKAGE -Xcc -DDEBUG\=1 -emit-objc-header -emit-objc-header-path /Users/admin/builder/spi-builder-workspace/.derivedData/Build/Intermediates.noindex/AsyncRequestKit.build/Debug-watchos/AsyncRequestKit.build/Objects-normal/arm64/AsyncRequestKit-Swift.h -working-directory /Users/admin/builder/spi-builder-workspace/.swiftpm/xcode -experimental-emit-module-separately -disable-cmo
SwiftDriver AsyncRequestKit normal arm64_32 com.apple.xcode.tools.swift.compiler (in target 'AsyncRequestKit' from project 'AsyncRequestKit')
cd /Users/admin/builder/spi-builder-workspace/.swiftpm/xcode
builtin-SwiftDriver -- /Applications/Xcode-26.4.0.app/Contents/Developer/Toolchains/XcodeDefault.xctoolchain/usr/bin/swiftc -module-name AsyncRequestKit -Onone @/Users/admin/builder/spi-builder-workspace/.derivedData/Build/Intermediates.noindex/AsyncRequestKit.build/Debug-watchos/AsyncRequestKit.build/Objects-normal/arm64_32/AsyncRequestKit.SwiftFileList -DSWIFT_PACKAGE -DDEBUG -DSWIFT_MODULE_RESOURCE_BUNDLE_UNAVAILABLE -DXcode -plugin-path /Applications/Xcode-26.4.0.app/Contents/Developer/Toolchains/XcodeDefault.xctoolchain/usr/lib/swift/host/plugins/testing -enable-experimental-feature DebugDescriptionMacro -sdk /Applications/Xcode-26.4.0.app/Contents/Developer/Platforms/WatchOS.platform/Developer/SDKs/WatchOS26.4.sdk -target arm64_32-apple-watchos9.0 -g -module-cache-path /Users/admin/builder/spi-builder-workspace/.derivedData/ModuleCache.noindex -Xfrontend -serialize-debugging-options -profile-coverage-mapping -profile-generate -enable-testing -index-store-path /Users/admin/builder/spi-builder-workspace/.derivedData/Index.noindex/DataStore -Xcc -D_LIBCPP_HARDENING_MODE\=_LIBCPP_HARDENING_MODE_DEBUG -swift-version 6 -I /Users/admin/builder/spi-builder-workspace/.derivedData/Build/Products/Debug-watchos -Isystem /Applications/Xcode-26.4.0.app/Contents/Developer/Platforms/WatchOS.platform/Developer/usr/lib -F /Users/admin/builder/spi-builder-workspace/.derivedData/Build/Products/Debug-watchos -F /Applications/Xcode-26.4.0.app/Contents/Developer/Platforms/WatchOS.platform/Developer/Library/Frameworks -F /Applications/Xcode-26.4.0.app/Contents/Developer/Platforms/WatchOS.platform/Developer/SDKs/WatchOS26.4.sdk/Developer/Library/Frameworks -c -j10 -enable-batch-mode -incremental -Xcc -ivfsstatcache -Xcc /Users/admin/builder/spi-builder-workspace/.derivedData/SDKStatCaches.noindex/watchos26.4-23T238-688ef53f1462e2c8f657fdc38a81448f9e51884a582f42380855760c9d4cc599.sdkstatcache -output-file-map /Users/admin/builder/spi-builder-workspace/.derivedData/Build/Intermediates.noindex/AsyncRequestKit.build/Debug-watchos/AsyncRequestKit.build/Objects-normal/arm64_32/AsyncRequestKit-OutputFileMap.json -use-frontend-parseable-output -save-temps -no-color-diagnostics -explicit-module-build -module-cache-path /Users/admin/builder/spi-builder-workspace/.derivedData/Build/Intermediates.noindex/SwiftExplicitPrecompiledModules -clang-scanner-module-cache-path /Users/admin/builder/spi-builder-workspace/.derivedData/ModuleCache.noindex -sdk-module-cache-path /Users/admin/builder/spi-builder-workspace/.derivedData/ModuleCache.noindex -serialize-diagnostics -emit-dependencies -emit-module -emit-module-path /Users/admin/builder/spi-builder-workspace/.derivedData/Build/Intermediates.noindex/AsyncRequestKit.build/Debug-watchos/AsyncRequestKit.build/Objects-normal/arm64_32/AsyncRequestKit.swiftmodule -validate-clang-modules-once -clang-build-session-file /Users/admin/builder/spi-builder-workspace/.derivedData/ModuleCache.noindex/Session.modulevalidation -package-name spi_builder_workspace -Xcc -I/Users/admin/builder/spi-builder-workspace/.derivedData/Build/Intermediates.noindex/AsyncRequestKit.build/Debug-watchos/AsyncRequestKit.build/swift-overrides.hmap -emit-const-values -Xfrontend -const-gather-protocols-file -Xfrontend /Users/admin/builder/spi-builder-workspace/.derivedData/Build/Intermediates.noindex/AsyncRequestKit.build/Debug-watchos/AsyncRequestKit.build/Objects-normal/arm64_32/AsyncRequestKit_const_extract_protocols.json -Xcc -I/Users/admin/builder/spi-builder-workspace/.derivedData/Build/Products/Debug-watchos/include -Xcc -I/Users/admin/builder/spi-builder-workspace/.derivedData/Build/Intermediates.noindex/AsyncRequestKit.build/Debug-watchos/AsyncRequestKit.build/DerivedSources-normal/arm64_32 -Xcc -I/Users/admin/builder/spi-builder-workspace/.derivedData/Build/Intermediates.noindex/AsyncRequestKit.build/Debug-watchos/AsyncRequestKit.build/DerivedSources/arm64_32 -Xcc -I/Users/admin/builder/spi-builder-workspace/.derivedData/Build/Intermediates.noindex/AsyncRequestKit.build/Debug-watchos/AsyncRequestKit.build/DerivedSources -Xcc -DSWIFT_PACKAGE -Xcc -DDEBUG\=1 -emit-objc-header -emit-objc-header-path /Users/admin/builder/spi-builder-workspace/.derivedData/Build/Intermediates.noindex/AsyncRequestKit.build/Debug-watchos/AsyncRequestKit.build/Objects-normal/arm64_32/AsyncRequestKit-Swift.h -working-directory /Users/admin/builder/spi-builder-workspace/.swiftpm/xcode -experimental-emit-module-separately -disable-cmo
SwiftEmitModule normal arm64 Emitting\ module\ for\ AsyncRequestKitDemo (in target 'AsyncRequestKitDemo' from project 'AsyncRequestKit')
SwiftCompile normal arm64 /Users/admin/builder/spi-builder-workspace/Sources/AsyncRequestKitDemo/main.swift (in target 'AsyncRequestKitDemo' from project 'AsyncRequestKit')
cd /Users/admin/builder/spi-builder-workspace/.swiftpm/xcode
/Users/admin/builder/spi-builder-workspace/Sources/AsyncRequestKitDemo/main.swift:24:1: error: 'main' attribute cannot be used in a module that contains top-level code
@main
^
/Users/admin/builder/spi-builder-workspace/Sources/AsyncRequestKitDemo/main.swift:1:1: note: top-level code defined in this source file
import AsyncRequestKit
^
/Users/admin/builder/spi-builder-workspace/Sources/AsyncRequestKitDemo/main.swift:1:1: note: pass '-parse-as-library' to compiler invocation if this is intentional
import AsyncRequestKit
^
Failed frontend command:
/Applications/Xcode-26.4.0.app/Contents/Developer/Toolchains/XcodeDefault.xctoolchain/usr/bin/swift-frontend -frontend -emit-module -experimental-skip-non-inlinable-function-bodies-without-types /Users/admin/builder/spi-builder-workspace/Sources/AsyncRequestKitDemo/main.swift -target arm64-apple-watchos9.0 -load-resolved-plugin /Applications/Xcode-26.4.0.app/Contents/Developer/Platforms/WatchOS.platform/Developer/usr/lib/swift/host/plugins/libFoundationMacros.dylib\#/Applications/Xcode-26.4.0.app/Contents/Developer/Platforms/WatchOS.platform/Developer/usr/bin/swift-plugin-server\#FoundationMacros -load-resolved-plugin /Applications/Xcode-26.4.0.app/Contents/Developer/Platforms/WatchOS.platform/Developer/usr/lib/swift/host/plugins/libObservationMacros.dylib\#/Applications/Xcode-26.4.0.app/Contents/Developer/Platforms/WatchOS.platform/Developer/usr/bin/swift-plugin-server\#ObservationMacros -load-resolved-plugin /Applications/Xcode-26.4.0.app/Contents/Developer/Platforms/WatchOS.platform/Developer/usr/lib/swift/host/plugins/libSwiftMacros.dylib\#/Applications/Xcode-26.4.0.app/Contents/Developer/Platforms/WatchOS.platform/Developer/usr/bin/swift-plugin-server\#SwiftMacros -disable-implicit-swift-modules -Xcc -fno-implicit-modules -Xcc -fno-implicit-module-maps -explicit-swift-module-map-file /Users/admin/builder/spi-builder-workspace/.derivedData/Build/Intermediates.noindex/AsyncRequestKit.build/Debug-watchos/AsyncRequestKitDemo.build/Objects-normal/arm64/AsyncRequestKitDemo-dependencies-1.json -Xllvm -aarch64-use-tbi -enable-objc-interop -stack-check -sdk /Applications/Xcode-26.4.0.app/Contents/Developer/Platforms/WatchOS.platform/Developer/SDKs/WatchOS26.4.sdk -I /Users/admin/builder/spi-builder-workspace/.derivedData/Build/Products/Debug-watchos -Isystem /Applications/Xcode-26.4.0.app/Contents/Developer/Platforms/WatchOS.platform/Developer/usr/lib -F /Users/admin/builder/spi-builder-workspace/.derivedData/Build/Products/Debug-watchos/PackageFrameworks -F /Users/admin/builder/spi-builder-workspace/.derivedData/Build/Products/Debug-watchos -F /Applications/Xcode-26.4.0.app/Contents/Developer/Platforms/WatchOS.platform/Developer/Library/Frameworks -F /Applications/Xcode-26.4.0.app/Contents/Developer/Platforms/WatchOS.platform/Developer/SDKs/WatchOS26.4.sdk/Developer/Library/Frameworks -no-color-diagnostics -Xcc -fno-color-diagnostics -enable-testing -g -debug-info-format\=dwarf -dwarf-version\=4 -module-cache-path /Users/admin/builder/spi-builder-workspace/.derivedData/Build/Intermediates.noindex/SwiftExplicitPrecompiledModules -profile-generate -profile-coverage-mapping -swift-version 6 -Onone -D SWIFT_PACKAGE -D DEBUG -D Xcode -serialize-debugging-options -const-gather-protocols-file /Users/admin/builder/spi-builder-workspace/.derivedData/Build/Intermediates.noindex/AsyncRequestKit.build/Debug-watchos/AsyncRequestKitDemo.build/Objects-normal/arm64/AsyncRequestKitDemo_const_extract_protocols.json -enable-experimental-feature DebugDescriptionMacro -empty-abi-descriptor -validate-clang-modules-once -clang-build-session-file /Users/admin/builder/spi-builder-workspace/.derivedData/ModuleCache.noindex/Session.modulevalidation -Xcc -working-directory -Xcc /Users/admin/builder/spi-builder-workspace/.swiftpm/xcode -enable-anonymous-context-mangled-names -file-compilation-dir /Users/admin/builder/spi-builder-workspace/.swiftpm/xcode -Xcc -D_LIBCPP_HARDENING_MODE\=_LIBCPP_HARDENING_MODE_DEBUG -Xcc -ivfsstatcache -Xcc /Users/admin/builder/spi-builder-workspace/.derivedData/SDKStatCaches.noindex/watchos26.4-23T238-688ef53f1462e2c8f657fdc38a81448f9e51884a582f42380855760c9d4cc599.sdkstatcache -Xcc -I/Users/admin/builder/spi-builder-workspace/.derivedData/Build/Products/Debug-watchos/include -Xcc -I/Users/admin/builder/spi-builder-workspace/.derivedData/Build/Intermediates.noindex/AsyncRequestKit.build/Debug-watchos/AsyncRequestKitDemo.build/DerivedSources-normal/arm64 -Xcc -I/Users/admin/builder/spi-builder-workspace/.derivedData/Build/Intermediates.noindex/AsyncRequestKit.build/Debug-watchos/AsyncRequestKitDemo.build/DerivedSources/arm64 -Xcc -I/Users/admin/builder/spi-builder-workspace/.derivedData/Build/Intermediates.noindex/AsyncRequestKit.build/Debug-watchos/AsyncRequestKitDemo.build/DerivedSources -Xcc -DSWIFT_PACKAGE -Xcc -DDEBUG\=1 -no-auto-bridging-header-chaining -module-name AsyncRequestKitDemo -package-name spi_builder_workspace -frontend-parseable-output -disable-clang-spi -clang-target arm64-apple-watchos26.4 -target-sdk-version 26.4 -target-sdk-name watchos26.4 -in-process-plugin-server-path /Applications/Xcode-26.4.0.app/Contents/Developer/Toolchains/XcodeDefault.xctoolchain/usr/lib/swift/host/libSwiftInProcPluginServer.dylib -emit-module-doc-path /Users/admin/builder/spi-builder-workspace/.derivedData/Build/Intermediates.noindex/AsyncRequestKit.build/Debug-watchos/AsyncRequestKitDemo.build/Objects-normal/arm64/AsyncRequestKitDemo.swiftdoc -emit-module-source-info-path /Users/admin/builder/spi-builder-workspace/.derivedData/Build/Intermediates.noindex/AsyncRequestKit.build/Debug-watchos/AsyncRequestKitDemo.build/Objects-normal/arm64/AsyncRequestKitDemo.swiftsourceinfo -serialize-diagnostics-path /Users/admin/builder/spi-builder-workspace/.derivedData/Build/Intermediates.noindex/AsyncRequestKit.build/Debug-watchos/AsyncRequestKitDemo.build/Objects-normal/arm64/AsyncRequestKitDemo-primary-emit-module.dia -emit-dependencies-path /Users/admin/builder/spi-builder-workspace/.derivedData/Build/Intermediates.noindex/AsyncRequestKit.build/Debug-watchos/AsyncRequestKitDemo.build/Objects-normal/arm64/AsyncRequestKitDemo-primary-emit-module.d -o /Users/admin/builder/spi-builder-workspace/.derivedData/Build/Intermediates.noindex/AsyncRequestKit.build/Debug-watchos/AsyncRequestKitDemo.build/Objects-normal/arm64/AsyncRequestKitDemo.swiftmodule -emit-abi-descriptor-path /Users/admin/builder/spi-builder-workspace/.derivedData/Build/Intermediates.noindex/AsyncRequestKit.build/Debug-watchos/AsyncRequestKitDemo.build/Objects-normal/arm64/AsyncRequestKitDemo.abi.json
SwiftCompile normal arm64 Compiling\ main.swift /Users/admin/builder/spi-builder-workspace/Sources/AsyncRequestKitDemo/main.swift (in target 'AsyncRequestKitDemo' from project 'AsyncRequestKit')
SwiftCompile normal arm64 /Users/admin/builder/spi-builder-workspace/Sources/AsyncRequestKitDemo/main.swift (in target 'AsyncRequestKitDemo' from project 'AsyncRequestKit')
cd /Users/admin/builder/spi-builder-workspace/.swiftpm/xcode
SwiftCompile normal arm64_32 Compiling\ main.swift /Users/admin/builder/spi-builder-workspace/Sources/AsyncRequestKitDemo/main.swift (in target 'AsyncRequestKitDemo' from project 'AsyncRequestKit')
SwiftCompile normal arm64_32 /Users/admin/builder/spi-builder-workspace/Sources/AsyncRequestKitDemo/main.swift (in target 'AsyncRequestKitDemo' from project 'AsyncRequestKit')
cd /Users/admin/builder/spi-builder-workspace/.swiftpm/xcode
SwiftEmitModule normal arm64_32 Emitting\ module\ for\ AsyncRequestKitDemo (in target 'AsyncRequestKitDemo' from project 'AsyncRequestKit')
Failed frontend command:
/Applications/Xcode-26.4.0.app/Contents/Developer/Toolchains/XcodeDefault.xctoolchain/usr/bin/swift-frontend -frontend -emit-module -experimental-skip-non-inlinable-function-bodies-without-types /Users/admin/builder/spi-builder-workspace/Sources/AsyncRequestKitDemo/main.swift -target arm64_32-apple-watchos9.0 -load-resolved-plugin /Applications/Xcode-26.4.0.app/Contents/Developer/Platforms/WatchOS.platform/Developer/usr/lib/swift/host/plugins/libFoundationMacros.dylib\#/Applications/Xcode-26.4.0.app/Contents/Developer/Platforms/WatchOS.platform/Developer/usr/bin/swift-plugin-server\#FoundationMacros -load-resolved-plugin /Applications/Xcode-26.4.0.app/Contents/Developer/Platforms/WatchOS.platform/Developer/usr/lib/swift/host/plugins/libObservationMacros.dylib\#/Applications/Xcode-26.4.0.app/Contents/Developer/Platforms/WatchOS.platform/Developer/usr/bin/swift-plugin-server\#ObservationMacros -load-resolved-plugin /Applications/Xcode-26.4.0.app/Contents/Developer/Platforms/WatchOS.platform/Developer/usr/lib/swift/host/plugins/libSwiftMacros.dylib\#/Applications/Xcode-26.4.0.app/Contents/Developer/Platforms/WatchOS.platform/Developer/usr/bin/swift-plugin-server\#SwiftMacros -disable-implicit-swift-modules -Xcc -fno-implicit-modules -Xcc -fno-implicit-module-maps -explicit-swift-module-map-file /Users/admin/builder/spi-builder-workspace/.derivedData/Build/Intermediates.noindex/AsyncRequestKit.build/Debug-watchos/AsyncRequestKitDemo.build/Objects-normal/arm64_32/AsyncRequestKitDemo-dependencies-2.json -enable-objc-interop -sdk /Applications/Xcode-26.4.0.app/Contents/Developer/Platforms/WatchOS.platform/Developer/SDKs/WatchOS26.4.sdk -I /Users/admin/builder/spi-builder-workspace/.derivedData/Build/Products/Debug-watchos -Isystem /Applications/Xcode-26.4.0.app/Contents/Developer/Platforms/WatchOS.platform/Developer/usr/lib -F /Users/admin/builder/spi-builder-workspace/.derivedData/Build/Products/Debug-watchos/PackageFrameworks -F /Users/admin/builder/spi-builder-workspace/.derivedData/Build/Products/Debug-watchos -F /Applications/Xcode-26.4.0.app/Contents/Developer/Platforms/WatchOS.platform/Developer/Library/Frameworks -F /Applications/Xcode-26.4.0.app/Contents/Developer/Platforms/WatchOS.platform/Developer/SDKs/WatchOS26.4.sdk/Developer/Library/Frameworks -no-color-diagnostics -Xcc -fno-color-diagnostics -enable-testing -g -debug-info-format\=dwarf -dwarf-version\=4 -module-cache-path /Users/admin/builder/spi-builder-workspace/.derivedData/Build/Intermediates.noindex/SwiftExplicitPrecompiledModules -profile-generate -profile-coverage-mapping -swift-version 6 -Onone -D SWIFT_PACKAGE -D DEBUG -D Xcode -serialize-debugging-options -const-gather-protocols-file /Users/admin/builder/spi-builder-workspace/.derivedData/Build/Intermediates.noindex/AsyncRequestKit.build/Debug-watchos/AsyncRequestKitDemo.build/Objects-normal/arm64_32/AsyncRequestKitDemo_const_extract_protocols.json -enable-experimental-feature DebugDescriptionMacro -empty-abi-descriptor -validate-clang-modules-once -clang-build-session-file /Users/admin/builder/spi-builder-workspace/.derivedData/ModuleCache.noindex/Session.modulevalidation -Xcc -working-directory -Xcc /Users/admin/builder/spi-builder-workspace/.swiftpm/xcode -enable-anonymous-context-mangled-names -file-compilation-dir /Users/admin/builder/spi-builder-workspace/.swiftpm/xcode -Xcc -D_LIBCPP_HARDENING_MODE\=_LIBCPP_HARDENING_MODE_DEBUG -Xcc -ivfsstatcache -Xcc /Users/admin/builder/spi-builder-workspace/.derivedData/SDKStatCaches.noindex/watchos26.4-23T238-688ef53f1462e2c8f657fdc38a81448f9e51884a582f42380855760c9d4cc599.sdkstatcache -Xcc -I/Users/admin/builder/spi-builder-workspace/.derivedData/Build/Products/Debug-watchos/include -Xcc -I/Users/admin/builder/spi-builder-workspace/.derivedData/Build/Intermediates.noindex/AsyncRequestKit.build/Debug-watchos/AsyncRequestKitDemo.build/DerivedSources-normal/arm64_32 -Xcc -I/Users/admin/builder/spi-builder-workspace/.derivedData/Build/Intermediates.noindex/AsyncRequestKit.build/Debug-watchos/AsyncRequestKitDemo.build/DerivedSources/arm64_32 -Xcc -I/Users/admin/builder/spi-builder-workspace/.derivedData/Build/Intermediates.noindex/AsyncRequestKit.build/Debug-watchos/AsyncRequestKitDemo.build/DerivedSources -Xcc -DSWIFT_PACKAGE -Xcc -DDEBUG\=1 -no-auto-bridging-header-chaining -module-name AsyncRequestKitDemo -package-name spi_builder_workspace -frontend-parseable-output -disable-clang-spi -clang-target arm64_32-apple-watchos26.4 -target-sdk-version 26.4 -target-sdk-name watchos26.4 -in-process-plugin-server-path /Applications/Xcode-26.4.0.app/Contents/Developer/Toolchains/XcodeDefault.xctoolchain/usr/lib/swift/host/libSwiftInProcPluginServer.dylib -emit-module-doc-path /Users/admin/builder/spi-builder-workspace/.derivedData/Build/Intermediates.noindex/AsyncRequestKit.build/Debug-watchos/AsyncRequestKitDemo.build/Objects-normal/arm64_32/AsyncRequestKitDemo.swiftdoc -emit-module-source-info-path /Users/admin/builder/spi-builder-workspace/.derivedData/Build/Intermediates.noindex/AsyncRequestKit.build/Debug-watchos/AsyncRequestKitDemo.build/Objects-normal/arm64_32/AsyncRequestKitDemo.swiftsourceinfo -serialize-diagnostics-path /Users/admin/builder/spi-builder-workspace/.derivedData/Build/Intermediates.noindex/AsyncRequestKit.build/Debug-watchos/AsyncRequestKitDemo.build/Objects-normal/arm64_32/AsyncRequestKitDemo-primary-emit-module.dia -emit-dependencies-path /Users/admin/builder/spi-builder-workspace/.derivedData/Build/Intermediates.noindex/AsyncRequestKit.build/Debug-watchos/AsyncRequestKitDemo.build/Objects-normal/arm64_32/AsyncRequestKitDemo-primary-emit-module.d -o /Users/admin/builder/spi-builder-workspace/.derivedData/Build/Intermediates.noindex/AsyncRequestKit.build/Debug-watchos/AsyncRequestKitDemo.build/Objects-normal/arm64_32/AsyncRequestKitDemo.swiftmodule -emit-abi-descriptor-path /Users/admin/builder/spi-builder-workspace/.derivedData/Build/Intermediates.noindex/AsyncRequestKit.build/Debug-watchos/AsyncRequestKitDemo.build/Objects-normal/arm64_32/AsyncRequestKitDemo.abi.json
SwiftCompile normal arm64_32 /Users/admin/builder/spi-builder-workspace/Sources/AsyncRequestKitDemo/main.swift (in target 'AsyncRequestKitDemo' from project 'AsyncRequestKit')
cd /Users/admin/builder/spi-builder-workspace/.swiftpm/xcode
/Users/admin/builder/spi-builder-workspace/Sources/AsyncRequestKitDemo/main.swift:24:1: error: 'main' attribute cannot be used in a module that contains top-level code
@main
^
/Users/admin/builder/spi-builder-workspace/Sources/AsyncRequestKitDemo/main.swift:1:1: note: top-level code defined in this source file
import AsyncRequestKit
^
/Users/admin/builder/spi-builder-workspace/Sources/AsyncRequestKitDemo/main.swift:1:1: note: pass '-parse-as-library' to compiler invocation if this is intentional
import AsyncRequestKit
^
SwiftCompile normal arm64 Compiling\ AK+Upload.swift /Users/admin/builder/spi-builder-workspace/Sources/AsyncRequestKit/HTTP/AK+Upload.swift (in target 'AsyncRequestKit' from project 'AsyncRequestKit')
SwiftCompile normal arm64 /Users/admin/builder/spi-builder-workspace/Sources/AsyncRequestKit/HTTP/AK+Upload.swift (in target 'AsyncRequestKit' from project 'AsyncRequestKit')
cd /Users/admin/builder/spi-builder-workspace/.swiftpm/xcode
SwiftCompile normal arm64 Compiling\ AK+Convenience.swift /Users/admin/builder/spi-builder-workspace/Sources/AsyncRequestKit/HTTP/AK+Convenience.swift (in target 'AsyncRequestKit' from project 'AsyncRequestKit')
SwiftCompile normal arm64 /Users/admin/builder/spi-builder-workspace/Sources/AsyncRequestKit/HTTP/AK+Convenience.swift (in target 'AsyncRequestKit' from project 'AsyncRequestKit')
cd /Users/admin/builder/spi-builder-workspace/.swiftpm/xcode
SwiftCompile normal arm64 Compiling\ LimitedConcurrency.swift /Users/admin/builder/spi-builder-workspace/Sources/AsyncRequestKit/Parallel/LimitedConcurrency.swift (in target 'AsyncRequestKit' from project 'AsyncRequestKit')
SwiftCompile normal arm64 /Users/admin/builder/spi-builder-workspace/Sources/AsyncRequestKit/Parallel/LimitedConcurrency.swift (in target 'AsyncRequestKit' from project 'AsyncRequestKit')
cd /Users/admin/builder/spi-builder-workspace/.swiftpm/xcode
SwiftCompile normal arm64 Compiling\ AK+HTTPMethods.swift /Users/admin/builder/spi-builder-workspace/Sources/AsyncRequestKit/HTTP/AK+HTTPMethods.swift (in target 'AsyncRequestKit' from project 'AsyncRequestKit')
SwiftCompile normal arm64 /Users/admin/builder/spi-builder-workspace/Sources/AsyncRequestKit/HTTP/AK+HTTPMethods.swift (in target 'AsyncRequestKit' from project 'AsyncRequestKit')
cd /Users/admin/builder/spi-builder-workspace/.swiftpm/xcode
SwiftCompile normal arm64 Compiling\ AsyncQueue.swift /Users/admin/builder/spi-builder-workspace/Sources/AsyncRequestKit/Queue/AsyncQueue.swift (in target 'AsyncRequestKit' from project 'AsyncRequestKit')
SwiftCompile normal arm64 /Users/admin/builder/spi-builder-workspace/Sources/AsyncRequestKit/Queue/AsyncQueue.swift (in target 'AsyncRequestKit' from project 'AsyncRequestKit')
cd /Users/admin/builder/spi-builder-workspace/.swiftpm/xcode
SwiftEmitModule normal arm64 Emitting\ module\ for\ AsyncRequestKit (in target 'AsyncRequestKit' from project 'AsyncRequestKit')
EmitSwiftModule normal arm64 (in target 'AsyncRequestKit' from project 'AsyncRequestKit')
cd /Users/admin/builder/spi-builder-workspace/.swiftpm/xcode
SwiftEmitModule normal arm64_32 Emitting\ module\ for\ AsyncRequestKit (in target 'AsyncRequestKit' from project 'AsyncRequestKit')
2026-07-21 19:00:19.324 xcodebuild[811:5119] [MT] IDERunDestination: Supported platforms for the buildables in the current scheme is empty.
** BUILD FAILED **
The following build commands failed:
SwiftCompile normal arm64 /Users/admin/builder/spi-builder-workspace/Sources/AsyncRequestKitDemo/main.swift (in target 'AsyncRequestKitDemo' from project 'AsyncRequestKit')
SwiftEmitModule normal arm64 Emitting\ module\ for\ AsyncRequestKitDemo (in target 'AsyncRequestKitDemo' from project 'AsyncRequestKit')
SwiftEmitModule normal arm64_32 Emitting\ module\ for\ AsyncRequestKitDemo (in target 'AsyncRequestKitDemo' from project 'AsyncRequestKit')
SwiftCompile normal arm64_32 /Users/admin/builder/spi-builder-workspace/Sources/AsyncRequestKitDemo/main.swift (in target 'AsyncRequestKitDemo' from project 'AsyncRequestKit')
Building workspace spi-builder-workspace with scheme AsyncRequestKit-Package
(5 failures)
BUILD FAILURE 6.3 watchOS