Build Information
Failed to build DevReply, reference main (26fd56), with Swift 6.1 for macOS (SPM) on 3 Oct 2026 14:22:08 UTC.
Build Command
env DEVELOPER_DIR=/Applications/Xcode-16.3.0.app xcrun swift build --arch arm64Build Log
========================================
RunAll
========================================
Builder version: 5.1.1
Interrupt handler set up.
========================================
Checkout
========================================
Clone URL: https://github.com/Code-Axolot-Team/devreply-ios.git
Reference: main
Initialized empty Git repository in /Users/admin/builder/spi-builder-workspace/.git/
From https://github.com/Code-Axolot-Team/devreply-ios
* branch main -> FETCH_HEAD
* [new branch] main -> origin/main
HEAD is now at 26fd56d Release 0.5.0: sync from the DevReply repo (401d3fb)
Cloned https://github.com/Code-Axolot-Team/devreply-ios.git
Revision (git rev-parse @):
26fd56d1ce9087efe6727fb7bd181bfcc4b4d4e4
SUCCESS checkout https://github.com/Code-Axolot-Team/devreply-ios.git at main
========================================
Build
========================================
Selected platform: macosSpm
Swift version: 6.1
Building package at path: $PWD
https://github.com/Code-Axolot-Team/devreply-ios.git
https://github.com/Code-Axolot-Team/devreply-ios.git
{
"dependencies" : [
],
"manifest_display_name" : "DevReply",
"name" : "DevReply",
"path" : "/Users/admin/builder/spi-builder-workspace",
"platforms" : [
{
"name" : "ios",
"version" : "17.0"
}
],
"products" : [
{
"name" : "DevReply",
"targets" : [
"DevReply"
],
"type" : {
"library" : [
"automatic"
]
}
}
],
"targets" : [
{
"c99name" : "DevReplyTests",
"module_type" : "SwiftTarget",
"name" : "DevReplyTests",
"path" : "Tests/DevReplyTests",
"sources" : [
"ForwardCompatTests.swift",
"L10nTests.swift",
"LiveTests.swift",
"MarkdownTests.swift",
"ModelsTests.swift",
"V044Tests.swift",
"V050Tests.swift"
],
"target_dependencies" : [
"DevReply"
],
"type" : "test"
},
{
"c99name" : "DevReply",
"module_type" : "SwiftTarget",
"name" : "DevReply",
"path" : "Sources/DevReply",
"product_memberships" : [
"DevReply"
],
"resources" : [
{
"path" : "/Users/admin/builder/spi-builder-workspace/Sources/DevReply/PrivacyInfo.xcprivacy",
"rule" : {
"copy" : {
}
}
},
{
"path" : "/Users/admin/builder/spi-builder-workspace/Sources/DevReply/Resources/Fonts",
"rule" : {
"copy" : {
}
}
},
{
"path" : "/Users/admin/builder/spi-builder-workspace/Sources/DevReply/Resources/Icons.xcassets",
"rule" : {
"process" : {
}
}
}
],
"sources" : [
"Core/APIClient.swift",
"Core/DeviceInfo.swift",
"Core/Events.swift",
"Core/Keychain.swift",
"Core/L10n.swift",
"Core/Live.swift",
"Core/Markdown.swift",
"Core/Messenger.swift",
"Core/Models.swift",
"Core/Push.swift",
"Core/ResourceBundle.swift",
"Core/Strings.swift",
"DevReply.swift",
"UI/Brand.swift",
"UI/ConversationView.swift",
"UI/InAppBanner.swift",
"UI/MarkdownBubble.swift",
"UI/MessengerView.swift",
"UI/UnreadBubble.swift"
],
"type" : "library"
}
],
"tools_version" : "6.0"
}
Running build ...
env DEVELOPER_DIR=/Applications/Xcode-16.3.0.app xcrun swift build --arch arm64 -Xswiftc -Xfrontend -Xswiftc -stats-output-dir -Xswiftc -Xfrontend -Xswiftc .stats
Building for debugging...
[0/5] Copying PrivacyInfo.xcprivacy
[0/5] Write sources
[2/5] Copying Fonts
[3/5] Copying Icons.xcassets
[4/5] Write swift-version-2F0A5646E1D333AE.txt
[6/24] Compiling DevReply ResourceBundle.swift
/Users/admin/builder/spi-builder-workspace/Sources/DevReply/Core/DeviceInfo.swift:2:8: error: no such module 'UIKit'
1 | import Foundation
2 | import UIKit
| `- error: no such module 'UIKit'
3 |
4 | /// What an install tells the server about itself. No identifiers, no user data.
[7/24] Compiling DevReply Strings.swift
/Users/admin/builder/spi-builder-workspace/Sources/DevReply/Core/DeviceInfo.swift:2:8: error: no such module 'UIKit'
1 | import Foundation
2 | import UIKit
| `- error: no such module 'UIKit'
3 |
4 | /// What an install tells the server about itself. No identifiers, no user data.
[8/26] Compiling DevReply Markdown.swift
/Users/admin/builder/spi-builder-workspace/Sources/DevReply/Core/DeviceInfo.swift:2:8: error: no such module 'UIKit'
1 | import Foundation
2 | import UIKit
| `- error: no such module 'UIKit'
3 |
4 | /// What an install tells the server about itself. No identifiers, no user data.
[9/26] Compiling DevReply Messenger.swift
/Users/admin/builder/spi-builder-workspace/Sources/DevReply/Core/DeviceInfo.swift:2:8: error: no such module 'UIKit'
1 | import Foundation
2 | import UIKit
| `- error: no such module 'UIKit'
3 |
4 | /// What an install tells the server about itself. No identifiers, no user data.
error: emit-module command failed with exit code 1 (use -v to see invocation)
[10/26] Emitting module DevReply
/Users/admin/builder/spi-builder-workspace/Sources/DevReply/Core/DeviceInfo.swift:2:8: error: no such module 'UIKit'
1 | import Foundation
2 | import UIKit
| `- error: no such module 'UIKit'
3 |
4 | /// What an install tells the server about itself. No identifiers, no user data.
[11/26] Compiling DevReply Events.swift
/Users/admin/builder/spi-builder-workspace/Sources/DevReply/Core/DeviceInfo.swift:2:8: error: no such module 'UIKit'
1 | import Foundation
2 | import UIKit
| `- error: no such module 'UIKit'
3 |
4 | /// What an install tells the server about itself. No identifiers, no user data.
[12/26] Compiling DevReply Keychain.swift
/Users/admin/builder/spi-builder-workspace/Sources/DevReply/Core/DeviceInfo.swift:2:8: error: no such module 'UIKit'
1 | import Foundation
2 | import UIKit
| `- error: no such module 'UIKit'
3 |
4 | /// What an install tells the server about itself. No identifiers, no user data.
[13/26] Compiling DevReply APIClient.swift
/Users/admin/builder/spi-builder-workspace/Sources/DevReply/Core/DeviceInfo.swift:2:8: error: no such module 'UIKit'
1 | import Foundation
2 | import UIKit
| `- error: no such module 'UIKit'
3 |
4 | /// What an install tells the server about itself. No identifiers, no user data.
[14/26] Compiling DevReply DeviceInfo.swift
/Users/admin/builder/spi-builder-workspace/Sources/DevReply/Core/DeviceInfo.swift:2:8: error: no such module 'UIKit'
1 | import Foundation
2 | import UIKit
| `- error: no such module 'UIKit'
3 |
4 | /// What an install tells the server about itself. No identifiers, no user data.
[15/26] Compiling DevReply L10n.swift
/Users/admin/builder/spi-builder-workspace/Sources/DevReply/Core/DeviceInfo.swift:2:8: error: no such module 'UIKit'
1 | import Foundation
2 | import UIKit
| `- error: no such module 'UIKit'
3 |
4 | /// What an install tells the server about itself. No identifiers, no user data.
[16/26] Compiling DevReply Live.swift
/Users/admin/builder/spi-builder-workspace/Sources/DevReply/Core/DeviceInfo.swift:2:8: error: no such module 'UIKit'
1 | import Foundation
2 | import UIKit
| `- error: no such module 'UIKit'
3 |
4 | /// What an install tells the server about itself. No identifiers, no user data.
[17/26] Compiling DevReply UnreadBubble.swift
/Users/admin/builder/spi-builder-workspace/Sources/DevReply/Core/DeviceInfo.swift:2:8: error: no such module 'UIKit'
1 | import Foundation
2 | import UIKit
| `- error: no such module 'UIKit'
3 |
4 | /// What an install tells the server about itself. No identifiers, no user data.
[18/26] Compiling DevReply resource_bundle_accessor.swift
/Users/admin/builder/spi-builder-workspace/Sources/DevReply/Core/DeviceInfo.swift:2:8: error: no such module 'UIKit'
1 | import Foundation
2 | import UIKit
| `- error: no such module 'UIKit'
3 |
4 | /// What an install tells the server about itself. No identifiers, no user data.
[19/26] Compiling DevReply MarkdownBubble.swift
/Users/admin/builder/spi-builder-workspace/Sources/DevReply/Core/DeviceInfo.swift:2:8: error: no such module 'UIKit'
1 | import Foundation
2 | import UIKit
| `- error: no such module 'UIKit'
3 |
4 | /// What an install tells the server about itself. No identifiers, no user data.
[20/26] Compiling DevReply MessengerView.swift
/Users/admin/builder/spi-builder-workspace/Sources/DevReply/Core/DeviceInfo.swift:2:8: error: no such module 'UIKit'
1 | import Foundation
2 | import UIKit
| `- error: no such module 'UIKit'
3 |
4 | /// What an install tells the server about itself. No identifiers, no user data.
[21/26] Compiling DevReply DevReply.swift
/Users/admin/builder/spi-builder-workspace/Sources/DevReply/Core/DeviceInfo.swift:2:8: error: no such module 'UIKit'
1 | import Foundation
2 | import UIKit
| `- error: no such module 'UIKit'
3 |
4 | /// What an install tells the server about itself. No identifiers, no user data.
[22/26] Compiling DevReply Brand.swift
/Users/admin/builder/spi-builder-workspace/Sources/DevReply/Core/DeviceInfo.swift:2:8: error: no such module 'UIKit'
1 | import Foundation
2 | import UIKit
| `- error: no such module 'UIKit'
3 |
4 | /// What an install tells the server about itself. No identifiers, no user data.
[23/26] Compiling DevReply Models.swift
/Users/admin/builder/spi-builder-workspace/Sources/DevReply/Core/DeviceInfo.swift:2:8: error: no such module 'UIKit'
1 | import Foundation
2 | import UIKit
| `- error: no such module 'UIKit'
3 |
4 | /// What an install tells the server about itself. No identifiers, no user data.
[24/26] Compiling DevReply Push.swift
/Users/admin/builder/spi-builder-workspace/Sources/DevReply/Core/DeviceInfo.swift:2:8: error: no such module 'UIKit'
1 | import Foundation
2 | import UIKit
| `- error: no such module 'UIKit'
3 |
4 | /// What an install tells the server about itself. No identifiers, no user data.
[25/26] Compiling DevReply ConversationView.swift
/Users/admin/builder/spi-builder-workspace/Sources/DevReply/Core/DeviceInfo.swift:2:8: error: no such module 'UIKit'
1 | import Foundation
2 | import UIKit
| `- error: no such module 'UIKit'
3 |
4 | /// What an install tells the server about itself. No identifiers, no user data.
[26/26] Compiling DevReply InAppBanner.swift
/Users/admin/builder/spi-builder-workspace/Sources/DevReply/Core/DeviceInfo.swift:2:8: error: no such module 'UIKit'
1 | import Foundation
2 | import UIKit
| `- error: no such module 'UIKit'
3 |
4 | /// What an install tells the server about itself. No identifiers, no user data.
Running build ...
env DEVELOPER_DIR=/Applications/Xcode-16.3.0.app xcrun swift build --arch arm64
[0/1] Planning build
Building for debugging...
[0/1] Write swift-version-2F0A5646E1D333AE.txt
error: emit-module command failed with exit code 1 (use -v to see invocation)
[2/20] Emitting module DevReply
/Users/admin/builder/spi-builder-workspace/Sources/DevReply/Core/DeviceInfo.swift:2:8: error: no such module 'UIKit'
1 | import Foundation
2 | import UIKit
| `- error: no such module 'UIKit'
3 |
4 | /// What an install tells the server about itself. No identifiers, no user data.
[3/20] Compiling DevReply Events.swift
/Users/admin/builder/spi-builder-workspace/Sources/DevReply/Core/DeviceInfo.swift:2:8: error: no such module 'UIKit'
1 | import Foundation
2 | import UIKit
| `- error: no such module 'UIKit'
3 |
4 | /// What an install tells the server about itself. No identifiers, no user data.
[4/20] Compiling DevReply Keychain.swift
/Users/admin/builder/spi-builder-workspace/Sources/DevReply/Core/DeviceInfo.swift:2:8: error: no such module 'UIKit'
1 | import Foundation
2 | import UIKit
| `- error: no such module 'UIKit'
3 |
4 | /// What an install tells the server about itself. No identifiers, no user data.
[5/20] Compiling DevReply L10n.swift
/Users/admin/builder/spi-builder-workspace/Sources/DevReply/Core/DeviceInfo.swift:2:8: error: no such module 'UIKit'
1 | import Foundation
2 | import UIKit
| `- error: no such module 'UIKit'
3 |
4 | /// What an install tells the server about itself. No identifiers, no user data.
[6/20] Compiling DevReply Live.swift
/Users/admin/builder/spi-builder-workspace/Sources/DevReply/Core/DeviceInfo.swift:2:8: error: no such module 'UIKit'
1 | import Foundation
2 | import UIKit
| `- error: no such module 'UIKit'
3 |
4 | /// What an install tells the server about itself. No identifiers, no user data.
[7/20] Compiling DevReply APIClient.swift
/Users/admin/builder/spi-builder-workspace/Sources/DevReply/Core/DeviceInfo.swift:2:8: error: no such module 'UIKit'
1 | import Foundation
2 | import UIKit
| `- error: no such module 'UIKit'
3 |
4 | /// What an install tells the server about itself. No identifiers, no user data.
[8/20] Compiling DevReply DeviceInfo.swift
/Users/admin/builder/spi-builder-workspace/Sources/DevReply/Core/DeviceInfo.swift:2:8: error: no such module 'UIKit'
1 | import Foundation
2 | import UIKit
| `- error: no such module 'UIKit'
3 |
4 | /// What an install tells the server about itself. No identifiers, no user data.
[9/22] Compiling DevReply ResourceBundle.swift
/Users/admin/builder/spi-builder-workspace/Sources/DevReply/Core/DeviceInfo.swift:2:8: error: no such module 'UIKit'
1 | import Foundation
2 | import UIKit
| `- error: no such module 'UIKit'
3 |
4 | /// What an install tells the server about itself. No identifiers, no user data.
[10/22] Compiling DevReply Strings.swift
/Users/admin/builder/spi-builder-workspace/Sources/DevReply/Core/DeviceInfo.swift:2:8: error: no such module 'UIKit'
1 | import Foundation
2 | import UIKit
| `- error: no such module 'UIKit'
3 |
4 | /// What an install tells the server about itself. No identifiers, no user data.
[11/22] Compiling DevReply UnreadBubble.swift
/Users/admin/builder/spi-builder-workspace/Sources/DevReply/Core/DeviceInfo.swift:2:8: error: no such module 'UIKit'
1 | import Foundation
2 | import UIKit
| `- error: no such module 'UIKit'
3 |
4 | /// What an install tells the server about itself. No identifiers, no user data.
[12/22] Compiling DevReply resource_bundle_accessor.swift
/Users/admin/builder/spi-builder-workspace/Sources/DevReply/Core/DeviceInfo.swift:2:8: error: no such module 'UIKit'
1 | import Foundation
2 | import UIKit
| `- error: no such module 'UIKit'
3 |
4 | /// What an install tells the server about itself. No identifiers, no user data.
[13/22] Compiling DevReply MarkdownBubble.swift
/Users/admin/builder/spi-builder-workspace/Sources/DevReply/Core/DeviceInfo.swift:2:8: error: no such module 'UIKit'
1 | import Foundation
2 | import UIKit
| `- error: no such module 'UIKit'
3 |
4 | /// What an install tells the server about itself. No identifiers, no user data.
[14/22] Compiling DevReply MessengerView.swift
/Users/admin/builder/spi-builder-workspace/Sources/DevReply/Core/DeviceInfo.swift:2:8: error: no such module 'UIKit'
1 | import Foundation
2 | import UIKit
| `- error: no such module 'UIKit'
3 |
4 | /// What an install tells the server about itself. No identifiers, no user data.
[15/22] Compiling DevReply Markdown.swift
/Users/admin/builder/spi-builder-workspace/Sources/DevReply/Core/DeviceInfo.swift:2:8: error: no such module 'UIKit'
1 | import Foundation
2 | import UIKit
| `- error: no such module 'UIKit'
3 |
4 | /// What an install tells the server about itself. No identifiers, no user data.
[16/22] Compiling DevReply Messenger.swift
/Users/admin/builder/spi-builder-workspace/Sources/DevReply/Core/DeviceInfo.swift:2:8: error: no such module 'UIKit'
1 | import Foundation
2 | import UIKit
| `- error: no such module 'UIKit'
3 |
4 | /// What an install tells the server about itself. No identifiers, no user data.
[17/22] Compiling DevReply Models.swift
/Users/admin/builder/spi-builder-workspace/Sources/DevReply/Core/DeviceInfo.swift:2:8: error: no such module 'UIKit'
1 | import Foundation
2 | import UIKit
| `- error: no such module 'UIKit'
3 |
4 | /// What an install tells the server about itself. No identifiers, no user data.
[18/22] Compiling DevReply Push.swift
/Users/admin/builder/spi-builder-workspace/Sources/DevReply/Core/DeviceInfo.swift:2:8: error: no such module 'UIKit'
1 | import Foundation
2 | import UIKit
| `- error: no such module 'UIKit'
3 |
4 | /// What an install tells the server about itself. No identifiers, no user data.
[19/22] Compiling DevReply ConversationView.swift
/Users/admin/builder/spi-builder-workspace/Sources/DevReply/Core/DeviceInfo.swift:2:8: error: no such module 'UIKit'
1 | import Foundation
2 | import UIKit
| `- error: no such module 'UIKit'
3 |
4 | /// What an install tells the server about itself. No identifiers, no user data.
[20/22] Compiling DevReply InAppBanner.swift
/Users/admin/builder/spi-builder-workspace/Sources/DevReply/Core/DeviceInfo.swift:2:8: error: no such module 'UIKit'
1 | import Foundation
2 | import UIKit
| `- error: no such module 'UIKit'
3 |
4 | /// What an install tells the server about itself. No identifiers, no user data.
[21/22] Compiling DevReply DevReply.swift
/Users/admin/builder/spi-builder-workspace/Sources/DevReply/Core/DeviceInfo.swift:2:8: error: no such module 'UIKit'
1 | import Foundation
2 | import UIKit
| `- error: no such module 'UIKit'
3 |
4 | /// What an install tells the server about itself. No identifiers, no user data.
[22/22] Compiling DevReply Brand.swift
/Users/admin/builder/spi-builder-workspace/Sources/DevReply/Core/DeviceInfo.swift:2:8: error: no such module 'UIKit'
1 | import Foundation
2 | import UIKit
| `- error: no such module 'UIKit'
3 |
4 | /// What an install tells the server about itself. No identifiers, no user data.
BUILD FAILURE 6.1 macosSpm