The Swift Package Index logo.Swift Package Index

Build Information

Failed to build Degu, reference 0.2.0 (16d23f), with Swift 6.4 for watchOS using Xcode 27.0 on 16 Sep 2026 14:56:28 UTC.

Build Command

env DEVELOPER_DIR=/Applications/Xcode-27.0.0-Release.Candidate.app xcrun xcodebuild -IDEClonedSourcePackagesDirPathOverride=$PWD/.dependencies -skipMacroValidation -skipPackagePluginValidation -derivedDataPath $PWD/.derivedData build -scheme Degu -destination generic/platform=watchOS

Build Log

========================================
RunAll
========================================
Builder version: 5.1.0
Interrupt handler set up.
========================================
Checkout
========================================
Clone URL: https://github.com/cats-oss/Degu.git
Reference: 0.2.0
Initialized empty Git repository in /Users/admin/builder/spi-builder-workspace/.git/
From https://github.com/cats-oss/Degu
 * tag               0.2.0      -> FETCH_HEAD
HEAD is now at 16d23f4 Update Degu.podspec
Cloned https://github.com/cats-oss/Degu.git
Revision (git rev-parse @):
16d23f43507ebdf26b81d58ded8fecc3ba0c52a4
SUCCESS checkout https://github.com/cats-oss/Degu.git at 0.2.0
========================================
Build
========================================
Selected platform:         watchOS
Swift version:             6.4
Building package at path:  $PWD
https://github.com/cats-oss/Degu.git
Command line invocation:
    /Applications/Xcode-27.0.0-Release.Candidate.app/Contents/Developer/usr/bin/xcodebuild -IDEClonedSourcePackagesDirPathOverride=/Users/admin/builder/spi-builder-workspace/.dependencies -resolvePackageDependencies
Resolve Package Graph
Resolve Package Graph
Resolved source packages:
  Degu: /Users/admin/builder/spi-builder-workspace
resolved source packages: Degu
2026-09-16 10:55:44.378 xcodebuild[524:3014] [MT] IDERunDestination: Supported platforms for the buildables in the current scheme is empty.
{
  "dependencies" : [
  ],
  "manifest_display_name" : "Degu",
  "name" : "Degu",
  "path" : "/Users/admin/builder/spi-builder-workspace",
  "platforms" : [
  ],
  "products" : [
    {
      "name" : "Degu",
      "targets" : [
        "Degu",
        "RuntimeHandler"
      ],
      "type" : {
        "library" : [
          "automatic"
        ]
      }
    }
  ],
  "targets" : [
    {
      "c99name" : "RuntimeHandler",
      "module_type" : "ClangTarget",
      "name" : "RuntimeHandler",
      "path" : "Sources/RuntimeHandler",
      "product_memberships" : [
        "Degu"
      ],
      "sources" : [
        "RuntimeHandler.m"
      ],
      "type" : "library"
    },
    {
      "c99name" : "Degu",
      "module_type" : "SwiftTarget",
      "name" : "Degu",
      "path" : "Sources/Degu",
      "product_memberships" : [
        "Degu"
      ],
      "sources" : [
        "Application.extension.swift",
        "ApplicationProxy.swift",
        "ApplicationProxyDelegate.swift",
        "Swizzle.swift",
        "ViewController.extension.swift"
      ],
      "type" : "library"
    }
  ],
  "tools_version" : "4.0"
}
{
  "workspace" : {
    "name" : "Degu",
    "schemes" : [
      "Degu"
    ]
  }
}
2026-09-16 10:56:20.138 xcodebuild[622:3948] [MT] IDERunDestination: Supported platforms for the buildables in the current scheme is empty.
Running build ...
env DEVELOPER_DIR=/Applications/Xcode-27.0.0-Release.Candidate.app xcrun xcodebuild -IDEClonedSourcePackagesDirPathOverride=$PWD/.dependencies -skipMacroValidation -skipPackagePluginValidation -derivedDataPath $PWD/.derivedData build -scheme Degu -destination generic/platform=watchOS
Command line invocation:
    /Applications/Xcode-27.0.0-Release.Candidate.app/Contents/Developer/usr/bin/xcodebuild -IDEClonedSourcePackagesDirPathOverride=/Users/admin/builder/spi-builder-workspace/.dependencies -skipMacroValidation -skipPackagePluginValidation -derivedDataPath /Users/admin/builder/spi-builder-workspace/.derivedData build -scheme Degu -destination generic/platform=watchOS
Resolve Package Graph
Resolved source packages:
  Degu: /Users/admin/builder/spi-builder-workspace
ComputePackagePrebuildTargetDependencyGraph
Prepare packages
CreateBuildRequest
SendProjectDescription
CreateBuildOperation
ComputeTargetDependencyGraph
note: Building targets in dependency order
note: Target dependency graph (3 targets)
    Target 'Degu-product' in project 'Degu'
        ➜ Explicit dependency on target 'Degu' in project 'Degu'
        ➜ Explicit dependency on target 'RuntimeHandler' in project 'Degu'
    Target 'RuntimeHandler' in project 'Degu' (no dependencies)
    Target 'Degu' in project 'Degu' (no dependencies)
GatherProvisioningInputs
CreateBuildDescription
ExecuteExternalTool /Applications/Xcode-27.0.0-Release.Candidate.app/Contents/Developer/Toolchains/XcodeDefault.xctoolchain/usr/bin/clang -v -E -dM -isysroot /Applications/Xcode-27.0.0-Release.Candidate.app/Contents/Developer/Platforms/WatchOS.platform/Developer/SDKs/WatchOS27.0.sdk -x c -c /dev/null
ExecuteExternalTool /Applications/Xcode-27.0.0-Release.Candidate.app/Contents/Developer/Toolchains/XcodeDefault.xctoolchain/usr/bin/clang -v -E -dM -arch arm64 -isysroot /Applications/Xcode-27.0.0-Release.Candidate.app/Contents/Developer/Platforms/WatchOS.platform/Developer/SDKs/WatchOS27.0.sdk -x objective-c -c /dev/null
ExecuteExternalTool /Applications/Xcode-27.0.0-Release.Candidate.app/Contents/Developer/Toolchains/XcodeDefault.xctoolchain/usr/bin/swiftc --version
ExecuteExternalTool /Applications/Xcode-27.0.0-Release.Candidate.app/Contents/Developer/Toolchains/XcodeDefault.xctoolchain/usr/bin/clang -v -E -dM -arch arm64 -isysroot /Applications/Xcode-27.0.0-Release.Candidate.app/Contents/Developer/Platforms/WatchOS.platform/Developer/SDKs/WatchOS27.0.sdk -x c -c /dev/null
ExecuteExternalTool /Applications/Xcode-27.0.0-Release.Candidate.app/Contents/Developer/Toolchains/XcodeDefault.xctoolchain/usr/bin/ld -version_details
ExecuteExternalTool /Applications/Xcode-27.0.0-Release.Candidate.app/Contents/Developer/Toolchains/XcodeDefault.xctoolchain/usr/bin/clang -v -E -dM -arch arm64_32 -isysroot /Applications/Xcode-27.0.0-Release.Candidate.app/Contents/Developer/Platforms/WatchOS.platform/Developer/SDKs/WatchOS27.0.sdk -x objective-c -c /dev/null
ExecuteExternalTool /Applications/Xcode-27.0.0-Release.Candidate.app/Contents/Developer/Toolchains/XcodeDefault.xctoolchain/usr/bin/clang -v -E -dM -arch arm64_32 -isysroot /Applications/Xcode-27.0.0-Release.Candidate.app/Contents/Developer/Platforms/WatchOS.platform/Developer/SDKs/WatchOS27.0.sdk -x c -c /dev/null
Build description signature: edab7a2ac65b94d74a21231fce651f3e
Build description path: /Users/admin/builder/spi-builder-workspace/.derivedData/Build/Intermediates.noindex/XCBuildData/edab7a2ac65b94d74a21231fce651f3e.xcbuilddata
CreateBuildDirectory /Users/admin/builder/spi-builder-workspace/.derivedData/SDKExplicitPrecompiledModules
    cd /Users/admin/builder/spi-builder-workspace/.swiftpm/xcode
    builtin-create-build-directory /Users/admin/builder/spi-builder-workspace/.derivedData/SDKExplicitPrecompiledModules
CreateBuildDirectory /Users/admin/builder/spi-builder-workspace/.derivedData/ModuleCache.noindex
    cd /Users/admin/builder/spi-builder-workspace/.swiftpm/xcode
    builtin-create-build-directory /Users/admin/builder/spi-builder-workspace/.derivedData/ModuleCache.noindex
CreateBuildDirectory /Users/admin/builder/spi-builder-workspace/.derivedData/CompilationCache.noindex
    cd /Users/admin/builder/spi-builder-workspace/.swiftpm/xcode
    builtin-create-build-directory /Users/admin/builder/spi-builder-workspace/.derivedData/CompilationCache.noindex
CreateBuildDirectory /Users/admin/builder/spi-builder-workspace/.derivedData/Build/Intermediates.noindex
    cd /Users/admin/builder/spi-builder-workspace/.swiftpm/xcode
    builtin-create-build-directory /Users/admin/builder/spi-builder-workspace/.derivedData/Build/Intermediates.noindex
CreateBuildDirectory /Users/admin/builder/spi-builder-workspace/.derivedData/Build/Products
    cd /Users/admin/builder/spi-builder-workspace/.swiftpm/xcode
    builtin-create-build-directory /Users/admin/builder/spi-builder-workspace/.derivedData/Build/Products
ClangStatCache /Applications/Xcode-27.0.0-Release.Candidate.app/Contents/Developer/Toolchains/XcodeDefault.xctoolchain/usr/bin/clang-stat-cache /Applications/Xcode-27.0.0-Release.Candidate.app/Contents/Developer/Platforms/WatchOS.platform/Developer/SDKs/WatchOS27.0.sdk /Users/admin/builder/spi-builder-workspace/.derivedData/SDKStatCaches.noindex/watchos27.0-24R360-e829b21a6f8c9b70876ba0858053c04477534ef55a1706bf4c1112bbb242f0a2.sdkstatcache
    cd /Users/admin/builder/spi-builder-workspace/.swiftpm/xcode
    /Applications/Xcode-27.0.0-Release.Candidate.app/Contents/Developer/Toolchains/XcodeDefault.xctoolchain/usr/bin/clang-stat-cache /Applications/Xcode-27.0.0-Release.Candidate.app/Contents/Developer/Platforms/WatchOS.platform/Developer/SDKs/WatchOS27.0.sdk -o /Users/admin/builder/spi-builder-workspace/.derivedData/SDKStatCaches.noindex/watchos27.0-24R360-e829b21a6f8c9b70876ba0858053c04477534ef55a1706bf4c1112bbb242f0a2.sdkstatcache
CreateBuildDirectory /Users/admin/builder/spi-builder-workspace/.derivedData/Build/Intermediates.noindex/PrecompiledHeaders
    cd /Users/admin/builder/spi-builder-workspace/.swiftpm/xcode
    builtin-create-build-directory /Users/admin/builder/spi-builder-workspace/.derivedData/Build/Intermediates.noindex/PrecompiledHeaders
CreateBuildDirectory /Users/admin/builder/spi-builder-workspace/.derivedData/Build/Intermediates.noindex/SwiftExplicitPrecompiledModules
    cd /Users/admin/builder/spi-builder-workspace/.swiftpm/xcode
    builtin-create-build-directory /Users/admin/builder/spi-builder-workspace/.derivedData/Build/Intermediates.noindex/SwiftExplicitPrecompiledModules
CreateBuildDirectory /Users/admin/builder/spi-builder-workspace/.derivedData/Build/Intermediates.noindex/ExplicitPrecompiledModules
    cd /Users/admin/builder/spi-builder-workspace/.swiftpm/xcode
    builtin-create-build-directory /Users/admin/builder/spi-builder-workspace/.derivedData/Build/Intermediates.noindex/ExplicitPrecompiledModules
CreateBuildDirectory /Users/admin/builder/spi-builder-workspace/.derivedData/Build/Intermediates.noindex/EagerLinkingTBDs/Debug-watchos
    cd /Users/admin/builder/spi-builder-workspace/.swiftpm/xcode
    builtin-create-build-directory /Users/admin/builder/spi-builder-workspace/.derivedData/Build/Intermediates.noindex/EagerLinkingTBDs/Debug-watchos
CreateBuildDirectory /Users/admin/builder/spi-builder-workspace/.derivedData/Build/Products/Debug-watchos
    cd /Users/admin/builder/spi-builder-workspace/.swiftpm/xcode
    builtin-create-build-directory /Users/admin/builder/spi-builder-workspace/.derivedData/Build/Products/Debug-watchos
CreateBuildDirectory /Users/admin/builder/spi-builder-workspace/.derivedData/Build/Products/Debug-watchos/PackageFrameworks
    cd /Users/admin/builder/spi-builder-workspace/.swiftpm/xcode
    builtin-create-build-directory /Users/admin/builder/spi-builder-workspace/.derivedData/Build/Products/Debug-watchos/PackageFrameworks
WriteAuxiliaryFile /Users/admin/builder/spi-builder-workspace/.derivedData/Build/Intermediates.noindex/Degu.build/Debug-watchos/RuntimeHandler-t.build/RuntimeHandler.DependencyMetadataFileList (in target 'RuntimeHandler' from project 'Degu')
    cd /Users/admin/builder/spi-builder-workspace
    write-file /Users/admin/builder/spi-builder-workspace/.derivedData/Build/Intermediates.noindex/Degu.build/Debug-watchos/RuntimeHandler-t.build/RuntimeHandler.DependencyMetadataFileList
WriteAuxiliaryFile /Users/admin/builder/spi-builder-workspace/.derivedData/Build/Intermediates.noindex/Degu.build/Debug-watchos/RuntimeHandler-t.build/RuntimeHandler.DependencyStaticMetadataFileList (in target 'RuntimeHandler' from project 'Degu')
    cd /Users/admin/builder/spi-builder-workspace
    write-file /Users/admin/builder/spi-builder-workspace/.derivedData/Build/Intermediates.noindex/Degu.build/Debug-watchos/RuntimeHandler-t.build/RuntimeHandler.DependencyStaticMetadataFileList
WriteAuxiliaryFile /Users/admin/builder/spi-builder-workspace/.derivedData/Build/Intermediates.noindex/Degu.build/Debug-watchos/RuntimeHandler-t.build/RuntimeHandler.modulemap (in target 'RuntimeHandler' from project 'Degu')
    cd /Users/admin/builder/spi-builder-workspace
    write-file /Users/admin/builder/spi-builder-workspace/.derivedData/Build/Intermediates.noindex/Degu.build/Debug-watchos/RuntimeHandler-t.build/RuntimeHandler.modulemap
WriteAuxiliaryFile /Users/admin/builder/spi-builder-workspace/.derivedData/Build/Intermediates.noindex/Degu.build/Debug-watchos/RuntimeHandler-t.build/Objects-normal/arm64_32/RuntimeHandler.LinkFileList (in target 'RuntimeHandler' from project 'Degu')
    cd /Users/admin/builder/spi-builder-workspace
    write-file /Users/admin/builder/spi-builder-workspace/.derivedData/Build/Intermediates.noindex/Degu.build/Debug-watchos/RuntimeHandler-t.build/Objects-normal/arm64_32/RuntimeHandler.LinkFileList
WriteAuxiliaryFile /Users/admin/builder/spi-builder-workspace/.derivedData/Build/Intermediates.noindex/Degu.build/Debug-watchos/RuntimeHandler-t.build/Objects-normal/arm64_32/e6072d4f65d7061329687fe24e3d63a7-common-args.resp (in target 'RuntimeHandler' from project 'Degu')
    cd /Users/admin/builder/spi-builder-workspace
    write-file /Users/admin/builder/spi-builder-workspace/.derivedData/Build/Intermediates.noindex/Degu.build/Debug-watchos/RuntimeHandler-t.build/Objects-normal/arm64_32/e6072d4f65d7061329687fe24e3d63a7-common-args.resp
-fobjc-arc -fmodules -gmodules '-fmodules-cache-path=/Users/admin/builder/spi-builder-workspace/.derivedData/ModuleCache.noindex' '-fmodule-name=RuntimeHandler' -fpascal-strings -O0 -DSWIFT_PACKAGE '-DDEBUG=1' '-DOBJC_OLD_DISPATCH_PROTOTYPES=1' -g -I/Users/admin/builder/spi-builder-workspace/.derivedData/Build/Products/Debug-watchos/include -I/Users/admin/builder/spi-builder-workspace/Sources/RuntimeHandler/include -I/Users/admin/builder/spi-builder-workspace/.derivedData/Build/Intermediates.noindex/Degu.build/Debug-watchos/RuntimeHandler-t.build/DerivedSources-normal/arm64_32 -I/Users/admin/builder/spi-builder-workspace/.derivedData/Build/Intermediates.noindex/Degu.build/Debug-watchos/RuntimeHandler-t.build/DerivedSources/arm64_32 -I/Users/admin/builder/spi-builder-workspace/.derivedData/Build/Intermediates.noindex/Degu.build/Debug-watchos/RuntimeHandler-t.build/DerivedSources -F/Users/admin/builder/spi-builder-workspace/.derivedData/Build/Products/Debug-watchos -iframework /Applications/Xcode-27.0.0-Release.Candidate.app/Contents/Developer/Platforms/WatchOS.platform/Developer/Library/Frameworks -iframework /Applications/Xcode-27.0.0-Release.Candidate.app/Contents/Developer/Platforms/WatchOS.platform/Developer/SDKs/WatchOS27.0.sdk/Developer/Library/Frameworks -DXcode
WriteAuxiliaryFile /Users/admin/builder/spi-builder-workspace/.derivedData/Build/Intermediates.noindex/Degu.build/Debug-watchos/Degu-t.build/Objects-normal/arm64_32/Degu_const_extract_protocols.json (in target 'Degu' from project 'Degu')
    cd /Users/admin/builder/spi-builder-workspace
    write-file /Users/admin/builder/spi-builder-workspace/.derivedData/Build/Intermediates.noindex/Degu.build/Debug-watchos/Degu-t.build/Objects-normal/arm64_32/Degu_const_extract_protocols.json
WriteAuxiliaryFile /Users/admin/builder/spi-builder-workspace/.derivedData/Build/Intermediates.noindex/Degu.build/Debug-watchos/RuntimeHandler-t.build/Objects-normal/arm64/RuntimeHandler.LinkFileList (in target 'RuntimeHandler' from project 'Degu')
    cd /Users/admin/builder/spi-builder-workspace
    write-file /Users/admin/builder/spi-builder-workspace/.derivedData/Build/Intermediates.noindex/Degu.build/Debug-watchos/RuntimeHandler-t.build/Objects-normal/arm64/RuntimeHandler.LinkFileList
WriteAuxiliaryFile /Users/admin/builder/spi-builder-workspace/.derivedData/Build/Intermediates.noindex/Degu.build/Debug-watchos/RuntimeHandler-t.build/Objects-normal/arm64/e6072d4f65d7061329687fe24e3d63a7-common-args.resp (in target 'RuntimeHandler' from project 'Degu')
    cd /Users/admin/builder/spi-builder-workspace
    write-file /Users/admin/builder/spi-builder-workspace/.derivedData/Build/Intermediates.noindex/Degu.build/Debug-watchos/RuntimeHandler-t.build/Objects-normal/arm64/e6072d4f65d7061329687fe24e3d63a7-common-args.resp
-fobjc-arc -fmodules -gmodules '-fmodules-cache-path=/Users/admin/builder/spi-builder-workspace/.derivedData/ModuleCache.noindex' '-fmodule-name=RuntimeHandler' -fpascal-strings -O0 -DSWIFT_PACKAGE '-DDEBUG=1' '-DOBJC_OLD_DISPATCH_PROTOTYPES=1' -g -I/Users/admin/builder/spi-builder-workspace/.derivedData/Build/Products/Debug-watchos/include -I/Users/admin/builder/spi-builder-workspace/Sources/RuntimeHandler/include -I/Users/admin/builder/spi-builder-workspace/.derivedData/Build/Intermediates.noindex/Degu.build/Debug-watchos/RuntimeHandler-t.build/DerivedSources-normal/arm64 -I/Users/admin/builder/spi-builder-workspace/.derivedData/Build/Intermediates.noindex/Degu.build/Debug-watchos/RuntimeHandler-t.build/DerivedSources/arm64 -I/Users/admin/builder/spi-builder-workspace/.derivedData/Build/Intermediates.noindex/Degu.build/Debug-watchos/RuntimeHandler-t.build/DerivedSources -F/Users/admin/builder/spi-builder-workspace/.derivedData/Build/Products/Debug-watchos -iframework /Applications/Xcode-27.0.0-Release.Candidate.app/Contents/Developer/Platforms/WatchOS.platform/Developer/Library/Frameworks -iframework /Applications/Xcode-27.0.0-Release.Candidate.app/Contents/Developer/Platforms/WatchOS.platform/Developer/SDKs/WatchOS27.0.sdk/Developer/Library/Frameworks -DXcode
WriteAuxiliaryFile /Users/admin/builder/spi-builder-workspace/.derivedData/Build/Intermediates.noindex/Degu.build/Debug-watchos/Degu-t.build/Objects-normal/arm64_32/Degu.SwiftFileList (in target 'Degu' from project 'Degu')
    cd /Users/admin/builder/spi-builder-workspace
    write-file /Users/admin/builder/spi-builder-workspace/.derivedData/Build/Intermediates.noindex/Degu.build/Debug-watchos/Degu-t.build/Objects-normal/arm64_32/Degu.SwiftFileList
WriteAuxiliaryFile /Users/admin/builder/spi-builder-workspace/.derivedData/Build/Intermediates.noindex/Degu.build/Debug-watchos/Degu-t.build/Objects-normal/arm64_32/Degu.SwiftConstValuesFileList (in target 'Degu' from project 'Degu')
    cd /Users/admin/builder/spi-builder-workspace
    write-file /Users/admin/builder/spi-builder-workspace/.derivedData/Build/Intermediates.noindex/Degu.build/Debug-watchos/Degu-t.build/Objects-normal/arm64_32/Degu.SwiftConstValuesFileList
WriteAuxiliaryFile /Users/admin/builder/spi-builder-workspace/.derivedData/Build/Intermediates.noindex/Degu.build/Debug-watchos/Degu-t.build/Objects-normal/arm64_32/Degu.LinkFileList (in target 'Degu' from project 'Degu')
    cd /Users/admin/builder/spi-builder-workspace
    write-file /Users/admin/builder/spi-builder-workspace/.derivedData/Build/Intermediates.noindex/Degu.build/Debug-watchos/Degu-t.build/Objects-normal/arm64_32/Degu.LinkFileList
WriteAuxiliaryFile /Users/admin/builder/spi-builder-workspace/.derivedData/Build/Intermediates.noindex/Degu.build/Debug-watchos/Degu-t.build/Objects-normal/arm64_32/Degu-OutputFileMap.json (in target 'Degu' from project 'Degu')
    cd /Users/admin/builder/spi-builder-workspace
    write-file /Users/admin/builder/spi-builder-workspace/.derivedData/Build/Intermediates.noindex/Degu.build/Debug-watchos/Degu-t.build/Objects-normal/arm64_32/Degu-OutputFileMap.json
WriteAuxiliaryFile /Users/admin/builder/spi-builder-workspace/.derivedData/Build/Intermediates.noindex/Degu.build/Debug-watchos/Degu-t.build/Objects-normal/arm64/Degu.SwiftFileList (in target 'Degu' from project 'Degu')
    cd /Users/admin/builder/spi-builder-workspace
    write-file /Users/admin/builder/spi-builder-workspace/.derivedData/Build/Intermediates.noindex/Degu.build/Debug-watchos/Degu-t.build/Objects-normal/arm64/Degu.SwiftFileList
Copy /Users/admin/builder/spi-builder-workspace/.derivedData/Build/Intermediates.noindex/GeneratedModuleMaps-watchos/RuntimeHandler.modulemap /Users/admin/builder/spi-builder-workspace/.derivedData/Build/Intermediates.noindex/Degu.build/Debug-watchos/RuntimeHandler-t.build/RuntimeHandler.modulemap (in target 'RuntimeHandler' from project 'Degu')
    cd /Users/admin/builder/spi-builder-workspace
    builtin-copy -exclude .DS_Store -exclude CVS -exclude .svn -exclude .git -exclude .hg -resolve-src-symlinks /Users/admin/builder/spi-builder-workspace/.derivedData/Build/Intermediates.noindex/Degu.build/Debug-watchos/RuntimeHandler-t.build/RuntimeHandler.modulemap /Users/admin/builder/spi-builder-workspace/.derivedData/Build/Intermediates.noindex/GeneratedModuleMaps-watchos
WriteAuxiliaryFile /Users/admin/builder/spi-builder-workspace/.derivedData/Build/Intermediates.noindex/Degu.build/Debug-watchos/Degu-t.build/Objects-normal/arm64/Degu_const_extract_protocols.json (in target 'Degu' from project 'Degu')
    cd /Users/admin/builder/spi-builder-workspace
    write-file /Users/admin/builder/spi-builder-workspace/.derivedData/Build/Intermediates.noindex/Degu.build/Debug-watchos/Degu-t.build/Objects-normal/arm64/Degu_const_extract_protocols.json
WriteAuxiliaryFile /Users/admin/builder/spi-builder-workspace/.derivedData/Build/Intermediates.noindex/Degu.build/Debug-watchos/Degu-t.build/Objects-normal/arm64/Degu.LinkFileList (in target 'Degu' from project 'Degu')
    cd /Users/admin/builder/spi-builder-workspace
    write-file /Users/admin/builder/spi-builder-workspace/.derivedData/Build/Intermediates.noindex/Degu.build/Debug-watchos/Degu-t.build/Objects-normal/arm64/Degu.LinkFileList
WriteAuxiliaryFile /Users/admin/builder/spi-builder-workspace/.derivedData/Build/Intermediates.noindex/Degu.build/Debug-watchos/Degu-t.build/Objects-normal/arm64/Degu-OutputFileMap.json (in target 'Degu' from project 'Degu')
    cd /Users/admin/builder/spi-builder-workspace
    write-file /Users/admin/builder/spi-builder-workspace/.derivedData/Build/Intermediates.noindex/Degu.build/Debug-watchos/Degu-t.build/Objects-normal/arm64/Degu-OutputFileMap.json
WriteAuxiliaryFile /Users/admin/builder/spi-builder-workspace/.derivedData/Build/Intermediates.noindex/Degu.build/Debug-watchos/Degu-t.build/Objects-normal/arm64/Degu.SwiftConstValuesFileList (in target 'Degu' from project 'Degu')
    cd /Users/admin/builder/spi-builder-workspace
    write-file /Users/admin/builder/spi-builder-workspace/.derivedData/Build/Intermediates.noindex/Degu.build/Debug-watchos/Degu-t.build/Objects-normal/arm64/Degu.SwiftConstValuesFileList
WriteAuxiliaryFile /Users/admin/builder/spi-builder-workspace/.derivedData/Build/Intermediates.noindex/Degu.build/Debug-watchos/Degu-t.build/Degu.modulemap (in target 'Degu' from project 'Degu')
    cd /Users/admin/builder/spi-builder-workspace
    write-file /Users/admin/builder/spi-builder-workspace/.derivedData/Build/Intermediates.noindex/Degu.build/Debug-watchos/Degu-t.build/Degu.modulemap
WriteAuxiliaryFile /Users/admin/builder/spi-builder-workspace/.derivedData/Build/Intermediates.noindex/Degu.build/Debug-watchos/Degu-t.build/Degu.DependencyStaticMetadataFileList (in target 'Degu' from project 'Degu')
    cd /Users/admin/builder/spi-builder-workspace
    write-file /Users/admin/builder/spi-builder-workspace/.derivedData/Build/Intermediates.noindex/Degu.build/Debug-watchos/Degu-t.build/Degu.DependencyStaticMetadataFileList
WriteAuxiliaryFile /Users/admin/builder/spi-builder-workspace/.derivedData/Build/Intermediates.noindex/Degu.build/Debug-watchos/Degu-t.build/Degu.DependencyMetadataFileList (in target 'Degu' from project 'Degu')
    cd /Users/admin/builder/spi-builder-workspace
    write-file /Users/admin/builder/spi-builder-workspace/.derivedData/Build/Intermediates.noindex/Degu.build/Debug-watchos/Degu-t.build/Degu.DependencyMetadataFileList
Copy /Users/admin/builder/spi-builder-workspace/.derivedData/Build/Intermediates.noindex/GeneratedModuleMaps-watchos/Degu.modulemap /Users/admin/builder/spi-builder-workspace/.derivedData/Build/Intermediates.noindex/Degu.build/Debug-watchos/Degu-t.build/Degu.modulemap (in target 'Degu' from project 'Degu')
    cd /Users/admin/builder/spi-builder-workspace
    builtin-copy -exclude .DS_Store -exclude CVS -exclude .svn -exclude .git -exclude .hg -resolve-src-symlinks /Users/admin/builder/spi-builder-workspace/.derivedData/Build/Intermediates.noindex/Degu.build/Debug-watchos/Degu-t.build/Degu.modulemap /Users/admin/builder/spi-builder-workspace/.derivedData/Build/Intermediates.noindex/GeneratedModuleMaps-watchos
ScanDependencies /Users/admin/builder/spi-builder-workspace/.derivedData/Build/Intermediates.noindex/Degu.build/Debug-watchos/RuntimeHandler-t.build/Objects-normal/arm64_32/RuntimeHandler.o /Users/admin/builder/spi-builder-workspace/Sources/RuntimeHandler/RuntimeHandler.m normal arm64_32 objective-c com.apple.compilers.llvm.clang.1_0.compiler (in target 'RuntimeHandler' from project 'Degu')
    cd /Users/admin/builder/spi-builder-workspace/.swiftpm/xcode

    Using response file: /Users/admin/builder/spi-builder-workspace/.derivedData/Build/Intermediates.noindex/Degu.build/Debug-watchos/RuntimeHandler-t.build/Objects-normal/arm64_32/e6072d4f65d7061329687fe24e3d63a7-common-args.resp

    builtin-ScanDependencies -o /Users/admin/builder/spi-builder-workspace/.derivedData/Build/Intermediates.noindex/Degu.build/Debug-watchos/RuntimeHandler-t.build/Objects-normal/arm64_32/RuntimeHandler.o.scan -- /Applications/Xcode-27.0.0-Release.Candidate.app/Contents/Developer/Toolchains/XcodeDefault.xctoolchain/usr/bin/clang -x objective-c -ivfsstatcache /Users/admin/builder/spi-builder-workspace/.derivedData/SDKStatCaches.noindex/watchos27.0-24R360-e829b21a6f8c9b70876ba0858053c04477534ef55a1706bf4c1112bbb242f0a2.sdkstatcache -target arm64_32-apple-watchos9.0 -fmessage-length\=0 -fdiagnostics-show-note-include-stack -fmacro-backtrace-limit\=0 -fno-color-diagnostics -fmodules-prune-interval\=86400 -fmodules-prune-after\=345600 -fbuild-session-file\=/Users/admin/builder/spi-builder-workspace/.derivedData/ModuleCache.noindex/Session.modulevalidation -fmodules-validate-once-per-build-session -Wnon-modular-include-in-framework-module -Werror\=non-modular-include-in-framework-module -Wno-trigraphs -Wno-missing-field-initializers -Wno-missing-prototypes -Wno-return-type -Wno-implicit-atomic-properties -Wno-objc-interface-ivars -Wno-arc-repeated-use-of-weak -Wno-missing-braces -Wparentheses -Wswitch -Wno-unused-function -Wno-unused-label -Wno-unused-parameter -Wno-unused-variable -Wunused-value -Wno-empty-body -Wno-uninitialized -Wno-unknown-pragmas -Wno-shadow -Wno-four-char-constants -Wno-conversion -Wno-constant-conversion -Wno-int-conversion -Wno-bool-conversion -Wno-enum-conversion -Wno-float-conversion -Wno-non-literal-null-conversion -Wno-objc-literal-conversion -Wno-shorten-64-to-32 -Wpointer-sign -Wno-newline-eof -Wno-selector -Wno-strict-selector-match -Wno-undeclared-selector -Wno-deprecated-implementations -Wno-implicit-fallthrough -isysroot /Applications/Xcode-27.0.0-Release.Candidate.app/Contents/Developer/Platforms/WatchOS.platform/Developer/SDKs/WatchOS27.0.sdk -fstrict-aliasing -Wprotocol -Wdeprecated-declarations -Wno-sign-conversion -Wno-infinite-recursion -Wno-comma -Wno-block-capture-autoreleasing -Wno-strict-prototypes -Wno-semicolon-before-method-body -index-store-path /Users/admin/builder/spi-builder-workspace/.derivedData/Index.noindex/DataStore @/Users/admin/builder/spi-builder-workspace/.derivedData/Build/Intermediates.noindex/Degu.build/Debug-watchos/RuntimeHandler-t.build/Objects-normal/arm64_32/e6072d4f65d7061329687fe24e3d63a7-common-args.resp -MMD -MT dependencies -MF /Users/admin/builder/spi-builder-workspace/.derivedData/Build/Intermediates.noindex/Degu.build/Debug-watchos/RuntimeHandler-t.build/Objects-normal/arm64_32/RuntimeHandler.d --serialize-diagnostics /Users/admin/builder/spi-builder-workspace/.derivedData/Build/Intermediates.noindex/Degu.build/Debug-watchos/RuntimeHandler-t.build/Objects-normal/arm64_32/RuntimeHandler.dia -c /Users/admin/builder/spi-builder-workspace/Sources/RuntimeHandler/RuntimeHandler.m -o /Users/admin/builder/spi-builder-workspace/.derivedData/Build/Intermediates.noindex/Degu.build/Debug-watchos/RuntimeHandler-t.build/Objects-normal/arm64_32/RuntimeHandler.o -index-unit-output-path /Degu.build/Debug-watchos/RuntimeHandler-t.build/Objects-normal/arm64_32/RuntimeHandler.o
ScanDependencies /Users/admin/builder/spi-builder-workspace/.derivedData/Build/Intermediates.noindex/Degu.build/Debug-watchos/RuntimeHandler-t.build/Objects-normal/arm64/RuntimeHandler.o /Users/admin/builder/spi-builder-workspace/Sources/RuntimeHandler/RuntimeHandler.m normal arm64 objective-c com.apple.compilers.llvm.clang.1_0.compiler (in target 'RuntimeHandler' from project 'Degu')
    cd /Users/admin/builder/spi-builder-workspace/.swiftpm/xcode

    Using response file: /Users/admin/builder/spi-builder-workspace/.derivedData/Build/Intermediates.noindex/Degu.build/Debug-watchos/RuntimeHandler-t.build/Objects-normal/arm64/e6072d4f65d7061329687fe24e3d63a7-common-args.resp

    builtin-ScanDependencies -o /Users/admin/builder/spi-builder-workspace/.derivedData/Build/Intermediates.noindex/Degu.build/Debug-watchos/RuntimeHandler-t.build/Objects-normal/arm64/RuntimeHandler.o.scan -- /Applications/Xcode-27.0.0-Release.Candidate.app/Contents/Developer/Toolchains/XcodeDefault.xctoolchain/usr/bin/clang -x objective-c -ivfsstatcache /Users/admin/builder/spi-builder-workspace/.derivedData/SDKStatCaches.noindex/watchos27.0-24R360-e829b21a6f8c9b70876ba0858053c04477534ef55a1706bf4c1112bbb242f0a2.sdkstatcache -target arm64-apple-watchos9.0 -fmessage-length\=0 -fdiagnostics-show-note-include-stack -fmacro-backtrace-limit\=0 -fno-color-diagnostics -fmodules-prune-interval\=86400 -fmodules-prune-after\=345600 -fbuild-session-file\=/Users/admin/builder/spi-builder-workspace/.derivedData/ModuleCache.noindex/Session.modulevalidation -fmodules-validate-once-per-build-session -Wnon-modular-include-in-framework-module -Werror\=non-modular-include-in-framework-module -Wno-trigraphs -Wno-missing-field-initializers -Wno-missing-prototypes -Wno-return-type -Wno-implicit-atomic-properties -Wno-objc-interface-ivars -Wno-arc-repeated-use-of-weak -Wno-missing-braces -Wparentheses -Wswitch -Wno-unused-function -Wno-unused-label -Wno-unused-parameter -Wno-unused-variable -Wunused-value -Wno-empty-body -Wno-uninitialized -Wno-unknown-pragmas -Wno-shadow -Wno-four-char-constants -Wno-conversion -Wno-constant-conversion -Wno-int-conversion -Wno-bool-conversion -Wno-enum-conversion -Wno-float-conversion -Wno-non-literal-null-conversion -Wno-objc-literal-conversion -Wshorten-64-to-32 -Wpointer-sign -Wno-newline-eof -Wno-selector -Wno-strict-selector-match -Wno-undeclared-selector -Wno-deprecated-implementations -Wno-implicit-fallthrough -isysroot /Applications/Xcode-27.0.0-Release.Candidate.app/Contents/Developer/Platforms/WatchOS.platform/Developer/SDKs/WatchOS27.0.sdk -fstrict-aliasing -Wprotocol -Wdeprecated-declarations -Wno-sign-conversion -Wno-infinite-recursion -Wno-comma -Wno-block-capture-autoreleasing -Wno-strict-prototypes -Wno-semicolon-before-method-body -index-store-path /Users/admin/builder/spi-builder-workspace/.derivedData/Index.noindex/DataStore @/Users/admin/builder/spi-builder-workspace/.derivedData/Build/Intermediates.noindex/Degu.build/Debug-watchos/RuntimeHandler-t.build/Objects-normal/arm64/e6072d4f65d7061329687fe24e3d63a7-common-args.resp -MMD -MT dependencies -MF /Users/admin/builder/spi-builder-workspace/.derivedData/Build/Intermediates.noindex/Degu.build/Debug-watchos/RuntimeHandler-t.build/Objects-normal/arm64/RuntimeHandler.d --serialize-diagnostics /Users/admin/builder/spi-builder-workspace/.derivedData/Build/Intermediates.noindex/Degu.build/Debug-watchos/RuntimeHandler-t.build/Objects-normal/arm64/RuntimeHandler.dia -c /Users/admin/builder/spi-builder-workspace/Sources/RuntimeHandler/RuntimeHandler.m -o /Users/admin/builder/spi-builder-workspace/.derivedData/Build/Intermediates.noindex/Degu.build/Debug-watchos/RuntimeHandler-t.build/Objects-normal/arm64/RuntimeHandler.o -index-unit-output-path /Degu.build/Debug-watchos/RuntimeHandler-t.build/Objects-normal/arm64/RuntimeHandler.o
SwiftDriver Degu normal arm64 com.apple.xcode.tools.swift.compiler (in target 'Degu' from project 'Degu')
    cd /Users/admin/builder/spi-builder-workspace/.swiftpm/xcode
    builtin-SwiftDriver -- /Applications/Xcode-27.0.0-Release.Candidate.app/Contents/Developer/Toolchains/XcodeDefault.xctoolchain/usr/bin/swiftc -parse-as-library -module-name Degu -Onone @/Users/admin/builder/spi-builder-workspace/.derivedData/Build/Intermediates.noindex/Degu.build/Debug-watchos/Degu-t.build/Objects-normal/arm64/Degu.SwiftFileList -DSWIFT_PACKAGE -DDEBUG -DSWIFT_MODULE_RESOURCE_BUNDLE_UNAVAILABLE -DXcode -plugin-path /Applications/Xcode-27.0.0-Release.Candidate.app/Contents/Developer/Toolchains/XcodeDefault.xctoolchain/usr/lib/swift/host/plugins/testing -enable-experimental-feature DebugDescriptionMacro -sdk /Applications/Xcode-27.0.0-Release.Candidate.app/Contents/Developer/Platforms/WatchOS.platform/Developer/SDKs/WatchOS27.0.sdk -target arm64-apple-watchos9.0 -g -module-cache-path /Users/admin/builder/spi-builder-workspace/.derivedData/ModuleCache.noindex -Xfrontend -serialize-debugging-options -enable-testing -index-store-path /Users/admin/builder/spi-builder-workspace/.derivedData/Index.noindex/DataStore -Xcc -D_LIBCPP_HARDENING_MODE\=_LIBCPP_HARDENING_MODE_DEBUG -swift-version 4 -I /Users/admin/builder/spi-builder-workspace/.derivedData/Build/Products/Debug-watchos -Isystem /Applications/Xcode-27.0.0-Release.Candidate.app/Contents/Developer/Platforms/WatchOS.platform/Developer/usr/lib -F /Users/admin/builder/spi-builder-workspace/.derivedData/Build/Products/Debug-watchos -F /Applications/Xcode-27.0.0-Release.Candidate.app/Contents/Developer/Platforms/WatchOS.platform/Developer/Library/Frameworks -F /Applications/Xcode-27.0.0-Release.Candidate.app/Contents/Developer/Platforms/WatchOS.platform/Developer/SDKs/WatchOS27.0.sdk/Developer/Library/Frameworks -c -j10 -enable-batch-mode -incremental -Xcc -ivfsstatcache -Xcc /Users/admin/builder/spi-builder-workspace/.derivedData/SDKStatCaches.noindex/watchos27.0-24R360-e829b21a6f8c9b70876ba0858053c04477534ef55a1706bf4c1112bbb242f0a2.sdkstatcache -output-file-map /Users/admin/builder/spi-builder-workspace/.derivedData/Build/Intermediates.noindex/Degu.build/Debug-watchos/Degu-t.build/Objects-normal/arm64/Degu-OutputFileMap.json -save-temps -no-color-diagnostics -emit-dependencies -emit-module -emit-module-path /Users/admin/builder/spi-builder-workspace/.derivedData/Build/Intermediates.noindex/Degu.build/Debug-watchos/Degu-t.build/Objects-normal/arm64/Degu.swiftmodule -serialize-diagnostics -validate-clang-modules-once -clang-build-session-file /Users/admin/builder/spi-builder-workspace/.derivedData/ModuleCache.noindex/Session.modulevalidation -Xcc -fmodules-prune-interval\=86400 -Xcc -fmodules-prune-after\=345600 -emit-const-values -const-gather-protocols-list /Users/admin/builder/spi-builder-workspace/.derivedData/Build/Intermediates.noindex/Degu.build/Debug-watchos/Degu-t.build/Objects-normal/arm64/Degu_const_extract_protocols.json -Xcc -I/Users/admin/builder/spi-builder-workspace/.derivedData/Build/Products/Debug-watchos/include -Xcc -I/Users/admin/builder/spi-builder-workspace/.derivedData/Build/Intermediates.noindex/Degu.build/Debug-watchos/Degu-t.build/DerivedSources-normal/arm64 -Xcc -I/Users/admin/builder/spi-builder-workspace/.derivedData/Build/Intermediates.noindex/Degu.build/Debug-watchos/Degu-t.build/DerivedSources/arm64 -Xcc -I/Users/admin/builder/spi-builder-workspace/.derivedData/Build/Intermediates.noindex/Degu.build/Debug-watchos/Degu-t.build/DerivedSources -Xcc -DSWIFT_PACKAGE -Xcc -DDEBUG\=1 -emit-objc-header -emit-objc-header-path /Users/admin/builder/spi-builder-workspace/.derivedData/Build/Intermediates.noindex/Degu.build/Debug-watchos/Degu-t.build/Objects-normal/arm64/Degu-Swift.h -working-directory /Users/admin/builder/spi-builder-workspace/.swiftpm/xcode -experimental-emit-module-separately -disable-cmo
SwiftDriver Degu normal arm64_32 com.apple.xcode.tools.swift.compiler (in target 'Degu' from project 'Degu')
    cd /Users/admin/builder/spi-builder-workspace/.swiftpm/xcode
    builtin-SwiftDriver -- /Applications/Xcode-27.0.0-Release.Candidate.app/Contents/Developer/Toolchains/XcodeDefault.xctoolchain/usr/bin/swiftc -parse-as-library -module-name Degu -Onone @/Users/admin/builder/spi-builder-workspace/.derivedData/Build/Intermediates.noindex/Degu.build/Debug-watchos/Degu-t.build/Objects-normal/arm64_32/Degu.SwiftFileList -DSWIFT_PACKAGE -DDEBUG -DSWIFT_MODULE_RESOURCE_BUNDLE_UNAVAILABLE -DXcode -plugin-path /Applications/Xcode-27.0.0-Release.Candidate.app/Contents/Developer/Toolchains/XcodeDefault.xctoolchain/usr/lib/swift/host/plugins/testing -enable-experimental-feature DebugDescriptionMacro -sdk /Applications/Xcode-27.0.0-Release.Candidate.app/Contents/Developer/Platforms/WatchOS.platform/Developer/SDKs/WatchOS27.0.sdk -target arm64_32-apple-watchos9.0 -g -module-cache-path /Users/admin/builder/spi-builder-workspace/.derivedData/ModuleCache.noindex -Xfrontend -serialize-debugging-options -enable-testing -index-store-path /Users/admin/builder/spi-builder-workspace/.derivedData/Index.noindex/DataStore -Xcc -D_LIBCPP_HARDENING_MODE\=_LIBCPP_HARDENING_MODE_DEBUG -swift-version 4 -I /Users/admin/builder/spi-builder-workspace/.derivedData/Build/Products/Debug-watchos -Isystem /Applications/Xcode-27.0.0-Release.Candidate.app/Contents/Developer/Platforms/WatchOS.platform/Developer/usr/lib -F /Users/admin/builder/spi-builder-workspace/.derivedData/Build/Products/Debug-watchos -F /Applications/Xcode-27.0.0-Release.Candidate.app/Contents/Developer/Platforms/WatchOS.platform/Developer/Library/Frameworks -F /Applications/Xcode-27.0.0-Release.Candidate.app/Contents/Developer/Platforms/WatchOS.platform/Developer/SDKs/WatchOS27.0.sdk/Developer/Library/Frameworks -c -j10 -enable-batch-mode -incremental -Xcc -ivfsstatcache -Xcc /Users/admin/builder/spi-builder-workspace/.derivedData/SDKStatCaches.noindex/watchos27.0-24R360-e829b21a6f8c9b70876ba0858053c04477534ef55a1706bf4c1112bbb242f0a2.sdkstatcache -output-file-map /Users/admin/builder/spi-builder-workspace/.derivedData/Build/Intermediates.noindex/Degu.build/Debug-watchos/Degu-t.build/Objects-normal/arm64_32/Degu-OutputFileMap.json -save-temps -no-color-diagnostics -emit-dependencies -emit-module -emit-module-path /Users/admin/builder/spi-builder-workspace/.derivedData/Build/Intermediates.noindex/Degu.build/Debug-watchos/Degu-t.build/Objects-normal/arm64_32/Degu.swiftmodule -serialize-diagnostics -validate-clang-modules-once -clang-build-session-file /Users/admin/builder/spi-builder-workspace/.derivedData/ModuleCache.noindex/Session.modulevalidation -Xcc -fmodules-prune-interval\=86400 -Xcc -fmodules-prune-after\=345600 -emit-const-values -const-gather-protocols-list /Users/admin/builder/spi-builder-workspace/.derivedData/Build/Intermediates.noindex/Degu.build/Debug-watchos/Degu-t.build/Objects-normal/arm64_32/Degu_const_extract_protocols.json -Xcc -I/Users/admin/builder/spi-builder-workspace/.derivedData/Build/Products/Debug-watchos/include -Xcc -I/Users/admin/builder/spi-builder-workspace/.derivedData/Build/Intermediates.noindex/Degu.build/Debug-watchos/Degu-t.build/DerivedSources-normal/arm64_32 -Xcc -I/Users/admin/builder/spi-builder-workspace/.derivedData/Build/Intermediates.noindex/Degu.build/Debug-watchos/Degu-t.build/DerivedSources/arm64_32 -Xcc -I/Users/admin/builder/spi-builder-workspace/.derivedData/Build/Intermediates.noindex/Degu.build/Debug-watchos/Degu-t.build/DerivedSources -Xcc -DSWIFT_PACKAGE -Xcc -DDEBUG\=1 -emit-objc-header -emit-objc-header-path /Users/admin/builder/spi-builder-workspace/.derivedData/Build/Intermediates.noindex/Degu.build/Debug-watchos/Degu-t.build/Objects-normal/arm64_32/Degu-Swift.h -working-directory /Users/admin/builder/spi-builder-workspace/.swiftpm/xcode -experimental-emit-module-separately -disable-cmo
SwiftCompile normal arm64 Compiling\ ApplicationProxyDelegate.swift /Users/admin/builder/spi-builder-workspace/Sources/Degu/ApplicationProxyDelegate.swift (in target 'Degu' from project 'Degu')
SwiftCompile normal arm64 /Users/admin/builder/spi-builder-workspace/Sources/Degu/ApplicationProxyDelegate.swift (in target 'Degu' from project 'Degu')
    cd /Users/admin/builder/spi-builder-workspace/.swiftpm/xcode
    builtin-SwiftPerFileCompile ApplicationProxyDelegate.swift
SwiftCompile normal arm64 Compiling\ ViewController.extension.swift /Users/admin/builder/spi-builder-workspace/Sources/Degu/ViewController.extension.swift (in target 'Degu' from project 'Degu')
SwiftCompile normal arm64 /Users/admin/builder/spi-builder-workspace/Sources/Degu/ViewController.extension.swift (in target 'Degu' from project 'Degu')
    cd /Users/admin/builder/spi-builder-workspace/.swiftpm/xcode
    builtin-SwiftPerFileCompile ViewController.extension.swift
SwiftEmitModule normal arm64 Emitting\ module\ for\ Degu (in target 'Degu' from project 'Degu')
/Users/admin/builder/spi-builder-workspace/Sources/Degu/Application.extension.swift:16:13: error: cannot find 'DeguApplication' in scope
14 |
15 | let _onceSwizzlingForApplication: () = {
16 |     swizzle(DeguApplication.self,
   |             `- error: cannot find 'DeguApplication' in scope
17 |             from: #selector(DeguApplication.sendEvent(_:)),
18 |             to: #selector(DeguApplication._swizzled_sendEvent(_:)))
/Users/admin/builder/spi-builder-workspace/Sources/Degu/Application.extension.swift:17:29: error: cannot find 'DeguApplication' in scope
15 | let _onceSwizzlingForApplication: () = {
16 |     swizzle(DeguApplication.self,
17 |             from: #selector(DeguApplication.sendEvent(_:)),
   |                             `- error: cannot find 'DeguApplication' in scope
18 |             to: #selector(DeguApplication._swizzled_sendEvent(_:)))
19 |     #if os(iOS) || os(tvOS)
/Users/admin/builder/spi-builder-workspace/Sources/Degu/Application.extension.swift:18:27: error: cannot find 'DeguApplication' in scope
16 |     swizzle(DeguApplication.self,
17 |             from: #selector(DeguApplication.sendEvent(_:)),
18 |             to: #selector(DeguApplication._swizzled_sendEvent(_:)))
   |                           `- error: cannot find 'DeguApplication' in scope
19 |     #if os(iOS) || os(tvOS)
20 |         swizzle(UIApplication.self,
/Users/admin/builder/spi-builder-workspace/Sources/Degu/Application.extension.swift:30:11: error: cannot find type 'DeguApplication' in scope
28 | }()
29 |
30 | extension DeguApplication {
   |           `- error: cannot find type 'DeguApplication' in scope
31 |     private var _applicationProxy: ApplicationProxy {
32 |         return .shared
/Users/admin/builder/spi-builder-workspace/Sources/Degu/ApplicationProxyDelegate.swift:15:74: error: cannot find type 'DeguEvent' in scope
13 |     ///
14 |     /// - SeeAlso: UIApplication.sendEvent(_:)
15 |     func applicationProxy(_ proxy: ApplicationProxy, didSendEvent event: DeguEvent)
   |                                                                          `- error: cannot find type 'DeguEvent' in scope
16 |
17 |     #if os(iOS) || os(tvOS)
/Users/admin/builder/spi-builder-workspace/Sources/Degu/ApplicationProxyDelegate.swift:30:140: error: cannot find type 'DeguViewController' in scope
28 |
29 |     /// Receive viewController when its life cycle called.
30 |     func applicationProxy(_ proxy: ApplicationProxy, didCallLifeCycle lifeCycle: ViewControllerLifeCycle, ofViewController viewController: DeguViewController)
   |                                                                                                                                            `- error: cannot find type 'DeguViewController' in scope
31 | }
32 |
/Users/admin/builder/spi-builder-workspace/Sources/Degu/ApplicationProxy.swift:38:32: error: cannot find type 'DeguEvent' in scope
36 |
37 | extension ApplicationProxy {
38 |     func didSendEvent(_ event: DeguEvent) {
   |                                `- error: cannot find type 'DeguEvent' in scope
39 |         delegate?.applicationProxy(self, didSendEvent: event)
40 |     }
/Users/admin/builder/spi-builder-workspace/Sources/Degu/ApplicationProxy.swift:54:84: error: cannot find type 'DeguViewController' in scope
52 |
53 | extension ApplicationProxy {
54 |     func didCallLifeCycle(_ lifeCycle: ViewControllerLifeCycle, of viewController: DeguViewController) {
   |                                                                                    `- error: cannot find type 'DeguViewController' in scope
55 |         delegate?.applicationProxy(self, didCallLifeCycle: lifeCycle, ofViewController: viewController)
56 |     }
/Users/admin/builder/spi-builder-workspace/Sources/Degu/ApplicationProxyDelegate.swift:35:81: error: cannot find type 'DeguEvent' in scope
33 | /// Default implementations to make them Optional.
34 | extension ApplicationProxyDelegate {
35 |     public func applicationProxy(_ proxy: ApplicationProxy, didSendEvent event: DeguEvent) {}
   |                                                                                 `- error: cannot find type 'DeguEvent' in scope
36 |     #if os(iOS) || os(tvOS)
37 |         public func applicationProxy(_ proxy: ApplicationProxy, didSendAction action: Selector, to target: Any?, from sender: Any?, for event: DeguEvent?) {}
/Users/admin/builder/spi-builder-workspace/Sources/Degu/ApplicationProxyDelegate.swift:41:147: error: cannot find type 'DeguViewController' in scope
39 |         public func applicationProxy(_ proxy: ApplicationProxy, didSendAction action: Selector, to target: Any?, from sender: Any?) {}
40 |     #endif
41 |     public func applicationProxy(_ proxy: ApplicationProxy, didCallLifeCycle lifeCycle: ViewControllerLifeCycle, ofViewController viewController: DeguViewController) {}
   |                                                                                                                                                   `- error: cannot find type 'DeguViewController' in scope
42 | }
43 |
/Users/admin/builder/spi-builder-workspace/Sources/Degu/ViewController.extension.swift:33:13: error: cannot find 'DeguViewController' in scope
 31 |
 32 | let _onceSwizzlingForViewController: () = {
 33 |     swizzle(DeguViewController.self,
    |             `- error: cannot find 'DeguViewController' in scope
 34 |             from: #selector(DeguViewController.viewDidLoad),
 35 |             to: #selector(DeguViewController._swizzled_viewDidLoad))
/Users/admin/builder/spi-builder-workspace/Sources/Degu/ViewController.extension.swift:34:29: error: cannot find 'DeguViewController' in scope
 32 | let _onceSwizzlingForViewController: () = {
 33 |     swizzle(DeguViewController.self,
 34 |             from: #selector(DeguViewController.viewDidLoad),
    |                             `- error: cannot find 'DeguViewController' in scope
 35 |             to: #selector(DeguViewController._swizzled_viewDidLoad))
 36 |
/Users/admin/builder/spi-builder-workspace/Sources/Degu/ViewController.extension.swift:35:27: error: cannot find 'DeguViewController' in scope
 33 |     swizzle(DeguViewController.self,
 34 |             from: #selector(DeguViewController.viewDidLoad),
 35 |             to: #selector(DeguViewController._swizzled_viewDidLoad))
    |                           `- error: cannot find 'DeguViewController' in scope
 36 |
 37 |     #if os(iOS) || os(tvOS)
/Users/admin/builder/spi-builder-workspace/Sources/Degu/ViewController.extension.swift:88:11: error: cannot find type 'DeguViewController' in scope
 86 | }()
 87 |
 88 | extension DeguViewController {
    |           `- error: cannot find type 'DeguViewController' in scope
 89 |     private var _applicationProxy: ApplicationProxy {
 90 |         return .shared
Failed frontend command:
/Applications/Xcode-27.0.0-Release.Candidate.app/Contents/Developer/Toolchains/XcodeDefault.xctoolchain/usr/bin/swift-frontend -frontend -emit-module -experimental-skip-non-inlinable-function-bodies-without-types /Users/admin/builder/spi-builder-workspace/Sources/Degu/Application.extension.swift /Users/admin/builder/spi-builder-workspace/Sources/Degu/ApplicationProxy.swift /Users/admin/builder/spi-builder-workspace/Sources/Degu/ApplicationProxyDelegate.swift /Users/admin/builder/spi-builder-workspace/Sources/Degu/Swizzle.swift /Users/admin/builder/spi-builder-workspace/Sources/Degu/ViewController.extension.swift -target arm64-apple-watchos9.0 -Xllvm -aarch64-use-tbi -enable-objc-interop -stack-check -sdk /Applications/Xcode-27.0.0-Release.Candidate.app/Contents/Developer/Platforms/WatchOS.platform/Developer/SDKs/WatchOS27.0.sdk -I /Users/admin/builder/spi-builder-workspace/.derivedData/Build/Products/Debug-watchos -Isystem /Applications/Xcode-27.0.0-Release.Candidate.app/Contents/Developer/Platforms/WatchOS.platform/Developer/usr/lib -F /Users/admin/builder/spi-builder-workspace/.derivedData/Build/Products/Debug-watchos -F /Applications/Xcode-27.0.0-Release.Candidate.app/Contents/Developer/Platforms/WatchOS.platform/Developer/Library/Frameworks -F /Applications/Xcode-27.0.0-Release.Candidate.app/Contents/Developer/Platforms/WatchOS.platform/Developer/SDKs/WatchOS27.0.sdk/Developer/Library/Frameworks -module-cache-path /Users/admin/builder/spi-builder-workspace/.derivedData/ModuleCache.noindex -no-color-diagnostics -Xcc -fno-color-diagnostics -enable-testing -g -debug-info-format\=dwarf -dwarf-version\=4 -swift-version 4 -Onone -D SWIFT_PACKAGE -D DEBUG -D SWIFT_MODULE_RESOURCE_BUNDLE_UNAVAILABLE -D Xcode -serialize-debugging-options -enable-experimental-feature DebugDescriptionMacro -empty-abi-descriptor -plugin-path /Applications/Xcode-27.0.0-Release.Candidate.app/Contents/Developer/Toolchains/XcodeDefault.xctoolchain/usr/lib/swift/host/plugins/testing -validate-clang-modules-once -clang-build-session-file /Users/admin/builder/spi-builder-workspace/.derivedData/ModuleCache.noindex/Session.modulevalidation -Xcc -working-directory -Xcc /Users/admin/builder/spi-builder-workspace/.swiftpm/xcode -enable-anonymous-context-mangled-names -file-compilation-dir /Users/admin/builder/spi-builder-workspace/.swiftpm/xcode -Xcc -D_LIBCPP_HARDENING_MODE\=_LIBCPP_HARDENING_MODE_DEBUG -Xcc -ivfsstatcache -Xcc /Users/admin/builder/spi-builder-workspace/.derivedData/SDKStatCaches.noindex/watchos27.0-24R360-e829b21a6f8c9b70876ba0858053c04477534ef55a1706bf4c1112bbb242f0a2.sdkstatcache -Xcc -fmodules-prune-interval\=86400 -Xcc -fmodules-prune-after\=345600 -Xcc -I/Users/admin/builder/spi-builder-workspace/.derivedData/Build/Products/Debug-watchos/include -Xcc -I/Users/admin/builder/spi-builder-workspace/.derivedData/Build/Intermediates.noindex/Degu.build/Debug-watchos/Degu-t.build/DerivedSources-normal/arm64 -Xcc -I/Users/admin/builder/spi-builder-workspace/.derivedData/Build/Intermediates.noindex/Degu.build/Debug-watchos/Degu-t.build/DerivedSources/arm64 -Xcc -I/Users/admin/builder/spi-builder-workspace/.derivedData/Build/Intermediates.noindex/Degu.build/Debug-watchos/Degu-t.build/DerivedSources -Xcc -DSWIFT_PACKAGE -Xcc -DDEBUG\=1 -no-auto-bridging-header-chaining -module-name Degu -const-gather-protocols-file /Users/admin/builder/spi-builder-workspace/.derivedData/Build/Intermediates.noindex/Degu.build/Debug-watchos/Degu-t.build/Objects-normal/arm64/Degu_const_extract_protocols.json -disable-clang-spi -target-sdk-version 27.0 -target-sdk-name watchos27.0 -external-plugin-path /Applications/Xcode-27.0.0-Release.Candidate.app/Contents/Developer/Platforms/WatchOS.platform/Developer/usr/lib/swift/host/plugins\#/Applications/Xcode-27.0.0-Release.Candidate.app/Contents/Developer/Platforms/WatchOS.platform/Developer/usr/bin/swift-plugin-server -external-plugin-path /Applications/Xcode-27.0.0-Release.Candidate.app/Contents/Developer/Platforms/WatchOS.platform/Developer/usr/local/lib/swift/host/plugins\#/Applications/Xcode-27.0.0-Release.Candidate.app/Contents/Developer/Platforms/WatchOS.platform/Developer/usr/bin/swift-plugin-server -in-process-plugin-server-path /Applications/Xcode-27.0.0-Release.Candidate.app/Contents/Developer/Toolchains/XcodeDefault.xctoolchain/usr/lib/swift/host/libSwiftInProcPluginServer.dylib -plugin-path /Applications/Xcode-27.0.0-Release.Candidate.app/Contents/Developer/Toolchains/XcodeDefault.xctoolchain/usr/lib/swift/host/plugins -plugin-path /Applications/Xcode-27.0.0-Release.Candidate.app/Contents/Developer/Toolchains/XcodeDefault.xctoolchain/usr/local/lib/swift/host/plugins -emit-module-doc-path /Users/admin/builder/spi-builder-workspace/.derivedData/Build/Intermediates.noindex/Degu.build/Debug-watchos/Degu-t.build/Objects-normal/arm64/Degu.swiftdoc -emit-module-source-info-path /Users/admin/builder/spi-builder-workspace/.derivedData/Build/Intermediates.noindex/Degu.build/Debug-watchos/Degu-t.build/Objects-normal/arm64/Degu.swiftsourceinfo -emit-objc-header-path /Users/admin/builder/spi-builder-workspace/.derivedData/Build/Intermediates.noindex/Degu.build/Debug-watchos/Degu-t.build/Objects-normal/arm64/Degu-Swift.h -serialize-diagnostics-path /Users/admin/builder/spi-builder-workspace/.derivedData/Build/Intermediates.noindex/Degu.build/Debug-watchos/Degu-t.build/Objects-normal/arm64/Degu-primary-emit-module.dia -emit-dependencies-path /Users/admin/builder/spi-builder-workspace/.derivedData/Build/Intermediates.noindex/Degu.build/Debug-watchos/Degu-t.build/Objects-normal/arm64/Degu-primary-emit-module.d -parse-as-library -o /Users/admin/builder/spi-builder-workspace/.derivedData/Build/Intermediates.noindex/Degu.build/Debug-watchos/Degu-t.build/Objects-normal/arm64/Degu.swiftmodule -emit-abi-descriptor-path /Users/admin/builder/spi-builder-workspace/.derivedData/Build/Intermediates.noindex/Degu.build/Debug-watchos/Degu-t.build/Objects-normal/arm64/Degu.abi.json
SwiftCompile normal arm64 (in target 'Degu' from project 'Degu')
    cd /Users/admin/builder/spi-builder-workspace/.swiftpm/xcode

SwiftEmitModule normal arm64_32 Emitting\ module\ for\ Degu (in target 'Degu' from project 'Degu')
SwiftCompile normal arm64_32 (in target 'Degu' from project 'Degu')
    cd /Users/admin/builder/spi-builder-workspace/.swiftpm/xcode

SwiftCompile normal arm64_32 Compiling\ Application.extension.swift /Users/admin/builder/spi-builder-workspace/Sources/Degu/Application.extension.swift (in target 'Degu' from project 'Degu')
/Users/admin/builder/spi-builder-workspace/Sources/Degu/Application.extension.swift:16:13: error: cannot find 'DeguApplication' in scope
14 |
15 | let _onceSwizzlingForApplication: () = {
16 |     swizzle(DeguApplication.self,
   |             `- error: cannot find 'DeguApplication' in scope
17 |             from: #selector(DeguApplication.sendEvent(_:)),
18 |             to: #selector(DeguApplication._swizzled_sendEvent(_:)))
/Users/admin/builder/spi-builder-workspace/Sources/Degu/Application.extension.swift:17:29: error: cannot find 'DeguApplication' in scope
15 | let _onceSwizzlingForApplication: () = {
16 |     swizzle(DeguApplication.self,
17 |             from: #selector(DeguApplication.sendEvent(_:)),
   |                             `- error: cannot find 'DeguApplication' in scope
18 |             to: #selector(DeguApplication._swizzled_sendEvent(_:)))
19 |     #if os(iOS) || os(tvOS)
/Users/admin/builder/spi-builder-workspace/Sources/Degu/Application.extension.swift:18:27: error: cannot find 'DeguApplication' in scope
16 |     swizzle(DeguApplication.self,
17 |             from: #selector(DeguApplication.sendEvent(_:)),
18 |             to: #selector(DeguApplication._swizzled_sendEvent(_:)))
   |                           `- error: cannot find 'DeguApplication' in scope
19 |     #if os(iOS) || os(tvOS)
20 |         swizzle(UIApplication.self,
SwiftCompile normal arm64_32 /Users/admin/builder/spi-builder-workspace/Sources/Degu/Application.extension.swift (in target 'Degu' from project 'Degu')
    cd /Users/admin/builder/spi-builder-workspace/.swiftpm/xcode
    builtin-SwiftPerFileCompile Application.extension.swift
SwiftCompile normal arm64 Compiling\ Application.extension.swift /Users/admin/builder/spi-builder-workspace/Sources/Degu/Application.extension.swift (in target 'Degu' from project 'Degu')
/Users/admin/builder/spi-builder-workspace/Sources/Degu/Application.extension.swift:16:13: error: cannot find 'DeguApplication' in scope
14 |
15 | let _onceSwizzlingForApplication: () = {
16 |     swizzle(DeguApplication.self,
   |             `- error: cannot find 'DeguApplication' in scope
17 |             from: #selector(DeguApplication.sendEvent(_:)),
18 |             to: #selector(DeguApplication._swizzled_sendEvent(_:)))
/Users/admin/builder/spi-builder-workspace/Sources/Degu/Application.extension.swift:17:29: error: cannot find 'DeguApplication' in scope
15 | let _onceSwizzlingForApplication: () = {
16 |     swizzle(DeguApplication.self,
17 |             from: #selector(DeguApplication.sendEvent(_:)),
   |                             `- error: cannot find 'DeguApplication' in scope
18 |             to: #selector(DeguApplication._swizzled_sendEvent(_:)))
19 |     #if os(iOS) || os(tvOS)
/Users/admin/builder/spi-builder-workspace/Sources/Degu/Application.extension.swift:18:27: error: cannot find 'DeguApplication' in scope
16 |     swizzle(DeguApplication.self,
17 |             from: #selector(DeguApplication.sendEvent(_:)),
18 |             to: #selector(DeguApplication._swizzled_sendEvent(_:)))
   |                           `- error: cannot find 'DeguApplication' in scope
19 |     #if os(iOS) || os(tvOS)
20 |         swizzle(UIApplication.self,
SwiftCompile normal arm64 /Users/admin/builder/spi-builder-workspace/Sources/Degu/Application.extension.swift (in target 'Degu' from project 'Degu')
    cd /Users/admin/builder/spi-builder-workspace/.swiftpm/xcode
    builtin-SwiftPerFileCompile Application.extension.swift
SwiftCompile normal arm64_32 Compiling\ ViewController.extension.swift /Users/admin/builder/spi-builder-workspace/Sources/Degu/ViewController.extension.swift (in target 'Degu' from project 'Degu')
SwiftCompile normal arm64_32 /Users/admin/builder/spi-builder-workspace/Sources/Degu/ViewController.extension.swift (in target 'Degu' from project 'Degu')
    cd /Users/admin/builder/spi-builder-workspace/.swiftpm/xcode
    builtin-SwiftPerFileCompile ViewController.extension.swift
/Users/admin/builder/spi-builder-workspace/Sources/Degu/ViewController.extension.swift:33:13: error: cannot find 'DeguViewController' in scope
 31 |
 32 | let _onceSwizzlingForViewController: () = {
 33 |     swizzle(DeguViewController.self,
    |             `- error: cannot find 'DeguViewController' in scope
 34 |             from: #selector(DeguViewController.viewDidLoad),
 35 |             to: #selector(DeguViewController._swizzled_viewDidLoad))
/Users/admin/builder/spi-builder-workspace/Sources/Degu/ViewController.extension.swift:34:29: error: cannot find 'DeguViewController' in scope
 32 | let _onceSwizzlingForViewController: () = {
 33 |     swizzle(DeguViewController.self,
 34 |             from: #selector(DeguViewController.viewDidLoad),
    |                             `- error: cannot find 'DeguViewController' in scope
 35 |             to: #selector(DeguViewController._swizzled_viewDidLoad))
 36 |
/Users/admin/builder/spi-builder-workspace/Sources/Degu/ViewController.extension.swift:35:27: error: cannot find 'DeguViewController' in scope
 33 |     swizzle(DeguViewController.self,
 34 |             from: #selector(DeguViewController.viewDidLoad),
 35 |             to: #selector(DeguViewController._swizzled_viewDidLoad))
    |                           `- error: cannot find 'DeguViewController' in scope
 36 |
 37 |     #if os(iOS) || os(tvOS)
SwiftCompile normal arm64_32 Compiling\ Swizzle.swift /Users/admin/builder/spi-builder-workspace/Sources/Degu/Swizzle.swift (in target 'Degu' from project 'Degu')
SwiftCompile normal arm64_32 /Users/admin/builder/spi-builder-workspace/Sources/Degu/Swizzle.swift (in target 'Degu' from project 'Degu')
    cd /Users/admin/builder/spi-builder-workspace/.swiftpm/xcode
    builtin-SwiftPerFileCompile Swizzle.swift
SwiftCompile normal arm64_32 Compiling\ ApplicationProxy.swift /Users/admin/builder/spi-builder-workspace/Sources/Degu/ApplicationProxy.swift (in target 'Degu' from project 'Degu')
SwiftCompile normal arm64_32 /Users/admin/builder/spi-builder-workspace/Sources/Degu/ApplicationProxy.swift (in target 'Degu' from project 'Degu')
    cd /Users/admin/builder/spi-builder-workspace/.swiftpm/xcode
    builtin-SwiftPerFileCompile ApplicationProxy.swift
SwiftCompile normal arm64_32 Compiling\ ApplicationProxyDelegate.swift /Users/admin/builder/spi-builder-workspace/Sources/Degu/ApplicationProxyDelegate.swift (in target 'Degu' from project 'Degu')
/Users/admin/builder/spi-builder-workspace/Sources/Degu/ApplicationProxyDelegate.swift:15:74: error: cannot find type 'DeguEvent' in scope
13 |     ///
14 |     /// - SeeAlso: UIApplication.sendEvent(_:)
15 |     func applicationProxy(_ proxy: ApplicationProxy, didSendEvent event: DeguEvent)
   |                                                                          `- error: cannot find type 'DeguEvent' in scope
16 |
17 |     #if os(iOS) || os(tvOS)
/Users/admin/builder/spi-builder-workspace/Sources/Degu/ApplicationProxyDelegate.swift:30:140: error: cannot find type 'DeguViewController' in scope
28 |
29 |     /// Receive viewController when its life cycle called.
30 |     func applicationProxy(_ proxy: ApplicationProxy, didCallLifeCycle lifeCycle: ViewControllerLifeCycle, ofViewController viewController: DeguViewController)
   |                                                                                                                                            `- error: cannot find type 'DeguViewController' in scope
31 | }
32 |
/Users/admin/builder/spi-builder-workspace/Sources/Degu/ApplicationProxyDelegate.swift:35:81: error: cannot find type 'DeguEvent' in scope
33 | /// Default implementations to make them Optional.
34 | extension ApplicationProxyDelegate {
35 |     public func applicationProxy(_ proxy: ApplicationProxy, didSendEvent event: DeguEvent) {}
   |                                                                                 `- error: cannot find type 'DeguEvent' in scope
36 |     #if os(iOS) || os(tvOS)
37 |         public func applicationProxy(_ proxy: ApplicationProxy, didSendAction action: Selector, to target: Any?, from sender: Any?, for event: DeguEvent?) {}
SwiftCompile normal arm64_32 /Users/admin/builder/spi-builder-workspace/Sources/Degu/ApplicationProxyDelegate.swift (in target 'Degu' from project 'Degu')
    cd /Users/admin/builder/spi-builder-workspace/.swiftpm/xcode
    builtin-SwiftPerFileCompile ApplicationProxyDelegate.swift
PrecompileModule /Users/admin/builder/spi-builder-workspace/.derivedData/Build/Intermediates.noindex/ExplicitPrecompiledModules/_Builtin_stdbool-D649XUGWO01K5689JO4R7ZWD.scan
    cd /
    builtin-precompileModule /Users/admin/builder/spi-builder-workspace/.derivedData/Build/Intermediates.noindex/ExplicitPrecompiledModules/_Builtin_stdbool-D649XUGWO01K5689JO4R7ZWD.scan
PruneExplicitPrecompiledModules /Users/admin/builder/spi-builder-workspace/.derivedData/SDKExplicitPrecompiledModules
PruneExplicitPrecompiledModules /Users/admin/builder/spi-builder-workspace/.derivedData/Build/Intermediates.noindex/ExplicitPrecompiledModules
PruneExplicitPrecompiledModules /Users/admin/builder/spi-builder-workspace/.derivedData/Build/Intermediates.noindex/SwiftExplicitPrecompiledModules
2026-09-16 10:56:21.569 xcodebuild[623:3994] [MT] IDERunDestination: Supported platforms for the buildables in the current scheme is empty.
** BUILD FAILED **
The following build commands failed:
	SwiftEmitModule normal arm64 Emitting\ module\ for\ Degu (in target 'Degu' from project 'Degu')
	SwiftCompile normal arm64 (in target 'Degu' from project 'Degu')
	Building workspace Degu with scheme Degu
(3 failures)
Command line invocation:
    /Applications/Xcode-27.0.0-Release.Candidate.app/Contents/Developer/usr/bin/xcodebuild -IDEClonedSourcePackagesDirPathOverride=/Users/admin/builder/spi-builder-workspace/.dependencies -resolvePackageDependencies
Resolve Package Graph
Resolved source packages:
  Degu: /Users/admin/builder/spi-builder-workspace
resolved source packages: Degu
2026-09-16 10:56:25.127 xcodebuild[657:4238] [MT] IDERunDestination: Supported platforms for the buildables in the current scheme is empty.
{
  "dependencies" : [
  ],
  "manifest_display_name" : "Degu",
  "name" : "Degu",
  "path" : "/Users/admin/builder/spi-builder-workspace",
  "platforms" : [
  ],
  "products" : [
    {
      "name" : "Degu",
      "targets" : [
        "Degu",
        "RuntimeHandler"
      ],
      "type" : {
        "library" : [
          "automatic"
        ]
      }
    }
  ],
  "targets" : [
    {
      "c99name" : "RuntimeHandler",
      "module_type" : "ClangTarget",
      "name" : "RuntimeHandler",
      "path" : "Sources/RuntimeHandler",
      "product_memberships" : [
        "Degu"
      ],
      "sources" : [
        "RuntimeHandler.m"
      ],
      "type" : "library"
    },
    {
      "c99name" : "Degu",
      "module_type" : "SwiftTarget",
      "name" : "Degu",
      "path" : "Sources/Degu",
      "product_memberships" : [
        "Degu"
      ],
      "sources" : [
        "Application.extension.swift",
        "ApplicationProxy.swift",
        "ApplicationProxyDelegate.swift",
        "Swizzle.swift",
        "ViewController.extension.swift"
      ],
      "type" : "library"
    }
  ],
  "tools_version" : "4.0"
}
{
  "workspace" : {
    "name" : "Degu",
    "schemes" : [
      "Degu"
    ]
  }
}
2026-09-16 10:56:26.492 xcodebuild[685:4474] [MT] IDERunDestination: Supported platforms for the buildables in the current scheme is empty.
Running build ...
env DEVELOPER_DIR=/Applications/Xcode-27.0.0-Release.Candidate.app xcrun xcodebuild -IDEClonedSourcePackagesDirPathOverride=$PWD/.dependencies -skipMacroValidation -skipPackagePluginValidation -derivedDataPath $PWD/.derivedData build -scheme Degu -destination generic/platform=watchOS
Command line invocation:
    /Applications/Xcode-27.0.0-Release.Candidate.app/Contents/Developer/usr/bin/xcodebuild -IDEClonedSourcePackagesDirPathOverride=/Users/admin/builder/spi-builder-workspace/.dependencies -skipMacroValidation -skipPackagePluginValidation -derivedDataPath /Users/admin/builder/spi-builder-workspace/.derivedData build -scheme Degu -destination generic/platform=watchOS
Resolve Package Graph
Resolved source packages:
  Degu: /Users/admin/builder/spi-builder-workspace
ComputePackagePrebuildTargetDependencyGraph
Prepare packages
CreateBuildRequest
SendProjectDescription
CreateBuildOperation
ComputeTargetDependencyGraph
note: Building targets in dependency order
note: Target dependency graph (3 targets)
    Target 'Degu-product' in project 'Degu'
        ➜ Explicit dependency on target 'Degu' in project 'Degu'
        ➜ Explicit dependency on target 'RuntimeHandler' in project 'Degu'
    Target 'RuntimeHandler' in project 'Degu' (no dependencies)
    Target 'Degu' in project 'Degu' (no dependencies)
GatherProvisioningInputs
CreateBuildDescription
ClangStatCache /Applications/Xcode-27.0.0-Release.Candidate.app/Contents/Developer/Toolchains/XcodeDefault.xctoolchain/usr/bin/clang-stat-cache /Applications/Xcode-27.0.0-Release.Candidate.app/Contents/Developer/Platforms/WatchOS.platform/Developer/SDKs/WatchOS27.0.sdk /Users/admin/builder/spi-builder-workspace/.derivedData/SDKStatCaches.noindex/watchos27.0-24R360-e829b21a6f8c9b70876ba0858053c04477534ef55a1706bf4c1112bbb242f0a2.sdkstatcache
    cd /Users/admin/builder/spi-builder-workspace/.swiftpm/xcode
    /Applications/Xcode-27.0.0-Release.Candidate.app/Contents/Developer/Toolchains/XcodeDefault.xctoolchain/usr/bin/clang-stat-cache /Applications/Xcode-27.0.0-Release.Candidate.app/Contents/Developer/Platforms/WatchOS.platform/Developer/SDKs/WatchOS27.0.sdk -o /Users/admin/builder/spi-builder-workspace/.derivedData/SDKStatCaches.noindex/watchos27.0-24R360-e829b21a6f8c9b70876ba0858053c04477534ef55a1706bf4c1112bbb242f0a2.sdkstatcache
SwiftDriver Degu normal arm64 com.apple.xcode.tools.swift.compiler (in target 'Degu' from project 'Degu')
    cd /Users/admin/builder/spi-builder-workspace/.swiftpm/xcode
    builtin-SwiftDriver -- /Applications/Xcode-27.0.0-Release.Candidate.app/Contents/Developer/Toolchains/XcodeDefault.xctoolchain/usr/bin/swiftc -parse-as-library -module-name Degu -Onone @/Users/admin/builder/spi-builder-workspace/.derivedData/Build/Intermediates.noindex/Degu.build/Debug-watchos/Degu-t.build/Objects-normal/arm64/Degu.SwiftFileList -DSWIFT_PACKAGE -DDEBUG -DSWIFT_MODULE_RESOURCE_BUNDLE_UNAVAILABLE -DXcode -plugin-path /Applications/Xcode-27.0.0-Release.Candidate.app/Contents/Developer/Toolchains/XcodeDefault.xctoolchain/usr/lib/swift/host/plugins/testing -enable-experimental-feature DebugDescriptionMacro -sdk /Applications/Xcode-27.0.0-Release.Candidate.app/Contents/Developer/Platforms/WatchOS.platform/Developer/SDKs/WatchOS27.0.sdk -target arm64-apple-watchos9.0 -g -module-cache-path /Users/admin/builder/spi-builder-workspace/.derivedData/ModuleCache.noindex -Xfrontend -serialize-debugging-options -enable-testing -index-store-path /Users/admin/builder/spi-builder-workspace/.derivedData/Index.noindex/DataStore -Xcc -D_LIBCPP_HARDENING_MODE\=_LIBCPP_HARDENING_MODE_DEBUG -swift-version 4 -I /Users/admin/builder/spi-builder-workspace/.derivedData/Build/Products/Debug-watchos -Isystem /Applications/Xcode-27.0.0-Release.Candidate.app/Contents/Developer/Platforms/WatchOS.platform/Developer/usr/lib -F /Users/admin/builder/spi-builder-workspace/.derivedData/Build/Products/Debug-watchos -F /Applications/Xcode-27.0.0-Release.Candidate.app/Contents/Developer/Platforms/WatchOS.platform/Developer/Library/Frameworks -F /Applications/Xcode-27.0.0-Release.Candidate.app/Contents/Developer/Platforms/WatchOS.platform/Developer/SDKs/WatchOS27.0.sdk/Developer/Library/Frameworks -c -j10 -enable-batch-mode -incremental -Xcc -ivfsstatcache -Xcc /Users/admin/builder/spi-builder-workspace/.derivedData/SDKStatCaches.noindex/watchos27.0-24R360-e829b21a6f8c9b70876ba0858053c04477534ef55a1706bf4c1112bbb242f0a2.sdkstatcache -output-file-map /Users/admin/builder/spi-builder-workspace/.derivedData/Build/Intermediates.noindex/Degu.build/Debug-watchos/Degu-t.build/Objects-normal/arm64/Degu-OutputFileMap.json -save-temps -no-color-diagnostics -emit-dependencies -emit-module -emit-module-path /Users/admin/builder/spi-builder-workspace/.derivedData/Build/Intermediates.noindex/Degu.build/Debug-watchos/Degu-t.build/Objects-normal/arm64/Degu.swiftmodule -serialize-diagnostics -validate-clang-modules-once -clang-build-session-file /Users/admin/builder/spi-builder-workspace/.derivedData/ModuleCache.noindex/Session.modulevalidation -Xcc -fmodules-prune-interval\=86400 -Xcc -fmodules-prune-after\=345600 -emit-const-values -const-gather-protocols-list /Users/admin/builder/spi-builder-workspace/.derivedData/Build/Intermediates.noindex/Degu.build/Debug-watchos/Degu-t.build/Objects-normal/arm64/Degu_const_extract_protocols.json -Xcc -I/Users/admin/builder/spi-builder-workspace/.derivedData/Build/Products/Debug-watchos/include -Xcc -I/Users/admin/builder/spi-builder-workspace/.derivedData/Build/Intermediates.noindex/Degu.build/Debug-watchos/Degu-t.build/DerivedSources-normal/arm64 -Xcc -I/Users/admin/builder/spi-builder-workspace/.derivedData/Build/Intermediates.noindex/Degu.build/Debug-watchos/Degu-t.build/DerivedSources/arm64 -Xcc -I/Users/admin/builder/spi-builder-workspace/.derivedData/Build/Intermediates.noindex/Degu.build/Debug-watchos/Degu-t.build/DerivedSources -Xcc -DSWIFT_PACKAGE -Xcc -DDEBUG\=1 -emit-objc-header -emit-objc-header-path /Users/admin/builder/spi-builder-workspace/.derivedData/Build/Intermediates.noindex/Degu.build/Debug-watchos/Degu-t.build/Objects-normal/arm64/Degu-Swift.h -working-directory /Users/admin/builder/spi-builder-workspace/.swiftpm/xcode -experimental-emit-module-separately -disable-cmo
SwiftDriver Degu normal arm64_32 com.apple.xcode.tools.swift.compiler (in target 'Degu' from project 'Degu')
    cd /Users/admin/builder/spi-builder-workspace/.swiftpm/xcode
    builtin-SwiftDriver -- /Applications/Xcode-27.0.0-Release.Candidate.app/Contents/Developer/Toolchains/XcodeDefault.xctoolchain/usr/bin/swiftc -parse-as-library -module-name Degu -Onone @/Users/admin/builder/spi-builder-workspace/.derivedData/Build/Intermediates.noindex/Degu.build/Debug-watchos/Degu-t.build/Objects-normal/arm64_32/Degu.SwiftFileList -DSWIFT_PACKAGE -DDEBUG -DSWIFT_MODULE_RESOURCE_BUNDLE_UNAVAILABLE -DXcode -plugin-path /Applications/Xcode-27.0.0-Release.Candidate.app/Contents/Developer/Toolchains/XcodeDefault.xctoolchain/usr/lib/swift/host/plugins/testing -enable-experimental-feature DebugDescriptionMacro -sdk /Applications/Xcode-27.0.0-Release.Candidate.app/Contents/Developer/Platforms/WatchOS.platform/Developer/SDKs/WatchOS27.0.sdk -target arm64_32-apple-watchos9.0 -g -module-cache-path /Users/admin/builder/spi-builder-workspace/.derivedData/ModuleCache.noindex -Xfrontend -serialize-debugging-options -enable-testing -index-store-path /Users/admin/builder/spi-builder-workspace/.derivedData/Index.noindex/DataStore -Xcc -D_LIBCPP_HARDENING_MODE\=_LIBCPP_HARDENING_MODE_DEBUG -swift-version 4 -I /Users/admin/builder/spi-builder-workspace/.derivedData/Build/Products/Debug-watchos -Isystem /Applications/Xcode-27.0.0-Release.Candidate.app/Contents/Developer/Platforms/WatchOS.platform/Developer/usr/lib -F /Users/admin/builder/spi-builder-workspace/.derivedData/Build/Products/Debug-watchos -F /Applications/Xcode-27.0.0-Release.Candidate.app/Contents/Developer/Platforms/WatchOS.platform/Developer/Library/Frameworks -F /Applications/Xcode-27.0.0-Release.Candidate.app/Contents/Developer/Platforms/WatchOS.platform/Developer/SDKs/WatchOS27.0.sdk/Developer/Library/Frameworks -c -j10 -enable-batch-mode -incremental -Xcc -ivfsstatcache -Xcc /Users/admin/builder/spi-builder-workspace/.derivedData/SDKStatCaches.noindex/watchos27.0-24R360-e829b21a6f8c9b70876ba0858053c04477534ef55a1706bf4c1112bbb242f0a2.sdkstatcache -output-file-map /Users/admin/builder/spi-builder-workspace/.derivedData/Build/Intermediates.noindex/Degu.build/Debug-watchos/Degu-t.build/Objects-normal/arm64_32/Degu-OutputFileMap.json -save-temps -no-color-diagnostics -emit-dependencies -emit-module -emit-module-path /Users/admin/builder/spi-builder-workspace/.derivedData/Build/Intermediates.noindex/Degu.build/Debug-watchos/Degu-t.build/Objects-normal/arm64_32/Degu.swiftmodule -serialize-diagnostics -validate-clang-modules-once -clang-build-session-file /Users/admin/builder/spi-builder-workspace/.derivedData/ModuleCache.noindex/Session.modulevalidation -Xcc -fmodules-prune-interval\=86400 -Xcc -fmodules-prune-after\=345600 -emit-const-values -const-gather-protocols-list /Users/admin/builder/spi-builder-workspace/.derivedData/Build/Intermediates.noindex/Degu.build/Debug-watchos/Degu-t.build/Objects-normal/arm64_32/Degu_const_extract_protocols.json -Xcc -I/Users/admin/builder/spi-builder-workspace/.derivedData/Build/Products/Debug-watchos/include -Xcc -I/Users/admin/builder/spi-builder-workspace/.derivedData/Build/Intermediates.noindex/Degu.build/Debug-watchos/Degu-t.build/DerivedSources-normal/arm64_32 -Xcc -I/Users/admin/builder/spi-builder-workspace/.derivedData/Build/Intermediates.noindex/Degu.build/Debug-watchos/Degu-t.build/DerivedSources/arm64_32 -Xcc -I/Users/admin/builder/spi-builder-workspace/.derivedData/Build/Intermediates.noindex/Degu.build/Debug-watchos/Degu-t.build/DerivedSources -Xcc -DSWIFT_PACKAGE -Xcc -DDEBUG\=1 -emit-objc-header -emit-objc-header-path /Users/admin/builder/spi-builder-workspace/.derivedData/Build/Intermediates.noindex/Degu.build/Debug-watchos/Degu-t.build/Objects-normal/arm64_32/Degu-Swift.h -working-directory /Users/admin/builder/spi-builder-workspace/.swiftpm/xcode -experimental-emit-module-separately -disable-cmo
PrecompileModule /Users/admin/builder/spi-builder-workspace/.derivedData/Build/Intermediates.noindex/ExplicitPrecompiledModules/_AvailabilityInternal-F2MS55NAO9CMZ3AVZNRYLS1D4.scan
    cd /
    builtin-precompileModule /Users/admin/builder/spi-builder-workspace/.derivedData/Build/Intermediates.noindex/ExplicitPrecompiledModules/_AvailabilityInternal-F2MS55NAO9CMZ3AVZNRYLS1D4.scan
PrecompileModule /Users/admin/builder/spi-builder-workspace/.derivedData/Build/Intermediates.noindex/ExplicitPrecompiledModules/_Builtin_stdbool-D649XUGWO01K5689JO4R7ZWD.scan
    cd /
    builtin-precompileModule /Users/admin/builder/spi-builder-workspace/.derivedData/Build/Intermediates.noindex/ExplicitPrecompiledModules/_Builtin_stdbool-D649XUGWO01K5689JO4R7ZWD.scan
PrecompileModule /Users/admin/builder/spi-builder-workspace/.derivedData/Build/Intermediates.noindex/ExplicitPrecompiledModules/_Builtin_stdarg-4MZ7X921MGI76KM9104X5ZTY5.scan
    cd /
    builtin-precompileModule /Users/admin/builder/spi-builder-workspace/.derivedData/Build/Intermediates.noindex/ExplicitPrecompiledModules/_Builtin_stdarg-4MZ7X921MGI76KM9104X5ZTY5.scan
PrecompileModule /Users/admin/builder/spi-builder-workspace/.derivedData/Build/Intermediates.noindex/ExplicitPrecompiledModules/ptrcheck-E2AUDIQM0FG3Y89VVI0OEFMSZ.scan
    cd /
    builtin-precompileModule /Users/admin/builder/spi-builder-workspace/.derivedData/Build/Intermediates.noindex/ExplicitPrecompiledModules/ptrcheck-E2AUDIQM0FG3Y89VVI0OEFMSZ.scan
PrecompileModule /Users/admin/builder/spi-builder-workspace/.derivedData/Build/Intermediates.noindex/ExplicitPrecompiledModules/_Builtin_float-CCWMVN9GZ6Z3P4COSWVDOODTI.scan
    cd /
    builtin-precompileModule /Users/admin/builder/spi-builder-workspace/.derivedData/Build/Intermediates.noindex/ExplicitPrecompiledModules/_Builtin_float-CCWMVN9GZ6Z3P4COSWVDOODTI.scan
PrecompileModule /Users/admin/builder/spi-builder-workspace/.derivedData/Build/Intermediates.noindex/ExplicitPrecompiledModules/_AvailabilityInternal-EK48HVPNFCFZC3TDC1FUBXWTV.scan
    cd /
    builtin-precompileModule /Users/admin/builder/spi-builder-workspace/.derivedData/Build/Intermediates.noindex/ExplicitPrecompiledModules/_AvailabilityInternal-EK48HVPNFCFZC3TDC1FUBXWTV.scan
PrecompileModule /Users/admin/builder/spi-builder-workspace/.derivedData/Build/Intermediates.noindex/ExplicitPrecompiledModules/ptrcheck-7H4W0FD4QB5LOSDAQ0JT6XPBR.scan
    cd /
    builtin-precompileModule /Users/admin/builder/spi-builder-workspace/.derivedData/Build/Intermediates.noindex/ExplicitPrecompiledModules/ptrcheck-7H4W0FD4QB5LOSDAQ0JT6XPBR.scan
PrecompileModule /Users/admin/builder/spi-builder-workspace/.derivedData/Build/Intermediates.noindex/ExplicitPrecompiledModules/_Builtin_stdbool-67QHX3B3E2KT005CTP2E5XFYO.scan
    cd /
    builtin-precompileModule /Users/admin/builder/spi-builder-workspace/.derivedData/Build/Intermediates.noindex/ExplicitPrecompiledModules/_Builtin_stdbool-67QHX3B3E2KT005CTP2E5XFYO.scan
PrecompileModule /Users/admin/builder/spi-builder-workspace/.derivedData/Build/Intermediates.noindex/ExplicitPrecompiledModules/ptrauth-1HI3M7Y8CG64GXYI94WXBS30H.scan
    cd /
    builtin-precompileModule /Users/admin/builder/spi-builder-workspace/.derivedData/Build/Intermediates.noindex/ExplicitPrecompiledModules/ptrauth-1HI3M7Y8CG64GXYI94WXBS30H.scan
PrecompileModule /Users/admin/builder/spi-builder-workspace/.derivedData/Build/Intermediates.noindex/ExplicitPrecompiledModules/_Builtin_stddef-2IDNA9GZ4JK5P9H4GYVGS6BEP.scan
    cd /
    builtin-precompileModule /Users/admin/builder/spi-builder-workspace/.derivedData/Build/Intermediates.noindex/ExplicitPrecompiledModules/_Builtin_stddef-2IDNA9GZ4JK5P9H4GYVGS6BEP.scan
SwiftEmitModule normal arm64 Emitting\ module\ for\ Degu (in target 'Degu' from project 'Degu')
/Users/admin/builder/spi-builder-workspace/Sources/Degu/Application.extension.swift:16:13: error: cannot find 'DeguApplication' in scope
14 |
15 | let _onceSwizzlingForApplication: () = {
16 |     swizzle(DeguApplication.self,
   |             `- error: cannot find 'DeguApplication' in scope
17 |             from: #selector(DeguApplication.sendEvent(_:)),
18 |             to: #selector(DeguApplication._swizzled_sendEvent(_:)))
/Users/admin/builder/spi-builder-workspace/Sources/Degu/Application.extension.swift:17:29: error: cannot find 'DeguApplication' in scope
15 | let _onceSwizzlingForApplication: () = {
16 |     swizzle(DeguApplication.self,
17 |             from: #selector(DeguApplication.sendEvent(_:)),
   |                             `- error: cannot find 'DeguApplication' in scope
18 |             to: #selector(DeguApplication._swizzled_sendEvent(_:)))
19 |     #if os(iOS) || os(tvOS)
/Users/admin/builder/spi-builder-workspace/Sources/Degu/Application.extension.swift:18:27: error: cannot find 'DeguApplication' in scope
16 |     swizzle(DeguApplication.self,
17 |             from: #selector(DeguApplication.sendEvent(_:)),
18 |             to: #selector(DeguApplication._swizzled_sendEvent(_:)))
   |                           `- error: cannot find 'DeguApplication' in scope
19 |     #if os(iOS) || os(tvOS)
20 |         swizzle(UIApplication.self,
/Users/admin/builder/spi-builder-workspace/Sources/Degu/Application.extension.swift:30:11: error: cannot find type 'DeguApplication' in scope
28 | }()
29 |
30 | extension DeguApplication {
   |           `- error: cannot find type 'DeguApplication' in scope
31 |     private var _applicationProxy: ApplicationProxy {
32 |         return .shared
/Users/admin/builder/spi-builder-workspace/Sources/Degu/ApplicationProxyDelegate.swift:15:74: error: cannot find type 'DeguEvent' in scope
13 |     ///
14 |     /// - SeeAlso: UIApplication.sendEvent(_:)
15 |     func applicationProxy(_ proxy: ApplicationProxy, didSendEvent event: DeguEvent)
   |                                                                          `- error: cannot find type 'DeguEvent' in scope
16 |
17 |     #if os(iOS) || os(tvOS)
/Users/admin/builder/spi-builder-workspace/Sources/Degu/ApplicationProxyDelegate.swift:30:140: error: cannot find type 'DeguViewController' in scope
28 |
29 |     /// Receive viewController when its life cycle called.
30 |     func applicationProxy(_ proxy: ApplicationProxy, didCallLifeCycle lifeCycle: ViewControllerLifeCycle, ofViewController viewController: DeguViewController)
   |                                                                                                                                            `- error: cannot find type 'DeguViewController' in scope
31 | }
32 |
/Users/admin/builder/spi-builder-workspace/Sources/Degu/ApplicationProxy.swift:38:32: error: cannot find type 'DeguEvent' in scope
36 |
37 | extension ApplicationProxy {
38 |     func didSendEvent(_ event: DeguEvent) {
   |                                `- error: cannot find type 'DeguEvent' in scope
39 |         delegate?.applicationProxy(self, didSendEvent: event)
40 |     }
/Users/admin/builder/spi-builder-workspace/Sources/Degu/ApplicationProxy.swift:54:84: error: cannot find type 'DeguViewController' in scope
52 |
53 | extension ApplicationProxy {
54 |     func didCallLifeCycle(_ lifeCycle: ViewControllerLifeCycle, of viewController: DeguViewController) {
   |                                                                                    `- error: cannot find type 'DeguViewController' in scope
55 |         delegate?.applicationProxy(self, didCallLifeCycle: lifeCycle, ofViewController: viewController)
56 |     }
/Users/admin/builder/spi-builder-workspace/Sources/Degu/ApplicationProxyDelegate.swift:35:81: error: cannot find type 'DeguEvent' in scope
33 | /// Default implementations to make them Optional.
34 | extension ApplicationProxyDelegate {
35 |     public func applicationProxy(_ proxy: ApplicationProxy, didSendEvent event: DeguEvent) {}
   |                                                                                 `- error: cannot find type 'DeguEvent' in scope
36 |     #if os(iOS) || os(tvOS)
37 |         public func applicationProxy(_ proxy: ApplicationProxy, didSendAction action: Selector, to target: Any?, from sender: Any?, for event: DeguEvent?) {}
/Users/admin/builder/spi-builder-workspace/Sources/Degu/ApplicationProxyDelegate.swift:41:147: error: cannot find type 'DeguViewController' in scope
39 |         public func applicationProxy(_ proxy: ApplicationProxy, didSendAction action: Selector, to target: Any?, from sender: Any?) {}
40 |     #endif
41 |     public func applicationProxy(_ proxy: ApplicationProxy, didCallLifeCycle lifeCycle: ViewControllerLifeCycle, ofViewController viewController: DeguViewController) {}
   |                                                                                                                                                   `- error: cannot find type 'DeguViewController' in scope
42 | }
43 |
/Users/admin/builder/spi-builder-workspace/Sources/Degu/ViewController.extension.swift:33:13: error: cannot find 'DeguViewController' in scope
 31 |
 32 | let _onceSwizzlingForViewController: () = {
 33 |     swizzle(DeguViewController.self,
    |             `- error: cannot find 'DeguViewController' in scope
 34 |             from: #selector(DeguViewController.viewDidLoad),
 35 |             to: #selector(DeguViewController._swizzled_viewDidLoad))
/Users/admin/builder/spi-builder-workspace/Sources/Degu/ViewController.extension.swift:34:29: error: cannot find 'DeguViewController' in scope
 32 | let _onceSwizzlingForViewController: () = {
 33 |     swizzle(DeguViewController.self,
 34 |             from: #selector(DeguViewController.viewDidLoad),
    |                             `- error: cannot find 'DeguViewController' in scope
 35 |             to: #selector(DeguViewController._swizzled_viewDidLoad))
 36 |
/Users/admin/builder/spi-builder-workspace/Sources/Degu/ViewController.extension.swift:35:27: error: cannot find 'DeguViewController' in scope
 33 |     swizzle(DeguViewController.self,
 34 |             from: #selector(DeguViewController.viewDidLoad),
 35 |             to: #selector(DeguViewController._swizzled_viewDidLoad))
    |                           `- error: cannot find 'DeguViewController' in scope
 36 |
 37 |     #if os(iOS) || os(tvOS)
/Users/admin/builder/spi-builder-workspace/Sources/Degu/ViewController.extension.swift:88:11: error: cannot find type 'DeguViewController' in scope
 86 | }()
 87 |
 88 | extension DeguViewController {
    |           `- error: cannot find type 'DeguViewController' in scope
 89 |     private var _applicationProxy: ApplicationProxy {
 90 |         return .shared
Failed frontend command:
SwiftCompile normal arm64 (in target 'Degu' from project 'Degu')
    cd /Users/admin/builder/spi-builder-workspace/.swiftpm/xcode

/Applications/Xcode-27.0.0-Release.Candidate.app/Contents/Developer/Toolchains/XcodeDefault.xctoolchain/usr/bin/swift-frontend -frontend -emit-module -experimental-skip-non-inlinable-function-bodies-without-types /Users/admin/builder/spi-builder-workspace/Sources/Degu/Application.extension.swift /Users/admin/builder/spi-builder-workspace/Sources/Degu/ApplicationProxy.swift /Users/admin/builder/spi-builder-workspace/Sources/Degu/ApplicationProxyDelegate.swift /Users/admin/builder/spi-builder-workspace/Sources/Degu/Swizzle.swift /Users/admin/builder/spi-builder-workspace/Sources/Degu/ViewController.extension.swift -target arm64-apple-watchos9.0 -Xllvm -aarch64-use-tbi -enable-objc-interop -stack-check -sdk /Applications/Xcode-27.0.0-Release.Candidate.app/Contents/Developer/Platforms/WatchOS.platform/Developer/SDKs/WatchOS27.0.sdk -I /Users/admin/builder/spi-builder-workspace/.derivedData/Build/Products/Debug-watchos -Isystem /Applications/Xcode-27.0.0-Release.Candidate.app/Contents/Developer/Platforms/WatchOS.platform/Developer/usr/lib -F /Users/admin/builder/spi-builder-workspace/.derivedData/Build/Products/Debug-watchos -F /Applications/Xcode-27.0.0-Release.Candidate.app/Contents/Developer/Platforms/WatchOS.platform/Developer/Library/Frameworks -F /Applications/Xcode-27.0.0-Release.Candidate.app/Contents/Developer/Platforms/WatchOS.platform/Developer/SDKs/WatchOS27.0.sdk/Developer/Library/Frameworks -module-cache-path /Users/admin/builder/spi-builder-workspace/.derivedData/ModuleCache.noindex -no-color-diagnostics -Xcc -fno-color-diagnostics -enable-testing -g -debug-info-format\=dwarf -dwarf-version\=4 -swift-version 4 -Onone -D SWIFT_PACKAGE -D DEBUG -D SWIFT_MODULE_RESOURCE_BUNDLE_UNAVAILABLE -D Xcode -serialize-debugging-options -enable-experimental-feature DebugDescriptionMacro -empty-abi-descriptor -plugin-path /Applications/Xcode-27.0.0-Release.Candidate.app/Contents/Developer/Toolchains/XcodeDefault.xctoolchain/usr/lib/swift/host/plugins/testing -validate-clang-modules-once -clang-build-session-file /Users/admin/builder/spi-builder-workspace/.derivedData/ModuleCache.noindex/Session.modulevalidation -Xcc -working-directory -Xcc /Users/admin/builder/spi-builder-workspace/.swiftpm/xcode -enable-anonymous-context-mangled-names -file-compilation-dir /Users/admin/builder/spi-builder-workspace/.swiftpm/xcode -Xcc -D_LIBCPP_HARDENING_MODE\=_LIBCPP_HARDENING_MODE_DEBUG -Xcc -ivfsstatcache -Xcc /Users/admin/builder/spi-builder-workspace/.derivedData/SDKStatCaches.noindex/watchos27.0-24R360-e829b21a6f8c9b70876ba0858053c04477534ef55a1706bf4c1112bbb242f0a2.sdkstatcache -Xcc -fmodules-prune-interval\=86400 -Xcc -fmodules-prune-after\=345600 -Xcc -I/Users/admin/builder/spi-builder-workspace/.derivedData/Build/Products/Debug-watchos/include -Xcc -I/Users/admin/builder/spi-builder-workspace/.derivedData/Build/Intermediates.noindex/Degu.build/Debug-watchos/Degu-t.build/DerivedSources-normal/arm64 -Xcc -I/Users/admin/builder/spi-builder-workspace/.derivedData/Build/Intermediates.noindex/Degu.build/Debug-watchos/Degu-t.build/DerivedSources/arm64 -Xcc -I/Users/admin/builder/spi-builder-workspace/.derivedData/Build/Intermediates.noindex/Degu.build/Debug-watchos/Degu-t.build/DerivedSources -Xcc -DSWIFT_PACKAGE -Xcc -DDEBUG\=1 -no-auto-bridging-header-chaining -module-name Degu -const-gather-protocols-file /Users/admin/builder/spi-builder-workspace/.derivedData/Build/Intermediates.noindex/Degu.build/Debug-watchos/Degu-t.build/Objects-normal/arm64/Degu_const_extract_protocols.json -disable-clang-spi -target-sdk-version 27.0 -target-sdk-name watchos27.0 -external-plugin-path /Applications/Xcode-27.0.0-Release.Candidate.app/Contents/Developer/Platforms/WatchOS.platform/Developer/usr/lib/swift/host/plugins\#/Applications/Xcode-27.0.0-Release.Candidate.app/Contents/Developer/Platforms/WatchOS.platform/Developer/usr/bin/swift-plugin-server -external-plugin-path /Applications/Xcode-27.0.0-Release.Candidate.app/Contents/Developer/Platforms/WatchOS.platform/Developer/usr/local/lib/swift/host/plugins\#/Applications/Xcode-27.0.0-Release.Candidate.app/Contents/Developer/Platforms/WatchOS.platform/Developer/usr/bin/swift-plugin-server -in-process-plugin-server-path /Applications/Xcode-27.0.0-Release.Candidate.app/Contents/Developer/Toolchains/XcodeDefault.xctoolchain/usr/lib/swift/host/libSwiftInProcPluginServer.dylib -plugin-path /Applications/Xcode-27.0.0-Release.Candidate.app/Contents/Developer/Toolchains/XcodeDefault.xctoolchain/usr/lib/swift/host/plugins -plugin-path /Applications/Xcode-27.0.0-Release.Candidate.app/Contents/Developer/Toolchains/XcodeDefault.xctoolchain/usr/local/lib/swift/host/plugins -emit-module-doc-path /Users/admin/builder/spi-builder-workspace/.derivedData/Build/Intermediates.noindex/Degu.build/Debug-watchos/Degu-t.build/Objects-normal/arm64/Degu.swiftdoc -emit-module-source-info-path /Users/admin/builder/spi-builder-workspace/.derivedData/Build/Intermediates.noindex/Degu.build/Debug-watchos/Degu-t.build/Objects-normal/arm64/Degu.swiftsourceinfo -emit-objc-header-path /Users/admin/builder/spi-builder-workspace/.derivedData/Build/Intermediates.noindex/Degu.build/Debug-watchos/Degu-t.build/Objects-normal/arm64/Degu-Swift.h -serialize-diagnostics-path /Users/admin/builder/spi-builder-workspace/.derivedData/Build/Intermediates.noindex/Degu.build/Debug-watchos/Degu-t.build/Objects-normal/arm64/Degu-primary-emit-module.dia -emit-dependencies-path /Users/admin/builder/spi-builder-workspace/.derivedData/Build/Intermediates.noindex/Degu.build/Debug-watchos/Degu-t.build/Objects-normal/arm64/Degu-primary-emit-module.d -parse-as-library -o /Users/admin/builder/spi-builder-workspace/.derivedData/Build/Intermediates.noindex/Degu.build/Debug-watchos/Degu-t.build/Objects-normal/arm64/Degu.swiftmodule -emit-abi-descriptor-path /Users/admin/builder/spi-builder-workspace/.derivedData/Build/Intermediates.noindex/Degu.build/Debug-watchos/Degu-t.build/Objects-normal/arm64/Degu.abi.json
SwiftEmitModule normal arm64_32 Emitting\ module\ for\ Degu (in target 'Degu' from project 'Degu')
/Users/admin/builder/spi-builder-workspace/Sources/Degu/Application.extension.swift:16:13: error: cannot find 'DeguApplication' in scope
14 |
15 | let _onceSwizzlingForApplication: () = {
16 |     swizzle(DeguApplication.self,
   |             `- error: cannot find 'DeguApplication' in scope
17 |             from: #selector(DeguApplication.sendEvent(_:)),
18 |             to: #selector(DeguApplication._swizzled_sendEvent(_:)))
/Users/admin/builder/spi-builder-workspace/Sources/Degu/Application.extension.swift:17:29: error: cannot find 'DeguApplication' in scope
15 | let _onceSwizzlingForApplication: () = {
16 |     swizzle(DeguApplication.self,
17 |             from: #selector(DeguApplication.sendEvent(_:)),
   |                             `- error: cannot find 'DeguApplication' in scope
18 |             to: #selector(DeguApplication._swizzled_sendEvent(_:)))
19 |     #if os(iOS) || os(tvOS)
/Users/admin/builder/spi-builder-workspace/Sources/Degu/Application.extension.swift:18:27: error: cannot find 'DeguApplication' in scope
16 |     swizzle(DeguApplication.self,
17 |             from: #selector(DeguApplication.sendEvent(_:)),
18 |             to: #selector(DeguApplication._swizzled_sendEvent(_:)))
   |                           `- error: cannot find 'DeguApplication' in scope
19 |     #if os(iOS) || os(tvOS)
20 |         swizzle(UIApplication.self,
/Users/admin/builder/spi-builder-workspace/Sources/Degu/Application.extension.swift:30:11: error: cannot find type 'DeguApplication' in scope
28 | }()
29 |
30 | extension DeguApplication {
   |           `- error: cannot find type 'DeguApplication' in scope
31 |     private var _applicationProxy: ApplicationProxy {
32 |         return .shared
/Users/admin/builder/spi-builder-workspace/Sources/Degu/ApplicationProxyDelegate.swift:15:74: error: cannot find type 'DeguEvent' in scope
13 |     ///
14 |     /// - SeeAlso: UIApplication.sendEvent(_:)
15 |     func applicationProxy(_ proxy: ApplicationProxy, didSendEvent event: DeguEvent)
   |                                                                          `- error: cannot find type 'DeguEvent' in scope
16 |
17 |     #if os(iOS) || os(tvOS)
/Users/admin/builder/spi-builder-workspace/Sources/Degu/ApplicationProxyDelegate.swift:30:140: error: cannot find type 'DeguViewController' in scope
28 |
29 |     /// Receive viewController when its life cycle called.
30 |     func applicationProxy(_ proxy: ApplicationProxy, didCallLifeCycle lifeCycle: ViewControllerLifeCycle, ofViewController viewController: DeguViewController)
   |                                                                                                                                            `- error: cannot find type 'DeguViewController' in scope
31 | }
32 |
/Users/admin/builder/spi-builder-workspace/Sources/Degu/ApplicationProxy.swift:38:32: error: cannot find type 'DeguEvent' in scope
36 |
37 | extension ApplicationProxy {
38 |     func didSendEvent(_ event: DeguEvent) {
   |                                `- error: cannot find type 'DeguEvent' in scope
39 |         delegate?.applicationProxy(self, didSendEvent: event)
40 |     }
/Users/admin/builder/spi-builder-workspace/Sources/Degu/ApplicationProxy.swift:54:84: error: cannot find type 'DeguViewController' in scope
52 |
53 | extension ApplicationProxy {
54 |     func didCallLifeCycle(_ lifeCycle: ViewControllerLifeCycle, of viewController: DeguViewController) {
   |                                                                                    `- error: cannot find type 'DeguViewController' in scope
55 |         delegate?.applicationProxy(self, didCallLifeCycle: lifeCycle, ofViewController: viewController)
56 |     }
/Users/admin/builder/spi-builder-workspace/Sources/Degu/ApplicationProxyDelegate.swift:35:81: error: cannot find type 'DeguEvent' in scope
33 | /// Default implementations to make them Optional.
34 | extension ApplicationProxyDelegate {
35 |     public func applicationProxy(_ proxy: ApplicationProxy, didSendEvent event: DeguEvent) {}
   |                                                                                 `- error: cannot find type 'DeguEvent' in scope
36 |     #if os(iOS) || os(tvOS)
37 |         public func applicationProxy(_ proxy: ApplicationProxy, didSendAction action: Selector, to target: Any?, from sender: Any?, for event: DeguEvent?) {}
/Users/admin/builder/spi-builder-workspace/Sources/Degu/ApplicationProxyDelegate.swift:41:147: error: cannot find type 'DeguViewController' in scope
39 |         public func applicationProxy(_ proxy: ApplicationProxy, didSendAction action: Selector, to target: Any?, from sender: Any?) {}
40 |     #endif
41 |     public func applicationProxy(_ proxy: ApplicationProxy, didCallLifeCycle lifeCycle: ViewControllerLifeCycle, ofViewController viewController: DeguViewController) {}
   |                                                                                                                                                   `- error: cannot find type 'DeguViewController' in scope
42 | }
43 |
/Users/admin/builder/spi-builder-workspace/Sources/Degu/ViewController.extension.swift:33:13: error: cannot find 'DeguViewController' in scope
 31 |
 32 | let _onceSwizzlingForViewController: () = {
 33 |     swizzle(DeguViewController.self,
    |             `- error: cannot find 'DeguViewController' in scope
 34 |             from: #selector(DeguViewController.viewDidLoad),
 35 |             to: #selector(DeguViewController._swizzled_viewDidLoad))
/Users/admin/builder/spi-builder-workspace/Sources/Degu/ViewController.extension.swift:34:29: error: cannot find 'DeguViewController' in scope
 32 | let _onceSwizzlingForViewController: () = {
 33 |     swizzle(DeguViewController.self,
 34 |             from: #selector(DeguViewController.viewDidLoad),
    |                             `- error: cannot find 'DeguViewController' in scope
 35 |             to: #selector(DeguViewController._swizzled_viewDidLoad))
 36 |
/Users/admin/builder/spi-builder-workspace/Sources/Degu/ViewController.extension.swift:35:27: error: cannot find 'DeguViewController' in scope
 33 |     swizzle(DeguViewController.self,
 34 |             from: #selector(DeguViewController.viewDidLoad),
 35 |             to: #selector(DeguViewController._swizzled_viewDidLoad))
    |                           `- error: cannot find 'DeguViewController' in scope
 36 |
 37 |     #if os(iOS) || os(tvOS)
/Users/admin/builder/spi-builder-workspace/Sources/Degu/ViewController.extension.swift:88:11: error: cannot find type 'DeguViewController' in scope
 86 | }()
 87 |
 88 | extension DeguViewController {
    |           `- error: cannot find type 'DeguViewController' in scope
 89 |     private var _applicationProxy: ApplicationProxy {
 90 |         return .shared
Failed frontend command:
SwiftCompile normal arm64_32 (in target 'Degu' from project 'Degu')
    cd /Users/admin/builder/spi-builder-workspace/.swiftpm/xcode

/Applications/Xcode-27.0.0-Release.Candidate.app/Contents/Developer/Toolchains/XcodeDefault.xctoolchain/usr/bin/swift-frontend -frontend -emit-module -experimental-skip-non-inlinable-function-bodies-without-types /Users/admin/builder/spi-builder-workspace/Sources/Degu/Application.extension.swift /Users/admin/builder/spi-builder-workspace/Sources/Degu/ApplicationProxy.swift /Users/admin/builder/spi-builder-workspace/Sources/Degu/ApplicationProxyDelegate.swift /Users/admin/builder/spi-builder-workspace/Sources/Degu/Swizzle.swift /Users/admin/builder/spi-builder-workspace/Sources/Degu/ViewController.extension.swift -target arm64_32-apple-watchos9.0 -enable-objc-interop -sdk /Applications/Xcode-27.0.0-Release.Candidate.app/Contents/Developer/Platforms/WatchOS.platform/Developer/SDKs/WatchOS27.0.sdk -I /Users/admin/builder/spi-builder-workspace/.derivedData/Build/Products/Debug-watchos -Isystem /Applications/Xcode-27.0.0-Release.Candidate.app/Contents/Developer/Platforms/WatchOS.platform/Developer/usr/lib -F /Users/admin/builder/spi-builder-workspace/.derivedData/Build/Products/Debug-watchos -F /Applications/Xcode-27.0.0-Release.Candidate.app/Contents/Developer/Platforms/WatchOS.platform/Developer/Library/Frameworks -F /Applications/Xcode-27.0.0-Release.Candidate.app/Contents/Developer/Platforms/WatchOS.platform/Developer/SDKs/WatchOS27.0.sdk/Developer/Library/Frameworks -module-cache-path /Users/admin/builder/spi-builder-workspace/.derivedData/ModuleCache.noindex -no-color-diagnostics -Xcc -fno-color-diagnostics -enable-testing -g -debug-info-format\=dwarf -dwarf-version\=4 -swift-version 4 -Onone -D SWIFT_PACKAGE -D DEBUG -D SWIFT_MODULE_RESOURCE_BUNDLE_UNAVAILABLE -D Xcode -serialize-debugging-options -enable-experimental-feature DebugDescriptionMacro -empty-abi-descriptor -plugin-path /Applications/Xcode-27.0.0-Release.Candidate.app/Contents/Developer/Toolchains/XcodeDefault.xctoolchain/usr/lib/swift/host/plugins/testing -validate-clang-modules-once -clang-build-session-file /Users/admin/builder/spi-builder-workspace/.derivedData/ModuleCache.noindex/Session.modulevalidation -Xcc -working-directory -Xcc /Users/admin/builder/spi-builder-workspace/.swiftpm/xcode -enable-anonymous-context-mangled-names -file-compilation-dir /Users/admin/builder/spi-builder-workspace/.swiftpm/xcode -Xcc -D_LIBCPP_HARDENING_MODE\=_LIBCPP_HARDENING_MODE_DEBUG -Xcc -ivfsstatcache -Xcc /Users/admin/builder/spi-builder-workspace/.derivedData/SDKStatCaches.noindex/watchos27.0-24R360-e829b21a6f8c9b70876ba0858053c04477534ef55a1706bf4c1112bbb242f0a2.sdkstatcache -Xcc -fmodules-prune-interval\=86400 -Xcc -fmodules-prune-after\=345600 -Xcc -I/Users/admin/builder/spi-builder-workspace/.derivedData/Build/Products/Debug-watchos/include -Xcc -I/Users/admin/builder/spi-builder-workspace/.derivedData/Build/Intermediates.noindex/Degu.build/Debug-watchos/Degu-t.build/DerivedSources-normal/arm64_32 -Xcc -I/Users/admin/builder/spi-builder-workspace/.derivedData/Build/Intermediates.noindex/Degu.build/Debug-watchos/Degu-t.build/DerivedSources/arm64_32 -Xcc -I/Users/admin/builder/spi-builder-workspace/.derivedData/Build/Intermediates.noindex/Degu.build/Debug-watchos/Degu-t.build/DerivedSources -Xcc -DSWIFT_PACKAGE -Xcc -DDEBUG\=1 -no-auto-bridging-header-chaining -module-name Degu -const-gather-protocols-file /Users/admin/builder/spi-builder-workspace/.derivedData/Build/Intermediates.noindex/Degu.build/Debug-watchos/Degu-t.build/Objects-normal/arm64_32/Degu_const_extract_protocols.json -disable-clang-spi -target-sdk-version 27.0 -target-sdk-name watchos27.0 -external-plugin-path /Applications/Xcode-27.0.0-Release.Candidate.app/Contents/Developer/Platforms/WatchOS.platform/Developer/usr/lib/swift/host/plugins\#/Applications/Xcode-27.0.0-Release.Candidate.app/Contents/Developer/Platforms/WatchOS.platform/Developer/usr/bin/swift-plugin-server -external-plugin-path /Applications/Xcode-27.0.0-Release.Candidate.app/Contents/Developer/Platforms/WatchOS.platform/Developer/usr/local/lib/swift/host/plugins\#/Applications/Xcode-27.0.0-Release.Candidate.app/Contents/Developer/Platforms/WatchOS.platform/Developer/usr/bin/swift-plugin-server -in-process-plugin-server-path /Applications/Xcode-27.0.0-Release.Candidate.app/Contents/Developer/Toolchains/XcodeDefault.xctoolchain/usr/lib/swift/host/libSwiftInProcPluginServer.dylib -plugin-path /Applications/Xcode-27.0.0-Release.Candidate.app/Contents/Developer/Toolchains/XcodeDefault.xctoolchain/usr/lib/swift/host/plugins -plugin-path /Applications/Xcode-27.0.0-Release.Candidate.app/Contents/Developer/Toolchains/XcodeDefault.xctoolchain/usr/local/lib/swift/host/plugins -emit-module-doc-path /Users/admin/builder/spi-builder-workspace/.derivedData/Build/Intermediates.noindex/Degu.build/Debug-watchos/Degu-t.build/Objects-normal/arm64_32/Degu.swiftdoc -emit-module-source-info-path /Users/admin/builder/spi-builder-workspace/.derivedData/Build/Intermediates.noindex/Degu.build/Debug-watchos/Degu-t.build/Objects-normal/arm64_32/Degu.swiftsourceinfo -emit-objc-header-path /Users/admin/builder/spi-builder-workspace/.derivedData/Build/Intermediates.noindex/Degu.build/Debug-watchos/Degu-t.build/Objects-normal/arm64_32/Degu-Swift.h -serialize-diagnostics-path /Users/admin/builder/spi-builder-workspace/.derivedData/Build/Intermediates.noindex/Degu.build/Debug-watchos/Degu-t.build/Objects-normal/arm64_32/Degu-primary-emit-module.dia -emit-dependencies-path /Users/admin/builder/spi-builder-workspace/.derivedData/Build/Intermediates.noindex/Degu.build/Debug-watchos/Degu-t.build/Objects-normal/arm64_32/Degu-primary-emit-module.d -parse-as-library -o /Users/admin/builder/spi-builder-workspace/.derivedData/Build/Intermediates.noindex/Degu.build/Debug-watchos/Degu-t.build/Objects-normal/arm64_32/Degu.swiftmodule -emit-abi-descriptor-path /Users/admin/builder/spi-builder-workspace/.derivedData/Build/Intermediates.noindex/Degu.build/Debug-watchos/Degu-t.build/Objects-normal/arm64_32/Degu.abi.json
PrecompileModule /Users/admin/builder/spi-builder-workspace/.derivedData/Build/Intermediates.noindex/ExplicitPrecompiledModules/ptrauth-CID7SR6B5XD2S67XVB6UT213R.scan
    cd /
    builtin-precompileModule /Users/admin/builder/spi-builder-workspace/.derivedData/Build/Intermediates.noindex/ExplicitPrecompiledModules/ptrauth-CID7SR6B5XD2S67XVB6UT213R.scan
PrecompileModule /Users/admin/builder/spi-builder-workspace/.derivedData/Build/Intermediates.noindex/ExplicitPrecompiledModules/_Builtin_stdarg-7LN4T8YDHGKLYACMKYEMO8O7M.scan
    cd /
    builtin-precompileModule /Users/admin/builder/spi-builder-workspace/.derivedData/Build/Intermediates.noindex/ExplicitPrecompiledModules/_Builtin_stdarg-7LN4T8YDHGKLYACMKYEMO8O7M.scan
PrecompileModule /Users/admin/builder/spi-builder-workspace/.derivedData/Build/Intermediates.noindex/ExplicitPrecompiledModules/_Builtin_stddef-CE13GU63Z8DK88QANQ3ZAC0YT.scan
    cd /
    builtin-precompileModule /Users/admin/builder/spi-builder-workspace/.derivedData/Build/Intermediates.noindex/ExplicitPrecompiledModules/_Builtin_stddef-CE13GU63Z8DK88QANQ3ZAC0YT.scan
PrecompileModule /Users/admin/builder/spi-builder-workspace/.derivedData/Build/Intermediates.noindex/ExplicitPrecompiledModules/_Builtin_float-EAKO7GUISI6YBLJJO1PQ14VQ2.scan
    cd /
    builtin-precompileModule /Users/admin/builder/spi-builder-workspace/.derivedData/Build/Intermediates.noindex/ExplicitPrecompiledModules/_Builtin_float-EAKO7GUISI6YBLJJO1PQ14VQ2.scan
SwiftCompile normal arm64_32 Compiling\ Swizzle.swift /Users/admin/builder/spi-builder-workspace/Sources/Degu/Swizzle.swift (in target 'Degu' from project 'Degu')
SwiftCompile normal arm64_32 /Users/admin/builder/spi-builder-workspace/Sources/Degu/Swizzle.swift (in target 'Degu' from project 'Degu')
    cd /Users/admin/builder/spi-builder-workspace/.swiftpm/xcode
    builtin-SwiftPerFileCompile Swizzle.swift
SwiftCompile normal arm64 Compiling\ Application.extension.swift /Users/admin/builder/spi-builder-workspace/Sources/Degu/Application.extension.swift (in target 'Degu' from project 'Degu')
SwiftCompile normal arm64 /Users/admin/builder/spi-builder-workspace/Sources/Degu/Application.extension.swift (in target 'Degu' from project 'Degu')
    cd /Users/admin/builder/spi-builder-workspace/.swiftpm/xcode
    builtin-SwiftPerFileCompile Application.extension.swift
/Users/admin/builder/spi-builder-workspace/Sources/Degu/Application.extension.swift:16:13: error: cannot find 'DeguApplication' in scope
14 |
15 | let _onceSwizzlingForApplication: () = {
16 |     swizzle(DeguApplication.self,
   |             `- error: cannot find 'DeguApplication' in scope
17 |             from: #selector(DeguApplication.sendEvent(_:)),
18 |             to: #selector(DeguApplication._swizzled_sendEvent(_:)))
/Users/admin/builder/spi-builder-workspace/Sources/Degu/Application.extension.swift:17:29: error: cannot find 'DeguApplication' in scope
15 | let _onceSwizzlingForApplication: () = {
16 |     swizzle(DeguApplication.self,
17 |             from: #selector(DeguApplication.sendEvent(_:)),
   |                             `- error: cannot find 'DeguApplication' in scope
18 |             to: #selector(DeguApplication._swizzled_sendEvent(_:)))
19 |     #if os(iOS) || os(tvOS)
/Users/admin/builder/spi-builder-workspace/Sources/Degu/Application.extension.swift:18:27: error: cannot find 'DeguApplication' in scope
16 |     swizzle(DeguApplication.self,
17 |             from: #selector(DeguApplication.sendEvent(_:)),
18 |             to: #selector(DeguApplication._swizzled_sendEvent(_:)))
   |                           `- error: cannot find 'DeguApplication' in scope
19 |     #if os(iOS) || os(tvOS)
20 |         swizzle(UIApplication.self,
SwiftCompile normal arm64 Compiling\ Swizzle.swift /Users/admin/builder/spi-builder-workspace/Sources/Degu/Swizzle.swift (in target 'Degu' from project 'Degu')
SwiftCompile normal arm64 /Users/admin/builder/spi-builder-workspace/Sources/Degu/Swizzle.swift (in target 'Degu' from project 'Degu')
    cd /Users/admin/builder/spi-builder-workspace/.swiftpm/xcode
    builtin-SwiftPerFileCompile Swizzle.swift
SwiftCompile normal arm64_32 Compiling\ ApplicationProxyDelegate.swift /Users/admin/builder/spi-builder-workspace/Sources/Degu/ApplicationProxyDelegate.swift (in target 'Degu' from project 'Degu')
SwiftCompile normal arm64_32 /Users/admin/builder/spi-builder-workspace/Sources/Degu/ApplicationProxyDelegate.swift (in target 'Degu' from project 'Degu')
    cd /Users/admin/builder/spi-builder-workspace/.swiftpm/xcode
    builtin-SwiftPerFileCompile ApplicationProxyDelegate.swift
/Users/admin/builder/spi-builder-workspace/Sources/Degu/ApplicationProxyDelegate.swift:15:74: error: cannot find type 'DeguEvent' in scope
13 |     ///
14 |     /// - SeeAlso: UIApplication.sendEvent(_:)
15 |     func applicationProxy(_ proxy: ApplicationProxy, didSendEvent event: DeguEvent)
   |                                                                          `- error: cannot find type 'DeguEvent' in scope
16 |
17 |     #if os(iOS) || os(tvOS)
/Users/admin/builder/spi-builder-workspace/Sources/Degu/ApplicationProxyDelegate.swift:30:140: error: cannot find type 'DeguViewController' in scope
28 |
29 |     /// Receive viewController when its life cycle called.
30 |     func applicationProxy(_ proxy: ApplicationProxy, didCallLifeCycle lifeCycle: ViewControllerLifeCycle, ofViewController viewController: DeguViewController)
   |                                                                                                                                            `- error: cannot find type 'DeguViewController' in scope
31 | }
32 |
/Users/admin/builder/spi-builder-workspace/Sources/Degu/ApplicationProxyDelegate.swift:35:81: error: cannot find type 'DeguEvent' in scope
33 | /// Default implementations to make them Optional.
34 | extension ApplicationProxyDelegate {
35 |     public func applicationProxy(_ proxy: ApplicationProxy, didSendEvent event: DeguEvent) {}
   |                                                                                 `- error: cannot find type 'DeguEvent' in scope
36 |     #if os(iOS) || os(tvOS)
37 |         public func applicationProxy(_ proxy: ApplicationProxy, didSendAction action: Selector, to target: Any?, from sender: Any?, for event: DeguEvent?) {}
PrecompileModule /Users/admin/builder/spi-builder-workspace/.derivedData/Build/Intermediates.noindex/ExplicitPrecompiledModules/_DarwinFoundation1-9F1DJW9DUJEH474GGMAR0HQJR.scan
    cd /
    builtin-precompileModule /Users/admin/builder/spi-builder-workspace/.derivedData/Build/Intermediates.noindex/ExplicitPrecompiledModules/_DarwinFoundation1-9F1DJW9DUJEH474GGMAR0HQJR.scan
SwiftCompile normal arm64_32 Compiling\ ViewController.extension.swift /Users/admin/builder/spi-builder-workspace/Sources/Degu/ViewController.extension.swift (in target 'Degu' from project 'Degu')
SwiftCompile normal arm64_32 /Users/admin/builder/spi-builder-workspace/Sources/Degu/ViewController.extension.swift (in target 'Degu' from project 'Degu')
    cd /Users/admin/builder/spi-builder-workspace/.swiftpm/xcode
    builtin-SwiftPerFileCompile ViewController.extension.swift
PrecompileModule /Users/admin/builder/spi-builder-workspace/.derivedData/Build/Intermediates.noindex/ExplicitPrecompiledModules/_DarwinFoundation1-VNGNV7SK3PKYOZ8PDT5WOO09.scan
    cd /
    builtin-precompileModule /Users/admin/builder/spi-builder-workspace/.derivedData/Build/Intermediates.noindex/ExplicitPrecompiledModules/_DarwinFoundation1-VNGNV7SK3PKYOZ8PDT5WOO09.scan
SwiftCompile normal arm64 Compiling\ ApplicationProxy.swift /Users/admin/builder/spi-builder-workspace/Sources/Degu/ApplicationProxy.swift (in target 'Degu' from project 'Degu')
/Users/admin/builder/spi-builder-workspace/Sources/Degu/ApplicationProxyDelegate.swift:15:74: error: cannot find type 'DeguEvent' in scope
13 |     ///
14 |     /// - SeeAlso: UIApplication.sendEvent(_:)
15 |     func applicationProxy(_ proxy: ApplicationProxy, didSendEvent event: DeguEvent)
   |                                                                          `- error: cannot find type 'DeguEvent' in scope
16 |
17 |     #if os(iOS) || os(tvOS)
/Users/admin/builder/spi-builder-workspace/Sources/Degu/ApplicationProxyDelegate.swift:30:140: error: cannot find type 'DeguViewController' in scope
28 |
29 |     /// Receive viewController when its life cycle called.
30 |     func applicationProxy(_ proxy: ApplicationProxy, didCallLifeCycle lifeCycle: ViewControllerLifeCycle, ofViewController viewController: DeguViewController)
   |                                                                                                                                            `- error: cannot find type 'DeguViewController' in scope
31 | }
32 |
/Users/admin/builder/spi-builder-workspace/Sources/Degu/ApplicationProxy.swift:38:32: error: cannot find type 'DeguEvent' in scope
36 |
37 | extension ApplicationProxy {
38 |     func didSendEvent(_ event: DeguEvent) {
   |                                `- error: cannot find type 'DeguEvent' in scope
39 |         delegate?.applicationProxy(self, didSendEvent: event)
40 |     }
/Users/admin/builder/spi-builder-workspace/Sources/Degu/ApplicationProxy.swift:54:84: error: cannot find type 'DeguViewController' in scope
52 |
53 | extension ApplicationProxy {
54 |     func didCallLifeCycle(_ lifeCycle: ViewControllerLifeCycle, of viewController: DeguViewController) {
   |                                                                                    `- error: cannot find type 'DeguViewController' in scope
55 |         delegate?.applicationProxy(self, didCallLifeCycle: lifeCycle, ofViewController: viewController)
56 |     }
/Users/admin/builder/spi-builder-workspace/Sources/Degu/ApplicationProxyDelegate.swift:35:81: error: cannot find type 'DeguEvent' in scope
33 | /// Default implementations to make them Optional.
34 | extension ApplicationProxyDelegate {
35 |     public func applicationProxy(_ proxy: ApplicationProxy, didSendEvent event: DeguEvent) {}
   |                                                                                 `- error: cannot find type 'DeguEvent' in scope
36 |     #if os(iOS) || os(tvOS)
37 |         public func applicationProxy(_ proxy: ApplicationProxy, didSendAction action: Selector, to target: Any?, from sender: Any?, for event: DeguEvent?) {}
SwiftCompile normal arm64 /Users/admin/builder/spi-builder-workspace/Sources/Degu/ApplicationProxy.swift (in target 'Degu' from project 'Degu')
    cd /Users/admin/builder/spi-builder-workspace/.swiftpm/xcode
    builtin-SwiftPerFileCompile ApplicationProxy.swift
SwiftCompile normal arm64_32 Compiling\ ApplicationProxy.swift /Users/admin/builder/spi-builder-workspace/Sources/Degu/ApplicationProxy.swift (in target 'Degu' from project 'Degu')
SwiftCompile normal arm64_32 /Users/admin/builder/spi-builder-workspace/Sources/Degu/ApplicationProxy.swift (in target 'Degu' from project 'Degu')
    cd /Users/admin/builder/spi-builder-workspace/.swiftpm/xcode
    builtin-SwiftPerFileCompile ApplicationProxy.swift
SwiftCompile normal arm64_32 Compiling\ Application.extension.swift /Users/admin/builder/spi-builder-workspace/Sources/Degu/Application.extension.swift (in target 'Degu' from project 'Degu')
SwiftCompile normal arm64_32 /Users/admin/builder/spi-builder-workspace/Sources/Degu/Application.extension.swift (in target 'Degu' from project 'Degu')
    cd /Users/admin/builder/spi-builder-workspace/.swiftpm/xcode
    builtin-SwiftPerFileCompile Application.extension.swift
PruneExplicitPrecompiledModules /Users/admin/builder/spi-builder-workspace/.derivedData/Build/Intermediates.noindex/ExplicitPrecompiledModules
PruneExplicitPrecompiledModules /Users/admin/builder/spi-builder-workspace/.derivedData/Build/Intermediates.noindex/SwiftExplicitPrecompiledModules
PruneExplicitPrecompiledModules /Users/admin/builder/spi-builder-workspace/.derivedData/SDKExplicitPrecompiledModules
2026-09-16 10:56:27.465 xcodebuild[696:4552] [MT] IDERunDestination: Supported platforms for the buildables in the current scheme is empty.
** BUILD FAILED **
The following build commands failed:
	SwiftCompile normal arm64 (in target 'Degu' from project 'Degu')
	SwiftEmitModule normal arm64 Emitting\ module\ for\ Degu (in target 'Degu' from project 'Degu')
	SwiftCompile normal arm64_32 (in target 'Degu' from project 'Degu')
	SwiftEmitModule normal arm64_32 Emitting\ module\ for\ Degu (in target 'Degu' from project 'Degu')
	Building workspace Degu with scheme Degu
(5 failures)
BUILD FAILURE 6.4 watchOS