The Swift Package Index logo.Swift Package Index

Build Information

Failed to build LevelPlay-AppLovin-Adapter-Swift-Package, reference 5.9.0 (ba562f), with Swift 6.4 for watchOS using Xcode 27.0 on 27 Sep 2026 09:44:29 UTC.

Build Command

env DEVELOPER_DIR=/Applications/Xcode-27.0.0-Release.Candidate.app xcrun xcodebuild -IDEClonedSourcePackagesDirPathOverride=$PWD/.dependencies -skipMacroValidation -skipPackagePluginValidation -derivedDataPath $PWD/.derivedData build -scheme LevelPlay-AppLovin-Adapter-Swift-Package -destination generic/platform=watchOS

Build Log

========================================
RunAll
========================================
Builder version: 5.1.0
Interrupt handler set up.
========================================
Checkout
========================================
Clone URL: https://github.com/ironsource-mobile/LevelPlay-AppLovin-Adapter-Swift-Package.git
Reference: 5.9.0
Initialized empty Git repository in /Users/admin/builder/spi-builder-workspace/.git/
From https://github.com/ironsource-mobile/LevelPlay-AppLovin-Adapter-Swift-Package
 * tag               5.9.0      -> FETCH_HEAD
HEAD is now at ba562fd Release 5.9.0 - SDK 13.6.4
Cloned https://github.com/ironsource-mobile/LevelPlay-AppLovin-Adapter-Swift-Package.git
Revision (git rev-parse @):
ba562fd11fbb94b09e153d777254b1222e48c70c
SUCCESS checkout https://github.com/ironsource-mobile/LevelPlay-AppLovin-Adapter-Swift-Package.git at 5.9.0
========================================
Build
========================================
Selected platform:         watchOS
Swift version:             6.4
Building package at path:  $PWD
https://github.com/ironsource-mobile/LevelPlay-AppLovin-Adapter-Swift-Package.git
Command line invocation:
    /Applications/Xcode-27.0.0-Release.Candidate.app/Contents/Developer/usr/bin/xcodebuild -IDEClonedSourcePackagesDirPathOverride=/Users/admin/builder/spi-builder-workspace/.dependencies -resolvePackageDependencies
Resolve Package Graph
Fetching from https://github.com/ironsource-mobile/LevelPlay-Swift-Package
Fetching from https://github.com/AppLovin/AppLovin-MAX-Swift-Package
Fetching from https://github.com/ironsource-mobile/Unity-Ad-Quality-Swift-Package
Creating working copy of package ‘Unity-Ad-Quality-Swift-Package’
Checking out 9.10.0 of package ‘Unity-Ad-Quality-Swift-Package’
Creating working copy of package ‘AppLovin-MAX-Swift-Package’
Checking out 13.6.4 of package ‘AppLovin-MAX-Swift-Package’
Creating working copy of package ‘LevelPlay-Swift-Package’
Checking out 9.6.0 of package ‘LevelPlay-Swift-Package’
Resolve Package Graph
Resolved source packages:
  AppLovinSDK: https://github.com/AppLovin/AppLovin-MAX-Swift-Package @ 13.6.4
  Unity-Ad-Quality-Swift-Package: https://github.com/ironsource-mobile/Unity-Ad-Quality-Swift-Package @ 9.10.0
  LevelPlay-AppLovin-Adapter-Swift-Package: /Users/admin/builder/spi-builder-workspace
  LevelPlay-Swift-Package: https://github.com/ironsource-mobile/LevelPlay-Swift-Package @ 9.6.0
resolved source packages: AppLovinSDK, Unity-Ad-Quality-Swift-Package, LevelPlay-AppLovin-Adapter-Swift-Package, LevelPlay-Swift-Package
2026-09-27 05:43:49.191 xcodebuild[525:3016] [MT] IDERunDestination: Supported platforms for the buildables in the current scheme is empty.
{
  "dependencies" : [
    {
      "identity" : "applovin-max-swift-package",
      "requirement" : {
        "exact" : [
          "13.6.4"
        ]
      },
      "type" : "sourceControl",
      "url" : "https://github.com/AppLovin/AppLovin-MAX-Swift-Package"
    },
    {
      "identity" : "levelplay-swift-package",
      "requirement" : {
        "range" : [
          {
            "lower_bound" : "9.2.0",
            "upper_bound" : "10.0.0"
          }
        ]
      },
      "type" : "sourceControl",
      "url" : "https://github.com/ironsource-mobile/LevelPlay-Swift-Package"
    }
  ],
  "manifest_display_name" : "LevelPlay-AppLovin-Adapter-Swift-Package",
  "name" : "LevelPlay-AppLovin-Adapter-Swift-Package",
  "path" : "/Users/admin/builder/spi-builder-workspace",
  "platforms" : [
    {
      "name" : "ios",
      "version" : "12.0"
    }
  ],
  "products" : [
    {
      "name" : "AppLovinAdapter",
      "targets" : [
        "AppLovinAdapter"
      ],
      "type" : {
        "library" : [
          "automatic"
        ]
      }
    }
  ],
  "targets" : [
    {
      "c99name" : "AppLovinAdapterSDK",
      "module_type" : "BinaryTarget",
      "name" : "AppLovinAdapterSDK",
      "path" : "remote/archive/ISAppLovinAdapter5.9.0.zip",
      "product_memberships" : [
        "AppLovinAdapter"
      ],
      "sources" : [
      ],
      "type" : "binary"
    },
    {
      "c99name" : "AppLovinAdapter",
      "module_type" : "SwiftTarget",
      "name" : "AppLovinAdapter",
      "path" : "Sources/AppLovinAdapter",
      "product_dependencies" : [
        "AppLovinSDK",
        "UnityMediationSDK"
      ],
      "product_memberships" : [
        "AppLovinAdapter"
      ],
      "sources" : [
        "AppLovinAdapter.swift"
      ],
      "target_dependencies" : [
        "AppLovinAdapterSDK"
      ],
      "type" : "library"
    }
  ],
  "tools_version" : "6.0"
}
{
  "workspace" : {
    "name" : "LevelPlay-AppLovin-Adapter-Swift-Package",
    "schemes" : [
      "LevelPlay-AppLovin-Adapter-Swift-Package"
    ]
  }
}
2026-09-27 05:44:20.867 xcodebuild[781:4376] [MT] IDERunDestination: Supported platforms for the buildables in the current scheme is empty.
Running build ...
env DEVELOPER_DIR=/Applications/Xcode-27.0.0-Release.Candidate.app xcrun xcodebuild -IDEClonedSourcePackagesDirPathOverride=$PWD/.dependencies -skipMacroValidation -skipPackagePluginValidation -derivedDataPath $PWD/.derivedData build -scheme LevelPlay-AppLovin-Adapter-Swift-Package -destination generic/platform=watchOS
Command line invocation:
    /Applications/Xcode-27.0.0-Release.Candidate.app/Contents/Developer/usr/bin/xcodebuild -IDEClonedSourcePackagesDirPathOverride=/Users/admin/builder/spi-builder-workspace/.dependencies -skipMacroValidation -skipPackagePluginValidation -derivedDataPath /Users/admin/builder/spi-builder-workspace/.derivedData build -scheme LevelPlay-AppLovin-Adapter-Swift-Package -destination generic/platform=watchOS
Resolve Package Graph
Resolve Package Graph
Resolved source packages:
  Unity-Ad-Quality-Swift-Package: https://github.com/ironsource-mobile/Unity-Ad-Quality-Swift-Package @ 9.10.0
  AppLovinSDK: https://github.com/AppLovin/AppLovin-MAX-Swift-Package @ 13.6.4
  LevelPlay-AppLovin-Adapter-Swift-Package: /Users/admin/builder/spi-builder-workspace
  LevelPlay-Swift-Package: https://github.com/ironsource-mobile/LevelPlay-Swift-Package @ 9.6.0
ComputePackagePrebuildTargetDependencyGraph
Prepare packages
CreateBuildRequest
SendProjectDescription
CreateBuildOperation
ComputeTargetDependencyGraph
note: Building targets in dependency order
note: Target dependency graph (7 targets)
    Target 'AppLovinAdapter-product' in project 'LevelPlay-AppLovin-Adapter-Swift-Package'
        ➜ Explicit dependency on target 'AppLovinAdapter' in project 'LevelPlay-AppLovin-Adapter-Swift-Package'
        ➜ Explicit dependency on target 'AppLovinSDK-product' in project 'AppLovinSDK'
        ➜ Explicit dependency on target 'UnityMediationSDK-product' in project 'LevelPlay-Swift-Package'
    Target 'AppLovinAdapter' in project 'LevelPlay-AppLovin-Adapter-Swift-Package'
        ➜ Explicit dependency on target 'AppLovinSDK-product' in project 'AppLovinSDK'
        ➜ Explicit dependency on target 'UnityMediationSDK-product' in project 'LevelPlay-Swift-Package'
    Target 'UnityMediationSDK-product' in project 'LevelPlay-Swift-Package'
        ➜ Explicit dependency on target 'LPSPM' in project 'LevelPlay-Swift-Package'
        ➜ Explicit dependency on target 'AdQuality-product' in project 'Unity-Ad-Quality-Swift-Package'
    Target 'LPSPM' in project 'LevelPlay-Swift-Package'
        ➜ Explicit dependency on target 'AdQuality-product' in project 'Unity-Ad-Quality-Swift-Package'
    Target 'AdQuality-product' in project 'Unity-Ad-Quality-Swift-Package' (no dependencies)
    Target 'AppLovinSDK-product' in project 'AppLovinSDK'
        ➜ Explicit dependency on target 'AppLovinSDKResources' in project 'AppLovinSDK'
    Target 'AppLovinSDKResources' in project 'AppLovinSDK' (no dependencies)
GatherProvisioningInputs
CreateBuildDescription
ExecuteExternalTool /Applications/Xcode-27.0.0-Release.Candidate.app/Contents/Developer/Toolchains/XcodeDefault.xctoolchain/usr/bin/clang -v -E -dM -isysroot /Applications/Xcode-27.0.0-Release.Candidate.app/Contents/Developer/Platforms/WatchOS.platform/Developer/SDKs/WatchOS27.0.sdk -x c -c /dev/null
ExecuteExternalTool /Applications/Xcode-27.0.0-Release.Candidate.app/Contents/Developer/Toolchains/XcodeDefault.xctoolchain/usr/bin/swiftc --version
ExecuteExternalTool /Applications/Xcode-27.0.0-Release.Candidate.app/Contents/Developer/Toolchains/XcodeDefault.xctoolchain/usr/bin/ld -version_details
Build description signature: c623628d9026cb2b0ae7439b855fd277
Build description path: /Users/admin/builder/spi-builder-workspace/.derivedData/Build/Intermediates.noindex/XCBuildData/c623628d9026cb2b0ae7439b855fd277.xcbuilddata
/Users/admin/builder/spi-builder-workspace/.dependencies/artifacts/applovin-max-swift-package/AppLovinSDK/AppLovinSDK.xcframework:1:1: error: While building for watchOS, no library for this platform was found in '/Users/admin/builder/spi-builder-workspace/.dependencies/artifacts/applovin-max-swift-package/AppLovinSDK/AppLovinSDK.xcframework'. (in target 'AppLovinSDK-product' from project 'AppLovinSDK')
/Users/admin/builder/spi-builder-workspace/.dependencies/artifacts/unity-ad-quality-swift-package/AdQuality/IronSourceAdQualitySDK.xcframework:1:1: error: While building for watchOS, no library for this platform was found in '/Users/admin/builder/spi-builder-workspace/.dependencies/artifacts/unity-ad-quality-swift-package/AdQuality/IronSourceAdQualitySDK.xcframework'. (in target 'AdQuality-product' from project 'Unity-Ad-Quality-Swift-Package')
/Users/admin/builder/spi-builder-workspace/.dependencies/artifacts/spi-builder-workspace/AppLovinAdapterSDK/ISAppLovinAdapter.xcframework:1:1: error: While building for watchOS, no library for this platform was found in '/Users/admin/builder/spi-builder-workspace/.dependencies/artifacts/spi-builder-workspace/AppLovinAdapterSDK/ISAppLovinAdapter.xcframework'. (in target 'AppLovinAdapter-product' from project 'LevelPlay-AppLovin-Adapter-Swift-Package')
/Users/admin/builder/spi-builder-workspace/.dependencies/artifacts/applovin-max-swift-package/AppLovinSDK/AppLovinSDK.xcframework:1:1: error: While building for watchOS, no library for this platform was found in '/Users/admin/builder/spi-builder-workspace/.dependencies/artifacts/applovin-max-swift-package/AppLovinSDK/AppLovinSDK.xcframework'. (in target 'AppLovinAdapter-product' from project 'LevelPlay-AppLovin-Adapter-Swift-Package')
/Users/admin/builder/spi-builder-workspace/.dependencies/artifacts/levelplay-swift-package/IronSourceSDK/IronSource.xcframework:1:1: error: While building for watchOS, no library for this platform was found in '/Users/admin/builder/spi-builder-workspace/.dependencies/artifacts/levelplay-swift-package/IronSourceSDK/IronSource.xcframework'. (in target 'AppLovinAdapter-product' from project 'LevelPlay-AppLovin-Adapter-Swift-Package')
/Users/admin/builder/spi-builder-workspace/.dependencies/artifacts/unity-ad-quality-swift-package/AdQuality/IronSourceAdQualitySDK.xcframework:1:1: error: While building for watchOS, no library for this platform was found in '/Users/admin/builder/spi-builder-workspace/.dependencies/artifacts/unity-ad-quality-swift-package/AdQuality/IronSourceAdQualitySDK.xcframework'. (in target 'AppLovinAdapter-product' from project 'LevelPlay-AppLovin-Adapter-Swift-Package')
/Users/admin/builder/spi-builder-workspace/.dependencies/artifacts/unity-ad-quality-swift-package/AdQuality/IronSourceAdQualitySDK.xcframework:1:1: error: While building for watchOS, no library for this platform was found in '/Users/admin/builder/spi-builder-workspace/.dependencies/artifacts/unity-ad-quality-swift-package/AdQuality/IronSourceAdQualitySDK.xcframework'. (in target 'AppLovinAdapter-product' from project 'LevelPlay-AppLovin-Adapter-Swift-Package')
/Users/admin/builder/spi-builder-workspace/.dependencies/artifacts/levelplay-swift-package/IronSourceSDK/IronSource.xcframework:1:1: error: While building for watchOS, no library for this platform was found in '/Users/admin/builder/spi-builder-workspace/.dependencies/artifacts/levelplay-swift-package/IronSourceSDK/IronSource.xcframework'. (in target 'UnityMediationSDK-product' from project 'LevelPlay-Swift-Package')
/Users/admin/builder/spi-builder-workspace/.dependencies/artifacts/unity-ad-quality-swift-package/AdQuality/IronSourceAdQualitySDK.xcframework:1:1: error: While building for watchOS, no library for this platform was found in '/Users/admin/builder/spi-builder-workspace/.dependencies/artifacts/unity-ad-quality-swift-package/AdQuality/IronSourceAdQualitySDK.xcframework'. (in target 'UnityMediationSDK-product' from project 'LevelPlay-Swift-Package')
/Users/admin/builder/spi-builder-workspace/.dependencies/artifacts/unity-ad-quality-swift-package/AdQuality/IronSourceAdQualitySDK.xcframework:1:1: error: While building for watchOS, no library for this platform was found in '/Users/admin/builder/spi-builder-workspace/.dependencies/artifacts/unity-ad-quality-swift-package/AdQuality/IronSourceAdQualitySDK.xcframework'. (in target 'UnityMediationSDK-product' from project 'LevelPlay-Swift-Package')
/Users/admin/builder/spi-builder-workspace/.dependencies/artifacts/applovin-max-swift-package/AppLovinSDK/AppLovinSDK.xcframework:1:1: error: While building for watchOS, no library for this platform was found in '/Users/admin/builder/spi-builder-workspace/.dependencies/artifacts/applovin-max-swift-package/AppLovinSDK/AppLovinSDK.xcframework'. (in target 'AppLovinSDKResources' from project 'AppLovinSDK')
/Users/admin/builder/spi-builder-workspace/.dependencies/artifacts/spi-builder-workspace/AppLovinAdapterSDK/ISAppLovinAdapter.xcframework:1:1: error: While building for watchOS, no library for this platform was found in '/Users/admin/builder/spi-builder-workspace/.dependencies/artifacts/spi-builder-workspace/AppLovinAdapterSDK/ISAppLovinAdapter.xcframework'. (in target 'AppLovinAdapter' from project 'LevelPlay-AppLovin-Adapter-Swift-Package')
/Users/admin/builder/spi-builder-workspace/.dependencies/artifacts/levelplay-swift-package/IronSourceSDK/IronSource.xcframework:1:1: error: While building for watchOS, no library for this platform was found in '/Users/admin/builder/spi-builder-workspace/.dependencies/artifacts/levelplay-swift-package/IronSourceSDK/IronSource.xcframework'. (in target 'LPSPM' from project 'LevelPlay-Swift-Package')
/Users/admin/builder/spi-builder-workspace/.dependencies/artifacts/unity-ad-quality-swift-package/AdQuality/IronSourceAdQualitySDK.xcframework:1:1: error: While building for watchOS, no library for this platform was found in '/Users/admin/builder/spi-builder-workspace/.dependencies/artifacts/unity-ad-quality-swift-package/AdQuality/IronSourceAdQualitySDK.xcframework'. (in target 'LPSPM' from project 'LevelPlay-Swift-Package')
2026-09-27 05:44:24.290 xcodebuild[783:4442] [MT] IDERunDestination: Supported platforms for the buildables in the current scheme is empty.
** BUILD FAILED **
The following build commands failed:
	Building workspace LevelPlay-AppLovin-Adapter-Swift-Package with scheme LevelPlay-AppLovin-Adapter-Swift-Package
(1 failure)
Command line invocation:
    /Applications/Xcode-27.0.0-Release.Candidate.app/Contents/Developer/usr/bin/xcodebuild -IDEClonedSourcePackagesDirPathOverride=/Users/admin/builder/spi-builder-workspace/.dependencies -resolvePackageDependencies
Resolve Package Graph
Resolved source packages:
  AppLovinSDK: https://github.com/AppLovin/AppLovin-MAX-Swift-Package @ 13.6.4
  LevelPlay-Swift-Package: https://github.com/ironsource-mobile/LevelPlay-Swift-Package @ 9.6.0
  Unity-Ad-Quality-Swift-Package: https://github.com/ironsource-mobile/Unity-Ad-Quality-Swift-Package @ 9.10.0
  LevelPlay-AppLovin-Adapter-Swift-Package: /Users/admin/builder/spi-builder-workspace
resolved source packages: AppLovinSDK, LevelPlay-Swift-Package, Unity-Ad-Quality-Swift-Package, LevelPlay-AppLovin-Adapter-Swift-Package
2026-09-27 05:44:26.382 xcodebuild[841:4818] [MT] IDERunDestination: Supported platforms for the buildables in the current scheme is empty.
{
  "dependencies" : [
    {
      "identity" : "applovin-max-swift-package",
      "requirement" : {
        "exact" : [
          "13.6.4"
        ]
      },
      "type" : "sourceControl",
      "url" : "https://github.com/AppLovin/AppLovin-MAX-Swift-Package"
    },
    {
      "identity" : "levelplay-swift-package",
      "requirement" : {
        "range" : [
          {
            "lower_bound" : "9.2.0",
            "upper_bound" : "10.0.0"
          }
        ]
      },
      "type" : "sourceControl",
      "url" : "https://github.com/ironsource-mobile/LevelPlay-Swift-Package"
    }
  ],
  "manifest_display_name" : "LevelPlay-AppLovin-Adapter-Swift-Package",
  "name" : "LevelPlay-AppLovin-Adapter-Swift-Package",
  "path" : "/Users/admin/builder/spi-builder-workspace",
  "platforms" : [
    {
      "name" : "ios",
      "version" : "12.0"
    }
  ],
  "products" : [
    {
      "name" : "AppLovinAdapter",
      "targets" : [
        "AppLovinAdapter"
      ],
      "type" : {
        "library" : [
          "automatic"
        ]
      }
    }
  ],
  "targets" : [
    {
      "c99name" : "AppLovinAdapterSDK",
      "module_type" : "BinaryTarget",
      "name" : "AppLovinAdapterSDK",
      "path" : "remote/archive/ISAppLovinAdapter5.9.0.zip",
      "product_memberships" : [
        "AppLovinAdapter"
      ],
      "sources" : [
      ],
      "type" : "binary"
    },
    {
      "c99name" : "AppLovinAdapter",
      "module_type" : "SwiftTarget",
      "name" : "AppLovinAdapter",
      "path" : "Sources/AppLovinAdapter",
      "product_dependencies" : [
        "AppLovinSDK",
        "UnityMediationSDK"
      ],
      "product_memberships" : [
        "AppLovinAdapter"
      ],
      "sources" : [
        "AppLovinAdapter.swift"
      ],
      "target_dependencies" : [
        "AppLovinAdapterSDK"
      ],
      "type" : "library"
    }
  ],
  "tools_version" : "6.0"
}
{
  "workspace" : {
    "name" : "LevelPlay-AppLovin-Adapter-Swift-Package",
    "schemes" : [
      "LevelPlay-AppLovin-Adapter-Swift-Package"
    ]
  }
}
2026-09-27 05:44:27.661 xcodebuild[849:4876] [MT] IDERunDestination: Supported platforms for the buildables in the current scheme is empty.
Running build ...
env DEVELOPER_DIR=/Applications/Xcode-27.0.0-Release.Candidate.app xcrun xcodebuild -IDEClonedSourcePackagesDirPathOverride=$PWD/.dependencies -skipMacroValidation -skipPackagePluginValidation -derivedDataPath $PWD/.derivedData build -scheme LevelPlay-AppLovin-Adapter-Swift-Package -destination generic/platform=watchOS
Command line invocation:
    /Applications/Xcode-27.0.0-Release.Candidate.app/Contents/Developer/usr/bin/xcodebuild -IDEClonedSourcePackagesDirPathOverride=/Users/admin/builder/spi-builder-workspace/.dependencies -skipMacroValidation -skipPackagePluginValidation -derivedDataPath /Users/admin/builder/spi-builder-workspace/.derivedData build -scheme LevelPlay-AppLovin-Adapter-Swift-Package -destination generic/platform=watchOS
Resolve Package Graph
Resolved source packages:
  AppLovinSDK: https://github.com/AppLovin/AppLovin-MAX-Swift-Package @ 13.6.4
  LevelPlay-Swift-Package: https://github.com/ironsource-mobile/LevelPlay-Swift-Package @ 9.6.0
  Unity-Ad-Quality-Swift-Package: https://github.com/ironsource-mobile/Unity-Ad-Quality-Swift-Package @ 9.10.0
  LevelPlay-AppLovin-Adapter-Swift-Package: /Users/admin/builder/spi-builder-workspace
ComputePackagePrebuildTargetDependencyGraph
Prepare packages
CreateBuildRequest
SendProjectDescription
CreateBuildOperation
ComputeTargetDependencyGraph
note: Building targets in dependency order
note: Target dependency graph (7 targets)
    Target 'AppLovinAdapter-product' in project 'LevelPlay-AppLovin-Adapter-Swift-Package'
        ➜ Explicit dependency on target 'AppLovinAdapter' in project 'LevelPlay-AppLovin-Adapter-Swift-Package'
        ➜ Explicit dependency on target 'AppLovinSDK-product' in project 'AppLovinSDK'
        ➜ Explicit dependency on target 'UnityMediationSDK-product' in project 'LevelPlay-Swift-Package'
    Target 'AppLovinAdapter' in project 'LevelPlay-AppLovin-Adapter-Swift-Package'
        ➜ Explicit dependency on target 'AppLovinSDK-product' in project 'AppLovinSDK'
        ➜ Explicit dependency on target 'UnityMediationSDK-product' in project 'LevelPlay-Swift-Package'
    Target 'UnityMediationSDK-product' in project 'LevelPlay-Swift-Package'
        ➜ Explicit dependency on target 'LPSPM' in project 'LevelPlay-Swift-Package'
        ➜ Explicit dependency on target 'AdQuality-product' in project 'Unity-Ad-Quality-Swift-Package'
    Target 'LPSPM' in project 'LevelPlay-Swift-Package'
        ➜ Explicit dependency on target 'AdQuality-product' in project 'Unity-Ad-Quality-Swift-Package'
    Target 'AdQuality-product' in project 'Unity-Ad-Quality-Swift-Package' (no dependencies)
    Target 'AppLovinSDK-product' in project 'AppLovinSDK'
        ➜ Explicit dependency on target 'AppLovinSDKResources' in project 'AppLovinSDK'
    Target 'AppLovinSDKResources' in project 'AppLovinSDK' (no dependencies)
GatherProvisioningInputs
CreateBuildDescription
/Users/admin/builder/spi-builder-workspace/.dependencies/artifacts/applovin-max-swift-package/AppLovinSDK/AppLovinSDK.xcframework:1:1: error: While building for watchOS, no library for this platform was found in '/Users/admin/builder/spi-builder-workspace/.dependencies/artifacts/applovin-max-swift-package/AppLovinSDK/AppLovinSDK.xcframework'. (in target 'AppLovinAdapter-product' from project 'LevelPlay-AppLovin-Adapter-Swift-Package')
/Users/admin/builder/spi-builder-workspace/.dependencies/artifacts/levelplay-swift-package/IronSourceSDK/IronSource.xcframework:1:1: error: While building for watchOS, no library for this platform was found in '/Users/admin/builder/spi-builder-workspace/.dependencies/artifacts/levelplay-swift-package/IronSourceSDK/IronSource.xcframework'. (in target 'AppLovinAdapter-product' from project 'LevelPlay-AppLovin-Adapter-Swift-Package')
/Users/admin/builder/spi-builder-workspace/.dependencies/artifacts/spi-builder-workspace/AppLovinAdapterSDK/ISAppLovinAdapter.xcframework:1:1: error: While building for watchOS, no library for this platform was found in '/Users/admin/builder/spi-builder-workspace/.dependencies/artifacts/spi-builder-workspace/AppLovinAdapterSDK/ISAppLovinAdapter.xcframework'. (in target 'AppLovinAdapter-product' from project 'LevelPlay-AppLovin-Adapter-Swift-Package')
/Users/admin/builder/spi-builder-workspace/.dependencies/artifacts/unity-ad-quality-swift-package/AdQuality/IronSourceAdQualitySDK.xcframework:1:1: error: While building for watchOS, no library for this platform was found in '/Users/admin/builder/spi-builder-workspace/.dependencies/artifacts/unity-ad-quality-swift-package/AdQuality/IronSourceAdQualitySDK.xcframework'. (in target 'AppLovinAdapter-product' from project 'LevelPlay-AppLovin-Adapter-Swift-Package')
/Users/admin/builder/spi-builder-workspace/.dependencies/artifacts/unity-ad-quality-swift-package/AdQuality/IronSourceAdQualitySDK.xcframework:1:1: error: While building for watchOS, no library for this platform was found in '/Users/admin/builder/spi-builder-workspace/.dependencies/artifacts/unity-ad-quality-swift-package/AdQuality/IronSourceAdQualitySDK.xcframework'. (in target 'AppLovinAdapter-product' from project 'LevelPlay-AppLovin-Adapter-Swift-Package')
/Users/admin/builder/spi-builder-workspace/.dependencies/artifacts/applovin-max-swift-package/AppLovinSDK/AppLovinSDK.xcframework:1:1: error: While building for watchOS, no library for this platform was found in '/Users/admin/builder/spi-builder-workspace/.dependencies/artifacts/applovin-max-swift-package/AppLovinSDK/AppLovinSDK.xcframework'. (in target 'AppLovinSDKResources' from project 'AppLovinSDK')
/Users/admin/builder/spi-builder-workspace/.dependencies/artifacts/levelplay-swift-package/IronSourceSDK/IronSource.xcframework:1:1: error: While building for watchOS, no library for this platform was found in '/Users/admin/builder/spi-builder-workspace/.dependencies/artifacts/levelplay-swift-package/IronSourceSDK/IronSource.xcframework'. (in target 'LPSPM' from project 'LevelPlay-Swift-Package')
/Users/admin/builder/spi-builder-workspace/.dependencies/artifacts/unity-ad-quality-swift-package/AdQuality/IronSourceAdQualitySDK.xcframework:1:1: error: While building for watchOS, no library for this platform was found in '/Users/admin/builder/spi-builder-workspace/.dependencies/artifacts/unity-ad-quality-swift-package/AdQuality/IronSourceAdQualitySDK.xcframework'. (in target 'LPSPM' from project 'LevelPlay-Swift-Package')
/Users/admin/builder/spi-builder-workspace/.dependencies/artifacts/applovin-max-swift-package/AppLovinSDK/AppLovinSDK.xcframework:1:1: error: While building for watchOS, no library for this platform was found in '/Users/admin/builder/spi-builder-workspace/.dependencies/artifacts/applovin-max-swift-package/AppLovinSDK/AppLovinSDK.xcframework'. (in target 'AppLovinSDK-product' from project 'AppLovinSDK')
/Users/admin/builder/spi-builder-workspace/.dependencies/artifacts/levelplay-swift-package/IronSourceSDK/IronSource.xcframework:1:1: error: While building for watchOS, no library for this platform was found in '/Users/admin/builder/spi-builder-workspace/.dependencies/artifacts/levelplay-swift-package/IronSourceSDK/IronSource.xcframework'. (in target 'UnityMediationSDK-product' from project 'LevelPlay-Swift-Package')
/Users/admin/builder/spi-builder-workspace/.dependencies/artifacts/unity-ad-quality-swift-package/AdQuality/IronSourceAdQualitySDK.xcframework:1:1: error: While building for watchOS, no library for this platform was found in '/Users/admin/builder/spi-builder-workspace/.dependencies/artifacts/unity-ad-quality-swift-package/AdQuality/IronSourceAdQualitySDK.xcframework'. (in target 'UnityMediationSDK-product' from project 'LevelPlay-Swift-Package')
/Users/admin/builder/spi-builder-workspace/.dependencies/artifacts/unity-ad-quality-swift-package/AdQuality/IronSourceAdQualitySDK.xcframework:1:1: error: While building for watchOS, no library for this platform was found in '/Users/admin/builder/spi-builder-workspace/.dependencies/artifacts/unity-ad-quality-swift-package/AdQuality/IronSourceAdQualitySDK.xcframework'. (in target 'UnityMediationSDK-product' from project 'LevelPlay-Swift-Package')
/Users/admin/builder/spi-builder-workspace/.dependencies/artifacts/unity-ad-quality-swift-package/AdQuality/IronSourceAdQualitySDK.xcframework:1:1: error: While building for watchOS, no library for this platform was found in '/Users/admin/builder/spi-builder-workspace/.dependencies/artifacts/unity-ad-quality-swift-package/AdQuality/IronSourceAdQualitySDK.xcframework'. (in target 'AdQuality-product' from project 'Unity-Ad-Quality-Swift-Package')
/Users/admin/builder/spi-builder-workspace/.dependencies/artifacts/spi-builder-workspace/AppLovinAdapterSDK/ISAppLovinAdapter.xcframework:1:1: error: While building for watchOS, no library for this platform was found in '/Users/admin/builder/spi-builder-workspace/.dependencies/artifacts/spi-builder-workspace/AppLovinAdapterSDK/ISAppLovinAdapter.xcframework'. (in target 'AppLovinAdapter' from project 'LevelPlay-AppLovin-Adapter-Swift-Package')
2026-09-27 05:44:28.636 xcodebuild[850:4900] [MT] IDERunDestination: Supported platforms for the buildables in the current scheme is empty.
** BUILD FAILED **
The following build commands failed:
	Building workspace LevelPlay-AppLovin-Adapter-Swift-Package with scheme LevelPlay-AppLovin-Adapter-Swift-Package
(1 failure)
BUILD FAILURE 6.4 watchOS