The Swift Package Index logo.Swift Package Index

Build Information

Failed to build UIKitViews, reference main (d2282e), with Swift 6.4 for Wasm on 21 Sep 2026 07:11:49 UTC.

Build Command

bash -c docker run --pull=always --rm -v "checkouts-53886770-0":/host -w "$PWD" -e JAVA_HOME="/root/.sdkman/candidates/java/current" -e SPI_BUILD="1" -e SPI_PROCESSING="1" registry.gitlab.com/saguaro1/spi-images:wasm-6.4-latest swift build --swift-sdk swift-6.4.x-DEVELOPMENT-SNAPSHOT-2026-09-04-a_wasm 2>&1

Build Log

========================================
RunAll
========================================
Builder version: 5.1.0
Interrupt handler set up.
========================================
Checkout
========================================
Clone URL: https://github.com/dankinsoid/UIKitViews.git
Reference: main
Initialized empty Git repository in /host/spi-builder-workspace/.git/
hint: Using 'master' as the name for the initial branch. This default branch name
hint: is subject to change. To configure the initial branch name to use in all
hint: of your new repositories, which will suppress this warning, call:
hint:
hint: 	git config --global init.defaultBranch <name>
hint:
hint: Names commonly chosen instead of 'master' are 'main', 'trunk' and
hint: 'development'. The just-created branch can be renamed via this command:
hint:
hint: 	git branch -m <name>
From https://github.com/dankinsoid/UIKitViews
 * branch            main       -> FETCH_HEAD
 * [new branch]      main       -> origin/main
HEAD is now at d2282e3 docs: Improve English grammar and clarity in README.md
Cloned https://github.com/dankinsoid/UIKitViews.git
Revision (git rev-parse @):
d2282e37b0788a1dfd6eb2bb01d5ab4a4a18934b
SUCCESS checkout https://github.com/dankinsoid/UIKitViews.git at main
========================================
Build
========================================
Selected platform:         wasm
Swift version:             6.4
Building package at path:  $PWD
https://github.com/dankinsoid/UIKitViews.git
Running build ...
bash -c docker run --pull=always --rm -v "checkouts-53886770-0":/host -w "$PWD" -e JAVA_HOME="/root/.sdkman/candidates/java/current" -e SPI_BUILD="1" -e SPI_PROCESSING="1" registry.gitlab.com/saguaro1/spi-images:wasm-6.4-latest swift build --swift-sdk swift-6.4.x-DEVELOPMENT-SNAPSHOT-2026-09-04-a_wasm 2>&1
wasm-6.4-latest: Pulling from saguaro1/spi-images
Digest: sha256:4328fdb43c680d205c1d6761b1e3267aa38277eefdda9ddfb17b6a0f1a77857a
Status: Image is up to date for registry.gitlab.com/saguaro1/spi-images:wasm-6.4-latest
Fetching https://github.com/dankinsoid/VDChain.git
[1/358] Fetching vdchain
Fetched https://github.com/dankinsoid/VDChain.git (0.50s)
Computing version for https://github.com/dankinsoid/VDChain.git
Computed https://github.com/dankinsoid/VDChain.git at 3.6.0 (0.69s)
Creating working copy for https://github.com/dankinsoid/VDChain.git
Working copy of https://github.com/dankinsoid/VDChain.git resolved at 3.6.0
Building for debugging...
[Pre-planning 1 / 96]
[22 / 38] VDChain
[32 / 47] VDChain
[33 / 47] VDChain
error: SwiftCompile normal wasm32 /host/spi-builder-workspace/Sources/UIKitViews/UIKitRepresentable.swift failed with a nonzero exit code. Command line:     cd /host
    builtin-SwiftPerFileCompile UIKitRepresentable.swift
error: SwiftCompile normal wasm32 /host/spi-builder-workspace/Sources/UIKitViews/UIKitView+Chain.swift failed with a nonzero exit code. Command line:     cd /host
    builtin-SwiftPerFileCompile UIKitView+Chain.swift
/host/spi-builder-workspace/Sources/UIKitViews/AnyUIRepresentableWrapper.swift:1:8: error: no such module 'SwiftUI'
 1 | import SwiftUI
   |        `- error: no such module 'SwiftUI'
 2 |
 3 | struct AnyUIRepresentableWrapper<IOS13: View, IOS16: View>: View {
Failed frontend command:
/usr/bin/swift-frontend -frontend -c /host/spi-builder-workspace/Sources/UIKitViews/AnyUIRepresentableWrapper.swift /host/spi-builder-workspace/Sources/UIKitViews/AnyUIViewControllerRepresentable.swift /host/spi-builder-workspace/Sources/UIKitViews/AnyUIViewRepresentable.swift /host/spi-builder-workspace/Sources/UIKitViews/HostingView.swift /host/spi-builder-workspace/Sources/UIKitViews/Operator.swift /host/spi-builder-workspace/Sources/UIKitViews/SelfSizingHostingController.swift -primary-file /host/spi-builder-workspace/Sources/UIKitViews/UIKitRepresentable.swift -primary-file /host/spi-builder-workspace/Sources/UIKitViews/UIKitView+Chain.swift /host/spi-builder-workspace/Sources/UIKitViews/UIKitView+init.swift /host/spi-builder-workspace/Sources/UIKitViews/UIKitView.swift /host/spi-builder-workspace/Sources/UIKitViews/UIKitViewControllerWrapper.swift /host/spi-builder-workspace/Sources/UIKitViews/UIKitViewEnvironment.swift /host/spi-builder-workspace/Sources/UIKitViews/UIKitViewResizing.swift /host/spi-builder-workspace/Sources/UIKitViews/UIKitViewWrapper.swift /host/spi-builder-workspace/Sources/UIKitViews/UIView++.swift -emit-dependencies-path /host/spi-builder-workspace/.build/out/Intermediates.noindex/UIKitViews.build/Debug-webassembly-wasm32/UIKitViews-t.build/Objects-normal/wasm32/UIKitRepresentable.d -emit-const-values-path /host/spi-builder-workspace/.build/out/Intermediates.noindex/UIKitViews.build/Debug-webassembly-wasm32/UIKitViews-t.build/Objects-normal/wasm32/UIKitRepresentable.swiftconstvalues -emit-reference-dependencies-path /host/spi-builder-workspace/.build/out/Intermediates.noindex/UIKitViews.build/Debug-webassembly-wasm32/UIKitViews-t.build/Objects-normal/wasm32/UIKitRepresentable.swiftdeps -serialize-diagnostics-path /host/spi-builder-workspace/.build/out/Intermediates.noindex/UIKitViews.build/Debug-webassembly-wasm32/UIKitViews-t.build/Objects-normal/wasm32/UIKitRepresentable.dia -emit-dependencies-path /host/spi-builder-workspace/.build/out/Intermediates.noindex/UIKitViews.build/Debug-webassembly-wasm32/UIKitViews-t.build/Objects-normal/wasm32/UIKitView+Chain.d -emit-const-values-path /host/spi-builder-workspace/.build/out/Intermediates.noindex/UIKitViews.build/Debug-webassembly-wasm32/UIKitViews-t.build/Objects-normal/wasm32/UIKitView+Chain.swiftconstvalues -emit-reference-dependencies-path /host/spi-builder-workspace/.build/out/Intermediates.noindex/UIKitViews.build/Debug-webassembly-wasm32/UIKitViews-t.build/Objects-normal/wasm32/UIKitView+Chain.swiftdeps -serialize-diagnostics-path /host/spi-builder-workspace/.build/out/Intermediates.noindex/UIKitViews.build/Debug-webassembly-wasm32/UIKitViews-t.build/Objects-normal/wasm32/UIKitView+Chain.dia -target wasm32-unknown-wasip1 -disable-objc-interop -sdk /root/.swiftpm/swift-sdks/swift-6.4.x-DEVELOPMENT-SNAPSHOT-2026-09-04-a_wasm.artifactbundle/swift-6.4.x-DEVELOPMENT-SNAPSHOT-2026-09-04-a_wasm/wasm32-unknown-wasip1/WASI.sdk -sysroot /root/.swiftpm/swift-sdks/swift-6.4.x-DEVELOPMENT-SNAPSHOT-2026-09-04-a_wasm.artifactbundle/swift-6.4.x-DEVELOPMENT-SNAPSHOT-2026-09-04-a_wasm/wasm32-unknown-wasip1/WASI.sdk -I /host/spi-builder-workspace/.build/out/Products/Debug-webassembly-wasm32 -module-cache-path /host/spi-builder-workspace/.build/out/ModuleCache.noindex -color-diagnostics -Xcc -fcolor-diagnostics -enable-testing -g -debug-info-format\=dwarf -dwarf-version\=4 -swift-version 5 -Onone -D SWIFT_PACKAGE -D DEBUG -D SWIFT_MODULE_RESOURCE_BUNDLE_UNAVAILABLE -D Xcode -serialize-debugging-options -enable-experimental-feature DebugDescriptionMacro -empty-abi-descriptor -external-plugin-path /usr/lib/swift/host/plugins/testing\#/usr/bin/swift-plugin-server -validate-clang-modules-once -clang-build-session-file /host/spi-builder-workspace/.build/out/ModuleCache.noindex/Session.modulevalidation -Xcc -working-directory -Xcc /host -resource-dir /root/.swiftpm/swift-sdks/swift-6.4.x-DEVELOPMENT-SNAPSHOT-2026-09-04-a_wasm.artifactbundle/swift-6.4.x-DEVELOPMENT-SNAPSHOT-2026-09-04-a_wasm/wasm32-unknown-wasip1/swift.xctoolchain/usr/lib/swift_static -use-static-resource-dir -enable-anonymous-context-mangled-names -file-compilation-dir /host -Xcc -resource-dir -Xcc /root/.swiftpm/swift-sdks/swift-6.4.x-DEVELOPMENT-SNAPSHOT-2026-09-04-a_wasm.artifactbundle/swift-6.4.x-DEVELOPMENT-SNAPSHOT-2026-09-04-a_wasm/wasm32-unknown-wasip1/swift.xctoolchain/usr/lib/swift_static/clang -Xcc -D_LIBCPP_HARDENING_MODE\=_LIBCPP_HARDENING_MODE_DEBUG -Xcc -fmodules-prune-interval\=86400 -Xcc -fmodules-prune-after\=345600 -Xcc -I/host/spi-builder-workspace/.build/out/Products/Debug-webassembly-wasm32/include -Xcc -I/host/spi-builder-workspace/.build/out/Intermediates.noindex/UIKitViews.build/Debug-webassembly-wasm32/UIKitViews-t.build/DerivedSources-normal/wasm32 -Xcc -I/host/spi-builder-workspace/.build/out/Intermediates.noindex/UIKitViews.build/Debug-webassembly-wasm32/UIKitViews-t.build/DerivedSources/wasm32 -Xcc -I/host/spi-builder-workspace/.build/out/Intermediates.noindex/UIKitViews.build/Debug-webassembly-wasm32/UIKitViews-t.build/DerivedSources -Xcc -DSWIFT_PACKAGE -Xcc -DDEBUG\=1 -no-auto-bridging-header-chaining -module-name UIKitViews -const-gather-protocols-file /host/spi-builder-workspace/.build/out/Intermediates.noindex/UIKitViews.build/Debug-webassembly-wasm32/UIKitViews-t.build/Objects-normal/wasm32/UIKitViews_const_extract_protocols.json -in-process-plugin-server-path /usr/lib/swift/host/libSwiftInProcPluginServer.so -plugin-path /usr/lib/swift/host/plugins -plugin-path /usr/local/lib/swift/host/plugins -parse-as-library -o /host/spi-builder-workspace/.build/out/Intermediates.noindex/UIKitViews.build/Debug-webassembly-wasm32/UIKitViews-t.build/Objects-normal/wasm32/UIKitRepresentable.o -o /host/spi-builder-workspace/.build/out/Intermediates.noindex/UIKitViews.build/Debug-webassembly-wasm32/UIKitViews-t.build/Objects-normal/wasm32/UIKitView+Chain.o -index-unit-output-path /UIKitViews.build/Debug-webassembly-wasm32/UIKitViews-t.build/Objects-normal/wasm32/UIKitRepresentable.o -index-unit-output-path /UIKitViews.build/Debug-webassembly-wasm32/UIKitViews-t.build/Objects-normal/wasm32/UIKitView+Chain.o -index-store-path /host/spi-builder-workspace/.build/out -index-system-modules
error: SwiftCompile normal wasm32 /host/spi-builder-workspace/Sources/UIKitViews/Operator.swift failed with a nonzero exit code. Command line:     cd /host
    builtin-SwiftPerFileCompile Operator.swift
error: SwiftCompile normal wasm32 /host/spi-builder-workspace/Sources/UIKitViews/SelfSizingHostingController.swift failed with a nonzero exit code. Command line:     cd /host
    builtin-SwiftPerFileCompile SelfSizingHostingController.swift
/host/spi-builder-workspace/Sources/UIKitViews/AnyUIRepresentableWrapper.swift:1:8: error: no such module 'SwiftUI'
 1 | import SwiftUI
   |        `- error: no such module 'SwiftUI'
 2 |
 3 | struct AnyUIRepresentableWrapper<IOS13: View, IOS16: View>: View {
Failed frontend command:
/usr/bin/swift-frontend -frontend -c /host/spi-builder-workspace/Sources/UIKitViews/AnyUIRepresentableWrapper.swift /host/spi-builder-workspace/Sources/UIKitViews/AnyUIViewControllerRepresentable.swift /host/spi-builder-workspace/Sources/UIKitViews/AnyUIViewRepresentable.swift /host/spi-builder-workspace/Sources/UIKitViews/HostingView.swift -primary-file /host/spi-builder-workspace/Sources/UIKitViews/Operator.swift -primary-file /host/spi-builder-workspace/Sources/UIKitViews/SelfSizingHostingController.swift /host/spi-builder-workspace/Sources/UIKitViews/UIKitRepresentable.swift /host/spi-builder-workspace/Sources/UIKitViews/UIKitView+Chain.swift /host/spi-builder-workspace/Sources/UIKitViews/UIKitView+init.swift /host/spi-builder-workspace/Sources/UIKitViews/UIKitView.swift /host/spi-builder-workspace/Sources/UIKitViews/UIKitViewControllerWrapper.swift /host/spi-builder-workspace/Sources/UIKitViews/UIKitViewEnvironment.swift /host/spi-builder-workspace/Sources/UIKitViews/UIKitViewResizing.swift /host/spi-builder-workspace/Sources/UIKitViews/UIKitViewWrapper.swift /host/spi-builder-workspace/Sources/UIKitViews/UIView++.swift -emit-dependencies-path /host/spi-builder-workspace/.build/out/Intermediates.noindex/UIKitViews.build/Debug-webassembly-wasm32/UIKitViews-t.build/Objects-normal/wasm32/Operator.d -emit-const-values-path /host/spi-builder-workspace/.build/out/Intermediates.noindex/UIKitViews.build/Debug-webassembly-wasm32/UIKitViews-t.build/Objects-normal/wasm32/Operator.swiftconstvalues -emit-reference-dependencies-path /host/spi-builder-workspace/.build/out/Intermediates.noindex/UIKitViews.build/Debug-webassembly-wasm32/UIKitViews-t.build/Objects-normal/wasm32/Operator.swiftdeps -serialize-diagnostics-path /host/spi-builder-workspace/.build/out/Intermediates.noindex/UIKitViews.build/Debug-webassembly-wasm32/UIKitViews-t.build/Objects-normal/wasm32/Operator.dia -emit-dependencies-path /host/spi-builder-workspace/.build/out/Intermediates.noindex/UIKitViews.build/Debug-webassembly-wasm32/UIKitViews-t.build/Objects-normal/wasm32/SelfSizingHostingController.d -emit-const-values-path /host/spi-builder-workspace/.build/out/Intermediates.noindex/UIKitViews.build/Debug-webassembly-wasm32/UIKitViews-t.build/Objects-normal/wasm32/SelfSizingHostingController.swiftconstvalues -emit-reference-dependencies-path /host/spi-builder-workspace/.build/out/Intermediates.noindex/UIKitViews.build/Debug-webassembly-wasm32/UIKitViews-t.build/Objects-normal/wasm32/SelfSizingHostingController.swiftdeps -serialize-diagnostics-path /host/spi-builder-workspace/.build/out/Intermediates.noindex/UIKitViews.build/Debug-webassembly-wasm32/UIKitViews-t.build/Objects-normal/wasm32/SelfSizingHostingController.dia -target wasm32-unknown-wasip1 -disable-objc-interop -sdk /root/.swiftpm/swift-sdks/swift-6.4.x-DEVELOPMENT-SNAPSHOT-2026-09-04-a_wasm.artifactbundle/swift-6.4.x-DEVELOPMENT-SNAPSHOT-2026-09-04-a_wasm/wasm32-unknown-wasip1/WASI.sdk -sysroot /root/.swiftpm/swift-sdks/swift-6.4.x-DEVELOPMENT-SNAPSHOT-2026-09-04-a_wasm.artifactbundle/swift-6.4.x-DEVELOPMENT-SNAPSHOT-2026-09-04-a_wasm/wasm32-unknown-wasip1/WASI.sdk -I /host/spi-builder-workspace/.build/out/Products/Debug-webassembly-wasm32 -module-cache-path /host/spi-builder-workspace/.build/out/ModuleCache.noindex -color-diagnostics -Xcc -fcolor-diagnostics -enable-testing -g -debug-info-format\=dwarf -dwarf-version\=4 -swift-version 5 -Onone -D SWIFT_PACKAGE -D DEBUG -D SWIFT_MODULE_RESOURCE_BUNDLE_UNAVAILABLE -D Xcode -serialize-debugging-options -enable-experimental-feature DebugDescriptionMacro -empty-abi-descriptor -external-plugin-path /usr/lib/swift/host/plugins/testing\#/usr/bin/swift-plugin-server -validate-clang-modules-once -clang-build-session-file /host/spi-builder-workspace/.build/out/ModuleCache.noindex/Session.modulevalidation -Xcc -working-directory -Xcc /host -resource-dir /root/.swiftpm/swift-sdks/swift-6.4.x-DEVELOPMENT-SNAPSHOT-2026-09-04-a_wasm.artifactbundle/swift-6.4.x-DEVELOPMENT-SNAPSHOT-2026-09-04-a_wasm/wasm32-unknown-wasip1/swift.xctoolchain/usr/lib/swift_static -use-static-resource-dir -enable-anonymous-context-mangled-names -file-compilation-dir /host -Xcc -resource-dir -Xcc /root/.swiftpm/swift-sdks/swift-6.4.x-DEVELOPMENT-SNAPSHOT-2026-09-04-a_wasm.artifactbundle/swift-6.4.x-DEVELOPMENT-SNAPSHOT-2026-09-04-a_wasm/wasm32-unknown-wasip1/swift.xctoolchain/usr/lib/swift_static/clang -Xcc -D_LIBCPP_HARDENING_MODE\=_LIBCPP_HARDENING_MODE_DEBUG -Xcc -fmodules-prune-interval\=86400 -Xcc -fmodules-prune-after\=345600 -Xcc -I/host/spi-builder-workspace/.build/out/Products/Debug-webassembly-wasm32/include -Xcc -I/host/spi-builder-workspace/.build/out/Intermediates.noindex/UIKitViews.build/Debug-webassembly-wasm32/UIKitViews-t.build/DerivedSources-normal/wasm32 -Xcc -I/host/spi-builder-workspace/.build/out/Intermediates.noindex/UIKitViews.build/Debug-webassembly-wasm32/UIKitViews-t.build/DerivedSources/wasm32 -Xcc -I/host/spi-builder-workspace/.build/out/Intermediates.noindex/UIKitViews.build/Debug-webassembly-wasm32/UIKitViews-t.build/DerivedSources -Xcc -DSWIFT_PACKAGE -Xcc -DDEBUG\=1 -no-auto-bridging-header-chaining -module-name UIKitViews -const-gather-protocols-file /host/spi-builder-workspace/.build/out/Intermediates.noindex/UIKitViews.build/Debug-webassembly-wasm32/UIKitViews-t.build/Objects-normal/wasm32/UIKitViews_const_extract_protocols.json -in-process-plugin-server-path /usr/lib/swift/host/libSwiftInProcPluginServer.so -plugin-path /usr/lib/swift/host/plugins -plugin-path /usr/local/lib/swift/host/plugins -parse-as-library -o /host/spi-builder-workspace/.build/out/Intermediates.noindex/UIKitViews.build/Debug-webassembly-wasm32/UIKitViews-t.build/Objects-normal/wasm32/Operator.o -o /host/spi-builder-workspace/.build/out/Intermediates.noindex/UIKitViews.build/Debug-webassembly-wasm32/UIKitViews-t.build/Objects-normal/wasm32/SelfSizingHostingController.o -index-unit-output-path /UIKitViews.build/Debug-webassembly-wasm32/UIKitViews-t.build/Objects-normal/wasm32/Operator.o -index-unit-output-path /UIKitViews.build/Debug-webassembly-wasm32/UIKitViews-t.build/Objects-normal/wasm32/SelfSizingHostingController.o -index-store-path /host/spi-builder-workspace/.build/out -index-system-modules
error: Build failed
BUILD FAILURE 6.4 wasm