The Swift Package Index logo.Swift Package Index

Build Information

Failed to build Magnet, reference master (26b475), with Swift 6.4 for watchOS using Xcode 27.0 on 25 Sep 2026 06:29:16 UTC.

Build Command

env DEVELOPER_DIR=/Applications/Xcode-27.0.0-Release.Candidate.app xcrun xcodebuild -IDEClonedSourcePackagesDirPathOverride=$PWD/.dependencies -skipMacroValidation -skipPackagePluginValidation -derivedDataPath $PWD/.derivedData build -scheme Magnet -destination generic/platform=watchOS

Build Log

========================================
RunAll
========================================
Builder version: 5.1.0
Interrupt handler set up.
========================================
Checkout
========================================
Clone URL: https://github.com/Clipy/Magnet.git
Reference: master
Initialized empty Git repository in /Users/admin/builder/spi-builder-workspace/.git/
From https://github.com/Clipy/Magnet
 * branch            master     -> FETCH_HEAD
 * [new branch]      master     -> origin/master
HEAD is now at 26b4753 Bump json from 2.20.0 to 2.21.2 (#115)
Cloned https://github.com/Clipy/Magnet.git
Revision (git rev-parse @):
26b4753ec2920a321cc55d8d203e57f56851687f
SUCCESS checkout https://github.com/Clipy/Magnet.git at master
========================================
Build
========================================
Selected platform:         watchOS
Swift version:             6.4
Building package at path:  $PWD
https://github.com/Clipy/Magnet.git
Command line invocation:
    /Applications/Xcode-27.0.0-Release.Candidate.app/Contents/Developer/usr/bin/xcodebuild -IDEClonedSourcePackagesDirPathOverride=/Users/admin/builder/spi-builder-workspace/.dependencies -resolvePackageDependencies
Resolve Package Graph
Fetching from https://github.com/Clipy/Sauce
Creating working copy of package ‘Sauce’
Checking out 2.5.2 of package ‘Sauce’
Resolve Package Graph
Resolved source packages:
  Magnet: /Users/admin/builder/spi-builder-workspace
  Sauce: https://github.com/Clipy/Sauce @ 2.5.2
resolved source packages: Magnet, Sauce
2026-09-25 02:28:36.147 xcodebuild[524:3013] [MT] IDERunDestination: Supported platforms for the buildables in the current scheme is empty.
{
  "dependencies" : [
    {
      "identity" : "sauce",
      "requirement" : {
        "range" : [
          {
            "lower_bound" : "2.5.0",
            "upper_bound" : "2.6.0"
          }
        ]
      },
      "type" : "sourceControl",
      "url" : "https://github.com/Clipy/Sauce"
    }
  ],
  "manifest_display_name" : "Magnet",
  "name" : "Magnet",
  "path" : "/Users/admin/builder/spi-builder-workspace",
  "platforms" : [
    {
      "name" : "macos",
      "version" : "11.0"
    }
  ],
  "products" : [
    {
      "name" : "Magnet",
      "targets" : [
        "Magnet"
      ],
      "type" : {
        "library" : [
          "automatic"
        ]
      }
    }
  ],
  "swift_languages_versions" : [
    "5"
  ],
  "targets" : [
    {
      "c99name" : "MagnetTests",
      "module_type" : "SwiftTarget",
      "name" : "MagnetTests",
      "path" : "Tests/MagnetTests",
      "sources" : [
        "CollectionExtensionTests.swift",
        "Fixtures/v2_0_0KeyCombo.swift",
        "Fixtures/v3_1_0KeyCombo.swift",
        "KeyComboTests.swift",
        "ModifierEventHandlerTests.swift"
      ],
      "target_dependencies" : [
        "Magnet"
      ],
      "type" : "test"
    },
    {
      "c99name" : "Magnet",
      "module_type" : "SwiftTarget",
      "name" : "Magnet",
      "path" : "Sources/Magnet",
      "product_dependencies" : [
        "Sauce"
      ],
      "product_memberships" : [
        "Magnet"
      ],
      "sources" : [
        "Extensions/CollectionExtension.swift",
        "Extensions/IntExtension.swift",
        "Extensions/KeyExtension.swift",
        "Extensions/NSEventExtension.swift",
        "Extensions/NSMenuItem+keyCombo.swift",
        "HotKey.swift",
        "HotKeyCenter.swift",
        "KeyCombo.swift",
        "ModifierEventHandler.swift"
      ],
      "type" : "library"
    }
  ],
  "tools_version" : "5.9"
}
{
  "workspace" : {
    "name" : "Magnet",
    "schemes" : [
      "Magnet"
    ]
  }
}
2026-09-25 02:29:08.595 xcodebuild[659:3997] [MT] IDERunDestination: Supported platforms for the buildables in the current scheme is empty.
Running build ...
env DEVELOPER_DIR=/Applications/Xcode-27.0.0-Release.Candidate.app xcrun xcodebuild -IDEClonedSourcePackagesDirPathOverride=$PWD/.dependencies -skipMacroValidation -skipPackagePluginValidation -derivedDataPath $PWD/.derivedData build -scheme Magnet -destination generic/platform=watchOS
Command line invocation:
    /Applications/Xcode-27.0.0-Release.Candidate.app/Contents/Developer/usr/bin/xcodebuild -IDEClonedSourcePackagesDirPathOverride=/Users/admin/builder/spi-builder-workspace/.dependencies -skipMacroValidation -skipPackagePluginValidation -derivedDataPath /Users/admin/builder/spi-builder-workspace/.derivedData build -scheme Magnet -destination generic/platform=watchOS
Resolve Package Graph
Resolve Package Graph
Resolved source packages:
  Sauce: https://github.com/Clipy/Sauce @ 2.5.2
  Magnet: /Users/admin/builder/spi-builder-workspace
ComputePackagePrebuildTargetDependencyGraph
Prepare packages
CreateBuildRequest
SendProjectDescription
CreateBuildOperation
ComputeTargetDependencyGraph
note: Building targets in dependency order
note: Target dependency graph (4 targets)
    Target 'Magnet-product' in project 'Magnet'
        ➜ Explicit dependency on target 'Magnet' in project 'Magnet'
        ➜ Explicit dependency on target 'Sauce-product' in project 'Sauce'
    Target 'Magnet' in project 'Magnet'
        ➜ Explicit dependency on target 'Sauce-product' in project 'Sauce'
    Target 'Sauce-product' in project 'Sauce'
        ➜ Explicit dependency on target 'Sauce' in project 'Sauce'
    Target 'Sauce' in project 'Sauce' (no dependencies)
GatherProvisioningInputs
CreateBuildDescription
ExecuteExternalTool /Applications/Xcode-27.0.0-Release.Candidate.app/Contents/Developer/Toolchains/XcodeDefault.xctoolchain/usr/bin/clang -v -E -dM -isysroot /Applications/Xcode-27.0.0-Release.Candidate.app/Contents/Developer/Platforms/WatchOS.platform/Developer/SDKs/WatchOS27.0.sdk -x c -c /dev/null
ExecuteExternalTool /Applications/Xcode-27.0.0-Release.Candidate.app/Contents/Developer/Toolchains/XcodeDefault.xctoolchain/usr/bin/swiftc --version
ExecuteExternalTool /Applications/Xcode-27.0.0-Release.Candidate.app/Contents/Developer/Toolchains/XcodeDefault.xctoolchain/usr/bin/ld -version_details
Build description signature: 539a010a6448d99104bdd2fee839e486
Build description path: /Users/admin/builder/spi-builder-workspace/.derivedData/Build/Intermediates.noindex/XCBuildData/539a010a6448d99104bdd2fee839e486.xcbuilddata
CreateBuildDirectory /Users/admin/builder/spi-builder-workspace/.derivedData/SDKExplicitPrecompiledModules
    cd /Users/admin/builder/spi-builder-workspace/.swiftpm/xcode
    builtin-create-build-directory /Users/admin/builder/spi-builder-workspace/.derivedData/SDKExplicitPrecompiledModules
CreateBuildDirectory /Users/admin/builder/spi-builder-workspace/.derivedData/CompilationCache.noindex
    cd /Users/admin/builder/spi-builder-workspace/.swiftpm/xcode
    builtin-create-build-directory /Users/admin/builder/spi-builder-workspace/.derivedData/CompilationCache.noindex
CreateBuildDirectory /Users/admin/builder/spi-builder-workspace/.derivedData/ModuleCache.noindex
    cd /Users/admin/builder/spi-builder-workspace/.swiftpm/xcode
    builtin-create-build-directory /Users/admin/builder/spi-builder-workspace/.derivedData/ModuleCache.noindex
CreateBuildDirectory /Users/admin/builder/spi-builder-workspace/.derivedData/Build/Products
    cd /Users/admin/builder/spi-builder-workspace/.swiftpm/xcode
    builtin-create-build-directory /Users/admin/builder/spi-builder-workspace/.derivedData/Build/Products
CreateBuildDirectory /Users/admin/builder/spi-builder-workspace/.derivedData/Build/Intermediates.noindex
    cd /Users/admin/builder/spi-builder-workspace/.swiftpm/xcode
    builtin-create-build-directory /Users/admin/builder/spi-builder-workspace/.derivedData/Build/Intermediates.noindex
ClangStatCache /Applications/Xcode-27.0.0-Release.Candidate.app/Contents/Developer/Toolchains/XcodeDefault.xctoolchain/usr/bin/clang-stat-cache /Applications/Xcode-27.0.0-Release.Candidate.app/Contents/Developer/Platforms/WatchOS.platform/Developer/SDKs/WatchOS27.0.sdk /Users/admin/builder/spi-builder-workspace/.derivedData/SDKStatCaches.noindex/watchos27.0-24R360-e829b21a6f8c9b70876ba0858053c04477534ef55a1706bf4c1112bbb242f0a2.sdkstatcache
    cd /Users/admin/builder/spi-builder-workspace/.swiftpm/xcode
    /Applications/Xcode-27.0.0-Release.Candidate.app/Contents/Developer/Toolchains/XcodeDefault.xctoolchain/usr/bin/clang-stat-cache /Applications/Xcode-27.0.0-Release.Candidate.app/Contents/Developer/Platforms/WatchOS.platform/Developer/SDKs/WatchOS27.0.sdk -o /Users/admin/builder/spi-builder-workspace/.derivedData/SDKStatCaches.noindex/watchos27.0-24R360-e829b21a6f8c9b70876ba0858053c04477534ef55a1706bf4c1112bbb242f0a2.sdkstatcache
CreateBuildDirectory /Users/admin/builder/spi-builder-workspace/.derivedData/Build/Products/Debug-watchos
    cd /Users/admin/builder/spi-builder-workspace/.swiftpm/xcode
    builtin-create-build-directory /Users/admin/builder/spi-builder-workspace/.derivedData/Build/Products/Debug-watchos
CreateBuildDirectory /Users/admin/builder/spi-builder-workspace/.derivedData/Build/Intermediates.noindex/SwiftExplicitPrecompiledModules
    cd /Users/admin/builder/spi-builder-workspace/.swiftpm/xcode
    builtin-create-build-directory /Users/admin/builder/spi-builder-workspace/.derivedData/Build/Intermediates.noindex/SwiftExplicitPrecompiledModules
CreateBuildDirectory /Users/admin/builder/spi-builder-workspace/.derivedData/Build/Intermediates.noindex/ExplicitPrecompiledModules
    cd /Users/admin/builder/spi-builder-workspace/.swiftpm/xcode
    builtin-create-build-directory /Users/admin/builder/spi-builder-workspace/.derivedData/Build/Intermediates.noindex/ExplicitPrecompiledModules
CreateBuildDirectory /Users/admin/builder/spi-builder-workspace/.derivedData/Build/Intermediates.noindex/PrecompiledHeaders
    cd /Users/admin/builder/spi-builder-workspace/.swiftpm/xcode
    builtin-create-build-directory /Users/admin/builder/spi-builder-workspace/.derivedData/Build/Intermediates.noindex/PrecompiledHeaders
CreateBuildDirectory /Users/admin/builder/spi-builder-workspace/.derivedData/Build/Intermediates.noindex/EagerLinkingTBDs/Debug-watchos
    cd /Users/admin/builder/spi-builder-workspace/.swiftpm/xcode
    builtin-create-build-directory /Users/admin/builder/spi-builder-workspace/.derivedData/Build/Intermediates.noindex/EagerLinkingTBDs/Debug-watchos
CreateBuildDirectory /Users/admin/builder/spi-builder-workspace/.derivedData/Build/Products/Debug-watchos/PackageFrameworks
    cd /Users/admin/builder/spi-builder-workspace/.swiftpm/xcode
    builtin-create-build-directory /Users/admin/builder/spi-builder-workspace/.derivedData/Build/Products/Debug-watchos/PackageFrameworks
WriteAuxiliaryFile /Users/admin/builder/spi-builder-workspace/.derivedData/Build/Intermediates.noindex/Sauce.build/Debug-watchos/Sauce-t.build/Sauce.modulemap (in target 'Sauce' from project 'Sauce')
    cd /Users/admin/builder/spi-builder-workspace/.dependencies/checkouts/Sauce
    write-file /Users/admin/builder/spi-builder-workspace/.derivedData/Build/Intermediates.noindex/Sauce.build/Debug-watchos/Sauce-t.build/Sauce.modulemap
WriteAuxiliaryFile /Users/admin/builder/spi-builder-workspace/.derivedData/Build/Intermediates.noindex/Sauce.build/Debug-watchos/Sauce-t.build/Sauce.DependencyStaticMetadataFileList (in target 'Sauce' from project 'Sauce')
    cd /Users/admin/builder/spi-builder-workspace/.dependencies/checkouts/Sauce
    write-file /Users/admin/builder/spi-builder-workspace/.derivedData/Build/Intermediates.noindex/Sauce.build/Debug-watchos/Sauce-t.build/Sauce.DependencyStaticMetadataFileList
WriteAuxiliaryFile /Users/admin/builder/spi-builder-workspace/.derivedData/Build/Intermediates.noindex/Sauce.build/Debug-watchos/Sauce-t.build/Sauce.DependencyMetadataFileList (in target 'Sauce' from project 'Sauce')
    cd /Users/admin/builder/spi-builder-workspace/.dependencies/checkouts/Sauce
    write-file /Users/admin/builder/spi-builder-workspace/.derivedData/Build/Intermediates.noindex/Sauce.build/Debug-watchos/Sauce-t.build/Sauce.DependencyMetadataFileList
WriteAuxiliaryFile /Users/admin/builder/spi-builder-workspace/.derivedData/Build/Intermediates.noindex/Sauce.build/Debug-watchos/Sauce-t.build/Objects-normal/arm64_32/Sauce.SwiftConstValuesFileList (in target 'Sauce' from project 'Sauce')
    cd /Users/admin/builder/spi-builder-workspace/.dependencies/checkouts/Sauce
    write-file /Users/admin/builder/spi-builder-workspace/.derivedData/Build/Intermediates.noindex/Sauce.build/Debug-watchos/Sauce-t.build/Objects-normal/arm64_32/Sauce.SwiftConstValuesFileList
WriteAuxiliaryFile /Users/admin/builder/spi-builder-workspace/.derivedData/Build/Intermediates.noindex/Sauce.build/Debug-watchos/Sauce-t.build/Objects-normal/arm64_32/Sauce_const_extract_protocols.json (in target 'Sauce' from project 'Sauce')
    cd /Users/admin/builder/spi-builder-workspace/.dependencies/checkouts/Sauce
    write-file /Users/admin/builder/spi-builder-workspace/.derivedData/Build/Intermediates.noindex/Sauce.build/Debug-watchos/Sauce-t.build/Objects-normal/arm64_32/Sauce_const_extract_protocols.json
WriteAuxiliaryFile /Users/admin/builder/spi-builder-workspace/.derivedData/Build/Intermediates.noindex/Sauce.build/Debug-watchos/Sauce-t.build/Objects-normal/arm64_32/Sauce-OutputFileMap.json (in target 'Sauce' from project 'Sauce')
    cd /Users/admin/builder/spi-builder-workspace/.dependencies/checkouts/Sauce
    write-file /Users/admin/builder/spi-builder-workspace/.derivedData/Build/Intermediates.noindex/Sauce.build/Debug-watchos/Sauce-t.build/Objects-normal/arm64_32/Sauce-OutputFileMap.json
WriteAuxiliaryFile /Users/admin/builder/spi-builder-workspace/.derivedData/Build/Intermediates.noindex/Sauce.build/Debug-watchos/Sauce-t.build/Objects-normal/arm64_32/Sauce.SwiftFileList (in target 'Sauce' from project 'Sauce')
    cd /Users/admin/builder/spi-builder-workspace/.dependencies/checkouts/Sauce
    write-file /Users/admin/builder/spi-builder-workspace/.derivedData/Build/Intermediates.noindex/Sauce.build/Debug-watchos/Sauce-t.build/Objects-normal/arm64_32/Sauce.SwiftFileList
WriteAuxiliaryFile /Users/admin/builder/spi-builder-workspace/.derivedData/Build/Intermediates.noindex/Sauce.build/Debug-watchos/Sauce-t.build/Objects-normal/arm64_32/Sauce.LinkFileList (in target 'Sauce' from project 'Sauce')
    cd /Users/admin/builder/spi-builder-workspace/.dependencies/checkouts/Sauce
    write-file /Users/admin/builder/spi-builder-workspace/.derivedData/Build/Intermediates.noindex/Sauce.build/Debug-watchos/Sauce-t.build/Objects-normal/arm64_32/Sauce.LinkFileList
WriteAuxiliaryFile /Users/admin/builder/spi-builder-workspace/.derivedData/Build/Intermediates.noindex/Sauce.build/Debug-watchos/Sauce-t.build/Objects-normal/arm64/Sauce_const_extract_protocols.json (in target 'Sauce' from project 'Sauce')
    cd /Users/admin/builder/spi-builder-workspace/.dependencies/checkouts/Sauce
    write-file /Users/admin/builder/spi-builder-workspace/.derivedData/Build/Intermediates.noindex/Sauce.build/Debug-watchos/Sauce-t.build/Objects-normal/arm64/Sauce_const_extract_protocols.json
WriteAuxiliaryFile /Users/admin/builder/spi-builder-workspace/.derivedData/Build/Intermediates.noindex/Sauce.build/Debug-watchos/Sauce-t.build/Objects-normal/arm64/Sauce.SwiftFileList (in target 'Sauce' from project 'Sauce')
    cd /Users/admin/builder/spi-builder-workspace/.dependencies/checkouts/Sauce
    write-file /Users/admin/builder/spi-builder-workspace/.derivedData/Build/Intermediates.noindex/Sauce.build/Debug-watchos/Sauce-t.build/Objects-normal/arm64/Sauce.SwiftFileList
WriteAuxiliaryFile /Users/admin/builder/spi-builder-workspace/.derivedData/Build/Intermediates.noindex/Sauce.build/Debug-watchos/Sauce-t.build/Objects-normal/arm64/Sauce.SwiftConstValuesFileList (in target 'Sauce' from project 'Sauce')
    cd /Users/admin/builder/spi-builder-workspace/.dependencies/checkouts/Sauce
    write-file /Users/admin/builder/spi-builder-workspace/.derivedData/Build/Intermediates.noindex/Sauce.build/Debug-watchos/Sauce-t.build/Objects-normal/arm64/Sauce.SwiftConstValuesFileList
WriteAuxiliaryFile /Users/admin/builder/spi-builder-workspace/.derivedData/Build/Intermediates.noindex/Sauce.build/Debug-watchos/Sauce-t.build/Objects-normal/arm64/Sauce.LinkFileList (in target 'Sauce' from project 'Sauce')
    cd /Users/admin/builder/spi-builder-workspace/.dependencies/checkouts/Sauce
    write-file /Users/admin/builder/spi-builder-workspace/.derivedData/Build/Intermediates.noindex/Sauce.build/Debug-watchos/Sauce-t.build/Objects-normal/arm64/Sauce.LinkFileList
WriteAuxiliaryFile /Users/admin/builder/spi-builder-workspace/.derivedData/Build/Intermediates.noindex/Sauce.build/Debug-watchos/Sauce-t.build/Objects-normal/arm64/Sauce-OutputFileMap.json (in target 'Sauce' from project 'Sauce')
    cd /Users/admin/builder/spi-builder-workspace/.dependencies/checkouts/Sauce
    write-file /Users/admin/builder/spi-builder-workspace/.derivedData/Build/Intermediates.noindex/Sauce.build/Debug-watchos/Sauce-t.build/Objects-normal/arm64/Sauce-OutputFileMap.json
Copy /Users/admin/builder/spi-builder-workspace/.derivedData/Build/Intermediates.noindex/GeneratedModuleMaps-watchos/Sauce.modulemap /Users/admin/builder/spi-builder-workspace/.derivedData/Build/Intermediates.noindex/Sauce.build/Debug-watchos/Sauce-t.build/Sauce.modulemap (in target 'Sauce' from project 'Sauce')
    cd /Users/admin/builder/spi-builder-workspace/.dependencies/checkouts/Sauce
    builtin-copy -exclude .DS_Store -exclude CVS -exclude .svn -exclude .git -exclude .hg -resolve-src-symlinks /Users/admin/builder/spi-builder-workspace/.derivedData/Build/Intermediates.noindex/Sauce.build/Debug-watchos/Sauce-t.build/Sauce.modulemap /Users/admin/builder/spi-builder-workspace/.derivedData/Build/Intermediates.noindex/GeneratedModuleMaps-watchos
WriteAuxiliaryFile /Users/admin/builder/spi-builder-workspace/.derivedData/Build/Intermediates.noindex/Magnet.build/Debug-watchos/Magnet-t.build/Objects-normal/arm64_32/Magnet_const_extract_protocols.json (in target 'Magnet' from project 'Magnet')
    cd /Users/admin/builder/spi-builder-workspace
    write-file /Users/admin/builder/spi-builder-workspace/.derivedData/Build/Intermediates.noindex/Magnet.build/Debug-watchos/Magnet-t.build/Objects-normal/arm64_32/Magnet_const_extract_protocols.json
WriteAuxiliaryFile /Users/admin/builder/spi-builder-workspace/.derivedData/Build/Intermediates.noindex/Magnet.build/Debug-watchos/Magnet-t.build/Objects-normal/arm64_32/Magnet.SwiftFileList (in target 'Magnet' from project 'Magnet')
    cd /Users/admin/builder/spi-builder-workspace
    write-file /Users/admin/builder/spi-builder-workspace/.derivedData/Build/Intermediates.noindex/Magnet.build/Debug-watchos/Magnet-t.build/Objects-normal/arm64_32/Magnet.SwiftFileList
WriteAuxiliaryFile /Users/admin/builder/spi-builder-workspace/.derivedData/Build/Intermediates.noindex/Magnet.build/Debug-watchos/Magnet-t.build/Objects-normal/arm64_32/Magnet.SwiftConstValuesFileList (in target 'Magnet' from project 'Magnet')
    cd /Users/admin/builder/spi-builder-workspace
    write-file /Users/admin/builder/spi-builder-workspace/.derivedData/Build/Intermediates.noindex/Magnet.build/Debug-watchos/Magnet-t.build/Objects-normal/arm64_32/Magnet.SwiftConstValuesFileList
WriteAuxiliaryFile /Users/admin/builder/spi-builder-workspace/.derivedData/Build/Intermediates.noindex/Magnet.build/Debug-watchos/Magnet-t.build/Objects-normal/arm64_32/Magnet.LinkFileList (in target 'Magnet' from project 'Magnet')
    cd /Users/admin/builder/spi-builder-workspace
    write-file /Users/admin/builder/spi-builder-workspace/.derivedData/Build/Intermediates.noindex/Magnet.build/Debug-watchos/Magnet-t.build/Objects-normal/arm64_32/Magnet.LinkFileList
WriteAuxiliaryFile /Users/admin/builder/spi-builder-workspace/.derivedData/Build/Intermediates.noindex/Magnet.build/Debug-watchos/Magnet-t.build/Objects-normal/arm64_32/Magnet-OutputFileMap.json (in target 'Magnet' from project 'Magnet')
    cd /Users/admin/builder/spi-builder-workspace
    write-file /Users/admin/builder/spi-builder-workspace/.derivedData/Build/Intermediates.noindex/Magnet.build/Debug-watchos/Magnet-t.build/Objects-normal/arm64_32/Magnet-OutputFileMap.json
WriteAuxiliaryFile /Users/admin/builder/spi-builder-workspace/.derivedData/Build/Intermediates.noindex/Magnet.build/Debug-watchos/Magnet-t.build/Objects-normal/arm64/Magnet.SwiftConstValuesFileList (in target 'Magnet' from project 'Magnet')
    cd /Users/admin/builder/spi-builder-workspace
    write-file /Users/admin/builder/spi-builder-workspace/.derivedData/Build/Intermediates.noindex/Magnet.build/Debug-watchos/Magnet-t.build/Objects-normal/arm64/Magnet.SwiftConstValuesFileList
WriteAuxiliaryFile /Users/admin/builder/spi-builder-workspace/.derivedData/Build/Intermediates.noindex/Magnet.build/Debug-watchos/Magnet-t.build/Objects-normal/arm64/Magnet_const_extract_protocols.json (in target 'Magnet' from project 'Magnet')
    cd /Users/admin/builder/spi-builder-workspace
    write-file /Users/admin/builder/spi-builder-workspace/.derivedData/Build/Intermediates.noindex/Magnet.build/Debug-watchos/Magnet-t.build/Objects-normal/arm64/Magnet_const_extract_protocols.json
WriteAuxiliaryFile /Users/admin/builder/spi-builder-workspace/.derivedData/Build/Intermediates.noindex/Magnet.build/Debug-watchos/Magnet-t.build/Objects-normal/arm64/Magnet.SwiftFileList (in target 'Magnet' from project 'Magnet')
    cd /Users/admin/builder/spi-builder-workspace
    write-file /Users/admin/builder/spi-builder-workspace/.derivedData/Build/Intermediates.noindex/Magnet.build/Debug-watchos/Magnet-t.build/Objects-normal/arm64/Magnet.SwiftFileList
WriteAuxiliaryFile /Users/admin/builder/spi-builder-workspace/.derivedData/Build/Intermediates.noindex/Magnet.build/Debug-watchos/Magnet-t.build/Objects-normal/arm64/Magnet.LinkFileList (in target 'Magnet' from project 'Magnet')
    cd /Users/admin/builder/spi-builder-workspace
    write-file /Users/admin/builder/spi-builder-workspace/.derivedData/Build/Intermediates.noindex/Magnet.build/Debug-watchos/Magnet-t.build/Objects-normal/arm64/Magnet.LinkFileList
WriteAuxiliaryFile /Users/admin/builder/spi-builder-workspace/.derivedData/Build/Intermediates.noindex/Magnet.build/Debug-watchos/Magnet-t.build/Objects-normal/arm64/Magnet-OutputFileMap.json (in target 'Magnet' from project 'Magnet')
    cd /Users/admin/builder/spi-builder-workspace
    write-file /Users/admin/builder/spi-builder-workspace/.derivedData/Build/Intermediates.noindex/Magnet.build/Debug-watchos/Magnet-t.build/Objects-normal/arm64/Magnet-OutputFileMap.json
WriteAuxiliaryFile /Users/admin/builder/spi-builder-workspace/.derivedData/Build/Intermediates.noindex/Magnet.build/Debug-watchos/Magnet-t.build/Magnet.modulemap (in target 'Magnet' from project 'Magnet')
    cd /Users/admin/builder/spi-builder-workspace
    write-file /Users/admin/builder/spi-builder-workspace/.derivedData/Build/Intermediates.noindex/Magnet.build/Debug-watchos/Magnet-t.build/Magnet.modulemap
WriteAuxiliaryFile /Users/admin/builder/spi-builder-workspace/.derivedData/Build/Intermediates.noindex/Magnet.build/Debug-watchos/Magnet-t.build/Magnet.DependencyStaticMetadataFileList (in target 'Magnet' from project 'Magnet')
    cd /Users/admin/builder/spi-builder-workspace
    write-file /Users/admin/builder/spi-builder-workspace/.derivedData/Build/Intermediates.noindex/Magnet.build/Debug-watchos/Magnet-t.build/Magnet.DependencyStaticMetadataFileList
WriteAuxiliaryFile /Users/admin/builder/spi-builder-workspace/.derivedData/Build/Intermediates.noindex/Magnet.build/Debug-watchos/Magnet-t.build/Magnet.DependencyMetadataFileList (in target 'Magnet' from project 'Magnet')
    cd /Users/admin/builder/spi-builder-workspace
    write-file /Users/admin/builder/spi-builder-workspace/.derivedData/Build/Intermediates.noindex/Magnet.build/Debug-watchos/Magnet-t.build/Magnet.DependencyMetadataFileList
Copy /Users/admin/builder/spi-builder-workspace/.derivedData/Build/Intermediates.noindex/GeneratedModuleMaps-watchos/Magnet.modulemap /Users/admin/builder/spi-builder-workspace/.derivedData/Build/Intermediates.noindex/Magnet.build/Debug-watchos/Magnet-t.build/Magnet.modulemap (in target 'Magnet' from project 'Magnet')
    cd /Users/admin/builder/spi-builder-workspace
    builtin-copy -exclude .DS_Store -exclude CVS -exclude .svn -exclude .git -exclude .hg -resolve-src-symlinks /Users/admin/builder/spi-builder-workspace/.derivedData/Build/Intermediates.noindex/Magnet.build/Debug-watchos/Magnet-t.build/Magnet.modulemap /Users/admin/builder/spi-builder-workspace/.derivedData/Build/Intermediates.noindex/GeneratedModuleMaps-watchos
SwiftDriver Sauce normal arm64_32 com.apple.xcode.tools.swift.compiler (in target 'Sauce' from project 'Sauce')
    cd /Users/admin/builder/spi-builder-workspace/.swiftpm/xcode
    builtin-SwiftDriver -- /Applications/Xcode-27.0.0-Release.Candidate.app/Contents/Developer/Toolchains/XcodeDefault.xctoolchain/usr/bin/swiftc -parse-as-library -module-name Sauce -Onone @/Users/admin/builder/spi-builder-workspace/.derivedData/Build/Intermediates.noindex/Sauce.build/Debug-watchos/Sauce-t.build/Objects-normal/arm64_32/Sauce.SwiftFileList -DSWIFT_PACKAGE -DDEBUG -DSWIFT_MODULE_RESOURCE_BUNDLE_UNAVAILABLE -DXcode -plugin-path /Applications/Xcode-27.0.0-Release.Candidate.app/Contents/Developer/Toolchains/XcodeDefault.xctoolchain/usr/lib/swift/host/plugins/testing -enable-experimental-feature DebugDescriptionMacro -sdk /Applications/Xcode-27.0.0-Release.Candidate.app/Contents/Developer/Platforms/WatchOS.platform/Developer/SDKs/WatchOS27.0.sdk -target arm64_32-apple-watchos9.0 -g -module-cache-path /Users/admin/builder/spi-builder-workspace/.derivedData/ModuleCache.noindex -Xfrontend -serialize-debugging-options -profile-coverage-mapping -profile-generate -enable-testing -suppress-warnings -index-store-path /Users/admin/builder/spi-builder-workspace/.derivedData/Index.noindex/DataStore -Xcc -D_LIBCPP_HARDENING_MODE\=_LIBCPP_HARDENING_MODE_DEBUG -swift-version 5 -I /Users/admin/builder/spi-builder-workspace/.derivedData/Build/Products/Debug-watchos -Isystem /Applications/Xcode-27.0.0-Release.Candidate.app/Contents/Developer/Platforms/WatchOS.platform/Developer/usr/lib -F /Users/admin/builder/spi-builder-workspace/.derivedData/Build/Products/Debug-watchos -F /Applications/Xcode-27.0.0-Release.Candidate.app/Contents/Developer/Platforms/WatchOS.platform/Developer/Library/Frameworks -F /Applications/Xcode-27.0.0-Release.Candidate.app/Contents/Developer/Platforms/WatchOS.platform/Developer/SDKs/WatchOS27.0.sdk/Developer/Library/Frameworks -c -j10 -enable-batch-mode -incremental -Xcc -ivfsstatcache -Xcc /Users/admin/builder/spi-builder-workspace/.derivedData/SDKStatCaches.noindex/watchos27.0-24R360-e829b21a6f8c9b70876ba0858053c04477534ef55a1706bf4c1112bbb242f0a2.sdkstatcache -output-file-map /Users/admin/builder/spi-builder-workspace/.derivedData/Build/Intermediates.noindex/Sauce.build/Debug-watchos/Sauce-t.build/Objects-normal/arm64_32/Sauce-OutputFileMap.json -save-temps -no-color-diagnostics -explicit-module-build -module-cache-path /Users/admin/builder/spi-builder-workspace/.derivedData/Build/Intermediates.noindex/SwiftExplicitPrecompiledModules -clang-scanner-module-cache-path /Users/admin/builder/spi-builder-workspace/.derivedData/ModuleCache.noindex -sdk-module-cache-path /Users/admin/builder/spi-builder-workspace/.derivedData/SDKExplicitPrecompiledModules -emit-dependencies -emit-module -emit-module-path /Users/admin/builder/spi-builder-workspace/.derivedData/Build/Intermediates.noindex/Sauce.build/Debug-watchos/Sauce-t.build/Objects-normal/arm64_32/Sauce.swiftmodule -serialize-diagnostics -dependency-scan-serialize-diagnostics-path /Users/admin/builder/spi-builder-workspace/.derivedData/Build/Intermediates.noindex/Sauce.build/Debug-watchos/Sauce-t.build/Objects-normal/arm64_32/Sauce-dependency-scan.dia -validate-clang-modules-once -clang-build-session-file /Users/admin/builder/spi-builder-workspace/.derivedData/ModuleCache.noindex/Session.modulevalidation -Xcc -fmodules-prune-interval\=86400 -Xcc -fmodules-prune-after\=345600 -package-name sauce -emit-const-values -const-gather-protocols-list /Users/admin/builder/spi-builder-workspace/.derivedData/Build/Intermediates.noindex/Sauce.build/Debug-watchos/Sauce-t.build/Objects-normal/arm64_32/Sauce_const_extract_protocols.json -Xcc -I/Users/admin/builder/spi-builder-workspace/.derivedData/Build/Products/Debug-watchos/include -Xcc -I/Users/admin/builder/spi-builder-workspace/.derivedData/Build/Intermediates.noindex/Sauce.build/Debug-watchos/Sauce-t.build/DerivedSources-normal/arm64_32 -Xcc -I/Users/admin/builder/spi-builder-workspace/.derivedData/Build/Intermediates.noindex/Sauce.build/Debug-watchos/Sauce-t.build/DerivedSources/arm64_32 -Xcc -I/Users/admin/builder/spi-builder-workspace/.derivedData/Build/Intermediates.noindex/Sauce.build/Debug-watchos/Sauce-t.build/DerivedSources -Xcc -DSWIFT_PACKAGE -Xcc -DDEBUG\=1 -emit-objc-header -emit-objc-header-path /Users/admin/builder/spi-builder-workspace/.derivedData/Build/Intermediates.noindex/Sauce.build/Debug-watchos/Sauce-t.build/Objects-normal/arm64_32/Sauce-Swift.h -working-directory /Users/admin/builder/spi-builder-workspace/.swiftpm/xcode -experimental-emit-module-separately -disable-cmo
/Users/admin/builder/spi-builder-workspace/.dependencies/checkouts/Sauce/Sources/Sauce/Internal/KeyMappingModifiers.swift:11:8: error: Unable to resolve module dependency: 'Carbon' (in target 'Sauce' from project 'Sauce')
    note: A dependency of main module 'Sauce'
/Users/admin/builder/spi-builder-workspace/.dependencies/checkouts/Sauce/Sources/Sauce/Internal/KeyMappingModifiers.swift:11:8: note: A dependency of main module 'Sauce'
import Carbon
       ^ (in target 'Sauce' from project 'Sauce')
SwiftDriver Sauce normal arm64 com.apple.xcode.tools.swift.compiler (in target 'Sauce' from project 'Sauce')
    cd /Users/admin/builder/spi-builder-workspace/.swiftpm/xcode
    builtin-SwiftDriver -- /Applications/Xcode-27.0.0-Release.Candidate.app/Contents/Developer/Toolchains/XcodeDefault.xctoolchain/usr/bin/swiftc -parse-as-library -module-name Sauce -Onone @/Users/admin/builder/spi-builder-workspace/.derivedData/Build/Intermediates.noindex/Sauce.build/Debug-watchos/Sauce-t.build/Objects-normal/arm64/Sauce.SwiftFileList -DSWIFT_PACKAGE -DDEBUG -DSWIFT_MODULE_RESOURCE_BUNDLE_UNAVAILABLE -DXcode -plugin-path /Applications/Xcode-27.0.0-Release.Candidate.app/Contents/Developer/Toolchains/XcodeDefault.xctoolchain/usr/lib/swift/host/plugins/testing -enable-experimental-feature DebugDescriptionMacro -sdk /Applications/Xcode-27.0.0-Release.Candidate.app/Contents/Developer/Platforms/WatchOS.platform/Developer/SDKs/WatchOS27.0.sdk -target arm64-apple-watchos9.0 -g -module-cache-path /Users/admin/builder/spi-builder-workspace/.derivedData/ModuleCache.noindex -Xfrontend -serialize-debugging-options -profile-coverage-mapping -profile-generate -enable-testing -suppress-warnings -index-store-path /Users/admin/builder/spi-builder-workspace/.derivedData/Index.noindex/DataStore -Xcc -D_LIBCPP_HARDENING_MODE\=_LIBCPP_HARDENING_MODE_DEBUG -swift-version 5 -I /Users/admin/builder/spi-builder-workspace/.derivedData/Build/Products/Debug-watchos -Isystem /Applications/Xcode-27.0.0-Release.Candidate.app/Contents/Developer/Platforms/WatchOS.platform/Developer/usr/lib -F /Users/admin/builder/spi-builder-workspace/.derivedData/Build/Products/Debug-watchos -F /Applications/Xcode-27.0.0-Release.Candidate.app/Contents/Developer/Platforms/WatchOS.platform/Developer/Library/Frameworks -F /Applications/Xcode-27.0.0-Release.Candidate.app/Contents/Developer/Platforms/WatchOS.platform/Developer/SDKs/WatchOS27.0.sdk/Developer/Library/Frameworks -c -j10 -enable-batch-mode -incremental -Xcc -ivfsstatcache -Xcc /Users/admin/builder/spi-builder-workspace/.derivedData/SDKStatCaches.noindex/watchos27.0-24R360-e829b21a6f8c9b70876ba0858053c04477534ef55a1706bf4c1112bbb242f0a2.sdkstatcache -output-file-map /Users/admin/builder/spi-builder-workspace/.derivedData/Build/Intermediates.noindex/Sauce.build/Debug-watchos/Sauce-t.build/Objects-normal/arm64/Sauce-OutputFileMap.json -save-temps -no-color-diagnostics -explicit-module-build -module-cache-path /Users/admin/builder/spi-builder-workspace/.derivedData/Build/Intermediates.noindex/SwiftExplicitPrecompiledModules -clang-scanner-module-cache-path /Users/admin/builder/spi-builder-workspace/.derivedData/ModuleCache.noindex -sdk-module-cache-path /Users/admin/builder/spi-builder-workspace/.derivedData/SDKExplicitPrecompiledModules -emit-dependencies -emit-module -emit-module-path /Users/admin/builder/spi-builder-workspace/.derivedData/Build/Intermediates.noindex/Sauce.build/Debug-watchos/Sauce-t.build/Objects-normal/arm64/Sauce.swiftmodule -serialize-diagnostics -dependency-scan-serialize-diagnostics-path /Users/admin/builder/spi-builder-workspace/.derivedData/Build/Intermediates.noindex/Sauce.build/Debug-watchos/Sauce-t.build/Objects-normal/arm64/Sauce-dependency-scan.dia -validate-clang-modules-once -clang-build-session-file /Users/admin/builder/spi-builder-workspace/.derivedData/ModuleCache.noindex/Session.modulevalidation -Xcc -fmodules-prune-interval\=86400 -Xcc -fmodules-prune-after\=345600 -package-name sauce -emit-const-values -const-gather-protocols-list /Users/admin/builder/spi-builder-workspace/.derivedData/Build/Intermediates.noindex/Sauce.build/Debug-watchos/Sauce-t.build/Objects-normal/arm64/Sauce_const_extract_protocols.json -Xcc -I/Users/admin/builder/spi-builder-workspace/.derivedData/Build/Products/Debug-watchos/include -Xcc -I/Users/admin/builder/spi-builder-workspace/.derivedData/Build/Intermediates.noindex/Sauce.build/Debug-watchos/Sauce-t.build/DerivedSources-normal/arm64 -Xcc -I/Users/admin/builder/spi-builder-workspace/.derivedData/Build/Intermediates.noindex/Sauce.build/Debug-watchos/Sauce-t.build/DerivedSources/arm64 -Xcc -I/Users/admin/builder/spi-builder-workspace/.derivedData/Build/Intermediates.noindex/Sauce.build/Debug-watchos/Sauce-t.build/DerivedSources -Xcc -DSWIFT_PACKAGE -Xcc -DDEBUG\=1 -emit-objc-header -emit-objc-header-path /Users/admin/builder/spi-builder-workspace/.derivedData/Build/Intermediates.noindex/Sauce.build/Debug-watchos/Sauce-t.build/Objects-normal/arm64/Sauce-Swift.h -working-directory /Users/admin/builder/spi-builder-workspace/.swiftpm/xcode -experimental-emit-module-separately -disable-cmo
/Users/admin/builder/spi-builder-workspace/.dependencies/checkouts/Sauce/Sources/Sauce/Internal/KeyMappingModifiers.swift:11:8: error: Unable to resolve module dependency: 'Carbon' (in target 'Sauce' from project 'Sauce')
    note: A dependency of main module 'Sauce'
/Users/admin/builder/spi-builder-workspace/.dependencies/checkouts/Sauce/Sources/Sauce/Internal/KeyMappingModifiers.swift:11:8: note: A dependency of main module 'Sauce'
import Carbon
       ^ (in target 'Sauce' from project 'Sauce')
PruneExplicitPrecompiledModules /Users/admin/builder/spi-builder-workspace/.derivedData/SDKExplicitPrecompiledModules
PruneExplicitPrecompiledModules /Users/admin/builder/spi-builder-workspace/.derivedData/Build/Intermediates.noindex/ExplicitPrecompiledModules
PruneExplicitPrecompiledModules /Users/admin/builder/spi-builder-workspace/.derivedData/Build/Intermediates.noindex/SwiftExplicitPrecompiledModules
2026-09-25 02:29:10.793 xcodebuild[660:4042] [MT] IDERunDestination: Supported platforms for the buildables in the current scheme is empty.
** BUILD FAILED **
The following build commands failed:
	SwiftDriver Sauce normal arm64_32 com.apple.xcode.tools.swift.compiler (in target 'Sauce' from project 'Sauce')
	SwiftDriver Sauce normal arm64 com.apple.xcode.tools.swift.compiler (in target 'Sauce' from project 'Sauce')
	Building workspace Magnet with scheme Magnet
(3 failures)
Command line invocation:
    /Applications/Xcode-27.0.0-Release.Candidate.app/Contents/Developer/usr/bin/xcodebuild -IDEClonedSourcePackagesDirPathOverride=/Users/admin/builder/spi-builder-workspace/.dependencies -resolvePackageDependencies
Resolve Package Graph
Resolved source packages:
  Sauce: https://github.com/Clipy/Sauce @ 2.5.2
  Magnet: /Users/admin/builder/spi-builder-workspace
resolved source packages: Sauce, Magnet
2026-09-25 02:29:13.470 xcodebuild[683:4219] [MT] IDERunDestination: Supported platforms for the buildables in the current scheme is empty.
{
  "dependencies" : [
    {
      "identity" : "sauce",
      "requirement" : {
        "range" : [
          {
            "lower_bound" : "2.5.0",
            "upper_bound" : "2.6.0"
          }
        ]
      },
      "type" : "sourceControl",
      "url" : "https://github.com/Clipy/Sauce"
    }
  ],
  "manifest_display_name" : "Magnet",
  "name" : "Magnet",
  "path" : "/Users/admin/builder/spi-builder-workspace",
  "platforms" : [
    {
      "name" : "macos",
      "version" : "11.0"
    }
  ],
  "products" : [
    {
      "name" : "Magnet",
      "targets" : [
        "Magnet"
      ],
      "type" : {
        "library" : [
          "automatic"
        ]
      }
    }
  ],
  "swift_languages_versions" : [
    "5"
  ],
  "targets" : [
    {
      "c99name" : "MagnetTests",
      "module_type" : "SwiftTarget",
      "name" : "MagnetTests",
      "path" : "Tests/MagnetTests",
      "sources" : [
        "CollectionExtensionTests.swift",
        "Fixtures/v2_0_0KeyCombo.swift",
        "Fixtures/v3_1_0KeyCombo.swift",
        "KeyComboTests.swift",
        "ModifierEventHandlerTests.swift"
      ],
      "target_dependencies" : [
        "Magnet"
      ],
      "type" : "test"
    },
    {
      "c99name" : "Magnet",
      "module_type" : "SwiftTarget",
      "name" : "Magnet",
      "path" : "Sources/Magnet",
      "product_dependencies" : [
        "Sauce"
      ],
      "product_memberships" : [
        "Magnet"
      ],
      "sources" : [
        "Extensions/CollectionExtension.swift",
        "Extensions/IntExtension.swift",
        "Extensions/KeyExtension.swift",
        "Extensions/NSEventExtension.swift",
        "Extensions/NSMenuItem+keyCombo.swift",
        "HotKey.swift",
        "HotKeyCenter.swift",
        "KeyCombo.swift",
        "ModifierEventHandler.swift"
      ],
      "type" : "library"
    }
  ],
  "tools_version" : "5.9"
}
{
  "workspace" : {
    "name" : "Magnet",
    "schemes" : [
      "Magnet"
    ]
  }
}
2026-09-25 02:29:14.698 xcodebuild[691:4278] [MT] IDERunDestination: Supported platforms for the buildables in the current scheme is empty.
Running build ...
env DEVELOPER_DIR=/Applications/Xcode-27.0.0-Release.Candidate.app xcrun xcodebuild -IDEClonedSourcePackagesDirPathOverride=$PWD/.dependencies -skipMacroValidation -skipPackagePluginValidation -derivedDataPath $PWD/.derivedData build -scheme Magnet -destination generic/platform=watchOS
Command line invocation:
    /Applications/Xcode-27.0.0-Release.Candidate.app/Contents/Developer/usr/bin/xcodebuild -IDEClonedSourcePackagesDirPathOverride=/Users/admin/builder/spi-builder-workspace/.dependencies -skipMacroValidation -skipPackagePluginValidation -derivedDataPath /Users/admin/builder/spi-builder-workspace/.derivedData build -scheme Magnet -destination generic/platform=watchOS
Resolve Package Graph
Resolved source packages:
  Magnet: /Users/admin/builder/spi-builder-workspace
  Sauce: https://github.com/Clipy/Sauce @ 2.5.2
ComputePackagePrebuildTargetDependencyGraph
Prepare packages
CreateBuildRequest
SendProjectDescription
CreateBuildOperation
ComputeTargetDependencyGraph
note: Building targets in dependency order
note: Target dependency graph (4 targets)
    Target 'Magnet-product' in project 'Magnet'
        ➜ Explicit dependency on target 'Magnet' in project 'Magnet'
        ➜ Explicit dependency on target 'Sauce-product' in project 'Sauce'
    Target 'Magnet' in project 'Magnet'
        ➜ Explicit dependency on target 'Sauce-product' in project 'Sauce'
    Target 'Sauce-product' in project 'Sauce'
        ➜ Explicit dependency on target 'Sauce' in project 'Sauce'
    Target 'Sauce' in project 'Sauce' (no dependencies)
GatherProvisioningInputs
CreateBuildDescription
ClangStatCache /Applications/Xcode-27.0.0-Release.Candidate.app/Contents/Developer/Toolchains/XcodeDefault.xctoolchain/usr/bin/clang-stat-cache /Applications/Xcode-27.0.0-Release.Candidate.app/Contents/Developer/Platforms/WatchOS.platform/Developer/SDKs/WatchOS27.0.sdk /Users/admin/builder/spi-builder-workspace/.derivedData/SDKStatCaches.noindex/watchos27.0-24R360-e829b21a6f8c9b70876ba0858053c04477534ef55a1706bf4c1112bbb242f0a2.sdkstatcache
    cd /Users/admin/builder/spi-builder-workspace/.swiftpm/xcode
    /Applications/Xcode-27.0.0-Release.Candidate.app/Contents/Developer/Toolchains/XcodeDefault.xctoolchain/usr/bin/clang-stat-cache /Applications/Xcode-27.0.0-Release.Candidate.app/Contents/Developer/Platforms/WatchOS.platform/Developer/SDKs/WatchOS27.0.sdk -o /Users/admin/builder/spi-builder-workspace/.derivedData/SDKStatCaches.noindex/watchos27.0-24R360-e829b21a6f8c9b70876ba0858053c04477534ef55a1706bf4c1112bbb242f0a2.sdkstatcache
SwiftDriver Sauce normal arm64_32 com.apple.xcode.tools.swift.compiler (in target 'Sauce' from project 'Sauce')
    cd /Users/admin/builder/spi-builder-workspace/.swiftpm/xcode
    builtin-SwiftDriver -- /Applications/Xcode-27.0.0-Release.Candidate.app/Contents/Developer/Toolchains/XcodeDefault.xctoolchain/usr/bin/swiftc -parse-as-library -module-name Sauce -Onone @/Users/admin/builder/spi-builder-workspace/.derivedData/Build/Intermediates.noindex/Sauce.build/Debug-watchos/Sauce-t.build/Objects-normal/arm64_32/Sauce.SwiftFileList -DSWIFT_PACKAGE -DDEBUG -DSWIFT_MODULE_RESOURCE_BUNDLE_UNAVAILABLE -DXcode -plugin-path /Applications/Xcode-27.0.0-Release.Candidate.app/Contents/Developer/Toolchains/XcodeDefault.xctoolchain/usr/lib/swift/host/plugins/testing -enable-experimental-feature DebugDescriptionMacro -sdk /Applications/Xcode-27.0.0-Release.Candidate.app/Contents/Developer/Platforms/WatchOS.platform/Developer/SDKs/WatchOS27.0.sdk -target arm64_32-apple-watchos9.0 -g -module-cache-path /Users/admin/builder/spi-builder-workspace/.derivedData/ModuleCache.noindex -Xfrontend -serialize-debugging-options -profile-coverage-mapping -profile-generate -enable-testing -suppress-warnings -index-store-path /Users/admin/builder/spi-builder-workspace/.derivedData/Index.noindex/DataStore -Xcc -D_LIBCPP_HARDENING_MODE\=_LIBCPP_HARDENING_MODE_DEBUG -swift-version 5 -I /Users/admin/builder/spi-builder-workspace/.derivedData/Build/Products/Debug-watchos -Isystem /Applications/Xcode-27.0.0-Release.Candidate.app/Contents/Developer/Platforms/WatchOS.platform/Developer/usr/lib -F /Users/admin/builder/spi-builder-workspace/.derivedData/Build/Products/Debug-watchos -F /Applications/Xcode-27.0.0-Release.Candidate.app/Contents/Developer/Platforms/WatchOS.platform/Developer/Library/Frameworks -F /Applications/Xcode-27.0.0-Release.Candidate.app/Contents/Developer/Platforms/WatchOS.platform/Developer/SDKs/WatchOS27.0.sdk/Developer/Library/Frameworks -c -j10 -enable-batch-mode -incremental -Xcc -ivfsstatcache -Xcc /Users/admin/builder/spi-builder-workspace/.derivedData/SDKStatCaches.noindex/watchos27.0-24R360-e829b21a6f8c9b70876ba0858053c04477534ef55a1706bf4c1112bbb242f0a2.sdkstatcache -output-file-map /Users/admin/builder/spi-builder-workspace/.derivedData/Build/Intermediates.noindex/Sauce.build/Debug-watchos/Sauce-t.build/Objects-normal/arm64_32/Sauce-OutputFileMap.json -save-temps -no-color-diagnostics -explicit-module-build -module-cache-path /Users/admin/builder/spi-builder-workspace/.derivedData/Build/Intermediates.noindex/SwiftExplicitPrecompiledModules -clang-scanner-module-cache-path /Users/admin/builder/spi-builder-workspace/.derivedData/ModuleCache.noindex -sdk-module-cache-path /Users/admin/builder/spi-builder-workspace/.derivedData/SDKExplicitPrecompiledModules -emit-dependencies -emit-module -emit-module-path /Users/admin/builder/spi-builder-workspace/.derivedData/Build/Intermediates.noindex/Sauce.build/Debug-watchos/Sauce-t.build/Objects-normal/arm64_32/Sauce.swiftmodule -serialize-diagnostics -dependency-scan-serialize-diagnostics-path /Users/admin/builder/spi-builder-workspace/.derivedData/Build/Intermediates.noindex/Sauce.build/Debug-watchos/Sauce-t.build/Objects-normal/arm64_32/Sauce-dependency-scan.dia -validate-clang-modules-once -clang-build-session-file /Users/admin/builder/spi-builder-workspace/.derivedData/ModuleCache.noindex/Session.modulevalidation -Xcc -fmodules-prune-interval\=86400 -Xcc -fmodules-prune-after\=345600 -package-name sauce -emit-const-values -const-gather-protocols-list /Users/admin/builder/spi-builder-workspace/.derivedData/Build/Intermediates.noindex/Sauce.build/Debug-watchos/Sauce-t.build/Objects-normal/arm64_32/Sauce_const_extract_protocols.json -Xcc -I/Users/admin/builder/spi-builder-workspace/.derivedData/Build/Products/Debug-watchos/include -Xcc -I/Users/admin/builder/spi-builder-workspace/.derivedData/Build/Intermediates.noindex/Sauce.build/Debug-watchos/Sauce-t.build/DerivedSources-normal/arm64_32 -Xcc -I/Users/admin/builder/spi-builder-workspace/.derivedData/Build/Intermediates.noindex/Sauce.build/Debug-watchos/Sauce-t.build/DerivedSources/arm64_32 -Xcc -I/Users/admin/builder/spi-builder-workspace/.derivedData/Build/Intermediates.noindex/Sauce.build/Debug-watchos/Sauce-t.build/DerivedSources -Xcc -DSWIFT_PACKAGE -Xcc -DDEBUG\=1 -emit-objc-header -emit-objc-header-path /Users/admin/builder/spi-builder-workspace/.derivedData/Build/Intermediates.noindex/Sauce.build/Debug-watchos/Sauce-t.build/Objects-normal/arm64_32/Sauce-Swift.h -working-directory /Users/admin/builder/spi-builder-workspace/.swiftpm/xcode -experimental-emit-module-separately -disable-cmo
/Users/admin/builder/spi-builder-workspace/.dependencies/checkouts/Sauce/Sources/Sauce/Internal/KeyMappingModifiers.swift:11:8: error: Unable to resolve module dependency: 'Carbon' (in target 'Sauce' from project 'Sauce')
    note: A dependency of main module 'Sauce'
/Users/admin/builder/spi-builder-workspace/.dependencies/checkouts/Sauce/Sources/Sauce/Internal/KeyMappingModifiers.swift:11:8: note: A dependency of main module 'Sauce'
import Carbon
       ^ (in target 'Sauce' from project 'Sauce')
SwiftDriver Sauce normal arm64 com.apple.xcode.tools.swift.compiler (in target 'Sauce' from project 'Sauce')
    cd /Users/admin/builder/spi-builder-workspace/.swiftpm/xcode
    builtin-SwiftDriver -- /Applications/Xcode-27.0.0-Release.Candidate.app/Contents/Developer/Toolchains/XcodeDefault.xctoolchain/usr/bin/swiftc -parse-as-library -module-name Sauce -Onone @/Users/admin/builder/spi-builder-workspace/.derivedData/Build/Intermediates.noindex/Sauce.build/Debug-watchos/Sauce-t.build/Objects-normal/arm64/Sauce.SwiftFileList -DSWIFT_PACKAGE -DDEBUG -DSWIFT_MODULE_RESOURCE_BUNDLE_UNAVAILABLE -DXcode -plugin-path /Applications/Xcode-27.0.0-Release.Candidate.app/Contents/Developer/Toolchains/XcodeDefault.xctoolchain/usr/lib/swift/host/plugins/testing -enable-experimental-feature DebugDescriptionMacro -sdk /Applications/Xcode-27.0.0-Release.Candidate.app/Contents/Developer/Platforms/WatchOS.platform/Developer/SDKs/WatchOS27.0.sdk -target arm64-apple-watchos9.0 -g -module-cache-path /Users/admin/builder/spi-builder-workspace/.derivedData/ModuleCache.noindex -Xfrontend -serialize-debugging-options -profile-coverage-mapping -profile-generate -enable-testing -suppress-warnings -index-store-path /Users/admin/builder/spi-builder-workspace/.derivedData/Index.noindex/DataStore -Xcc -D_LIBCPP_HARDENING_MODE\=_LIBCPP_HARDENING_MODE_DEBUG -swift-version 5 -I /Users/admin/builder/spi-builder-workspace/.derivedData/Build/Products/Debug-watchos -Isystem /Applications/Xcode-27.0.0-Release.Candidate.app/Contents/Developer/Platforms/WatchOS.platform/Developer/usr/lib -F /Users/admin/builder/spi-builder-workspace/.derivedData/Build/Products/Debug-watchos -F /Applications/Xcode-27.0.0-Release.Candidate.app/Contents/Developer/Platforms/WatchOS.platform/Developer/Library/Frameworks -F /Applications/Xcode-27.0.0-Release.Candidate.app/Contents/Developer/Platforms/WatchOS.platform/Developer/SDKs/WatchOS27.0.sdk/Developer/Library/Frameworks -c -j10 -enable-batch-mode -incremental -Xcc -ivfsstatcache -Xcc /Users/admin/builder/spi-builder-workspace/.derivedData/SDKStatCaches.noindex/watchos27.0-24R360-e829b21a6f8c9b70876ba0858053c04477534ef55a1706bf4c1112bbb242f0a2.sdkstatcache -output-file-map /Users/admin/builder/spi-builder-workspace/.derivedData/Build/Intermediates.noindex/Sauce.build/Debug-watchos/Sauce-t.build/Objects-normal/arm64/Sauce-OutputFileMap.json -save-temps -no-color-diagnostics -explicit-module-build -module-cache-path /Users/admin/builder/spi-builder-workspace/.derivedData/Build/Intermediates.noindex/SwiftExplicitPrecompiledModules -clang-scanner-module-cache-path /Users/admin/builder/spi-builder-workspace/.derivedData/ModuleCache.noindex -sdk-module-cache-path /Users/admin/builder/spi-builder-workspace/.derivedData/SDKExplicitPrecompiledModules -emit-dependencies -emit-module -emit-module-path /Users/admin/builder/spi-builder-workspace/.derivedData/Build/Intermediates.noindex/Sauce.build/Debug-watchos/Sauce-t.build/Objects-normal/arm64/Sauce.swiftmodule -serialize-diagnostics -dependency-scan-serialize-diagnostics-path /Users/admin/builder/spi-builder-workspace/.derivedData/Build/Intermediates.noindex/Sauce.build/Debug-watchos/Sauce-t.build/Objects-normal/arm64/Sauce-dependency-scan.dia -validate-clang-modules-once -clang-build-session-file /Users/admin/builder/spi-builder-workspace/.derivedData/ModuleCache.noindex/Session.modulevalidation -Xcc -fmodules-prune-interval\=86400 -Xcc -fmodules-prune-after\=345600 -package-name sauce -emit-const-values -const-gather-protocols-list /Users/admin/builder/spi-builder-workspace/.derivedData/Build/Intermediates.noindex/Sauce.build/Debug-watchos/Sauce-t.build/Objects-normal/arm64/Sauce_const_extract_protocols.json -Xcc -I/Users/admin/builder/spi-builder-workspace/.derivedData/Build/Products/Debug-watchos/include -Xcc -I/Users/admin/builder/spi-builder-workspace/.derivedData/Build/Intermediates.noindex/Sauce.build/Debug-watchos/Sauce-t.build/DerivedSources-normal/arm64 -Xcc -I/Users/admin/builder/spi-builder-workspace/.derivedData/Build/Intermediates.noindex/Sauce.build/Debug-watchos/Sauce-t.build/DerivedSources/arm64 -Xcc -I/Users/admin/builder/spi-builder-workspace/.derivedData/Build/Intermediates.noindex/Sauce.build/Debug-watchos/Sauce-t.build/DerivedSources -Xcc -DSWIFT_PACKAGE -Xcc -DDEBUG\=1 -emit-objc-header -emit-objc-header-path /Users/admin/builder/spi-builder-workspace/.derivedData/Build/Intermediates.noindex/Sauce.build/Debug-watchos/Sauce-t.build/Objects-normal/arm64/Sauce-Swift.h -working-directory /Users/admin/builder/spi-builder-workspace/.swiftpm/xcode -experimental-emit-module-separately -disable-cmo
/Users/admin/builder/spi-builder-workspace/.dependencies/checkouts/Sauce/Sources/Sauce/Internal/KeyMappingModifiers.swift:11:8: error: Unable to resolve module dependency: 'Carbon' (in target 'Sauce' from project 'Sauce')
    note: A dependency of main module 'Sauce'
/Users/admin/builder/spi-builder-workspace/.dependencies/checkouts/Sauce/Sources/Sauce/Internal/KeyMappingModifiers.swift:11:8: note: A dependency of main module 'Sauce'
import Carbon
       ^ (in target 'Sauce' from project 'Sauce')
PruneExplicitPrecompiledModules /Users/admin/builder/spi-builder-workspace/.derivedData/Build/Intermediates.noindex/SwiftExplicitPrecompiledModules
PruneExplicitPrecompiledModules /Users/admin/builder/spi-builder-workspace/.derivedData/SDKExplicitPrecompiledModules
PruneExplicitPrecompiledModules /Users/admin/builder/spi-builder-workspace/.derivedData/Build/Intermediates.noindex/ExplicitPrecompiledModules
2026-09-25 02:29:15.779 xcodebuild[693:4318] [MT] IDERunDestination: Supported platforms for the buildables in the current scheme is empty.
** BUILD FAILED **
The following build commands failed:
	SwiftDriver Sauce normal arm64_32 com.apple.xcode.tools.swift.compiler (in target 'Sauce' from project 'Sauce')
	SwiftDriver Sauce normal arm64 com.apple.xcode.tools.swift.compiler (in target 'Sauce' from project 'Sauce')
	Building workspace Magnet with scheme Magnet
(3 failures)
BUILD FAILURE 6.4 watchOS