Build Information
Failed to build SwiftOgmios, reference main (1fa70f), with Swift 6.4 for watchOS using Xcode 27.0 on 28 Sep 2026 16:42:14 UTC.
Build Command
env DEVELOPER_DIR=/Applications/Xcode-27.0.0-Release.Candidate.app xcrun xcodebuild -IDEClonedSourcePackagesDirPathOverride=$PWD/.dependencies -skipMacroValidation -skipPackagePluginValidation -derivedDataPath $PWD/.derivedData build -scheme SwiftOgmios -destination generic/platform=watchOSBuild Log
cd /Users/admin/builder/spi-builder-workspace/.swiftpm/xcode
builtin-SwiftPerFileCompile Errors.swift
SwiftCompile normal arm64_32 /Users/admin/builder/spi-builder-workspace/Sources/SwiftOgmios/Logging.swift (in target 'SwiftOgmios' from project 'SwiftOgmios')
cd /Users/admin/builder/spi-builder-workspace/.swiftpm/xcode
builtin-SwiftPerFileCompile Logging.swift
SwiftCompile normal arm64_32 /Users/admin/builder/spi-builder-workspace/Sources/SwiftOgmios/MiniProtocols/ChainSynchronization/FindIntersection.swift (in target 'SwiftOgmios' from project 'SwiftOgmios')
cd /Users/admin/builder/spi-builder-workspace/.swiftpm/xcode
builtin-SwiftPerFileCompile FindIntersection.swift
SwiftCompile normal arm64_32 /Users/admin/builder/spi-builder-workspace/Sources/SwiftOgmios/MiniProtocols/ChainSynchronization/NextBlock.swift (in target 'SwiftOgmios' from project 'SwiftOgmios')
cd /Users/admin/builder/spi-builder-workspace/.swiftpm/xcode
builtin-SwiftPerFileCompile NextBlock.swift
SwiftCompile normal arm64_32 /Users/admin/builder/spi-builder-workspace/Sources/SwiftOgmios/MiniProtocols/MempoolMonitoring/AcquireMempool.swift (in target 'SwiftOgmios' from project 'SwiftOgmios')
cd /Users/admin/builder/spi-builder-workspace/.swiftpm/xcode
builtin-SwiftPerFileCompile AcquireMempool.swift
SwiftCompile normal arm64_32 /Users/admin/builder/spi-builder-workspace/Sources/SwiftOgmios/MiniProtocols/MempoolMonitoring/HasTransaction.swift (in target 'SwiftOgmios' from project 'SwiftOgmios')
cd /Users/admin/builder/spi-builder-workspace/.swiftpm/xcode
builtin-SwiftPerFileCompile HasTransaction.swift
SwiftCompile normal arm64_32 /Users/admin/builder/spi-builder-workspace/Sources/SwiftOgmios/MiniProtocols/MempoolMonitoring/NextTransaction.swift (in target 'SwiftOgmios' from project 'SwiftOgmios')
cd /Users/admin/builder/spi-builder-workspace/.swiftpm/xcode
builtin-SwiftPerFileCompile NextTransaction.swift
SwiftCompile normal arm64_32 Compiling\ ReleaseMempool.swift,\ SizeOfMempool.swift,\ QueryLedgerStateConstitution.swift,\ QueryLedgerStateConstitutionalCommittee.swift,\ QueryLedgerStateDelegateRepresentatives.swift,\ QueryLedgerStateDump.swift,\ QueryLedgerStateEpoch.swift,\ QueryLedgerStateEraStart.swift,\ QueryLedgerStateEraSummaries.swift,\ QueryLedgerStateGovernanceProposals.swift /Users/admin/builder/spi-builder-workspace/Sources/SwiftOgmios/MiniProtocols/MempoolMonitoring/ReleaseMempool.swift /Users/admin/builder/spi-builder-workspace/Sources/SwiftOgmios/MiniProtocols/MempoolMonitoring/SizeOfMempool.swift /Users/admin/builder/spi-builder-workspace/Sources/SwiftOgmios/MiniProtocols/StateQueries/LedgerStateQueries/QueryLedgerStateConstitution.swift /Users/admin/builder/spi-builder-workspace/Sources/SwiftOgmios/MiniProtocols/StateQueries/LedgerStateQueries/QueryLedgerStateConstitutionalCommittee.swift /Users/admin/builder/spi-builder-workspace/Sources/SwiftOgmios/MiniProtocols/StateQueries/LedgerStateQueries/QueryLedgerStateDelegateRepresentatives.swift /Users/admin/builder/spi-builder-workspace/Sources/SwiftOgmios/MiniProtocols/StateQueries/LedgerStateQueries/QueryLedgerStateDump.swift /Users/admin/builder/spi-builder-workspace/Sources/SwiftOgmios/MiniProtocols/StateQueries/LedgerStateQueries/QueryLedgerStateEpoch.swift /Users/admin/builder/spi-builder-workspace/Sources/SwiftOgmios/MiniProtocols/StateQueries/LedgerStateQueries/QueryLedgerStateEraStart.swift /Users/admin/builder/spi-builder-workspace/Sources/SwiftOgmios/MiniProtocols/StateQueries/LedgerStateQueries/QueryLedgerStateEraSummaries.swift /Users/admin/builder/spi-builder-workspace/Sources/SwiftOgmios/MiniProtocols/StateQueries/LedgerStateQueries/QueryLedgerStateGovernanceProposals.swift (in target 'SwiftOgmios' from project 'SwiftOgmios')
/Users/admin/builder/spi-builder-workspace/Sources/SwiftOgmios/MiniProtocols/MempoolMonitoring/ReleaseMempool.swift:17:19: error: conformance of 'Never' to 'Decodable' is only available in watchOS 10.0 or newer
15 |
16 | // MARK: - Request
17 | public struct Request: JSONRPCRequest {
| |- error: conformance of 'Never' to 'Decodable' is only available in watchOS 10.0 or newer
| |- note: add '@available' attribute to enclosing struct
| |- note: add '@available' attribute to enclosing struct
| `- note: in associated type 'Self.T' (inferred as 'Optional<Never>')
18 | public let jsonrpc: String
19 | public let method: String
/Users/admin/builder/spi-builder-workspace/Sources/SwiftOgmios/MiniProtocols/MempoolMonitoring/ReleaseMempool.swift:17:19: error: conformance of 'Never' to 'Encodable' is only available in watchOS 10.0 or newer
15 |
16 | // MARK: - Request
17 | public struct Request: JSONRPCRequest {
| |- error: conformance of 'Never' to 'Encodable' is only available in watchOS 10.0 or newer
| |- note: add '@available' attribute to enclosing struct
| |- note: add '@available' attribute to enclosing struct
| `- note: in associated type 'Self.T' (inferred as 'Optional<Never>')
18 | public let jsonrpc: String
19 | public let method: String
/Users/admin/builder/spi-builder-workspace/Sources/SwiftOgmios/MiniProtocols/MempoolMonitoring/SizeOfMempool.swift:17:19: error: conformance of 'Never' to 'Decodable' is only available in watchOS 10.0 or newer
15 |
16 | // MARK: - Request
17 | public struct Request: JSONRPCRequest {
| |- error: conformance of 'Never' to 'Decodable' is only available in watchOS 10.0 or newer
| |- note: add '@available' attribute to enclosing struct
| |- note: add '@available' attribute to enclosing struct
| `- note: in associated type 'Self.T' (inferred as 'Optional<Never>')
18 | public let jsonrpc: String
19 | public let method: String
/Users/admin/builder/spi-builder-workspace/Sources/SwiftOgmios/MiniProtocols/MempoolMonitoring/SizeOfMempool.swift:17:19: error: conformance of 'Never' to 'Encodable' is only available in watchOS 10.0 or newer
15 |
16 | // MARK: - Request
17 | public struct Request: JSONRPCRequest {
| |- error: conformance of 'Never' to 'Encodable' is only available in watchOS 10.0 or newer
| |- note: add '@available' attribute to enclosing struct
| |- note: add '@available' attribute to enclosing struct
| `- note: in associated type 'Self.T' (inferred as 'Optional<Never>')
18 | public let jsonrpc: String
19 | public let method: String
/Users/admin/builder/spi-builder-workspace/Sources/SwiftOgmios/MiniProtocols/StateQueries/LedgerStateQueries/QueryLedgerStateConstitution.swift:17:19: error: conformance of 'Never' to 'Decodable' is only available in watchOS 10.0 or newer
15 |
16 | // MARK: - Request
17 | public struct Request: JSONRPCRequest {
| |- error: conformance of 'Never' to 'Decodable' is only available in watchOS 10.0 or newer
| |- note: add '@available' attribute to enclosing struct
| |- note: add '@available' attribute to enclosing struct
| `- note: in associated type 'Self.T' (inferred as 'Optional<Never>')
18 | public let jsonrpc: String
19 | public let method: String
/Users/admin/builder/spi-builder-workspace/Sources/SwiftOgmios/MiniProtocols/StateQueries/LedgerStateQueries/QueryLedgerStateConstitution.swift:17:19: error: conformance of 'Never' to 'Encodable' is only available in watchOS 10.0 or newer
15 |
16 | // MARK: - Request
17 | public struct Request: JSONRPCRequest {
| |- error: conformance of 'Never' to 'Encodable' is only available in watchOS 10.0 or newer
| |- note: add '@available' attribute to enclosing struct
| |- note: add '@available' attribute to enclosing struct
| `- note: in associated type 'Self.T' (inferred as 'Optional<Never>')
18 | public let jsonrpc: String
19 | public let method: String
/Users/admin/builder/spi-builder-workspace/Sources/SwiftOgmios/MiniProtocols/StateQueries/LedgerStateQueries/QueryLedgerStateConstitutionalCommittee.swift:17:19: error: conformance of 'Never' to 'Decodable' is only available in watchOS 10.0 or newer
15 |
16 | // MARK: - Request
17 | public struct Request: JSONRPCRequest {
| |- error: conformance of 'Never' to 'Decodable' is only available in watchOS 10.0 or newer
| |- note: add '@available' attribute to enclosing struct
| |- note: add '@available' attribute to enclosing struct
| `- note: in associated type 'Self.T' (inferred as 'Optional<Never>')
18 | public let jsonrpc: String
19 | public let method: String
/Users/admin/builder/spi-builder-workspace/Sources/SwiftOgmios/MiniProtocols/StateQueries/LedgerStateQueries/QueryLedgerStateConstitutionalCommittee.swift:17:19: error: conformance of 'Never' to 'Encodable' is only available in watchOS 10.0 or newer
15 |
16 | // MARK: - Request
17 | public struct Request: JSONRPCRequest {
| |- error: conformance of 'Never' to 'Encodable' is only available in watchOS 10.0 or newer
| |- note: add '@available' attribute to enclosing struct
| |- note: add '@available' attribute to enclosing struct
| `- note: in associated type 'Self.T' (inferred as 'Optional<Never>')
18 | public let jsonrpc: String
19 | public let method: String
/Users/admin/builder/spi-builder-workspace/Sources/SwiftOgmios/MiniProtocols/StateQueries/LedgerStateQueries/QueryLedgerStateDump.swift:42:19: error: conformance of 'Never' to 'Decodable' is only available in watchOS 10.0 or newer
40 |
41 | // MARK: - Response
42 | public struct Response: JSONRPCResponse {
| |- error: conformance of 'Never' to 'Decodable' is only available in watchOS 10.0 or newer
| |- note: add '@available' attribute to enclosing struct
| |- note: add '@available' attribute to enclosing struct
| `- note: in associated type 'Self.T' (inferred as 'Optional<Never>')
43 | public let jsonrpc: String
44 | public let method: String
SwiftCompile normal arm64_32 /Users/admin/builder/spi-builder-workspace/Sources/SwiftOgmios/MiniProtocols/MempoolMonitoring/ReleaseMempool.swift (in target 'SwiftOgmios' from project 'SwiftOgmios')
cd /Users/admin/builder/spi-builder-workspace/.swiftpm/xcode
builtin-SwiftPerFileCompile ReleaseMempool.swift
SwiftCompile normal arm64_32 /Users/admin/builder/spi-builder-workspace/Sources/SwiftOgmios/MiniProtocols/MempoolMonitoring/SizeOfMempool.swift (in target 'SwiftOgmios' from project 'SwiftOgmios')
cd /Users/admin/builder/spi-builder-workspace/.swiftpm/xcode
builtin-SwiftPerFileCompile SizeOfMempool.swift
SwiftCompile normal arm64_32 /Users/admin/builder/spi-builder-workspace/Sources/SwiftOgmios/MiniProtocols/StateQueries/LedgerStateQueries/QueryLedgerStateConstitution.swift (in target 'SwiftOgmios' from project 'SwiftOgmios')
cd /Users/admin/builder/spi-builder-workspace/.swiftpm/xcode
builtin-SwiftPerFileCompile QueryLedgerStateConstitution.swift
SwiftCompile normal arm64_32 /Users/admin/builder/spi-builder-workspace/Sources/SwiftOgmios/MiniProtocols/StateQueries/LedgerStateQueries/QueryLedgerStateConstitutionalCommittee.swift (in target 'SwiftOgmios' from project 'SwiftOgmios')
cd /Users/admin/builder/spi-builder-workspace/.swiftpm/xcode
builtin-SwiftPerFileCompile QueryLedgerStateConstitutionalCommittee.swift
SwiftCompile normal arm64_32 /Users/admin/builder/spi-builder-workspace/Sources/SwiftOgmios/MiniProtocols/StateQueries/LedgerStateQueries/QueryLedgerStateDelegateRepresentatives.swift (in target 'SwiftOgmios' from project 'SwiftOgmios')
cd /Users/admin/builder/spi-builder-workspace/.swiftpm/xcode
builtin-SwiftPerFileCompile QueryLedgerStateDelegateRepresentatives.swift
SwiftCompile normal arm64_32 /Users/admin/builder/spi-builder-workspace/Sources/SwiftOgmios/MiniProtocols/StateQueries/LedgerStateQueries/QueryLedgerStateDump.swift (in target 'SwiftOgmios' from project 'SwiftOgmios')
cd /Users/admin/builder/spi-builder-workspace/.swiftpm/xcode
builtin-SwiftPerFileCompile QueryLedgerStateDump.swift
SwiftCompile normal arm64_32 /Users/admin/builder/spi-builder-workspace/Sources/SwiftOgmios/MiniProtocols/StateQueries/LedgerStateQueries/QueryLedgerStateEpoch.swift (in target 'SwiftOgmios' from project 'SwiftOgmios')
cd /Users/admin/builder/spi-builder-workspace/.swiftpm/xcode
builtin-SwiftPerFileCompile QueryLedgerStateEpoch.swift
SwiftCompile normal arm64_32 /Users/admin/builder/spi-builder-workspace/Sources/SwiftOgmios/MiniProtocols/StateQueries/LedgerStateQueries/QueryLedgerStateEraStart.swift (in target 'SwiftOgmios' from project 'SwiftOgmios')
cd /Users/admin/builder/spi-builder-workspace/.swiftpm/xcode
builtin-SwiftPerFileCompile QueryLedgerStateEraStart.swift
SwiftCompile normal arm64_32 /Users/admin/builder/spi-builder-workspace/Sources/SwiftOgmios/MiniProtocols/StateQueries/LedgerStateQueries/QueryLedgerStateEraSummaries.swift (in target 'SwiftOgmios' from project 'SwiftOgmios')
cd /Users/admin/builder/spi-builder-workspace/.swiftpm/xcode
builtin-SwiftPerFileCompile QueryLedgerStateEraSummaries.swift
SwiftCompile normal arm64_32 /Users/admin/builder/spi-builder-workspace/Sources/SwiftOgmios/MiniProtocols/StateQueries/LedgerStateQueries/QueryLedgerStateGovernanceProposals.swift (in target 'SwiftOgmios' from project 'SwiftOgmios')
cd /Users/admin/builder/spi-builder-workspace/.swiftpm/xcode
builtin-SwiftPerFileCompile QueryLedgerStateGovernanceProposals.swift
PruneExplicitPrecompiledModules /Users/admin/builder/spi-builder-workspace/.derivedData/Build/Intermediates.noindex/SwiftExplicitPrecompiledModules
PruneExplicitPrecompiledModules /Users/admin/builder/spi-builder-workspace/.derivedData/Build/Intermediates.noindex/ExplicitPrecompiledModules
PruneExplicitPrecompiledModules /Users/admin/builder/spi-builder-workspace/.derivedData/SDKExplicitPrecompiledModules
2026-09-28 12:40:50.196 xcodebuild[1829:9029] [MT] IDERunDestination: Supported platforms for the buildables in the current scheme is empty.
** BUILD FAILED **
The following build commands failed:
SwiftCompile normal arm64_32 Compiling\ Nonces.swift,\ OperationalCertificates.swift,\ PointOrOrigin.swift,\ ProjectedRewards.swift,\ QueryLedgerStateAcquiredExpired.swift,\ QueryLedgerStateEraMismatch.swift,\ QueryLedgerStateUnavailableInCurrentEra.swift,\ QueryNetworkInvalidGenesis.swift,\ RewardAccountSummary.swift /Users/admin/builder/spi-builder-workspace/Sources/SwiftOgmios/Types/Ogmios/Nonces.swift /Users/admin/builder/spi-builder-workspace/Sources/SwiftOgmios/Types/Ogmios/OperationalCertificates.swift /Users/admin/builder/spi-builder-workspace/Sources/SwiftOgmios/Types/Ogmios/PointOrOrigin.swift /Users/admin/builder/spi-builder-workspace/Sources/SwiftOgmios/Types/Ogmios/ProjectedRewards.swift /Users/admin/builder/spi-builder-workspace/Sources/SwiftOgmios/Types/Ogmios/QueryLedgerStateAcquiredExpired.swift /Users/admin/builder/spi-builder-workspace/Sources/SwiftOgmios/Types/Ogmios/QueryLedgerStateEraMismatch.swift /Users/admin/builder/spi-builder-workspace/Sources/SwiftOgmios/Types/Ogmios/QueryLedgerStateUnavailableInCurrentEra.swift /Users/admin/builder/spi-builder-workspace/Sources/SwiftOgmios/Types/Ogmios/QueryNetworkInvalidGenesis.swift /Users/admin/builder/spi-builder-workspace/Sources/SwiftOgmios/Types/Ogmios/RewardAccountSummary.swift (in target 'SwiftOgmios' from project 'SwiftOgmios')
SwiftCompile normal arm64_32 /Users/admin/builder/spi-builder-workspace/Sources/SwiftOgmios/Types/Ogmios/PointOrOrigin.swift (in target 'SwiftOgmios' from project 'SwiftOgmios')
Building workspace SwiftOgmios with scheme SwiftOgmios
(3 failures)
Command line invocation:
/Applications/Xcode-27.0.0-Release.Candidate.app/Contents/Developer/usr/bin/xcodebuild -IDEClonedSourcePackagesDirPathOverride=/Users/admin/builder/spi-builder-workspace/.dependencies -resolvePackageDependencies
Resolve Package Graph
Resolved source packages:
swift-fraction-number: https://github.com/Frizlab/swift-fraction-number.git @ 0.2.0
CBORCodable: https://github.com/Kingpin-Apps/swift-cbor-codable.git @ 0.3.4
swift-certificates: https://github.com/apple/swift-certificates.git @ 1.21.0
SwiftBase58: https://github.com/Kingpin-Apps/swift-base58.git @ 0.1.5
websocket-kit: https://github.com/vapor/websocket-kit.git @ 2.16.2
swift-algorithms: https://github.com/apple/swift-algorithms.git @ 1.2.1
swift-asn1: https://github.com/apple/swift-asn1.git @ 1.7.3
swift-collections: https://github.com/apple/swift-collections.git @ 1.7.1
swift-nio-transport-services: https://github.com/apple/swift-nio-transport-services.git @ 1.28.0
Version: https://github.com/mxcl/Version.git @ 2.2.1
swift-service-lifecycle: https://github.com/swift-server/swift-service-lifecycle.git @ 2.12.0
swift-nio-ssl: https://github.com/apple/swift-nio-ssl.git @ 2.37.5
Float16: https://github.com/SusanDoggie/Float16.git @ 1.1.1
SwiftMnemonic: https://github.com/Kingpin-Apps/swift-mnemonic.git @ 0.2.5
swift-nio: https://github.com/apple/swift-nio.git @ 2.103.0
swift-atomics: https://github.com/apple/swift-atomics.git @ 1.3.1
SwiftKES: https://github.com/Kingpin-Apps/swift-kes.git @ 1.0.2
swift-log: https://github.com/apple/swift-log.git @ 1.15.1
swift-http-types: https://github.com/apple/swift-http-types.git @ 1.8.0
SwiftCardanoCore: https://github.com/Kingpin-Apps/swift-cardano-core.git @ 0.8.3
swift-nio-extras: https://github.com/apple/swift-nio-extras.git @ 1.35.1
Base32: https://github.com/norio-nomura/Base32.git @ 0.9.0
swift-numerics: https://github.com/apple/swift-numerics @ 1.1.1
swift-async-algorithms: https://github.com/apple/swift-async-algorithms.git @ 1.1.6
swift-system: https://github.com/apple/swift-system.git @ 1.8.1
SwiftOgmios: /Users/admin/builder/spi-builder-workspace
swift-crypto: https://github.com/apple/swift-crypto.git @ 4.5.2
CryptoSwift: https://github.com/krzyzanowskim/CryptoSwift.git @ 1.10.0
swift-nio-http2: https://github.com/apple/swift-nio-http2.git @ 1.46.0
SwiftNaCl: https://github.com/Kingpin-Apps/swift-nacl.git @ 1.0.3
swift-http-structured-headers: https://github.com/apple/swift-http-structured-headers.git @ 1.7.0
BigInt: https://github.com/attaswift/BigInt.git @ 6.0.1
resolved source packages: swift-fraction-number, CBORCodable, swift-certificates, SwiftBase58, websocket-kit, swift-algorithms, swift-asn1, swift-collections, swift-nio-transport-services, Version, swift-service-lifecycle, swift-nio-ssl, Float16, SwiftMnemonic, swift-nio, swift-atomics, SwiftKES, swift-log, swift-http-types, SwiftCardanoCore, swift-nio-extras, Base32, swift-numerics, swift-async-algorithms, swift-system, SwiftOgmios, swift-crypto, CryptoSwift, swift-nio-http2, SwiftNaCl, swift-http-structured-headers, BigInt
2026-09-28 12:42:04.836 xcodebuild[5104:19683] [MT] IDERunDestination: Supported platforms for the buildables in the current scheme is empty.
{
"dependencies" : [
{
"identity" : "swift-cardano-core",
"requirement" : {
"range" : [
{
"lower_bound" : "0.5.3",
"upper_bound" : "1.0.0"
}
]
},
"type" : "sourceControl",
"url" : "https://github.com/Kingpin-Apps/swift-cardano-core.git"
},
{
"identity" : "websocket-kit",
"requirement" : {
"range" : [
{
"lower_bound" : "2.16.2",
"upper_bound" : "3.0.0"
}
]
},
"type" : "sourceControl",
"url" : "https://github.com/vapor/websocket-kit.git"
}
],
"manifest_display_name" : "SwiftOgmios",
"name" : "SwiftOgmios",
"path" : "/Users/admin/builder/spi-builder-workspace",
"platforms" : [
{
"name" : "ios",
"version" : "18.0"
},
{
"name" : "macos",
"version" : "15.0"
},
{
"name" : "watchos",
"version" : "7.0"
},
{
"name" : "tvos",
"version" : "14.0"
}
],
"products" : [
{
"name" : "SwiftOgmios",
"targets" : [
"SwiftOgmios"
],
"type" : {
"library" : [
"automatic"
]
}
}
],
"targets" : [
{
"c99name" : "SwiftOgmiosTests",
"module_type" : "SwiftTarget",
"name" : "SwiftOgmiosTests",
"path" : "Tests/SwiftOgmiosTests",
"sources" : [
"Fixtures.swift",
"MiniProtocolsTests/ChainSynchronizationTests/FindIntersectionTests.swift",
"MiniProtocolsTests/ChainSynchronizationTests/NextBlockTests.swift",
"MiniProtocolsTests/MempoolMonitoringTests/AcquireMempoolTests.swift",
"MiniProtocolsTests/MempoolMonitoringTests/HasTransactionTests.swift",
"MiniProtocolsTests/MempoolMonitoringTests/NextTransactionTests.swift",
"MiniProtocolsTests/MempoolMonitoringTests/ReleaseMempoolTests.swift",
"MiniProtocolsTests/MempoolMonitoringTests/SizeOfMempoolTests.swift",
"MiniProtocolsTests/StateQueriesTests/LedgerStateQueriesTests/QueryLedgerStateConstitutionTests.swift",
"MiniProtocolsTests/StateQueriesTests/LedgerStateQueriesTests/QueryLedgerStateConstitutionalCommitteeTests.swift",
"MiniProtocolsTests/StateQueriesTests/LedgerStateQueriesTests/QueryLedgerStateDelegateRepresentativesTests.swift",
"MiniProtocolsTests/StateQueriesTests/LedgerStateQueriesTests/QueryLedgerStateDumpTests.swift",
"MiniProtocolsTests/StateQueriesTests/LedgerStateQueriesTests/QueryLedgerStateEpochTests.swift",
"MiniProtocolsTests/StateQueriesTests/LedgerStateQueriesTests/QueryLedgerStateEraStartTests.swift",
"MiniProtocolsTests/StateQueriesTests/LedgerStateQueriesTests/QueryLedgerStateEraSummariesTests.swift",
"MiniProtocolsTests/StateQueriesTests/LedgerStateQueriesTests/QueryLedgerStateGovernanceProposalsTests.swift",
"MiniProtocolsTests/StateQueriesTests/LedgerStateQueriesTests/QueryLedgerStateLiveStakeDistributionTests.swift",
"MiniProtocolsTests/StateQueriesTests/LedgerStateQueriesTests/QueryLedgerStateNoncesTests.swift",
"MiniProtocolsTests/StateQueriesTests/LedgerStateQueriesTests/QueryLedgerStateOperationalCertificatesTests.swift",
"MiniProtocolsTests/StateQueriesTests/LedgerStateQueriesTests/QueryLedgerStateProjectedRewardsTests.swift",
"MiniProtocolsTests/StateQueriesTests/LedgerStateQueriesTests/QueryLedgerStateProposedProtocolParametersTests.swift",
"MiniProtocolsTests/StateQueriesTests/LedgerStateQueriesTests/QueryLedgerStateProtocolParametersTests.swift",
"MiniProtocolsTests/StateQueriesTests/LedgerStateQueriesTests/QueryLedgerStateRewardAccountSummariesTests.swift",
"MiniProtocolsTests/StateQueriesTests/LedgerStateQueriesTests/QueryLedgerStateRewardsProvenanceTests.swift",
"MiniProtocolsTests/StateQueriesTests/LedgerStateQueriesTests/QueryLedgerStateStakePoolsPerformancesTests.swift",
"MiniProtocolsTests/StateQueriesTests/LedgerStateQueriesTests/QueryLedgerStateStakePoolsTests.swift",
"MiniProtocolsTests/StateQueriesTests/LedgerStateQueriesTests/QueryLedgerStateTipTests.swift",
"MiniProtocolsTests/StateQueriesTests/LedgerStateQueriesTests/QueryLedgerStateTreasuryAndReservesTests.swift",
"MiniProtocolsTests/StateQueriesTests/LedgerStateQueriesTests/QueryLedgerStateUtxoTests.swift",
"MiniProtocolsTests/StateQueriesTests/NetworkQueriesTests/QueryNetworkBlockHeightTests.swift",
"MiniProtocolsTests/StateQueriesTests/NetworkQueriesTests/QueryNetworkGenesisConfigurationTests.swift",
"MiniProtocolsTests/StateQueriesTests/NetworkQueriesTests/QueryNetworkStartTimeTests.swift",
"MiniProtocolsTests/StateQueriesTests/NetworkQueriesTests/QueryNetworkTipTests.swift",
"MiniProtocolsTests/TransactionSubmissionTests/EvaluateTransactionTests.swift",
"MiniProtocolsTests/TransactionSubmissionTests/SubmitTransactionTests.swift",
"MockData.swift",
"OgmiosClientTests.swift",
"Types/CardanoTests/BlockTests.swift"
],
"target_dependencies" : [
"SwiftOgmios"
],
"type" : "test"
},
{
"c99name" : "SwiftOgmios",
"module_type" : "SwiftTarget",
"name" : "SwiftOgmios",
"path" : "Sources/SwiftOgmios",
"product_dependencies" : [
"SwiftCardanoCore",
"WebSocketKit"
],
"product_memberships" : [
"SwiftOgmios"
],
"sources" : [
"Connection/Connectable.swift",
"Connection/HTTPConnection.swift",
"Connection/WebSocketConnection.swift",
"Errors.swift",
"Logging.swift",
"MiniProtocols/ChainSynchronization/FindIntersection.swift",
"MiniProtocols/ChainSynchronization/NextBlock.swift",
"MiniProtocols/MempoolMonitoring/AcquireMempool.swift",
"MiniProtocols/MempoolMonitoring/HasTransaction.swift",
"MiniProtocols/MempoolMonitoring/NextTransaction.swift",
"MiniProtocols/MempoolMonitoring/ReleaseMempool.swift",
"MiniProtocols/MempoolMonitoring/SizeOfMempool.swift",
"MiniProtocols/StateQueries/LedgerStateQueries/QueryLedgerStateConstitution.swift",
"MiniProtocols/StateQueries/LedgerStateQueries/QueryLedgerStateConstitutionalCommittee.swift",
"MiniProtocols/StateQueries/LedgerStateQueries/QueryLedgerStateDelegateRepresentatives.swift",
"MiniProtocols/StateQueries/LedgerStateQueries/QueryLedgerStateDump.swift",
"MiniProtocols/StateQueries/LedgerStateQueries/QueryLedgerStateEpoch.swift",
"MiniProtocols/StateQueries/LedgerStateQueries/QueryLedgerStateEraStart.swift",
"MiniProtocols/StateQueries/LedgerStateQueries/QueryLedgerStateEraSummaries.swift",
"MiniProtocols/StateQueries/LedgerStateQueries/QueryLedgerStateGovernanceProposals.swift",
"MiniProtocols/StateQueries/LedgerStateQueries/QueryLedgerStateLiveStakeDistribution.swift",
"MiniProtocols/StateQueries/LedgerStateQueries/QueryLedgerStateNonces.swift",
"MiniProtocols/StateQueries/LedgerStateQueries/QueryLedgerStateOperationalCertificates.swift",
"MiniProtocols/StateQueries/LedgerStateQueries/QueryLedgerStateProjectedRewards.swift",
"MiniProtocols/StateQueries/LedgerStateQueries/QueryLedgerStateProposedProtocolParameters.swift",
"MiniProtocols/StateQueries/LedgerStateQueries/QueryLedgerStateProtocolParameters.swift",
"MiniProtocols/StateQueries/LedgerStateQueries/QueryLedgerStateRewardAccountSummaries.swift",
"MiniProtocols/StateQueries/LedgerStateQueries/QueryLedgerStateRewardsProvenance.swift",
"MiniProtocols/StateQueries/LedgerStateQueries/QueryLedgerStateStakePools.swift",
"MiniProtocols/StateQueries/LedgerStateQueries/QueryLedgerStateStakePoolsPerformances.swift",
"MiniProtocols/StateQueries/LedgerStateQueries/QueryLedgerStateTip.swift",
"MiniProtocols/StateQueries/LedgerStateQueries/QueryLedgerStateTreasuryAndReserves.swift",
"MiniProtocols/StateQueries/LedgerStateQueries/QueryLedgerStateUtxo.swift",
"MiniProtocols/StateQueries/NetworkQueries/QueryNetworkBlockHeight.swift",
"MiniProtocols/StateQueries/NetworkQueries/QueryNetworkGenesisConfiguration.swift",
"MiniProtocols/StateQueries/NetworkQueries/QueryNetworkStartTime.swift",
"MiniProtocols/StateQueries/NetworkQueries/QueryNetworkTip.swift",
"MiniProtocols/TransactionSubmission/EvaluateTransaction.swift",
"MiniProtocols/TransactionSubmission/SubmitTransaction.swift",
"NanoID.swift",
"OgmiosClient.swift",
"Types/Cardano/Address.swift",
"Types/Cardano/Anchor.swift",
"Types/Cardano/Block.swift",
"Types/Cardano/Bound.swift",
"Types/Cardano/DelegateRepresentativeSummary.swift",
"Types/Cardano/DigestBlake2b.swift",
"Types/Cardano/Era.swift",
"Types/Cardano/Genesis.swift",
"Types/Cardano/Governance/Constitution.swift",
"Types/Cardano/Governance/GovernanceAction.swift",
"Types/Cardano/Governance/GovernanceProposalReference.swift",
"Types/Cardano/Governance/GovernanceVote.swift",
"Types/Cardano/Governance/ProposedProtocolParameters.swift",
"Types/Cardano/Origin.swift",
"Types/Cardano/ProtocolParameters.swift",
"Types/Cardano/RelativeTime.swift",
"Types/Cardano/RewardAccount.swift",
"Types/Cardano/StakePool.swift",
"Types/Cardano/Transaction.swift",
"Types/Cardano/TypeAliases.swift",
"Types/Cardano/Utxo.swift",
"Types/Cardano/Value.swift",
"Types/Cardano/VerificationKey.swift",
"Types/Health.swift",
"Types/JSON-RPC.swift",
"Types/Ogmios/AnyCredential.swift",
"Types/Ogmios/Bech32.swift",
"Types/Ogmios/DeserialisationFailure.swift",
"Types/Ogmios/EncodingBase16.swift",
"Types/Ogmios/EraMismatch.swift",
"Types/Ogmios/EvaluateTransactionDeserialisationError.swift",
"Types/Ogmios/EvaluateTransactionError.swift",
"Types/Ogmios/EvaluateTransactionFailure.swift",
"Types/Ogmios/FindIntersectionError.swift",
"Types/Ogmios/LiveStakeDistribution.swift",
"Types/Ogmios/MustAcquireMempoolFirst.swift",
"Types/Ogmios/Nonces.swift",
"Types/Ogmios/OperationalCertificates.swift",
"Types/Ogmios/PointOrOrigin.swift",
"Types/Ogmios/ProjectedRewards.swift",
"Types/Ogmios/QueryLedgerStateAcquiredExpired.swift",
"Types/Ogmios/QueryLedgerStateEraMismatch.swift",
"Types/Ogmios/QueryLedgerStateUnavailableInCurrentEra.swift",
"Types/Ogmios/QueryNetworkInvalidGenesis.swift",
"Types/Ogmios/RewardAccountSummary.swift",
"Types/Ogmios/RewardsProvenance.swift",
"Types/Ogmios/ScriptExecutionFailure.swift",
"Types/Ogmios/StakePoolsPerformances.swift",
"Types/Ogmios/SubmitTransactionDeserialisationError.swift",
"Types/Ogmios/SubmitTransactionError.swift",
"Types/Ogmios/SubmitTransactionFailure.swift",
"Types/Ogmios/TransactionCBOR.swift",
"Types/TypeCallable.swift",
"Types/Wrappers.swift"
],
"type" : "library"
}
],
"tools_version" : "6.0"
}
{
"workspace" : {
"name" : "SwiftOgmios",
"schemes" : [
"SwiftOgmios"
]
}
}
2026-09-28 12:42:07.424 xcodebuild[5112:19766] [MT] IDERunDestination: Supported platforms for the buildables in the current scheme is empty.
Running build ...
env DEVELOPER_DIR=/Applications/Xcode-27.0.0-Release.Candidate.app xcrun xcodebuild -IDEClonedSourcePackagesDirPathOverride=$PWD/.dependencies -skipMacroValidation -skipPackagePluginValidation -derivedDataPath $PWD/.derivedData build -scheme SwiftOgmios -destination generic/platform=watchOS
Command line invocation:
/Applications/Xcode-27.0.0-Release.Candidate.app/Contents/Developer/usr/bin/xcodebuild -IDEClonedSourcePackagesDirPathOverride=/Users/admin/builder/spi-builder-workspace/.dependencies -skipMacroValidation -skipPackagePluginValidation -derivedDataPath /Users/admin/builder/spi-builder-workspace/.derivedData build -scheme SwiftOgmios -destination generic/platform=watchOS
Resolve Package Graph
Resolved source packages:
swift-nio-ssl: https://github.com/apple/swift-nio-ssl.git @ 2.37.5
swift-nio-transport-services: https://github.com/apple/swift-nio-transport-services.git @ 1.28.0
SwiftMnemonic: https://github.com/Kingpin-Apps/swift-mnemonic.git @ 0.2.5
swift-asn1: https://github.com/apple/swift-asn1.git @ 1.7.3
swift-http-types: https://github.com/apple/swift-http-types.git @ 1.8.0
swift-service-lifecycle: https://github.com/swift-server/swift-service-lifecycle.git @ 2.12.0
swift-algorithms: https://github.com/apple/swift-algorithms.git @ 1.2.1
CryptoSwift: https://github.com/krzyzanowskim/CryptoSwift.git @ 1.10.0
Base32: https://github.com/norio-nomura/Base32.git @ 0.9.0
SwiftBase58: https://github.com/Kingpin-Apps/swift-base58.git @ 0.1.5
SwiftNaCl: https://github.com/Kingpin-Apps/swift-nacl.git @ 1.0.3
swift-collections: https://github.com/apple/swift-collections.git @ 1.7.1
Float16: https://github.com/SusanDoggie/Float16.git @ 1.1.1
swift-numerics: https://github.com/apple/swift-numerics @ 1.1.1
swift-nio: https://github.com/apple/swift-nio.git @ 2.103.0
swift-certificates: https://github.com/apple/swift-certificates.git @ 1.21.0
swift-async-algorithms: https://github.com/apple/swift-async-algorithms.git @ 1.1.6
websocket-kit: https://github.com/vapor/websocket-kit.git @ 2.16.2
swift-system: https://github.com/apple/swift-system.git @ 1.8.1
Version: https://github.com/mxcl/Version.git @ 2.2.1
swift-log: https://github.com/apple/swift-log.git @ 1.15.1
SwiftCardanoCore: https://github.com/Kingpin-Apps/swift-cardano-core.git @ 0.8.3
swift-atomics: https://github.com/apple/swift-atomics.git @ 1.3.1
swift-nio-extras: https://github.com/apple/swift-nio-extras.git @ 1.35.1
SwiftOgmios: /Users/admin/builder/spi-builder-workspace
swift-http-structured-headers: https://github.com/apple/swift-http-structured-headers.git @ 1.7.0
BigInt: https://github.com/attaswift/BigInt.git @ 6.0.1
swift-nio-http2: https://github.com/apple/swift-nio-http2.git @ 1.46.0
CBORCodable: https://github.com/Kingpin-Apps/swift-cbor-codable.git @ 0.3.4
SwiftKES: https://github.com/Kingpin-Apps/swift-kes.git @ 1.0.2
swift-crypto: https://github.com/apple/swift-crypto.git @ 4.5.2
swift-fraction-number: https://github.com/Frizlab/swift-fraction-number.git @ 0.2.0
ComputePackagePrebuildTargetDependencyGraph
Prepare packages
CreateBuildRequest
SendProjectDescription
CreateBuildOperation
ComputeTargetDependencyGraph
note: Building targets in dependency order
note: Target dependency graph (84 targets)
Target 'SwiftOgmios-product' in project 'SwiftOgmios'
➜ Explicit dependency on target 'SwiftOgmios' in project 'SwiftOgmios'
➜ Explicit dependency on target 'SwiftCardanoCore-product' in project 'SwiftCardanoCore'
➜ Explicit dependency on target 'WebSocketKit-product' in project 'websocket-kit'
Target 'SwiftOgmios' in project 'SwiftOgmios'
➜ Explicit dependency on target 'SwiftCardanoCore-product' in project 'SwiftCardanoCore'
➜ Explicit dependency on target 'WebSocketKit-product' in project 'websocket-kit'
Target 'WebSocketKit-product' in project 'websocket-kit'
➜ Explicit dependency on target 'WebSocketKit' in project 'websocket-kit'
➜ Explicit dependency on target 'NIOCore-product' in project 'swift-nio'
➜ Explicit dependency on target 'NIOConcurrencyHelpers-product' in project 'swift-nio'
➜ Explicit dependency on target 'NIOExtras-product' in project 'swift-nio-extras'
➜ Explicit dependency on target 'NIOFoundationCompat-product' in project 'swift-nio'
➜ Explicit dependency on target 'NIOHTTP1-product' in project 'swift-nio'
➜ Explicit dependency on target 'NIOSSL-product' in project 'swift-nio-ssl'
➜ Explicit dependency on target 'NIOWebSocket-product' in project 'swift-nio'
➜ Explicit dependency on target 'NIOTransportServices-product' in project 'swift-nio-transport-services'
➜ Explicit dependency on target 'Atomics-product' in project 'swift-atomics'
Target 'WebSocketKit' in project 'websocket-kit'
➜ Explicit dependency on target 'NIOCore-product' in project 'swift-nio'
➜ Explicit dependency on target 'NIOConcurrencyHelpers-product' in project 'swift-nio'
➜ Explicit dependency on target 'NIOExtras-product' in project 'swift-nio-extras'
➜ Explicit dependency on target 'NIOFoundationCompat-product' in project 'swift-nio'
➜ Explicit dependency on target 'NIOHTTP1-product' in project 'swift-nio'
➜ Explicit dependency on target 'NIOSSL-product' in project 'swift-nio-ssl'
➜ Explicit dependency on target 'NIOWebSocket-product' in project 'swift-nio'
➜ Explicit dependency on target 'NIOTransportServices-product' in project 'swift-nio-transport-services'
➜ Explicit dependency on target 'Atomics-product' in project 'swift-atomics'
Target 'NIOTransportServices-product' in project 'swift-nio-transport-services'
➜ Explicit dependency on target 'NIOTransportServices' in project 'swift-nio-transport-services'
➜ Explicit dependency on target 'NIO-product' in project 'swift-nio'
➜ Explicit dependency on target 'NIOCore-product' in project 'swift-nio'
➜ Explicit dependency on target 'NIOFoundationCompat-product' in project 'swift-nio'
➜ Explicit dependency on target 'NIOTLS-product' in project 'swift-nio'
➜ Explicit dependency on target 'Atomics-product' in project 'swift-atomics'
Target 'NIOTransportServices' in project 'swift-nio-transport-services'
➜ Explicit dependency on target 'NIO-product' in project 'swift-nio'
➜ Explicit dependency on target 'NIOCore-product' in project 'swift-nio'
➜ Explicit dependency on target 'NIOFoundationCompat-product' in project 'swift-nio'
➜ Explicit dependency on target 'NIOTLS-product' in project 'swift-nio'
➜ Explicit dependency on target 'Atomics-product' in project 'swift-atomics'
Target 'NIOWebSocket-product' in project 'swift-nio'
➜ Explicit dependency on target 'NIOWebSocket' in project 'swift-nio'
➜ Explicit dependency on target 'CNIOAtomics' in project 'swift-nio'
➜ Explicit dependency on target 'NIOConcurrencyHelpers' in project 'swift-nio'
➜ Explicit dependency on target '_NIOBase64' in project 'swift-nio'
➜ Explicit dependency on target 'CNIOOpenBSD' in project 'swift-nio'
➜ Explicit dependency on target 'CNIOFreeBSD' in project 'swift-nio'
➜ Explicit dependency on target 'CNIODarwin' in project 'swift-nio'
➜ Explicit dependency on target 'CNIOLinux' in project 'swift-nio'
➜ Explicit dependency on target 'CNIOWindows' in project 'swift-nio'
➜ Explicit dependency on target 'CNIOWASI' in project 'swift-nio'
➜ Explicit dependency on target '_NIODataStructures' in project 'swift-nio'
➜ Explicit dependency on target 'NIOCore' in project 'swift-nio'
➜ Explicit dependency on target 'NIOEmbedded' in project 'swift-nio'
➜ Explicit dependency on target 'CNIOPosix' in project 'swift-nio'
➜ Explicit dependency on target 'NIOPosix' in project 'swift-nio'
➜ Explicit dependency on target 'NIO' in project 'swift-nio'
➜ Explicit dependency on target 'CNIOLLHTTP' in project 'swift-nio'
➜ Explicit dependency on target 'NIOHTTP1' in project 'swift-nio'
➜ Explicit dependency on target 'CNIOSHA1' in project 'swift-nio'
➜ Explicit dependency on target 'DequeModule-product' in project 'swift-collections'
➜ Explicit dependency on target 'Atomics-product' in project 'swift-atomics'
Target 'NIOWebSocket' in project 'swift-nio'
➜ Explicit dependency on target 'CNIOAtomics' in project 'swift-nio'
➜ Explicit dependency on target 'NIOConcurrencyHelpers' in project 'swift-nio'
➜ Explicit dependency on target '_NIOBase64' in project 'swift-nio'
➜ Explicit dependency on target 'CNIOOpenBSD' in project 'swift-nio'
➜ Explicit dependency on target 'CNIOFreeBSD' in project 'swift-nio'
➜ Explicit dependency on target 'CNIODarwin' in project 'swift-nio'
➜ Explicit dependency on target 'CNIOLinux' in project 'swift-nio'
➜ Explicit dependency on target 'CNIOWindows' in project 'swift-nio'
➜ Explicit dependency on target 'CNIOWASI' in project 'swift-nio'
➜ Explicit dependency on target '_NIODataStructures' in project 'swift-nio'
➜ Explicit dependency on target 'NIOCore' in project 'swift-nio'
➜ Explicit dependency on target 'NIOEmbedded' in project 'swift-nio'
➜ Explicit dependency on target 'CNIOPosix' in project 'swift-nio'
➜ Explicit dependency on target 'NIOPosix' in project 'swift-nio'
➜ Explicit dependency on target 'NIO' in project 'swift-nio'
➜ Explicit dependency on target 'CNIOLLHTTP' in project 'swift-nio'
➜ Explicit dependency on target 'NIOHTTP1' in project 'swift-nio'
➜ Explicit dependency on target 'CNIOSHA1' in project 'swift-nio'
➜ Explicit dependency on target 'DequeModule-product' in project 'swift-collections'
➜ Explicit dependency on target 'Atomics-product' in project 'swift-atomics'
Target 'CNIOSHA1' in project 'swift-nio' (no dependencies)
Target 'NIOSSL-product' in project 'swift-nio-ssl'
➜ Explicit dependency on target 'NIOSSL' in project 'swift-nio-ssl'
➜ Explicit dependency on target 'swift-nio-ssl_NIOSSL' in project 'swift-nio-ssl'
➜ Explicit dependency on target 'CNIOBoringSSL' in project 'swift-nio-ssl'
➜ Explicit dependency on target 'CNIOBoringSSLShims' in project 'swift-nio-ssl'
➜ Explicit dependency on target 'NIO-product' in project 'swift-nio'
➜ Explicit dependency on target 'NIOCore-product' in project 'swift-nio'
➜ Explicit dependency on target 'NIOConcurrencyHelpers-product' in project 'swift-nio'
➜ Explicit dependency on target 'NIOTLS-product' in project 'swift-nio'
Target 'NIOSSL' in project 'swift-nio-ssl'
➜ Explicit dependency on target 'swift-nio-ssl_NIOSSL' in project 'swift-nio-ssl'
➜ Explicit dependency on target 'CNIOBoringSSL' in project 'swift-nio-ssl'
➜ Explicit dependency on target 'CNIOBoringSSLShims' in project 'swift-nio-ssl'
➜ Explicit dependency on target 'NIO-product' in project 'swift-nio'
➜ Explicit dependency on target 'NIOCore-product' in project 'swift-nio'
➜ Explicit dependency on target 'NIOConcurrencyHelpers-product' in project 'swift-nio'
➜ Explicit dependency on target 'NIOTLS-product' in project 'swift-nio'
Target 'NIOTLS-product' in project 'swift-nio'
➜ Explicit dependency on target 'NIOTLS' in project 'swift-nio'
➜ Explicit dependency on target 'CNIOAtomics' in project 'swift-nio'
➜ Explicit dependency on target 'NIOConcurrencyHelpers' in project 'swift-nio'
➜ Explicit dependency on target '_NIOBase64' in project 'swift-nio'
➜ Explicit dependency on target 'CNIOOpenBSD' in project 'swift-nio'
➜ Explicit dependency on target 'CNIOFreeBSD' in project 'swift-nio'
➜ Explicit dependency on target 'CNIODarwin' in project 'swift-nio'
➜ Explicit dependency on target 'CNIOLinux' in project 'swift-nio'
➜ Explicit dependency on target 'CNIOWindows' in project 'swift-nio'
➜ Explicit dependency on target 'CNIOWASI' in project 'swift-nio'
➜ Explicit dependency on target '_NIODataStructures' in project 'swift-nio'
➜ Explicit dependency on target 'NIOCore' in project 'swift-nio'
➜ Explicit dependency on target 'NIOEmbedded' in project 'swift-nio'
➜ Explicit dependency on target 'CNIOPosix' in project 'swift-nio'
➜ Explicit dependency on target 'NIOPosix' in project 'swift-nio'
➜ Explicit dependency on target 'NIO' in project 'swift-nio'
➜ Explicit dependency on target 'DequeModule-product' in project 'swift-collections'
➜ Explicit dependency on target 'Atomics-product' in project 'swift-atomics'
Target 'NIOTLS' in project 'swift-nio'
➜ Explicit dependency on target 'CNIOAtomics' in project 'swift-nio'
➜ Explicit dependency on target 'NIOConcurrencyHelpers' in project 'swift-nio'
➜ Explicit dependency on target '_NIOBase64' in project 'swift-nio'
➜ Explicit dependency on target 'CNIOOpenBSD' in project 'swift-nio'
➜ Explicit dependency on target 'CNIOFreeBSD' in project 'swift-nio'
➜ Explicit dependency on target 'CNIODarwin' in project 'swift-nio'
➜ Explicit dependency on target 'CNIOLinux' in project 'swift-nio'
➜ Explicit dependency on target 'CNIOWindows' in project 'swift-nio'
➜ Explicit dependency on target 'CNIOWASI' in project 'swift-nio'
➜ Explicit dependency on target '_NIODataStructures' in project 'swift-nio'
➜ Explicit dependency on target 'NIOCore' in project 'swift-nio'
➜ Explicit dependency on target 'NIOEmbedded' in project 'swift-nio'
➜ Explicit dependency on target 'CNIOPosix' in project 'swift-nio'
➜ Explicit dependency on target 'NIOPosix' in project 'swift-nio'
➜ Explicit dependency on target 'NIO' in project 'swift-nio'
➜ Explicit dependency on target 'DequeModule-product' in project 'swift-collections'
➜ Explicit dependency on target 'Atomics-product' in project 'swift-atomics'
Target 'CNIOBoringSSLShims' in project 'swift-nio-ssl'
➜ Explicit dependency on target 'CNIOBoringSSL' in project 'swift-nio-ssl'
Target 'CNIOBoringSSL' in project 'swift-nio-ssl' (no dependencies)
Target 'swift-nio-ssl_NIOSSL' in project 'swift-nio-ssl' (no dependencies)
Target 'NIOFoundationCompat-product' in project 'swift-nio'
➜ Explicit dependency on target 'NIOFoundationCompat' in project 'swift-nio'
➜ Explicit dependency on target 'CNIOAtomics' in project 'swift-nio'
➜ Explicit dependency on target 'NIOConcurrencyHelpers' in project 'swift-nio'
➜ Explicit dependency on target '_NIOBase64' in project 'swift-nio'
➜ Explicit dependency on target 'CNIOOpenBSD' in project 'swift-nio'
➜ Explicit dependency on target 'CNIOFreeBSD' in project 'swift-nio'
➜ Explicit dependency on target 'CNIODarwin' in project 'swift-nio'
➜ Explicit dependency on target 'CNIOLinux' in project 'swift-nio'
➜ Explicit dependency on target 'CNIOWindows' in project 'swift-nio'
➜ Explicit dependency on target 'CNIOWASI' in project 'swift-nio'
➜ Explicit dependency on target '_NIODataStructures' in project 'swift-nio'
➜ Explicit dependency on target 'NIOCore' in project 'swift-nio'
➜ Explicit dependency on target 'NIOEmbedded' in project 'swift-nio'
➜ Explicit dependency on target 'CNIOPosix' in project 'swift-nio'
➜ Explicit dependency on target 'NIOPosix' in project 'swift-nio'
➜ Explicit dependency on target 'NIO' in project 'swift-nio'
➜ Explicit dependency on target 'NIOFoundationEssentialsCompat' in project 'swift-nio'
➜ Explicit dependency on target 'DequeModule-product' in project 'swift-collections'
➜ Explicit dependency on target 'Atomics-product' in project 'swift-atomics'
Target 'NIOFoundationCompat' in project 'swift-nio'
➜ Explicit dependency on target 'CNIOAtomics' in project 'swift-nio'
➜ Explicit dependency on target 'NIOConcurrencyHelpers' in project 'swift-nio'
➜ Explicit dependency on target '_NIOBase64' in project 'swift-nio'
➜ Explicit dependency on target 'CNIOOpenBSD' in project 'swift-nio'
➜ Explicit dependency on target 'CNIOFreeBSD' in project 'swift-nio'
➜ Explicit dependency on target 'CNIODarwin' in project 'swift-nio'
➜ Explicit dependency on target 'CNIOLinux' in project 'swift-nio'
➜ Explicit dependency on target 'CNIOWindows' in project 'swift-nio'
➜ Explicit dependency on target 'CNIOWASI' in project 'swift-nio'
➜ Explicit dependency on target '_NIODataStructures' in project 'swift-nio'
➜ Explicit dependency on target 'NIOCore' in project 'swift-nio'
➜ Explicit dependency on target 'NIOEmbedded' in project 'swift-nio'
➜ Explicit dependency on target 'CNIOPosix' in project 'swift-nio'
➜ Explicit dependency on target 'NIOPosix' in project 'swift-nio'
➜ Explicit dependency on target 'NIO' in project 'swift-nio'
➜ Explicit dependency on target 'NIOFoundationEssentialsCompat' in project 'swift-nio'
➜ Explicit dependency on target 'DequeModule-product' in project 'swift-collections'
➜ Explicit dependency on target 'Atomics-product' in project 'swift-atomics'
Target 'NIOFoundationEssentialsCompat' in project 'swift-nio'
➜ Explicit dependency on target 'CNIOAtomics' in project 'swift-nio'
➜ Explicit dependency on target 'NIOConcurrencyHelpers' in project 'swift-nio'
➜ Explicit dependency on target '_NIOBase64' in project 'swift-nio'
➜ Explicit dependency on target 'CNIOOpenBSD' in project 'swift-nio'
➜ Explicit dependency on target 'CNIOFreeBSD' in project 'swift-nio'
➜ Explicit dependency on target 'CNIODarwin' in project 'swift-nio'
➜ Explicit dependency on target 'CNIOLinux' in project 'swift-nio'
➜ Explicit dependency on target 'CNIOWindows' in project 'swift-nio'
➜ Explicit dependency on target 'CNIOWASI' in project 'swift-nio'
➜ Explicit dependency on target '_NIODataStructures' in project 'swift-nio'
➜ Explicit dependency on target 'NIOCore' in project 'swift-nio'
➜ Explicit dependency on target 'DequeModule-product' in project 'swift-collections'
➜ Explicit dependency on target 'Atomics-product' in project 'swift-atomics'
Target 'NIOExtras-product' in project 'swift-nio-extras'
➜ Explicit dependency on target 'NIOExtras' in project 'swift-nio-extras'
➜ Explicit dependency on target 'NIO-product' in project 'swift-nio'
➜ Explicit dependency on target 'NIOCore-product' in project 'swift-nio'
➜ Explicit dependency on target 'NIOHTTP1-product' in project 'swift-nio'
Target 'NIOExtras' in project 'swift-nio-extras'
➜ Explicit dependency on target 'NIO-product' in project 'swift-nio'
➜ Explicit dependency on target 'NIOCore-product' in project 'swift-nio'
➜ Explicit dependency on target 'NIOHTTP1-product' in project 'swift-nio'
Target 'NIOHTTP1-product' in project 'swift-nio'
➜ Explicit dependency on target 'NIOHTTP1' in project 'swift-nio'
➜ Explicit dependency on target 'CNIOAtomics' in project 'swift-nio'
➜ Explicit dependency on target 'NIOConcurrencyHelpers' in project 'swift-nio'
➜ Explicit dependency on target '_NIOBase64' in project 'swift-nio'
➜ Explicit dependency on target 'CNIOOpenBSD' in project 'swift-nio'
➜ Explicit dependency on target 'CNIOFreeBSD' in project 'swift-nio'
➜ Explicit dependency on target 'CNIODarwin' in project 'swift-nio'
➜ Explicit dependency on target 'CNIOLinux' in project 'swift-nio'
➜ Explicit dependency on target 'CNIOWindows' in project 'swift-nio'
➜ Explicit dependency on target 'CNIOWASI' in project 'swift-nio'
➜ Explicit dependency on target '_NIODataStructures' in project 'swift-nio'
➜ Explicit dependency on target 'NIOCore' in project 'swift-nio'
➜ Explicit dependency on target 'NIOEmbedded' in project 'swift-nio'
➜ Explicit dependency on target 'CNIOPosix' in project 'swift-nio'
➜ Explicit dependency on target 'NIOPosix' in project 'swift-nio'
➜ Explicit dependency on target 'NIO' in project 'swift-nio'
➜ Explicit dependency on target 'CNIOLLHTTP' in project 'swift-nio'
➜ Explicit dependency on target 'DequeModule-product' in project 'swift-collections'
➜ Explicit dependency on target 'Atomics-product' in project 'swift-atomics'
Target 'NIOHTTP1' in project 'swift-nio'
➜ Explicit dependency on target 'CNIOAtomics' in project 'swift-nio'
➜ Explicit dependency on target 'NIOConcurrencyHelpers' in project 'swift-nio'
➜ Explicit dependency on target '_NIOBase64' in project 'swift-nio'
➜ Explicit dependency on target 'CNIOOpenBSD' in project 'swift-nio'
➜ Explicit dependency on target 'CNIOFreeBSD' in project 'swift-nio'
➜ Explicit dependency on target 'CNIODarwin' in project 'swift-nio'
➜ Explicit dependency on target 'CNIOLinux' in project 'swift-nio'
➜ Explicit dependency on target 'CNIOWindows' in project 'swift-nio'
➜ Explicit dependency on target 'CNIOWASI' in project 'swift-nio'
➜ Explicit dependency on target '_NIODataStructures' in project 'swift-nio'
➜ Explicit dependency on target 'NIOCore' in project 'swift-nio'
➜ Explicit dependency on target 'NIOEmbedded' in project 'swift-nio'
➜ Explicit dependency on target 'CNIOPosix' in project 'swift-nio'
➜ Explicit dependency on target 'NIOPosix' in project 'swift-nio'
➜ Explicit dependency on target 'NIO' in project 'swift-nio'
➜ Explicit dependency on target 'CNIOLLHTTP' in project 'swift-nio'
➜ Explicit dependency on target 'DequeModule-product' in project 'swift-collections'
➜ Explicit dependency on target 'Atomics-product' in project 'swift-atomics'
Target 'CNIOLLHTTP' in project 'swift-nio' (no dependencies)
Target 'NIO-product' in project 'swift-nio'
➜ Explicit dependency on target 'NIO' in project 'swift-nio'
➜ Explicit dependency on target 'CNIOAtomics' in project 'swift-nio'
➜ Explicit dependency on target 'NIOConcurrencyHelpers' in project 'swift-nio'
➜ Explicit dependency on target '_NIOBase64' in project 'swift-nio'
➜ Explicit dependency on target 'CNIOOpenBSD' in project 'swift-nio'
➜ Explicit dependency on target 'CNIOFreeBSD' in project 'swift-nio'
➜ Explicit dependency on target 'CNIODarwin' in project 'swift-nio'
➜ Explicit dependency on target 'CNIOLinux' in project 'swift-nio'
➜ Explicit dependency on target 'CNIOWindows' in project 'swift-nio'
➜ Explicit dependency on target 'CNIOWASI' in project 'swift-nio'
➜ Explicit dependency on target '_NIODataStructures' in project 'swift-nio'
➜ Explicit dependency on target 'NIOCore' in project 'swift-nio'
➜ Explicit dependency on target 'NIOEmbedded' in project 'swift-nio'
➜ Explicit dependency on target 'CNIOPosix' in project 'swift-nio'
➜ Explicit dependency on target 'NIOPosix' in project 'swift-nio'
➜ Explicit dependency on target 'DequeModule-product' in project 'swift-collections'
➜ Explicit dependency on target 'Atomics-product' in project 'swift-atomics'
Target 'NIO' in project 'swift-nio'
➜ Explicit dependency on target 'CNIOAtomics' in project 'swift-nio'
➜ Explicit dependency on target 'NIOConcurrencyHelpers' in project 'swift-nio'
➜ Explicit dependency on target '_NIOBase64' in project 'swift-nio'
➜ Explicit dependency on target 'CNIOOpenBSD' in project 'swift-nio'
➜ Explicit dependency on target 'CNIOFreeBSD' in project 'swift-nio'
➜ Explicit dependency on target 'CNIODarwin' in project 'swift-nio'
➜ Explicit dependency on target 'CNIOLinux' in project 'swift-nio'
➜ Explicit dependency on target 'CNIOWindows' in project 'swift-nio'
➜ Explicit dependency on target 'CNIOWASI' in project 'swift-nio'
➜ Explicit dependency on target '_NIODataStructures' in project 'swift-nio'
➜ Explicit dependency on target 'NIOCore' in project 'swift-nio'
➜ Explicit dependency on target 'NIOEmbedded' in project 'swift-nio'
➜ Explicit dependency on target 'CNIOPosix' in project 'swift-nio'
➜ Explicit dependency on target 'NIOPosix' in project 'swift-nio'
➜ Explicit dependency on target 'DequeModule-product' in project 'swift-collections'
➜ Explicit dependency on target 'Atomics-product' in project 'swift-atomics'
Target 'NIOPosix' in project 'swift-nio'
➜ Explicit dependency on target 'swift-nio_NIOPosix' in project 'swift-nio'
➜ Explicit dependency on target 'CNIOOpenBSD' in project 'swift-nio'
➜ Explicit dependency on target 'CNIOLinux' in project 'swift-nio'
➜ Explicit dependency on target 'CNIODarwin' in project 'swift-nio'
➜ Explicit dependency on target 'CNIOWindows' in project 'swift-nio'
➜ Explicit dependency on target 'CNIOAtomics' in project 'swift-nio'
➜ Explicit dependency on target 'NIOConcurrencyHelpers' in project 'swift-nio'
➜ Explicit dependency on target '_NIOBase64' in project 'swift-nio'
➜ Explicit dependency on target 'CNIOFreeBSD' in project 'swift-nio'
➜ Explicit dependency on target 'CNIOWASI' in project 'swift-nio'
➜ Explicit dependency on target '_NIODataStructures' in project 'swift-nio'
➜ Explicit dependency on target 'NIOCore' in project 'swift-nio'
➜ Explicit dependency on target 'CNIOPosix' in project 'swift-nio'
➜ Explicit dependency on target 'DequeModule-product' in project 'swift-collections'
➜ Explicit dependency on target 'Atomics-product' in project 'swift-atomics'
Target 'swift-nio_NIOPosix' in project 'swift-nio' (no dependencies)
Target 'CNIOPosix' in project 'swift-nio' (no dependencies)
Target 'NIOEmbedded' in project 'swift-nio'
➜ Explicit dependency on target 'CNIOAtomics' in project 'swift-nio'
➜ Explicit dependency on target 'NIOConcurrencyHelpers' in project 'swift-nio'
➜ Explicit dependency on target '_NIOBase64' in project 'swift-nio'
➜ Explicit dependency on target 'CNIOOpenBSD' in project 'swift-nio'
➜ Explicit dependency on target 'CNIOFreeBSD' in project 'swift-nio'
➜ Explicit dependency on target 'CNIODarwin' in project 'swift-nio'
➜ Explicit dependency on target 'CNIOLinux' in project 'swift-nio'
➜ Explicit dependency on target 'CNIOWindows' in project 'swift-nio'
➜ Explicit dependency on target 'CNIOWASI' in project 'swift-nio'
➜ Explicit dependency on target '_NIODataStructures' in project 'swift-nio'
➜ Explicit dependency on target 'NIOCore' in project 'swift-nio'
➜ Explicit dependency on target 'DequeModule-product' in project 'swift-collections'
➜ Explicit dependency on target 'Atomics-product' in project 'swift-atomics'
Target 'NIOConcurrencyHelpers-product' in project 'swift-nio'
➜ Explicit dependency on target 'NIOConcurrencyHelpers' in project 'swift-nio'
➜ Explicit dependency on target 'CNIOAtomics' in project 'swift-nio'
Target 'NIOCore-product' in project 'swift-nio'
➜ Explicit dependency on target 'NIOCore' in project 'swift-nio'
➜ Explicit dependency on target 'CNIOAtomics' in project 'swift-nio'
➜ Explicit dependency on target 'NIOConcurrencyHelpers' in project 'swift-nio'
➜ Explicit dependency on target '_NIOBase64' in project 'swift-nio'
➜ Explicit dependency on target 'CNIOOpenBSD' in project 'swift-nio'
➜ Explicit dependency on target 'CNIOFreeBSD' in project 'swift-nio'
➜ Explicit dependency on target 'CNIODarwin' in project 'swift-nio'
➜ Explicit dependency on target 'CNIOLinux' in project 'swift-nio'
➜ Explicit dependency on target 'CNIOWindows' in project 'swift-nio'
➜ Explicit dependency on target 'CNIOWASI' in project 'swift-nio'
➜ Explicit dependency on target '_NIODataStructures' in project 'swift-nio'
➜ Explicit dependency on target 'DequeModule-product' in project 'swift-collections'
➜ Explicit dependency on target 'Atomics-product' in project 'swift-atomics'
Target 'NIOCore' in project 'swift-nio'
➜ Explicit dependency on target 'CNIOAtomics' in project 'swift-nio'
➜ Explicit dependency on target 'NIOConcurrencyHelpers' in project 'swift-nio'
➜ Explicit dependency on target '_NIOBase64' in project 'swift-nio'
➜ Explicit dependency on target 'CNIOOpenBSD' in project 'swift-nio'
➜ Explicit dependency on target 'CNIOFreeBSD' in project 'swift-nio'
➜ Explicit dependency on target 'CNIODarwin' in project 'swift-nio'
➜ Explicit dependency on target 'CNIOLinux' in project 'swift-nio'
➜ Explicit dependency on target 'CNIOWindows' in project 'swift-nio'
➜ Explicit dependency on target 'CNIOWASI' in project 'swift-nio'
➜ Explicit dependency on target '_NIODataStructures' in project 'swift-nio'
➜ Explicit dependency on target 'DequeModule-product' in project 'swift-collections'
➜ Explicit dependency on target 'Atomics-product' in project 'swift-atomics'
Target 'Atomics-product' in project 'swift-atomics'
➜ Explicit dependency on target 'Atomics' in project 'swift-atomics'
➜ Explicit dependency on target '_AtomicsShims' in project 'swift-atomics'
Target 'Atomics' in project 'swift-atomics'
➜ Explicit dependency on target '_AtomicsShims' in project 'swift-atomics'
Target '_AtomicsShims' in project 'swift-atomics' (no dependencies)
Target 'DequeModule-product' in project 'swift-collections'
➜ Explicit dependency on target 'DequeModule' in project 'swift-collections'
➜ Explicit dependency on target 'InternalCollectionsUtilities' in project 'swift-collections'
➜ Explicit dependency on target 'SpanPreview' in project 'swift-collections'
Target 'DequeModule' in project 'swift-collections'
➜ Explicit dependency on target 'InternalCollectionsUtilities' in project 'swift-collections'
➜ Explicit dependency on target 'SpanPreview' in project 'swift-collections'
Target 'SpanPreview' in project 'swift-collections'
➜ Explicit dependency on target 'InternalCollectionsUtilities' in project 'swift-collections'
Target '_NIODataStructures' in project 'swift-nio' (no dependencies)
Target 'CNIOWASI' in project 'swift-nio' (no dependencies)
Target 'CNIOWindows' in project 'swift-nio' (no dependencies)
Target 'CNIOLinux' in project 'swift-nio' (no dependencies)
Target 'CNIODarwin' in project 'swift-nio' (no dependencies)
Target 'CNIOFreeBSD' in project 'swift-nio' (no dependencies)
Target 'CNIOOpenBSD' in project 'swift-nio' (no dependencies)
Target '_NIOBase64' in project 'swift-nio' (no dependencies)
Target 'NIOConcurrencyHelpers' in project 'swift-nio'
➜ Explicit dependency on target 'CNIOAtomics' in project 'swift-nio'
Target 'CNIOAtomics' in project 'swift-nio' (no dependencies)
Target 'SwiftCardanoCore-product' in project 'SwiftCardanoCore'
➜ Explicit dependency on target 'SwiftCardanoCore' in project 'SwiftCardanoCore'
➜ Explicit dependency on target 'SwiftCardanoCore_SwiftCardanoCore' in project 'SwiftCardanoCore'
➜ Explicit dependency on target 'BigInt-product' in project 'BigInt'
➜ Explicit dependency on target 'CBORCodable-product' in project 'CBORCodable'
➜ Explicit dependency on target 'CryptoSwift-product' in project 'CryptoSwift'
➜ Explicit dependency on target 'SwiftMnemonic-product' in project 'SwiftMnemonic'
➜ Explicit dependency on target 'SwiftNaCl-product' in project 'SwiftNaCl'
➜ Explicit dependency on target 'Clibsodium-product' in project 'SwiftNaCl'
➜ Explicit dependency on target 'SwiftKES-product' in project 'SwiftKES'
➜ Explicit dependency on target 'FractionNumber-product' in project 'swift-fraction-number'
➜ Explicit dependency on target 'Logging-product' in project 'swift-log'
➜ Explicit dependency on target 'Version-product' in project 'Version'
➜ Explicit dependency on target 'SwiftBase58-product' in project 'SwiftBase58'
Target 'SwiftCardanoCore' in project 'SwiftCardanoCore'
➜ Explicit dependency on target 'SwiftCardanoCore_SwiftCardanoCore' in project 'SwiftCardanoCore'
➜ Explicit dependency on target 'BigInt-product' in project 'BigInt'
➜ Explicit dependency on target 'CBORCodable-product' in project 'CBORCodable'
➜ Explicit dependency on target 'CryptoSwift-product' in project 'CryptoSwift'
➜ Explicit dependency on target 'SwiftMnemonic-product' in project 'SwiftMnemonic'
➜ Explicit dependency on target 'SwiftNaCl-product' in project 'SwiftNaCl'
➜ Explicit dependency on target 'Clibsodium-product' in project 'SwiftNaCl'
➜ Explicit dependency on target 'SwiftKES-product' in project 'SwiftKES'
➜ Explicit dependency on target 'FractionNumber-product' in project 'swift-fraction-number'
➜ Explicit dependency on target 'Logging-product' in project 'swift-log'
➜ Explicit dependency on target 'Version-product' in project 'Version'
➜ Explicit dependency on target 'SwiftBase58-product' in project 'SwiftBase58'
Target 'Version-product' in project 'Version'
➜ Explicit dependency on target 'Version' in project 'Version'
Target 'Version' in project 'Version' (no dependencies)
Target 'Logging-product' in project 'swift-log'
➜ Explicit dependency on target 'Logging' in project 'swift-log'
Target 'Logging' in project 'swift-log' (no dependencies)
Target 'FractionNumber-product' in project 'swift-fraction-number'
➜ Explicit dependency on target 'FractionNumber' in project 'swift-fraction-number'
Target 'FractionNumber' in project 'swift-fraction-number' (no dependencies)
Target 'SwiftKES-product' in project 'SwiftKES'
➜ Explicit dependency on target 'SwiftKES' in project 'SwiftKES'
➜ Explicit dependency on target 'SwiftNaCl-product' in project 'SwiftNaCl'
➜ Explicit dependency on target 'BigInt-product' in project 'BigInt'
Target 'SwiftKES' in project 'SwiftKES'
➜ Explicit dependency on target 'SwiftNaCl-product' in project 'SwiftNaCl'
➜ Explicit dependency on target 'BigInt-product' in project 'BigInt'
Target 'Clibsodium-product' in project 'SwiftNaCl' (no dependencies)
Target 'SwiftNaCl-product' in project 'SwiftNaCl'
➜ Explicit dependency on target 'SwiftNaCl' in project 'SwiftNaCl'
➜ Explicit dependency on target 'Base32-product' in project 'Base32'
➜ Explicit dependency on target 'BigInt-product' in project 'BigInt'
Target 'SwiftNaCl' in project 'SwiftNaCl'
➜ Explicit dependency on target 'Base32-product' in project 'Base32'
➜ Explicit dependency on target 'BigInt-product' in project 'BigInt'
Target 'Base32-product' in project 'Base32'
➜ Explicit dependency on target 'Base32' in project 'Base32'
Target 'Base32' in project 'Base32' (no dependencies)
Target 'SwiftMnemonic-product' in project 'SwiftMnemonic'
➜ Explicit dependency on target 'SwiftMnemonic' in project 'SwiftMnemonic'
➜ Explicit dependency on target 'SwiftMnemonic_SwiftMnemonic' in project 'SwiftMnemonic'
➜ Explicit dependency on target 'Crypto-product' in project 'swift-crypto'
➜ Explicit dependency on target 'SwiftBase58-product' in project 'SwiftBase58'
Target 'SwiftMnemonic' in project 'SwiftMnemonic'
➜ Explicit dependency on target 'SwiftMnemonic_SwiftMnemonic' in project 'SwiftMnemonic'
➜ Explicit dependency on target 'Crypto-product' in project 'swift-crypto'
➜ Explicit dependency on target 'SwiftBase58-product' in project 'SwiftBase58'
Target 'SwiftBase58-product' in project 'SwiftBase58'
➜ Explicit dependency on target 'SwiftBase58' in project 'SwiftBase58'
➜ Explicit dependency on target 'BigInt-product' in project 'BigInt'
Target 'SwiftBase58' in project 'SwiftBase58'
➜ Explicit dependency on target 'BigInt-product' in project 'BigInt'
Target 'Crypto-product' in project 'swift-crypto'
➜ Explicit dependency on target 'Crypto' in project 'swift-crypto'
➜ Explicit dependency on target 'swift-crypto_Crypto' in project 'swift-crypto'
Target 'Crypto' in project 'swift-crypto'
➜ Explicit dependency on target 'swift-crypto_Crypto' in project 'swift-crypto'
Target 'swift-crypto_Crypto' in project 'swift-crypto' (no dependencies)
Target 'SwiftMnemonic_SwiftMnemonic' in project 'SwiftMnemonic' (no dependencies)
Target 'CryptoSwift-product' in project 'CryptoSwift'
➜ Explicit dependency on target 'CryptoSwift' in project 'CryptoSwift'
➜ Explicit dependency on target 'CryptoSwiftResources' in project 'CryptoSwift'
Target 'CryptoSwift' in project 'CryptoSwift'
➜ Explicit dependency on target 'CryptoSwiftResources' in project 'CryptoSwift'
Target 'CryptoSwiftResources' in project 'CryptoSwift'
➜ Explicit dependency on target 'CryptoSwift_CryptoSwiftResources' in project 'CryptoSwift'
Target 'CryptoSwift_CryptoSwiftResources' in project 'CryptoSwift' (no dependencies)
Target 'CBORCodable-product' in project 'CBORCodable'
➜ Explicit dependency on target 'CBORCodable' in project 'CBORCodable'
➜ Explicit dependency on target 'OrderedCollections-product' in project 'swift-collections'
➜ Explicit dependency on target 'BigInt-product' in project 'BigInt'
Target 'CBORCodable' in project 'CBORCodable'
➜ Explicit dependency on target 'OrderedCollections-product' in project 'swift-collections'
➜ Explicit dependency on target 'BigInt-product' in project 'BigInt'
Target 'OrderedCollections-product' in project 'swift-collections'
➜ Explicit dependency on target 'OrderedCollections' in project 'swift-collections'
➜ Explicit dependency on target 'InternalCollectionsUtilities' in project 'swift-collections'
Target 'OrderedCollections' in project 'swift-collections'
➜ Explicit dependency on target 'InternalCollectionsUtilities' in project 'swift-collections'
Target 'InternalCollectionsUtilities' in project 'swift-collections' (no dependencies)
Target 'BigInt-product' in project 'BigInt'
➜ Explicit dependency on target 'BigInt' in project 'BigInt'
Target 'BigInt' in project 'BigInt' (no dependencies)
Target 'SwiftCardanoCore_SwiftCardanoCore' in project 'SwiftCardanoCore' (no dependencies)
GatherProvisioningInputs
CreateBuildDescription
ClangStatCache /Applications/Xcode-27.0.0-Release.Candidate.app/Contents/Developer/Toolchains/XcodeDefault.xctoolchain/usr/bin/clang-stat-cache /Applications/Xcode-27.0.0-Release.Candidate.app/Contents/Developer/Platforms/WatchOS.platform/Developer/SDKs/WatchOS27.0.sdk /Users/admin/builder/spi-builder-workspace/.derivedData/SDKStatCaches.noindex/watchos27.0-24R360-e829b21a6f8c9b70876ba0858053c04477534ef55a1706bf4c1112bbb242f0a2.sdkstatcache
cd /Users/admin/builder/spi-builder-workspace/.swiftpm/xcode
/Applications/Xcode-27.0.0-Release.Candidate.app/Contents/Developer/Toolchains/XcodeDefault.xctoolchain/usr/bin/clang-stat-cache /Applications/Xcode-27.0.0-Release.Candidate.app/Contents/Developer/Platforms/WatchOS.platform/Developer/SDKs/WatchOS27.0.sdk -o /Users/admin/builder/spi-builder-workspace/.derivedData/SDKStatCaches.noindex/watchos27.0-24R360-e829b21a6f8c9b70876ba0858053c04477534ef55a1706bf4c1112bbb242f0a2.sdkstatcache
SwiftDriver SwiftOgmios normal arm64 com.apple.xcode.tools.swift.compiler (in target 'SwiftOgmios' from project 'SwiftOgmios')
cd /Users/admin/builder/spi-builder-workspace/.swiftpm/xcode
builtin-SwiftDriver -- /Applications/Xcode-27.0.0-Release.Candidate.app/Contents/Developer/Toolchains/XcodeDefault.xctoolchain/usr/bin/swiftc -parse-as-library -module-name SwiftOgmios -Onone @/Users/admin/builder/spi-builder-workspace/.derivedData/Build/Intermediates.noindex/SwiftOgmios.build/Debug-watchos/SwiftOgmios-t.build/Objects-normal/arm64/SwiftOgmios.SwiftFileList -DSWIFT_PACKAGE -DDEBUG -DSWIFT_MODULE_RESOURCE_BUNDLE_UNAVAILABLE -Xcc -fmodule-map-file\=/Users/admin/builder/spi-builder-workspace/.derivedData/Build/Intermediates.noindex/GeneratedModuleMaps-watchos/CNIOBoringSSLShims.modulemap -Xcc -fmodule-map-file\=/Users/admin/builder/spi-builder-workspace/.dependencies/checkouts/swift-nio-ssl/Sources/CNIOBoringSSL/include/module.modulemap -Xcc -fmodule-map-file\=/Users/admin/builder/spi-builder-workspace/.derivedData/Build/Intermediates.noindex/GeneratedModuleMaps-watchos/CNIOSHA1.modulemap -Xcc -fmodule-map-file\=/Users/admin/builder/spi-builder-workspace/.derivedData/Build/Intermediates.noindex/GeneratedModuleMaps-watchos/CNIOLLHTTP.modulemap -Xcc -fmodule-map-file\=/Users/admin/builder/spi-builder-workspace/.derivedData/Build/Intermediates.noindex/GeneratedModuleMaps-watchos/CNIOPosix.modulemap -Xcc -fmodule-map-file\=/Users/admin/builder/spi-builder-workspace/.derivedData/Build/Intermediates.noindex/GeneratedModuleMaps-watchos/CNIOWASI.modulemap -Xcc -fmodule-map-file\=/Users/admin/builder/spi-builder-workspace/.dependencies/checkouts/swift-nio/Sources/CNIOWindows/include/module.modulemap -Xcc -fmodule-map-file\=/Users/admin/builder/spi-builder-workspace/.derivedData/Build/Intermediates.noindex/GeneratedModuleMaps-watchos/CNIOLinux.modulemap -Xcc -fmodule-map-file\=/Users/admin/builder/spi-builder-workspace/.derivedData/Build/Intermediates.noindex/GeneratedModuleMaps-watchos/CNIODarwin.modulemap -Xcc -fmodule-map-file\=/Users/admin/builder/spi-builder-workspace/.derivedData/Build/Intermediates.noindex/GeneratedModuleMaps-watchos/CNIOFreeBSD.modulemap -Xcc -fmodule-map-file\=/Users/admin/builder/spi-builder-workspace/.derivedData/Build/Intermediates.noindex/GeneratedModuleMaps-watchos/CNIOOpenBSD.modulemap -Xcc -fmodule-map-file\=/Users/admin/builder/spi-builder-workspace/.derivedData/Build/Intermediates.noindex/GeneratedModuleMaps-watchos/CNIOAtomics.modulemap -Xcc -fmodule-map-file\=/Users/admin/builder/spi-builder-workspace/.dependencies/checkouts/swift-atomics/Sources/_AtomicsShims/include/module.modulemap -DXcode -plugin-path /Applications/Xcode-27.0.0-Release.Candidate.app/Contents/Developer/Toolchains/XcodeDefault.xctoolchain/usr/lib/swift/host/plugins/testing -enable-experimental-feature DebugDescriptionMacro -sdk /Applications/Xcode-27.0.0-Release.Candidate.app/Contents/Developer/Platforms/WatchOS.platform/Developer/SDKs/WatchOS27.0.sdk -target arm64-apple-watchos9.0 -g -module-cache-path /Users/admin/builder/spi-builder-workspace/.derivedData/ModuleCache.noindex -Xfrontend -serialize-debugging-options -profile-coverage-mapping -profile-generate -enable-testing -index-store-path /Users/admin/builder/spi-builder-workspace/.derivedData/Index.noindex/DataStore -Xcc -D_LIBCPP_HARDENING_MODE\=_LIBCPP_HARDENING_MODE_DEBUG -swift-version 6 -I /Users/admin/builder/spi-builder-workspace/.derivedData/Build/Products/Debug-watchos -Isystem /Applications/Xcode-27.0.0-Release.Candidate.app/Contents/Developer/Platforms/WatchOS.platform/Developer/usr/lib -F /Users/admin/builder/spi-builder-workspace/.derivedData/Build/Products/Debug-watchos/PackageFrameworks -F /Users/admin/builder/spi-builder-workspace/.derivedData/Build/Products/Debug-watchos -F /Applications/Xcode-27.0.0-Release.Candidate.app/Contents/Developer/Platforms/WatchOS.platform/Developer/Library/Frameworks -F /Applications/Xcode-27.0.0-Release.Candidate.app/Contents/Developer/Platforms/WatchOS.platform/Developer/SDKs/WatchOS27.0.sdk/Developer/Library/Frameworks -c -j10 -enable-batch-mode -incremental -Xcc -ivfsstatcache -Xcc /Users/admin/builder/spi-builder-workspace/.derivedData/SDKStatCaches.noindex/watchos27.0-24R360-e829b21a6f8c9b70876ba0858053c04477534ef55a1706bf4c1112bbb242f0a2.sdkstatcache -output-file-map /Users/admin/builder/spi-builder-workspace/.derivedData/Build/Intermediates.noindex/SwiftOgmios.build/Debug-watchos/SwiftOgmios-t.build/Objects-normal/arm64/SwiftOgmios-OutputFileMap.json -save-temps -no-color-diagnostics -explicit-module-build -module-cache-path /Users/admin/builder/spi-builder-workspace/.derivedData/Build/Intermediates.noindex/SwiftExplicitPrecompiledModules -clang-scanner-module-cache-path /Users/admin/builder/spi-builder-workspace/.derivedData/ModuleCache.noindex -sdk-module-cache-path /Users/admin/builder/spi-builder-workspace/.derivedData/SDKExplicitPrecompiledModules -emit-dependencies -emit-module -emit-module-path /Users/admin/builder/spi-builder-workspace/.derivedData/Build/Intermediates.noindex/SwiftOgmios.build/Debug-watchos/SwiftOgmios-t.build/Objects-normal/arm64/SwiftOgmios.swiftmodule -serialize-diagnostics -dependency-scan-serialize-diagnostics-path /Users/admin/builder/spi-builder-workspace/.derivedData/Build/Intermediates.noindex/SwiftOgmios.build/Debug-watchos/SwiftOgmios-t.build/Objects-normal/arm64/SwiftOgmios-dependency-scan.dia -validate-clang-modules-once -clang-build-session-file /Users/admin/builder/spi-builder-workspace/.derivedData/ModuleCache.noindex/Session.modulevalidation -Xcc -fmodules-prune-interval\=86400 -Xcc -fmodules-prune-after\=345600 -package-name spi_builder_workspace -emit-const-values -const-gather-protocols-list /Users/admin/builder/spi-builder-workspace/.derivedData/Build/Intermediates.noindex/SwiftOgmios.build/Debug-watchos/SwiftOgmios-t.build/Objects-normal/arm64/SwiftOgmios_const_extract_protocols.json -Xcc -I/Users/admin/builder/spi-builder-workspace/.dependencies/checkouts/swift-nio-ssl/Sources/CNIOBoringSSLShims/include -Xcc -I/Users/admin/builder/spi-builder-workspace/.dependencies/checkouts/swift-nio-ssl/Sources/CNIOBoringSSL/include -Xcc -I/Users/admin/builder/spi-builder-workspace/.dependencies/checkouts/swift-nio/Sources/CNIOSHA1/include -Xcc -I/Users/admin/builder/spi-builder-workspace/.dependencies/checkouts/swift-nio/Sources/CNIOLLHTTP/include -Xcc -I/Users/admin/builder/spi-builder-workspace/.dependencies/checkouts/swift-nio/Sources/CNIOPosix/include -Xcc -I/Users/admin/builder/spi-builder-workspace/.dependencies/checkouts/swift-nio/Sources/CNIOWASI/include -Xcc -I/Users/admin/builder/spi-builder-workspace/.dependencies/checkouts/swift-nio/Sources/CNIOWindows/include -Xcc -I/Users/admin/builder/spi-builder-workspace/.dependencies/checkouts/swift-nio/Sources/CNIOLinux/include -Xcc -I/Users/admin/builder/spi-builder-workspace/.dependencies/checkouts/swift-nio/Sources/CNIODarwin/include -Xcc -I/Users/admin/builder/spi-builder-workspace/.dependencies/checkouts/swift-nio/Sources/CNIOFreeBSD/include -Xcc -I/Users/admin/builder/spi-builder-workspace/.dependencies/checkouts/swift-nio/Sources/CNIOOpenBSD/include -Xcc -I/Users/admin/builder/spi-builder-workspace/.dependencies/checkouts/swift-nio/Sources/CNIOAtomics/include -Xcc -I/Users/admin/builder/spi-builder-workspace/.dependencies/checkouts/swift-atomics/Sources/_AtomicsShims/include -Xcc -I/Users/admin/builder/spi-builder-workspace/.derivedData/Build/Products/Debug-watchos/include -Xcc -I/Users/admin/builder/spi-builder-workspace/.derivedData/Build/Intermediates.noindex/SwiftOgmios.build/Debug-watchos/SwiftOgmios-t.build/DerivedSources-normal/arm64 -Xcc -I/Users/admin/builder/spi-builder-workspace/.derivedData/Build/Intermediates.noindex/SwiftOgmios.build/Debug-watchos/SwiftOgmios-t.build/DerivedSources/arm64 -Xcc -I/Users/admin/builder/spi-builder-workspace/.derivedData/Build/Intermediates.noindex/SwiftOgmios.build/Debug-watchos/SwiftOgmios-t.build/DerivedSources -Xcc -DSWIFT_PACKAGE -Xcc -DDEBUG\=1 -emit-objc-header -emit-objc-header-path /Users/admin/builder/spi-builder-workspace/.derivedData/Build/Intermediates.noindex/SwiftOgmios.build/Debug-watchos/SwiftOgmios-t.build/Objects-normal/arm64/SwiftOgmios-Swift.h -working-directory /Users/admin/builder/spi-builder-workspace/.swiftpm/xcode -experimental-emit-module-separately -disable-cmo
SwiftDriver SwiftOgmios normal arm64_32 com.apple.xcode.tools.swift.compiler (in target 'SwiftOgmios' from project 'SwiftOgmios')
cd /Users/admin/builder/spi-builder-workspace/.swiftpm/xcode
builtin-SwiftDriver -- /Applications/Xcode-27.0.0-Release.Candidate.app/Contents/Developer/Toolchains/XcodeDefault.xctoolchain/usr/bin/swiftc -parse-as-library -module-name SwiftOgmios -Onone @/Users/admin/builder/spi-builder-workspace/.derivedData/Build/Intermediates.noindex/SwiftOgmios.build/Debug-watchos/SwiftOgmios-t.build/Objects-normal/arm64_32/SwiftOgmios.SwiftFileList -DSWIFT_PACKAGE -DDEBUG -DSWIFT_MODULE_RESOURCE_BUNDLE_UNAVAILABLE -Xcc -fmodule-map-file\=/Users/admin/builder/spi-builder-workspace/.derivedData/Build/Intermediates.noindex/GeneratedModuleMaps-watchos/CNIOBoringSSLShims.modulemap -Xcc -fmodule-map-file\=/Users/admin/builder/spi-builder-workspace/.dependencies/checkouts/swift-nio-ssl/Sources/CNIOBoringSSL/include/module.modulemap -Xcc -fmodule-map-file\=/Users/admin/builder/spi-builder-workspace/.derivedData/Build/Intermediates.noindex/GeneratedModuleMaps-watchos/CNIOSHA1.modulemap -Xcc -fmodule-map-file\=/Users/admin/builder/spi-builder-workspace/.derivedData/Build/Intermediates.noindex/GeneratedModuleMaps-watchos/CNIOLLHTTP.modulemap -Xcc -fmodule-map-file\=/Users/admin/builder/spi-builder-workspace/.derivedData/Build/Intermediates.noindex/GeneratedModuleMaps-watchos/CNIOPosix.modulemap -Xcc -fmodule-map-file\=/Users/admin/builder/spi-builder-workspace/.derivedData/Build/Intermediates.noindex/GeneratedModuleMaps-watchos/CNIOWASI.modulemap -Xcc -fmodule-map-file\=/Users/admin/builder/spi-builder-workspace/.dependencies/checkouts/swift-nio/Sources/CNIOWindows/include/module.modulemap -Xcc -fmodule-map-file\=/Users/admin/builder/spi-builder-workspace/.derivedData/Build/Intermediates.noindex/GeneratedModuleMaps-watchos/CNIOLinux.modulemap -Xcc -fmodule-map-file\=/Users/admin/builder/spi-builder-workspace/.derivedData/Build/Intermediates.noindex/GeneratedModuleMaps-watchos/CNIODarwin.modulemap -Xcc -fmodule-map-file\=/Users/admin/builder/spi-builder-workspace/.derivedData/Build/Intermediates.noindex/GeneratedModuleMaps-watchos/CNIOFreeBSD.modulemap -Xcc -fmodule-map-file\=/Users/admin/builder/spi-builder-workspace/.derivedData/Build/Intermediates.noindex/GeneratedModuleMaps-watchos/CNIOOpenBSD.modulemap -Xcc -fmodule-map-file\=/Users/admin/builder/spi-builder-workspace/.derivedData/Build/Intermediates.noindex/GeneratedModuleMaps-watchos/CNIOAtomics.modulemap -Xcc -fmodule-map-file\=/Users/admin/builder/spi-builder-workspace/.dependencies/checkouts/swift-atomics/Sources/_AtomicsShims/include/module.modulemap -DXcode -plugin-path /Applications/Xcode-27.0.0-Release.Candidate.app/Contents/Developer/Toolchains/XcodeDefault.xctoolchain/usr/lib/swift/host/plugins/testing -enable-experimental-feature DebugDescriptionMacro -sdk /Applications/Xcode-27.0.0-Release.Candidate.app/Contents/Developer/Platforms/WatchOS.platform/Developer/SDKs/WatchOS27.0.sdk -target arm64_32-apple-watchos9.0 -g -module-cache-path /Users/admin/builder/spi-builder-workspace/.derivedData/ModuleCache.noindex -Xfrontend -serialize-debugging-options -profile-coverage-mapping -profile-generate -enable-testing -index-store-path /Users/admin/builder/spi-builder-workspace/.derivedData/Index.noindex/DataStore -Xcc -D_LIBCPP_HARDENING_MODE\=_LIBCPP_HARDENING_MODE_DEBUG -swift-version 6 -I /Users/admin/builder/spi-builder-workspace/.derivedData/Build/Products/Debug-watchos -Isystem /Applications/Xcode-27.0.0-Release.Candidate.app/Contents/Developer/Platforms/WatchOS.platform/Developer/usr/lib -F /Users/admin/builder/spi-builder-workspace/.derivedData/Build/Products/Debug-watchos/PackageFrameworks -F /Users/admin/builder/spi-builder-workspace/.derivedData/Build/Products/Debug-watchos -F /Applications/Xcode-27.0.0-Release.Candidate.app/Contents/Developer/Platforms/WatchOS.platform/Developer/Library/Frameworks -F /Applications/Xcode-27.0.0-Release.Candidate.app/Contents/Developer/Platforms/WatchOS.platform/Developer/SDKs/WatchOS27.0.sdk/Developer/Library/Frameworks -c -j10 -enable-batch-mode -incremental -Xcc -ivfsstatcache -Xcc /Users/admin/builder/spi-builder-workspace/.derivedData/SDKStatCaches.noindex/watchos27.0-24R360-e829b21a6f8c9b70876ba0858053c04477534ef55a1706bf4c1112bbb242f0a2.sdkstatcache -output-file-map /Users/admin/builder/spi-builder-workspace/.derivedData/Build/Intermediates.noindex/SwiftOgmios.build/Debug-watchos/SwiftOgmios-t.build/Objects-normal/arm64_32/SwiftOgmios-OutputFileMap.json -save-temps -no-color-diagnostics -explicit-module-build -module-cache-path /Users/admin/builder/spi-builder-workspace/.derivedData/Build/Intermediates.noindex/SwiftExplicitPrecompiledModules -clang-scanner-module-cache-path /Users/admin/builder/spi-builder-workspace/.derivedData/ModuleCache.noindex -sdk-module-cache-path /Users/admin/builder/spi-builder-workspace/.derivedData/SDKExplicitPrecompiledModules -emit-dependencies -emit-module -emit-module-path /Users/admin/builder/spi-builder-workspace/.derivedData/Build/Intermediates.noindex/SwiftOgmios.build/Debug-watchos/SwiftOgmios-t.build/Objects-normal/arm64_32/SwiftOgmios.swiftmodule -serialize-diagnostics -dependency-scan-serialize-diagnostics-path /Users/admin/builder/spi-builder-workspace/.derivedData/Build/Intermediates.noindex/SwiftOgmios.build/Debug-watchos/SwiftOgmios-t.build/Objects-normal/arm64_32/SwiftOgmios-dependency-scan.dia -validate-clang-modules-once -clang-build-session-file /Users/admin/builder/spi-builder-workspace/.derivedData/ModuleCache.noindex/Session.modulevalidation -Xcc -fmodules-prune-interval\=86400 -Xcc -fmodules-prune-after\=345600 -package-name spi_builder_workspace -emit-const-values -const-gather-protocols-list /Users/admin/builder/spi-builder-workspace/.derivedData/Build/Intermediates.noindex/SwiftOgmios.build/Debug-watchos/SwiftOgmios-t.build/Objects-normal/arm64_32/SwiftOgmios_const_extract_protocols.json -Xcc -I/Users/admin/builder/spi-builder-workspace/.dependencies/checkouts/swift-nio-ssl/Sources/CNIOBoringSSLShims/include -Xcc -I/Users/admin/builder/spi-builder-workspace/.dependencies/checkouts/swift-nio-ssl/Sources/CNIOBoringSSL/include -Xcc -I/Users/admin/builder/spi-builder-workspace/.dependencies/checkouts/swift-nio/Sources/CNIOSHA1/include -Xcc -I/Users/admin/builder/spi-builder-workspace/.dependencies/checkouts/swift-nio/Sources/CNIOLLHTTP/include -Xcc -I/Users/admin/builder/spi-builder-workspace/.dependencies/checkouts/swift-nio/Sources/CNIOPosix/include -Xcc -I/Users/admin/builder/spi-builder-workspace/.dependencies/checkouts/swift-nio/Sources/CNIOWASI/include -Xcc -I/Users/admin/builder/spi-builder-workspace/.dependencies/checkouts/swift-nio/Sources/CNIOWindows/include -Xcc -I/Users/admin/builder/spi-builder-workspace/.dependencies/checkouts/swift-nio/Sources/CNIOLinux/include -Xcc -I/Users/admin/builder/spi-builder-workspace/.dependencies/checkouts/swift-nio/Sources/CNIODarwin/include -Xcc -I/Users/admin/builder/spi-builder-workspace/.dependencies/checkouts/swift-nio/Sources/CNIOFreeBSD/include -Xcc -I/Users/admin/builder/spi-builder-workspace/.dependencies/checkouts/swift-nio/Sources/CNIOOpenBSD/include -Xcc -I/Users/admin/builder/spi-builder-workspace/.dependencies/checkouts/swift-nio/Sources/CNIOAtomics/include -Xcc -I/Users/admin/builder/spi-builder-workspace/.dependencies/checkouts/swift-atomics/Sources/_AtomicsShims/include -Xcc -I/Users/admin/builder/spi-builder-workspace/.derivedData/Build/Products/Debug-watchos/include -Xcc -I/Users/admin/builder/spi-builder-workspace/.derivedData/Build/Intermediates.noindex/SwiftOgmios.build/Debug-watchos/SwiftOgmios-t.build/DerivedSources-normal/arm64_32 -Xcc -I/Users/admin/builder/spi-builder-workspace/.derivedData/Build/Intermediates.noindex/SwiftOgmios.build/Debug-watchos/SwiftOgmios-t.build/DerivedSources/arm64_32 -Xcc -I/Users/admin/builder/spi-builder-workspace/.derivedData/Build/Intermediates.noindex/SwiftOgmios.build/Debug-watchos/SwiftOgmios-t.build/DerivedSources -Xcc -DSWIFT_PACKAGE -Xcc -DDEBUG\=1 -emit-objc-header -emit-objc-header-path /Users/admin/builder/spi-builder-workspace/.derivedData/Build/Intermediates.noindex/SwiftOgmios.build/Debug-watchos/SwiftOgmios-t.build/Objects-normal/arm64_32/SwiftOgmios-Swift.h -working-directory /Users/admin/builder/spi-builder-workspace/.swiftpm/xcode -experimental-emit-module-separately -disable-cmo
SwiftEmitModule normal arm64_32 Emitting\ module\ for\ SwiftOgmios (in target 'SwiftOgmios' from project 'SwiftOgmios')
/Users/admin/builder/spi-builder-workspace/Sources/SwiftOgmios/MiniProtocols/ChainSynchronization/NextBlock.swift:17:19: error: conformance of 'Never' to 'Decodable' is only available in watchOS 10.0 or newer
15 |
16 | // MARK: - Request
17 | public struct Request: JSONRPCRequest {
| |- error: conformance of 'Never' to 'Decodable' is only available in watchOS 10.0 or newer
| |- note: add '@available' attribute to enclosing struct
| |- note: add '@available' attribute to enclosing struct
| `- note: in associated type 'Self.T' (inferred as 'Optional<Never>')
18 | public let jsonrpc: String
19 | public let method: String
/Users/admin/builder/spi-builder-workspace/Sources/SwiftOgmios/MiniProtocols/ChainSynchronization/NextBlock.swift:17:19: error: conformance of 'Never' to 'Encodable' is only available in watchOS 10.0 or newer
15 |
16 | // MARK: - Request
17 | public struct Request: JSONRPCRequest {
| |- error: conformance of 'Never' to 'Encodable' is only available in watchOS 10.0 or newer
| |- note: add '@available' attribute to enclosing struct
| |- note: add '@available' attribute to enclosing struct
| `- note: in associated type 'Self.T' (inferred as 'Optional<Never>')
18 | public let jsonrpc: String
19 | public let method: String
/Users/admin/builder/spi-builder-workspace/Sources/SwiftOgmios/MiniProtocols/MempoolMonitoring/AcquireMempool.swift:17:19: error: conformance of 'Never' to 'Decodable' is only available in watchOS 10.0 or newer
15 |
16 | // MARK: - Request
17 | public struct Request: JSONRPCRequest {
| |- error: conformance of 'Never' to 'Decodable' is only available in watchOS 10.0 or newer
| |- note: add '@available' attribute to enclosing struct
| |- note: add '@available' attribute to enclosing struct
| `- note: in associated type 'Self.T' (inferred as 'Optional<Never>')
18 | public let jsonrpc: String
19 | public let method: String
/Users/admin/builder/spi-builder-workspace/Sources/SwiftOgmios/MiniProtocols/MempoolMonitoring/AcquireMempool.swift:17:19: error: conformance of 'Never' to 'Encodable' is only available in watchOS 10.0 or newer
15 |
16 | // MARK: - Request
17 | public struct Request: JSONRPCRequest {
| |- error: conformance of 'Never' to 'Encodable' is only available in watchOS 10.0 or newer
| |- note: add '@available' attribute to enclosing struct
| |- note: add '@available' attribute to enclosing struct
| `- note: in associated type 'Self.T' (inferred as 'Optional<Never>')
18 | public let jsonrpc: String
19 | public let method: String
/Users/admin/builder/spi-builder-workspace/Sources/SwiftOgmios/MiniProtocols/MempoolMonitoring/ReleaseMempool.swift:17:19: error: conformance of 'Never' to 'Decodable' is only available in watchOS 10.0 or newer
15 |
16 | // MARK: - Request
17 | public struct Request: JSONRPCRequest {
| |- error: conformance of 'Never' to 'Decodable' is only available in watchOS 10.0 or newer
| |- note: add '@available' attribute to enclosing struct
| |- note: add '@available' attribute to enclosing struct
| `- note: in associated type 'Self.T' (inferred as 'Optional<Never>')
18 | public let jsonrpc: String
19 | public let method: String
/Users/admin/builder/spi-builder-workspace/Sources/SwiftOgmios/MiniProtocols/MempoolMonitoring/ReleaseMempool.swift:17:19: error: conformance of 'Never' to 'Encodable' is only available in watchOS 10.0 or newer
15 |
16 | // MARK: - Request
17 | public struct Request: JSONRPCRequest {
| |- error: conformance of 'Never' to 'Encodable' is only available in watchOS 10.0 or newer
| |- note: add '@available' attribute to enclosing struct
| |- note: add '@available' attribute to enclosing struct
| `- note: in associated type 'Self.T' (inferred as 'Optional<Never>')
18 | public let jsonrpc: String
19 | public let method: String
/Users/admin/builder/spi-builder-workspace/Sources/SwiftOgmios/MiniProtocols/MempoolMonitoring/SizeOfMempool.swift:17:19: error: conformance of 'Never' to 'Decodable' is only available in watchOS 10.0 or newer
15 |
16 | // MARK: - Request
17 | public struct Request: JSONRPCRequest {
| |- error: conformance of 'Never' to 'Decodable' is only available in watchOS 10.0 or newer
| |- note: add '@available' attribute to enclosing struct
| |- note: add '@available' attribute to enclosing struct
| `- note: in associated type 'Self.T' (inferred as 'Optional<Never>')
18 | public let jsonrpc: String
19 | public let method: String
/Users/admin/builder/spi-builder-workspace/Sources/SwiftOgmios/MiniProtocols/MempoolMonitoring/SizeOfMempool.swift:17:19: error: conformance of 'Never' to 'Encodable' is only available in watchOS 10.0 or newer
15 |
16 | // MARK: - Request
17 | public struct Request: JSONRPCRequest {
| |- error: conformance of 'Never' to 'Encodable' is only available in watchOS 10.0 or newer
| |- note: add '@available' attribute to enclosing struct
| |- note: add '@available' attribute to enclosing struct
| `- note: in associated type 'Self.T' (inferred as 'Optional<Never>')
18 | public let jsonrpc: String
19 | public let method: String
/Users/admin/builder/spi-builder-workspace/Sources/SwiftOgmios/MiniProtocols/StateQueries/LedgerStateQueries/QueryLedgerStateConstitution.swift:17:19: error: conformance of 'Never' to 'Decodable' is only available in watchOS 10.0 or newer
15 |
16 | // MARK: - Request
17 | public struct Request: JSONRPCRequest {
| |- error: conformance of 'Never' to 'Decodable' is only available in watchOS 10.0 or newer
| |- note: add '@available' attribute to enclosing struct
| |- note: add '@available' attribute to enclosing struct
| `- note: in associated type 'Self.T' (inferred as 'Optional<Never>')
18 | public let jsonrpc: String
19 | public let method: String
/Users/admin/builder/spi-builder-workspace/Sources/SwiftOgmios/MiniProtocols/StateQueries/LedgerStateQueries/QueryLedgerStateConstitution.swift:17:19: error: conformance of 'Never' to 'Encodable' is only available in watchOS 10.0 or newer
15 |
16 | // MARK: - Request
17 | public struct Request: JSONRPCRequest {
| |- error: conformance of 'Never' to 'Encodable' is only available in watchOS 10.0 or newer
| |- note: add '@available' attribute to enclosing struct
| |- note: add '@available' attribute to enclosing struct
| `- note: in associated type 'Self.T' (inferred as 'Optional<Never>')
18 | public let jsonrpc: String
19 | public let method: String
/Users/admin/builder/spi-builder-workspace/Sources/SwiftOgmios/MiniProtocols/StateQueries/LedgerStateQueries/QueryLedgerStateConstitutionalCommittee.swift:17:19: error: conformance of 'Never' to 'Decodable' is only available in watchOS 10.0 or newer
15 |
16 | // MARK: - Request
17 | public struct Request: JSONRPCRequest {
| |- error: conformance of 'Never' to 'Decodable' is only available in watchOS 10.0 or newer
| |- note: add '@available' attribute to enclosing struct
| |- note: add '@available' attribute to enclosing struct
| `- note: in associated type 'Self.T' (inferred as 'Optional<Never>')
18 | public let jsonrpc: String
19 | public let method: String
/Users/admin/builder/spi-builder-workspace/Sources/SwiftOgmios/MiniProtocols/StateQueries/LedgerStateQueries/QueryLedgerStateConstitutionalCommittee.swift:17:19: error: conformance of 'Never' to 'Encodable' is only available in watchOS 10.0 or newer
15 |
16 | // MARK: - Request
17 | public struct Request: JSONRPCRequest {
| |- error: conformance of 'Never' to 'Encodable' is only available in watchOS 10.0 or newer
| |- note: add '@available' attribute to enclosing struct
| |- note: add '@available' attribute to enclosing struct
| `- note: in associated type 'Self.T' (inferred as 'Optional<Never>')
18 | public let jsonrpc: String
19 | public let method: String
/Users/admin/builder/spi-builder-workspace/Sources/SwiftOgmios/MiniProtocols/StateQueries/LedgerStateQueries/QueryLedgerStateDump.swift:42:19: error: conformance of 'Never' to 'Decodable' is only available in watchOS 10.0 or newer
40 |
41 | // MARK: - Response
42 | public struct Response: JSONRPCResponse {
| |- error: conformance of 'Never' to 'Decodable' is only available in watchOS 10.0 or newer
| |- note: add '@available' attribute to enclosing struct
| |- note: add '@available' attribute to enclosing struct
| `- note: in associated type 'Self.T' (inferred as 'Optional<Never>')
43 | public let jsonrpc: String
44 | public let method: String
SwiftCompile normal arm64_32 (in target 'SwiftOgmios' from project 'SwiftOgmios')
cd /Users/admin/builder/spi-builder-workspace/.swiftpm/xcode
/Users/admin/builder/spi-builder-workspace/Sources/SwiftOgmios/MiniProtocols/StateQueries/LedgerStateQueries/QueryLedgerStateDump.swift:42:19: error: conformance of 'Never' to 'Encodable' is only available in watchOS 10.0 or newer
40 |
41 | // MARK: - Response
42 | public struct Response: JSONRPCResponse {
| |- error: conformance of 'Never' to 'Encodable' is only available in watchOS 10.0 or newer
| |- note: add '@available' attribute to enclosing struct
| |- note: add '@available' attribute to enclosing struct
| `- note: in associated type 'Self.T' (inferred as 'Optional<Never>')
43 | public let jsonrpc: String
44 | public let method: String
/Users/admin/builder/spi-builder-workspace/Sources/SwiftOgmios/MiniProtocols/StateQueries/LedgerStateQueries/QueryLedgerStateEpoch.swift:15:19: error: conformance of 'Never' to 'Decodable' is only available in watchOS 10.0 or newer
13 |
14 | // MARK: - Request
15 | public struct Request: JSONRPCRequest {
| |- error: conformance of 'Never' to 'Decodable' is only available in watchOS 10.0 or newer
| |- note: add '@available' attribute to enclosing struct
| |- note: add '@available' attribute to enclosing struct
| `- note: in associated type 'Self.T' (inferred as 'Optional<Never>')
16 | public let jsonrpc: String
17 | public let method: String
/Users/admin/builder/spi-builder-workspace/Sources/SwiftOgmios/MiniProtocols/StateQueries/LedgerStateQueries/QueryLedgerStateEpoch.swift:15:19: error: conformance of 'Never' to 'Encodable' is only available in watchOS 10.0 or newer
13 |
14 | // MARK: - Request
15 | public struct Request: JSONRPCRequest {
| |- error: conformance of 'Never' to 'Encodable' is only available in watchOS 10.0 or newer
| |- note: add '@available' attribute to enclosing struct
| |- note: add '@available' attribute to enclosing struct
| `- note: in associated type 'Self.T' (inferred as 'Optional<Never>')
16 | public let jsonrpc: String
17 | public let method: String
/Users/admin/builder/spi-builder-workspace/Sources/SwiftOgmios/MiniProtocols/StateQueries/LedgerStateQueries/QueryLedgerStateEraStart.swift:17:19: error: conformance of 'Never' to 'Decodable' is only available in watchOS 10.0 or newer
15 |
16 | // MARK: - Request
17 | public struct Request: JSONRPCRequest {
| |- error: conformance of 'Never' to 'Decodable' is only available in watchOS 10.0 or newer
| |- note: add '@available' attribute to enclosing struct
| |- note: add '@available' attribute to enclosing struct
| `- note: in associated type 'Self.T' (inferred as 'Optional<Never>')
18 | public let jsonrpc: String
19 | public let method: String
/Users/admin/builder/spi-builder-workspace/Sources/SwiftOgmios/MiniProtocols/StateQueries/LedgerStateQueries/QueryLedgerStateEraStart.swift:17:19: error: conformance of 'Never' to 'Encodable' is only available in watchOS 10.0 or newer
15 |
16 | // MARK: - Request
17 | public struct Request: JSONRPCRequest {
| |- error: conformance of 'Never' to 'Encodable' is only available in watchOS 10.0 or newer
| |- note: add '@available' attribute to enclosing struct
| |- note: add '@available' attribute to enclosing struct
| `- note: in associated type 'Self.T' (inferred as 'Optional<Never>')
18 | public let jsonrpc: String
19 | public let method: String
/Users/admin/builder/spi-builder-workspace/Sources/SwiftOgmios/MiniProtocols/StateQueries/LedgerStateQueries/QueryLedgerStateEraSummaries.swift:18:19: error: conformance of 'Never' to 'Decodable' is only available in watchOS 10.0 or newer
16 |
17 | // MARK: - Request
18 | public struct Request: JSONRPCRequest {
| |- error: conformance of 'Never' to 'Decodable' is only available in watchOS 10.0 or newer
| |- note: add '@available' attribute to enclosing struct
| |- note: add '@available' attribute to enclosing struct
| `- note: in associated type 'Self.T' (inferred as 'Optional<Never>')
19 | public let jsonrpc: String
20 | public let method: String
/Users/admin/builder/spi-builder-workspace/Sources/SwiftOgmios/MiniProtocols/StateQueries/LedgerStateQueries/QueryLedgerStateEraSummaries.swift:18:19: error: conformance of 'Never' to 'Encodable' is only available in watchOS 10.0 or newer
16 |
17 | // MARK: - Request
18 | public struct Request: JSONRPCRequest {
| |- error: conformance of 'Never' to 'Encodable' is only available in watchOS 10.0 or newer
| |- note: add '@available' attribute to enclosing struct
| |- note: add '@available' attribute to enclosing struct
| `- note: in associated type 'Self.T' (inferred as 'Optional<Never>')
19 | public let jsonrpc: String
20 | public let method: String
/Users/admin/builder/spi-builder-workspace/Sources/SwiftOgmios/MiniProtocols/StateQueries/LedgerStateQueries/QueryLedgerStateLiveStakeDistribution.swift:17:19: error: conformance of 'Never' to 'Decodable' is only available in watchOS 10.0 or newer
15 |
16 | // MARK: - Request
17 | public struct Request: JSONRPCRequest {
| |- error: conformance of 'Never' to 'Decodable' is only available in watchOS 10.0 or newer
| |- note: add '@available' attribute to enclosing struct
| |- note: add '@available' attribute to enclosing struct
| `- note: in associated type 'Self.T' (inferred as 'Optional<Never>')
18 | public let jsonrpc: String
19 | public let method: String
/Users/admin/builder/spi-builder-workspace/Sources/SwiftOgmios/MiniProtocols/StateQueries/LedgerStateQueries/QueryLedgerStateLiveStakeDistribution.swift:17:19: error: conformance of 'Never' to 'Encodable' is only available in watchOS 10.0 or newer
15 |
16 | // MARK: - Request
17 | public struct Request: JSONRPCRequest {
| |- error: conformance of 'Never' to 'Encodable' is only available in watchOS 10.0 or newer
| |- note: add '@available' attribute to enclosing struct
| |- note: add '@available' attribute to enclosing struct
| `- note: in associated type 'Self.T' (inferred as 'Optional<Never>')
18 | public let jsonrpc: String
19 | public let method: String
/Users/admin/builder/spi-builder-workspace/Sources/SwiftOgmios/MiniProtocols/StateQueries/LedgerStateQueries/QueryLedgerStateNonces.swift:17:19: error: conformance of 'Never' to 'Decodable' is only available in watchOS 10.0 or newer
15 |
16 | // MARK: - Request
17 | public struct Request: JSONRPCRequest {
| |- error: conformance of 'Never' to 'Decodable' is only available in watchOS 10.0 or newer
| |- note: add '@available' attribute to enclosing struct
| |- note: add '@available' attribute to enclosing struct
| `- note: in associated type 'Self.T' (inferred as 'Optional<Never>')
18 | public let jsonrpc: String
19 | public let method: String
/Users/admin/builder/spi-builder-workspace/Sources/SwiftOgmios/MiniProtocols/StateQueries/LedgerStateQueries/QueryLedgerStateNonces.swift:17:19: error: conformance of 'Never' to 'Encodable' is only available in watchOS 10.0 or newer
15 |
16 | // MARK: - Request
17 | public struct Request: JSONRPCRequest {
| |- error: conformance of 'Never' to 'Encodable' is only available in watchOS 10.0 or newer
| |- note: add '@available' attribute to enclosing struct
| |- note: add '@available' attribute to enclosing struct
| `- note: in associated type 'Self.T' (inferred as 'Optional<Never>')
18 | public let jsonrpc: String
19 | public let method: String
/Users/admin/builder/spi-builder-workspace/Sources/SwiftOgmios/MiniProtocols/StateQueries/LedgerStateQueries/QueryLedgerStateOperationalCertificates.swift:17:19: error: conformance of 'Never' to 'Decodable' is only available in watchOS 10.0 or newer
15 |
16 | // MARK: - Request
17 | public struct Request: JSONRPCRequest {
| |- error: conformance of 'Never' to 'Decodable' is only available in watchOS 10.0 or newer
| |- note: add '@available' attribute to enclosing struct
| |- note: add '@available' attribute to enclosing struct
| `- note: in associated type 'Self.T' (inferred as 'Optional<Never>')
18 | public let jsonrpc: String
19 | public let method: String
SwiftEmitModule normal arm64 Emitting\ module\ for\ SwiftOgmios (in target 'SwiftOgmios' from project 'SwiftOgmios')
/Users/admin/builder/spi-builder-workspace/Sources/SwiftOgmios/MiniProtocols/ChainSynchronization/NextBlock.swift:17:19: error: conformance of 'Never' to 'Decodable' is only available in watchOS 10.0 or newer
15 |
16 | // MARK: - Request
17 | public struct Request: JSONRPCRequest {
| |- error: conformance of 'Never' to 'Decodable' is only available in watchOS 10.0 or newer
| |- note: add '@available' attribute to enclosing struct
| |- note: add '@available' attribute to enclosing struct
| `- note: in associated type 'Self.T' (inferred as 'Optional<Never>')
18 | public let jsonrpc: String
19 | public let method: String
/Users/admin/builder/spi-builder-workspace/Sources/SwiftOgmios/MiniProtocols/ChainSynchronization/NextBlock.swift:17:19: error: conformance of 'Never' to 'Encodable' is only available in watchOS 10.0 or newer
15 |
16 | // MARK: - Request
17 | public struct Request: JSONRPCRequest {
| |- error: conformance of 'Never' to 'Encodable' is only available in watchOS 10.0 or newer
| |- note: add '@available' attribute to enclosing struct
| |- note: add '@available' attribute to enclosing struct
| `- note: in associated type 'Self.T' (inferred as 'Optional<Never>')
18 | public let jsonrpc: String
19 | public let method: String
/Users/admin/builder/spi-builder-workspace/Sources/SwiftOgmios/MiniProtocols/MempoolMonitoring/AcquireMempool.swift:17:19: error: conformance of 'Never' to 'Decodable' is only available in watchOS 10.0 or newer
15 |
16 | // MARK: - Request
17 | public struct Request: JSONRPCRequest {
| |- error: conformance of 'Never' to 'Decodable' is only available in watchOS 10.0 or newer
| |- note: add '@available' attribute to enclosing struct
| |- note: add '@available' attribute to enclosing struct
| `- note: in associated type 'Self.T' (inferred as 'Optional<Never>')
18 | public let jsonrpc: String
19 | public let method: String
/Users/admin/builder/spi-builder-workspace/Sources/SwiftOgmios/MiniProtocols/MempoolMonitoring/AcquireMempool.swift:17:19: error: conformance of 'Never' to 'Encodable' is only available in watchOS 10.0 or newer
15 |
16 | // MARK: - Request
17 | public struct Request: JSONRPCRequest {
| |- error: conformance of 'Never' to 'Encodable' is only available in watchOS 10.0 or newer
| |- note: add '@available' attribute to enclosing struct
| |- note: add '@available' attribute to enclosing struct
| `- note: in associated type 'Self.T' (inferred as 'Optional<Never>')
18 | public let jsonrpc: String
19 | public let method: String
/Users/admin/builder/spi-builder-workspace/Sources/SwiftOgmios/MiniProtocols/MempoolMonitoring/ReleaseMempool.swift:17:19: error: conformance of 'Never' to 'Decodable' is only available in watchOS 10.0 or newer
15 |
16 | // MARK: - Request
17 | public struct Request: JSONRPCRequest {
| |- error: conformance of 'Never' to 'Decodable' is only available in watchOS 10.0 or newer
| |- note: add '@available' attribute to enclosing struct
| |- note: add '@available' attribute to enclosing struct
| `- note: in associated type 'Self.T' (inferred as 'Optional<Never>')
18 | public let jsonrpc: String
19 | public let method: String
/Users/admin/builder/spi-builder-workspace/Sources/SwiftOgmios/MiniProtocols/MempoolMonitoring/ReleaseMempool.swift:17:19: error: conformance of 'Never' to 'Encodable' is only available in watchOS 10.0 or newer
15 |
16 | // MARK: - Request
17 | public struct Request: JSONRPCRequest {
| |- error: conformance of 'Never' to 'Encodable' is only available in watchOS 10.0 or newer
| |- note: add '@available' attribute to enclosing struct
| |- note: add '@available' attribute to enclosing struct
| `- note: in associated type 'Self.T' (inferred as 'Optional<Never>')
18 | public let jsonrpc: String
19 | public let method: String
/Users/admin/builder/spi-builder-workspace/Sources/SwiftOgmios/MiniProtocols/MempoolMonitoring/SizeOfMempool.swift:17:19: error: conformance of 'Never' to 'Decodable' is only available in watchOS 10.0 or newer
15 |
16 | // MARK: - Request
17 | public struct Request: JSONRPCRequest {
| |- error: conformance of 'Never' to 'Decodable' is only available in watchOS 10.0 or newer
| |- note: add '@available' attribute to enclosing struct
| |- note: add '@available' attribute to enclosing struct
| `- note: in associated type 'Self.T' (inferred as 'Optional<Never>')
18 | public let jsonrpc: String
19 | public let method: String
/Users/admin/builder/spi-builder-workspace/Sources/SwiftOgmios/MiniProtocols/MempoolMonitoring/SizeOfMempool.swift:17:19: error: conformance of 'Never' to 'Encodable' is only available in watchOS 10.0 or newer
15 |
16 | // MARK: - Request
17 | public struct Request: JSONRPCRequest {
| |- error: conformance of 'Never' to 'Encodable' is only available in watchOS 10.0 or newer
| |- note: add '@available' attribute to enclosing struct
| |- note: add '@available' attribute to enclosing struct
| `- note: in associated type 'Self.T' (inferred as 'Optional<Never>')
18 | public let jsonrpc: String
19 | public let method: String
/Users/admin/builder/spi-builder-workspace/Sources/SwiftOgmios/MiniProtocols/StateQueries/LedgerStateQueries/QueryLedgerStateConstitution.swift:17:19: error: conformance of 'Never' to 'Decodable' is only available in watchOS 10.0 or newer
15 |
16 | // MARK: - Request
17 | public struct Request: JSONRPCRequest {
| |- error: conformance of 'Never' to 'Decodable' is only available in watchOS 10.0 or newer
| |- note: add '@available' attribute to enclosing struct
| |- note: add '@available' attribute to enclosing struct
| `- note: in associated type 'Self.T' (inferred as 'Optional<Never>')
18 | public let jsonrpc: String
19 | public let method: String
/Users/admin/builder/spi-builder-workspace/Sources/SwiftOgmios/MiniProtocols/StateQueries/LedgerStateQueries/QueryLedgerStateConstitution.swift:17:19: error: conformance of 'Never' to 'Encodable' is only available in watchOS 10.0 or newer
15 |
16 | // MARK: - Request
17 | public struct Request: JSONRPCRequest {
| |- error: conformance of 'Never' to 'Encodable' is only available in watchOS 10.0 or newer
| |- note: add '@available' attribute to enclosing struct
| |- note: add '@available' attribute to enclosing struct
| `- note: in associated type 'Self.T' (inferred as 'Optional<Never>')
18 | public let jsonrpc: String
19 | public let method: String
/Users/admin/builder/spi-builder-workspace/Sources/SwiftOgmios/MiniProtocols/StateQueries/LedgerStateQueries/QueryLedgerStateConstitutionalCommittee.swift:17:19: error: conformance of 'Never' to 'Decodable' is only available in watchOS 10.0 or newer
15 |
16 | // MARK: - Request
17 | public struct Request: JSONRPCRequest {
| |- error: conformance of 'Never' to 'Decodable' is only available in watchOS 10.0 or newer
| |- note: add '@available' attribute to enclosing struct
| |- note: add '@available' attribute to enclosing struct
| `- note: in associated type 'Self.T' (inferred as 'Optional<Never>')
18 | public let jsonrpc: String
19 | public let method: String
/Users/admin/builder/spi-builder-workspace/Sources/SwiftOgmios/MiniProtocols/StateQueries/LedgerStateQueries/QueryLedgerStateConstitutionalCommittee.swift:17:19: error: conformance of 'Never' to 'Encodable' is only available in watchOS 10.0 or newer
15 |
16 | // MARK: - Request
17 | public struct Request: JSONRPCRequest {
| |- error: conformance of 'Never' to 'Encodable' is only available in watchOS 10.0 or newer
| |- note: add '@available' attribute to enclosing struct
| |- note: add '@available' attribute to enclosing struct
| `- note: in associated type 'Self.T' (inferred as 'Optional<Never>')
18 | public let jsonrpc: String
19 | public let method: String
/Users/admin/builder/spi-builder-workspace/Sources/SwiftOgmios/MiniProtocols/StateQueries/LedgerStateQueries/QueryLedgerStateDump.swift:42:19: error: conformance of 'Never' to 'Decodable' is only available in watchOS 10.0 or newer
40 |
41 | // MARK: - Response
42 | public struct Response: JSONRPCResponse {
| |- error: conformance of 'Never' to 'Decodable' is only available in watchOS 10.0 or newer
| |- note: add '@available' attribute to enclosing struct
| |- note: add '@available' attribute to enclosing struct
| `- note: in associated type 'Self.T' (inferred as 'Optional<Never>')
43 | public let jsonrpc: String
44 | public let method: String
/Users/admin/builder/spi-builder-workspace/Sources/SwiftOgmios/MiniProtocols/StateQueries/LedgerStateQueries/QueryLedgerStateDump.swift:42:19: error: conformance of 'Never' to 'Encodable' is only available in watchOS 10.0 or newer
40 |
41 | // MARK: - Response
42 | public struct Response: JSONRPCResponse {
| |- error: conformance of 'Never' to 'Encodable' is only available in watchOS 10.0 or newer
| |- note: add '@available' attribute to enclosing struct
| |- note: add '@available' attribute to enclosing struct
| `- note: in associated type 'Self.T' (inferred as 'Optional<Never>')
43 | public let jsonrpc: String
44 | public let method: String
/Users/admin/builder/spi-builder-workspace/Sources/SwiftOgmios/MiniProtocols/StateQueries/LedgerStateQueries/QueryLedgerStateEpoch.swift:15:19: error: conformance of 'Never' to 'Decodable' is only available in watchOS 10.0 or newer
13 |
14 | // MARK: - Request
15 | public struct Request: JSONRPCRequest {
| |- error: conformance of 'Never' to 'Decodable' is only available in watchOS 10.0 or newer
| |- note: add '@available' attribute to enclosing struct
| |- note: add '@available' attribute to enclosing struct
| `- note: in associated type 'Self.T' (inferred as 'Optional<Never>')
16 | public let jsonrpc: String
17 | public let method: String
/Users/admin/builder/spi-builder-workspace/Sources/SwiftOgmios/MiniProtocols/StateQueries/LedgerStateQueries/QueryLedgerStateEpoch.swift:15:19: error: conformance of 'Never' to 'Encodable' is only available in watchOS 10.0 or newer
13 |
14 | // MARK: - Request
15 | public struct Request: JSONRPCRequest {
| |- error: conformance of 'Never' to 'Encodable' is only available in watchOS 10.0 or newer
| |- note: add '@available' attribute to enclosing struct
| |- note: add '@available' attribute to enclosing struct
| `- note: in associated type 'Self.T' (inferred as 'Optional<Never>')
16 | public let jsonrpc: String
17 | public let method: String
/Users/admin/builder/spi-builder-workspace/Sources/SwiftOgmios/MiniProtocols/StateQueries/LedgerStateQueries/QueryLedgerStateEraStart.swift:17:19: error: conformance of 'Never' to 'Decodable' is only available in watchOS 10.0 or newer
15 |
16 | // MARK: - Request
17 | public struct Request: JSONRPCRequest {
| |- error: conformance of 'Never' to 'Decodable' is only available in watchOS 10.0 or newer
| |- note: add '@available' attribute to enclosing struct
| |- note: add '@available' attribute to enclosing struct
| `- note: in associated type 'Self.T' (inferred as 'Optional<Never>')
18 | public let jsonrpc: String
19 | public let method: String
/Users/admin/builder/spi-builder-workspace/Sources/SwiftOgmios/MiniProtocols/StateQueries/LedgerStateQueries/QueryLedgerStateEraStart.swift:17:19: error: conformance of 'Never' to 'Encodable' is only available in watchOS 10.0 or newer
15 |
16 | // MARK: - Request
17 | public struct Request: JSONRPCRequest {
| |- error: conformance of 'Never' to 'Encodable' is only available in watchOS 10.0 or newer
| |- note: add '@available' attribute to enclosing struct
| |- note: add '@available' attribute to enclosing struct
| `- note: in associated type 'Self.T' (inferred as 'Optional<Never>')
18 | public let jsonrpc: String
19 | public let method: String
/Users/admin/builder/spi-builder-workspace/Sources/SwiftOgmios/MiniProtocols/StateQueries/LedgerStateQueries/QueryLedgerStateEraSummaries.swift:18:19: error: conformance of 'Never' to 'Decodable' is only available in watchOS 10.0 or newer
16 |
17 | // MARK: - Request
18 | public struct Request: JSONRPCRequest {
| |- error: conformance of 'Never' to 'Decodable' is only available in watchOS 10.0 or newer
| |- note: add '@available' attribute to enclosing struct
| |- note: add '@available' attribute to enclosing struct
| `- note: in associated type 'Self.T' (inferred as 'Optional<Never>')
19 | public let jsonrpc: String
20 | public let method: String
/Users/admin/builder/spi-builder-workspace/Sources/SwiftOgmios/MiniProtocols/StateQueries/LedgerStateQueries/QueryLedgerStateEraSummaries.swift:18:19: error: conformance of 'Never' to 'Encodable' is only available in watchOS 10.0 or newer
16 |
17 | // MARK: - Request
18 | public struct Request: JSONRPCRequest {
| |- error: conformance of 'Never' to 'Encodable' is only available in watchOS 10.0 or newer
| |- note: add '@available' attribute to enclosing struct
| |- note: add '@available' attribute to enclosing struct
| `- note: in associated type 'Self.T' (inferred as 'Optional<Never>')
19 | public let jsonrpc: String
20 | public let method: String
/Users/admin/builder/spi-builder-workspace/Sources/SwiftOgmios/MiniProtocols/StateQueries/LedgerStateQueries/QueryLedgerStateLiveStakeDistribution.swift:17:19: error: conformance of 'Never' to 'Decodable' is only available in watchOS 10.0 or newer
15 |
16 | // MARK: - Request
17 | public struct Request: JSONRPCRequest {
| |- error: conformance of 'Never' to 'Decodable' is only available in watchOS 10.0 or newer
| |- note: add '@available' attribute to enclosing struct
| |- note: add '@available' attribute to enclosing struct
| `- note: in associated type 'Self.T' (inferred as 'Optional<Never>')
18 | public let jsonrpc: String
19 | public let method: String
/Users/admin/builder/spi-builder-workspace/Sources/SwiftOgmios/MiniProtocols/StateQueries/LedgerStateQueries/QueryLedgerStateLiveStakeDistribution.swift:17:19: error: conformance of 'Never' to 'Encodable' is only available in watchOS 10.0 or newer
15 |
16 | // MARK: - Request
17 | public struct Request: JSONRPCRequest {
| |- error: conformance of 'Never' to 'Encodable' is only available in watchOS 10.0 or newer
| |- note: add '@available' attribute to enclosing struct
| |- note: add '@available' attribute to enclosing struct
| `- note: in associated type 'Self.T' (inferred as 'Optional<Never>')
18 | public let jsonrpc: String
19 | public let method: String
/Users/admin/builder/spi-builder-workspace/Sources/SwiftOgmios/MiniProtocols/StateQueries/LedgerStateQueries/QueryLedgerStateNonces.swift:17:19: error: conformance of 'Never' to 'Decodable' is only available in watchOS 10.0 or newer
15 |
16 | // MARK: - Request
17 | public struct Request: JSONRPCRequest {
| |- error: conformance of 'Never' to 'Decodable' is only available in watchOS 10.0 or newer
| |- note: add '@available' attribute to enclosing struct
| |- note: add '@available' attribute to enclosing struct
| `- note: in associated type 'Self.T' (inferred as 'Optional<Never>')
18 | public let jsonrpc: String
19 | public let method: String
/Users/admin/builder/spi-builder-workspace/Sources/SwiftOgmios/MiniProtocols/StateQueries/LedgerStateQueries/QueryLedgerStateNonces.swift:17:19: error: conformance of 'Never' to 'Encodable' is only available in watchOS 10.0 or newer
15 |
16 | // MARK: - Request
17 | public struct Request: JSONRPCRequest {
| |- error: conformance of 'Never' to 'Encodable' is only available in watchOS 10.0 or newer
| |- note: add '@available' attribute to enclosing struct
| |- note: add '@available' attribute to enclosing struct
| `- note: in associated type 'Self.T' (inferred as 'Optional<Never>')
18 | public let jsonrpc: String
19 | public let method: String
/Users/admin/builder/spi-builder-workspace/Sources/SwiftOgmios/MiniProtocols/StateQueries/LedgerStateQueries/QueryLedgerStateOperationalCertificates.swift:17:19: error: conformance of 'Never' to 'Decodable' is only available in watchOS 10.0 or newer
15 |
16 | // MARK: - Request
17 | public struct Request: JSONRPCRequest {
| |- error: conformance of 'Never' to 'Decodable' is only available in watchOS 10.0 or newer
| |- note: add '@available' attribute to enclosing struct
| |- note: add '@available' attribute to enclosing struct
| `- note: in associated type 'Self.T' (inferred as 'Optional<Never>')
18 | public let jsonrpc: String
19 | public let method: String
/Users/admin/builder/spi-builder-workspace/Sources/SwiftOgmios/MiniProtocols/StateQueries/LedgerStateQueries/QueryLedgerStateOperationalCertificates.swift:17:19: error: conformance of 'Never' to 'Encodable' is only available in watchOS 10.0 or newer
15 |
16 | // MARK: - Request
17 | public struct Request: JSONRPCRequest {
| |- error: conformance of 'Never' to 'Encodable' is only available in watchOS 10.0 or newer
| |- note: add '@available' attribute to enclosing struct
| |- note: add '@available' attribute to enclosing struct
| `- note: in associated type 'Self.T' (inferred as 'Optional<Never>')
18 | public let jsonrpc: String
19 | public let method: String
/Users/admin/builder/spi-builder-workspace/Sources/SwiftOgmios/MiniProtocols/StateQueries/LedgerStateQueries/QueryLedgerStateProposedProtocolParameters.swift:14:19: error: conformance of 'Never' to 'Decodable' is only available in watchOS 10.0 or newer
12 |
13 | // MARK: - Request
14 | public struct Request: JSONRPCRequest {
| |- error: conformance of 'Never' to 'Decodable' is only available in watchOS 10.0 or newer
| |- note: add '@available' attribute to enclosing struct
| |- note: add '@available' attribute to enclosing struct
| `- note: in associated type 'Self.T' (inferred as 'Optional<Never>')
15 | public let jsonrpc: String
16 | public let method: String
SwiftCompile normal arm64 (in target 'SwiftOgmios' from project 'SwiftOgmios')
cd /Users/admin/builder/spi-builder-workspace/.swiftpm/xcode
SwiftCompile normal arm64 Compiling\ ReleaseMempool.swift,\ SizeOfMempool.swift,\ QueryLedgerStateConstitution.swift,\ QueryLedgerStateConstitutionalCommittee.swift,\ QueryLedgerStateDelegateRepresentatives.swift,\ QueryLedgerStateDump.swift,\ QueryLedgerStateEpoch.swift,\ QueryLedgerStateEraStart.swift,\ QueryLedgerStateEraSummaries.swift,\ QueryLedgerStateGovernanceProposals.swift /Users/admin/builder/spi-builder-workspace/Sources/SwiftOgmios/MiniProtocols/MempoolMonitoring/ReleaseMempool.swift /Users/admin/builder/spi-builder-workspace/Sources/SwiftOgmios/MiniProtocols/MempoolMonitoring/SizeOfMempool.swift /Users/admin/builder/spi-builder-workspace/Sources/SwiftOgmios/MiniProtocols/StateQueries/LedgerStateQueries/QueryLedgerStateConstitution.swift /Users/admin/builder/spi-builder-workspace/Sources/SwiftOgmios/MiniProtocols/StateQueries/LedgerStateQueries/QueryLedgerStateConstitutionalCommittee.swift /Users/admin/builder/spi-builder-workspace/Sources/SwiftOgmios/MiniProtocols/StateQueries/LedgerStateQueries/QueryLedgerStateDelegateRepresentatives.swift /Users/admin/builder/spi-builder-workspace/Sources/SwiftOgmios/MiniProtocols/StateQueries/LedgerStateQueries/QueryLedgerStateDump.swift /Users/admin/builder/spi-builder-workspace/Sources/SwiftOgmios/MiniProtocols/StateQueries/LedgerStateQueries/QueryLedgerStateEpoch.swift /Users/admin/builder/spi-builder-workspace/Sources/SwiftOgmios/MiniProtocols/StateQueries/LedgerStateQueries/QueryLedgerStateEraStart.swift /Users/admin/builder/spi-builder-workspace/Sources/SwiftOgmios/MiniProtocols/StateQueries/LedgerStateQueries/QueryLedgerStateEraSummaries.swift /Users/admin/builder/spi-builder-workspace/Sources/SwiftOgmios/MiniProtocols/StateQueries/LedgerStateQueries/QueryLedgerStateGovernanceProposals.swift (in target 'SwiftOgmios' from project 'SwiftOgmios')
/Users/admin/builder/spi-builder-workspace/Sources/SwiftOgmios/MiniProtocols/MempoolMonitoring/ReleaseMempool.swift:17:19: error: conformance of 'Never' to 'Decodable' is only available in watchOS 10.0 or newer
15 |
16 | // MARK: - Request
17 | public struct Request: JSONRPCRequest {
| |- error: conformance of 'Never' to 'Decodable' is only available in watchOS 10.0 or newer
| |- note: add '@available' attribute to enclosing struct
| |- note: add '@available' attribute to enclosing struct
| `- note: in associated type 'Self.T' (inferred as 'Optional<Never>')
18 | public let jsonrpc: String
19 | public let method: String
/Users/admin/builder/spi-builder-workspace/Sources/SwiftOgmios/MiniProtocols/MempoolMonitoring/ReleaseMempool.swift:17:19: error: conformance of 'Never' to 'Encodable' is only available in watchOS 10.0 or newer
15 |
16 | // MARK: - Request
17 | public struct Request: JSONRPCRequest {
| |- error: conformance of 'Never' to 'Encodable' is only available in watchOS 10.0 or newer
| |- note: add '@available' attribute to enclosing struct
| |- note: add '@available' attribute to enclosing struct
| `- note: in associated type 'Self.T' (inferred as 'Optional<Never>')
18 | public let jsonrpc: String
19 | public let method: String
/Users/admin/builder/spi-builder-workspace/Sources/SwiftOgmios/MiniProtocols/MempoolMonitoring/SizeOfMempool.swift:17:19: error: conformance of 'Never' to 'Decodable' is only available in watchOS 10.0 or newer
15 |
16 | // MARK: - Request
17 | public struct Request: JSONRPCRequest {
| |- error: conformance of 'Never' to 'Decodable' is only available in watchOS 10.0 or newer
| |- note: add '@available' attribute to enclosing struct
| |- note: add '@available' attribute to enclosing struct
| `- note: in associated type 'Self.T' (inferred as 'Optional<Never>')
18 | public let jsonrpc: String
19 | public let method: String
/Users/admin/builder/spi-builder-workspace/Sources/SwiftOgmios/MiniProtocols/MempoolMonitoring/SizeOfMempool.swift:17:19: error: conformance of 'Never' to 'Encodable' is only available in watchOS 10.0 or newer
15 |
16 | // MARK: - Request
17 | public struct Request: JSONRPCRequest {
| |- error: conformance of 'Never' to 'Encodable' is only available in watchOS 10.0 or newer
| |- note: add '@available' attribute to enclosing struct
| |- note: add '@available' attribute to enclosing struct
| `- note: in associated type 'Self.T' (inferred as 'Optional<Never>')
18 | public let jsonrpc: String
19 | public let method: String
/Users/admin/builder/spi-builder-workspace/Sources/SwiftOgmios/MiniProtocols/StateQueries/LedgerStateQueries/QueryLedgerStateConstitution.swift:17:19: error: conformance of 'Never' to 'Decodable' is only available in watchOS 10.0 or newer
15 |
16 | // MARK: - Request
17 | public struct Request: JSONRPCRequest {
| |- error: conformance of 'Never' to 'Decodable' is only available in watchOS 10.0 or newer
| |- note: add '@available' attribute to enclosing struct
| |- note: add '@available' attribute to enclosing struct
| `- note: in associated type 'Self.T' (inferred as 'Optional<Never>')
18 | public let jsonrpc: String
19 | public let method: String
/Users/admin/builder/spi-builder-workspace/Sources/SwiftOgmios/MiniProtocols/StateQueries/LedgerStateQueries/QueryLedgerStateConstitution.swift:17:19: error: conformance of 'Never' to 'Encodable' is only available in watchOS 10.0 or newer
15 |
16 | // MARK: - Request
17 | public struct Request: JSONRPCRequest {
| |- error: conformance of 'Never' to 'Encodable' is only available in watchOS 10.0 or newer
| |- note: add '@available' attribute to enclosing struct
| |- note: add '@available' attribute to enclosing struct
| `- note: in associated type 'Self.T' (inferred as 'Optional<Never>')
18 | public let jsonrpc: String
19 | public let method: String
/Users/admin/builder/spi-builder-workspace/Sources/SwiftOgmios/MiniProtocols/StateQueries/LedgerStateQueries/QueryLedgerStateConstitutionalCommittee.swift:17:19: error: conformance of 'Never' to 'Decodable' is only available in watchOS 10.0 or newer
15 |
16 | // MARK: - Request
17 | public struct Request: JSONRPCRequest {
| |- error: conformance of 'Never' to 'Decodable' is only available in watchOS 10.0 or newer
| |- note: add '@available' attribute to enclosing struct
| |- note: add '@available' attribute to enclosing struct
| `- note: in associated type 'Self.T' (inferred as 'Optional<Never>')
18 | public let jsonrpc: String
19 | public let method: String
SwiftCompile normal arm64 /Users/admin/builder/spi-builder-workspace/Sources/SwiftOgmios/MiniProtocols/MempoolMonitoring/ReleaseMempool.swift (in target 'SwiftOgmios' from project 'SwiftOgmios')
cd /Users/admin/builder/spi-builder-workspace/.swiftpm/xcode
builtin-SwiftPerFileCompile ReleaseMempool.swift
SwiftCompile normal arm64 /Users/admin/builder/spi-builder-workspace/Sources/SwiftOgmios/MiniProtocols/MempoolMonitoring/SizeOfMempool.swift (in target 'SwiftOgmios' from project 'SwiftOgmios')
cd /Users/admin/builder/spi-builder-workspace/.swiftpm/xcode
builtin-SwiftPerFileCompile SizeOfMempool.swift
SwiftCompile normal arm64 /Users/admin/builder/spi-builder-workspace/Sources/SwiftOgmios/MiniProtocols/StateQueries/LedgerStateQueries/QueryLedgerStateConstitution.swift (in target 'SwiftOgmios' from project 'SwiftOgmios')
cd /Users/admin/builder/spi-builder-workspace/.swiftpm/xcode
builtin-SwiftPerFileCompile QueryLedgerStateConstitution.swift
SwiftCompile normal arm64 /Users/admin/builder/spi-builder-workspace/Sources/SwiftOgmios/MiniProtocols/StateQueries/LedgerStateQueries/QueryLedgerStateConstitutionalCommittee.swift (in target 'SwiftOgmios' from project 'SwiftOgmios')
cd /Users/admin/builder/spi-builder-workspace/.swiftpm/xcode
builtin-SwiftPerFileCompile QueryLedgerStateConstitutionalCommittee.swift
SwiftCompile normal arm64 /Users/admin/builder/spi-builder-workspace/Sources/SwiftOgmios/MiniProtocols/StateQueries/LedgerStateQueries/QueryLedgerStateDelegateRepresentatives.swift (in target 'SwiftOgmios' from project 'SwiftOgmios')
cd /Users/admin/builder/spi-builder-workspace/.swiftpm/xcode
builtin-SwiftPerFileCompile QueryLedgerStateDelegateRepresentatives.swift
SwiftCompile normal arm64 /Users/admin/builder/spi-builder-workspace/Sources/SwiftOgmios/MiniProtocols/StateQueries/LedgerStateQueries/QueryLedgerStateDump.swift (in target 'SwiftOgmios' from project 'SwiftOgmios')
cd /Users/admin/builder/spi-builder-workspace/.swiftpm/xcode
builtin-SwiftPerFileCompile QueryLedgerStateDump.swift
SwiftCompile normal arm64 /Users/admin/builder/spi-builder-workspace/Sources/SwiftOgmios/MiniProtocols/StateQueries/LedgerStateQueries/QueryLedgerStateEpoch.swift (in target 'SwiftOgmios' from project 'SwiftOgmios')
cd /Users/admin/builder/spi-builder-workspace/.swiftpm/xcode
builtin-SwiftPerFileCompile QueryLedgerStateEpoch.swift
SwiftCompile normal arm64 /Users/admin/builder/spi-builder-workspace/Sources/SwiftOgmios/MiniProtocols/StateQueries/LedgerStateQueries/QueryLedgerStateEraStart.swift (in target 'SwiftOgmios' from project 'SwiftOgmios')
cd /Users/admin/builder/spi-builder-workspace/.swiftpm/xcode
builtin-SwiftPerFileCompile QueryLedgerStateEraStart.swift
SwiftCompile normal arm64 /Users/admin/builder/spi-builder-workspace/Sources/SwiftOgmios/MiniProtocols/StateQueries/LedgerStateQueries/QueryLedgerStateEraSummaries.swift (in target 'SwiftOgmios' from project 'SwiftOgmios')
cd /Users/admin/builder/spi-builder-workspace/.swiftpm/xcode
builtin-SwiftPerFileCompile QueryLedgerStateEraSummaries.swift
SwiftCompile normal arm64 /Users/admin/builder/spi-builder-workspace/Sources/SwiftOgmios/MiniProtocols/StateQueries/LedgerStateQueries/QueryLedgerStateGovernanceProposals.swift (in target 'SwiftOgmios' from project 'SwiftOgmios')
cd /Users/admin/builder/spi-builder-workspace/.swiftpm/xcode
builtin-SwiftPerFileCompile QueryLedgerStateGovernanceProposals.swift
SwiftCompile normal arm64 Compiling\ Nonces.swift,\ OperationalCertificates.swift,\ PointOrOrigin.swift,\ ProjectedRewards.swift,\ QueryLedgerStateAcquiredExpired.swift,\ QueryLedgerStateEraMismatch.swift,\ QueryLedgerStateUnavailableInCurrentEra.swift,\ QueryNetworkInvalidGenesis.swift,\ RewardAccountSummary.swift /Users/admin/builder/spi-builder-workspace/Sources/SwiftOgmios/Types/Ogmios/Nonces.swift /Users/admin/builder/spi-builder-workspace/Sources/SwiftOgmios/Types/Ogmios/OperationalCertificates.swift /Users/admin/builder/spi-builder-workspace/Sources/SwiftOgmios/Types/Ogmios/PointOrOrigin.swift /Users/admin/builder/spi-builder-workspace/Sources/SwiftOgmios/Types/Ogmios/ProjectedRewards.swift /Users/admin/builder/spi-builder-workspace/Sources/SwiftOgmios/Types/Ogmios/QueryLedgerStateAcquiredExpired.swift /Users/admin/builder/spi-builder-workspace/Sources/SwiftOgmios/Types/Ogmios/QueryLedgerStateEraMismatch.swift /Users/admin/builder/spi-builder-workspace/Sources/SwiftOgmios/Types/Ogmios/QueryLedgerStateUnavailableInCurrentEra.swift /Users/admin/builder/spi-builder-workspace/Sources/SwiftOgmios/Types/Ogmios/QueryNetworkInvalidGenesis.swift /Users/admin/builder/spi-builder-workspace/Sources/SwiftOgmios/Types/Ogmios/RewardAccountSummary.swift (in target 'SwiftOgmios' from project 'SwiftOgmios')
/Users/admin/builder/spi-builder-workspace/Sources/SwiftOgmios/Types/Ogmios/PointOrOrigin.swift:46:45: error: conformance of 'UInt128' to 'Decodable' is only available in watchOS 11.0 or newer
38 |
39 | // MARK: - BlockHeightOrOrigin
40 | public enum BlockHeightOrOrigin: JSONSerializable, Sendable {
| `- note: add '@available' attribute to enclosing enum
41 | case blockHeight(BlockHeight)
42 | case origin(Origin)
43 |
44 | public init(from decoder: Decoder) throws {
| `- note: add '@available' attribute to enclosing initializer
45 | let container = try decoder.singleValueContainer()
46 | if let blockHeight = try? container.decode(BlockHeight.self) {
| |- error: conformance of 'UInt128' to 'Decodable' is only available in watchOS 11.0 or newer
| `- note: add 'if #available' version check
47 | self = .blockHeight(blockHeight)
48 | return
/Users/admin/builder/spi-builder-workspace/Sources/SwiftOgmios/Types/Ogmios/PointOrOrigin.swift:67:31: error: conformance of 'UInt128' to 'Encodable' is only available in watchOS 11.0 or newer
38 |
39 | // MARK: - BlockHeightOrOrigin
40 | public enum BlockHeightOrOrigin: JSONSerializable, Sendable {
| `- note: add '@available' attribute to enclosing enum
41 | case blockHeight(BlockHeight)
42 | case origin(Origin)
:
61 | }
62 |
63 | public func encode(to encoder: Encoder) throws {
| `- note: add '@available' attribute to enclosing instance method
64 | var container = encoder.singleValueContainer()
65 | switch self {
66 | case .blockHeight(let blockHeight):
67 | try container.encode(blockHeight)
| |- error: conformance of 'UInt128' to 'Encodable' is only available in watchOS 11.0 or newer
| `- note: add 'if #available' version check
68 | case .origin(let origin):
69 | try container.encode(origin)
Failed frontend command:
/Applications/Xcode-27.0.0-Release.Candidate.app/Contents/Developer/Toolchains/XcodeDefault.xctoolchain/usr/bin/swift-frontend -frontend -c /Users/admin/builder/spi-builder-workspace/Sources/SwiftOgmios/Connection/Connectable.swift /Users/admin/builder/spi-builder-workspace/Sources/SwiftOgmios/Connection/HTTPConnection.swift /Users/admin/builder/spi-builder-workspace/Sources/SwiftOgmios/Connection/WebSocketConnection.swift /Users/admin/builder/spi-builder-workspace/Sources/SwiftOgmios/Errors.swift /Users/admin/builder/spi-builder-workspace/Sources/SwiftOgmios/Logging.swift /Users/admin/builder/spi-builder-workspace/Sources/SwiftOgmios/MiniProtocols/ChainSynchronization/FindIntersection.swift /Users/admin/builder/spi-builder-workspace/Sources/SwiftOgmios/MiniProtocols/ChainSynchronization/NextBlock.swift /Users/admin/builder/spi-builder-workspace/Sources/SwiftOgmios/MiniProtocols/MempoolMonitoring/AcquireMempool.swift /Users/admin/builder/spi-builder-workspace/Sources/SwiftOgmios/MiniProtocols/MempoolMonitoring/HasTransaction.swift /Users/admin/builder/spi-builder-workspace/Sources/SwiftOgmios/MiniProtocols/MempoolMonitoring/NextTransaction.swift /Users/admin/builder/spi-builder-workspace/Sources/SwiftOgmios/MiniProtocols/MempoolMonitoring/ReleaseMempool.swift /Users/admin/builder/spi-builder-workspace/Sources/SwiftOgmios/MiniProtocols/MempoolMonitoring/SizeOfMempool.swift /Users/admin/builder/spi-builder-workspace/Sources/SwiftOgmios/MiniProtocols/StateQueries/LedgerStateQueries/QueryLedgerStateConstitution.swift /Users/admin/builder/spi-builder-workspace/Sources/SwiftOgmios/MiniProtocols/StateQueries/LedgerStateQueries/QueryLedgerStateConstitutionalCommittee.swift /Users/admin/builder/spi-builder-workspace/Sources/SwiftOgmios/MiniProtocols/StateQueries/LedgerStateQueries/QueryLedgerStateDelegateRepresentatives.swift /Users/admin/builder/spi-builder-workspace/Sources/SwiftOgmios/MiniProtocols/StateQueries/LedgerStateQueries/QueryLedgerStateDump.swift /Users/admin/builder/spi-builder-workspace/Sources/SwiftOgmios/MiniProtocols/StateQueries/LedgerStateQueries/QueryLedgerStateEpoch.swift /Users/admin/builder/spi-builder-workspace/Sources/SwiftOgmios/MiniProtocols/StateQueries/LedgerStateQueries/QueryLedgerStateEraStart.swift /Users/admin/builder/spi-builder-workspace/Sources/SwiftOgmios/MiniProtocols/StateQueries/LedgerStateQueries/QueryLedgerStateEraSummaries.swift /Users/admin/builder/spi-builder-workspace/Sources/SwiftOgmios/MiniProtocols/StateQueries/LedgerStateQueries/QueryLedgerStateGovernanceProposals.swift /Users/admin/builder/spi-builder-workspace/Sources/SwiftOgmios/MiniProtocols/StateQueries/LedgerStateQueries/QueryLedgerStateLiveStakeDistribution.swift /Users/admin/builder/spi-builder-workspace/Sources/SwiftOgmios/MiniProtocols/StateQueries/LedgerStateQueries/QueryLedgerStateNonces.swift /Users/admin/builder/spi-builder-workspace/Sources/SwiftOgmios/MiniProtocols/StateQueries/LedgerStateQueries/QueryLedgerStateOperationalCertificates.swift /Users/admin/builder/spi-builder-workspace/Sources/SwiftOgmios/MiniProtocols/StateQueries/LedgerStateQueries/QueryLedgerStateProjectedRewards.swift /Users/admin/builder/spi-builder-workspace/Sources/SwiftOgmios/MiniProtocols/StateQueries/LedgerStateQueries/QueryLedgerStateProposedProtocolParameters.swift /Users/admin/builder/spi-builder-workspace/Sources/SwiftOgmios/MiniProtocols/StateQueries/LedgerStateQueries/QueryLedgerStateProtocolParameters.swift /Users/admin/builder/spi-builder-workspace/Sources/SwiftOgmios/MiniProtocols/StateQueries/LedgerStateQueries/QueryLedgerStateRewardAccountSummaries.swift /Users/admin/builder/spi-builder-workspace/Sources/SwiftOgmios/MiniProtocols/StateQueries/LedgerStateQueries/QueryLedgerStateRewardsProvenance.swift /Users/admin/builder/spi-builder-workspace/Sources/SwiftOgmios/MiniProtocols/StateQueries/LedgerStateQueries/QueryLedgerStateStakePools.swift /Users/admin/builder/spi-builder-workspace/Sources/SwiftOgmios/MiniProtocols/StateQueries/LedgerStateQueries/QueryLedgerStateStakePoolsPerformances.swift /Users/admin/builder/spi-builder-workspace/Sources/SwiftOgmios/MiniProtocols/StateQueries/LedgerStateQueries/QueryLedgerStateTip.swift /Users/admin/builder/spi-builder-workspace/Sources/SwiftOgmios/MiniProtocols/StateQueries/LedgerStateQueries/QueryLedgerStateTreasuryAndReserves.swift /Users/admin/builder/spi-builder-workspace/Sources/SwiftOgmios/MiniProtocols/StateQueries/LedgerStateQueries/QueryLedgerStateUtxo.swift /Users/admin/builder/spi-builder-workspace/Sources/SwiftOgmios/MiniProtocols/StateQueries/NetworkQueries/QueryNetworkBlockHeight.swift /Users/admin/builder/spi-builder-workspace/Sources/SwiftOgmios/MiniProtocols/StateQueries/NetworkQueries/QueryNetworkGenesisConfiguration.swift /Users/admin/builder/spi-builder-workspace/Sources/SwiftOgmios/MiniProtocols/StateQueries/NetworkQueries/QueryNetworkStartTime.swift /Users/admin/builder/spi-builder-workspace/Sources/SwiftOgmios/MiniProtocols/StateQueries/NetworkQueries/QueryNetworkTip.swift /Users/admin/builder/spi-builder-workspace/Sources/SwiftOgmios/MiniProtocols/TransactionSubmission/EvaluateTransaction.swift /Users/admin/builder/spi-builder-workspace/Sources/SwiftOgmios/MiniProtocols/TransactionSubmission/SubmitTransaction.swift /Users/admin/builder/spi-builder-workspace/Sources/SwiftOgmios/NanoID.swift /Users/admin/builder/spi-builder-workspace/Sources/SwiftOgmios/OgmiosClient.swift /Users/admin/builder/spi-builder-workspace/Sources/SwiftOgmios/Types/Cardano/Address.swift /Users/admin/builder/spi-builder-workspace/Sources/SwiftOgmios/Types/Cardano/Anchor.swift /Users/admin/builder/spi-builder-workspace/Sources/SwiftOgmios/Types/Cardano/Block.swift /Users/admin/builder/spi-builder-workspace/Sources/SwiftOgmios/Types/Cardano/Bound.swift /Users/admin/builder/spi-builder-workspace/Sources/SwiftOgmios/Types/Cardano/DelegateRepresentativeSummary.swift /Users/admin/builder/spi-builder-workspace/Sources/SwiftOgmios/Types/Cardano/DigestBlake2b.swift /Users/admin/builder/spi-builder-workspace/Sources/SwiftOgmios/Types/Cardano/Era.swift /Users/admin/builder/spi-builder-workspace/Sources/SwiftOgmios/Types/Cardano/Genesis.swift /Users/admin/builder/spi-builder-workspace/Sources/SwiftOgmios/Types/Cardano/Governance/Constitution.swift /Users/admin/builder/spi-builder-workspace/Sources/SwiftOgmios/Types/Cardano/Governance/GovernanceAction.swift /Users/admin/builder/spi-builder-workspace/Sources/SwiftOgmios/Types/Cardano/Governance/GovernanceProposalReference.swift /Users/admin/builder/spi-builder-workspace/Sources/SwiftOgmios/Types/Cardano/Governance/GovernanceVote.swift /Users/admin/builder/spi-builder-workspace/Sources/SwiftOgmios/Types/Cardano/Governance/ProposedProtocolParameters.swift /Users/admin/builder/spi-builder-workspace/Sources/SwiftOgmios/Types/Cardano/Origin.swift /Users/admin/builder/spi-builder-workspace/Sources/SwiftOgmios/Types/Cardano/ProtocolParameters.swift /Users/admin/builder/spi-builder-workspace/Sources/SwiftOgmios/Types/Cardano/RelativeTime.swift /Users/admin/builder/spi-builder-workspace/Sources/SwiftOgmios/Types/Cardano/RewardAccount.swift /Users/admin/builder/spi-builder-workspace/Sources/SwiftOgmios/Types/Cardano/StakePool.swift /Users/admin/builder/spi-builder-workspace/Sources/SwiftOgmios/Types/Cardano/Transaction.swift /Users/admin/builder/spi-builder-workspace/Sources/SwiftOgmios/Types/Cardano/TypeAliases.swift /Users/admin/builder/spi-builder-workspace/Sources/SwiftOgmios/Types/Cardano/Utxo.swift /Users/admin/builder/spi-builder-workspace/Sources/SwiftOgmios/Types/Cardano/Value.swift /Users/admin/builder/spi-builder-workspace/Sources/SwiftOgmios/Types/Cardano/VerificationKey.swift /Users/admin/builder/spi-builder-workspace/Sources/SwiftOgmios/Types/Health.swift /Users/admin/builder/spi-builder-workspace/Sources/SwiftOgmios/Types/JSON-RPC.swift /Users/admin/builder/spi-builder-workspace/Sources/SwiftOgmios/Types/Ogmios/AnyCredential.swift /Users/admin/builder/spi-builder-workspace/Sources/SwiftOgmios/Types/Ogmios/Bech32.swift /Users/admin/builder/spi-builder-workspace/Sources/SwiftOgmios/Types/Ogmios/DeserialisationFailure.swift /Users/admin/builder/spi-builder-workspace/Sources/SwiftOgmios/Types/Ogmios/EncodingBase16.swift /Users/admin/builder/spi-builder-workspace/Sources/SwiftOgmios/Types/Ogmios/EraMismatch.swift /Users/admin/builder/spi-builder-workspace/Sources/SwiftOgmios/Types/Ogmios/EvaluateTransactionDeserialisationError.swift /Users/admin/builder/spi-builder-workspace/Sources/SwiftOgmios/Types/Ogmios/EvaluateTransactionError.swift /Users/admin/builder/spi-builder-workspace/Sources/SwiftOgmios/Types/Ogmios/EvaluateTransactionFailure.swift /Users/admin/builder/spi-builder-workspace/Sources/SwiftOgmios/Types/Ogmios/FindIntersectionError.swift /Users/admin/builder/spi-builder-workspace/Sources/SwiftOgmios/Types/Ogmios/LiveStakeDistribution.swift /Users/admin/builder/spi-builder-workspace/Sources/SwiftOgmios/Types/Ogmios/MustAcquireMempoolFirst.swift -primary-file /Users/admin/builder/spi-builder-workspace/Sources/SwiftOgmios/Types/Ogmios/Nonces.swift -primary-file /Users/admin/builder/spi-builder-workspace/Sources/SwiftOgmios/Types/Ogmios/OperationalCertificates.swift -primary-file /Users/admin/builder/spi-builder-workspace/Sources/SwiftOgmios/Types/Ogmios/PointOrOrigin.swift -primary-file /Users/admin/builder/spi-builder-workspace/Sources/SwiftOgmios/Types/Ogmios/ProjectedRewards.swift -primary-file /Users/admin/builder/spi-builder-workspace/Sources/SwiftOgmios/Types/Ogmios/QueryLedgerStateAcquiredExpired.swift -primary-file /Users/admin/builder/spi-builder-workspace/Sources/SwiftOgmios/Types/Ogmios/QueryLedgerStateEraMismatch.swift -primary-file /Users/admin/builder/spi-builder-workspace/Sources/SwiftOgmios/Types/Ogmios/QueryLedgerStateUnavailableInCurrentEra.swift -primary-file /Users/admin/builder/spi-builder-workspace/Sources/SwiftOgmios/Types/Ogmios/QueryNetworkInvalidGenesis.swift -primary-file /Users/admin/builder/spi-builder-workspace/Sources/SwiftOgmios/Types/Ogmios/RewardAccountSummary.swift /Users/admin/builder/spi-builder-workspace/Sources/SwiftOgmios/Types/Ogmios/RewardsProvenance.swift /Users/admin/builder/spi-builder-workspace/Sources/SwiftOgmios/Types/Ogmios/ScriptExecutionFailure.swift /Users/admin/builder/spi-builder-workspace/Sources/SwiftOgmios/Types/Ogmios/StakePoolsPerformances.swift /Users/admin/builder/spi-builder-workspace/Sources/SwiftOgmios/Types/Ogmios/SubmitTransactionDeserialisationError.swift /Users/admin/builder/spi-builder-workspace/Sources/SwiftOgmios/Types/Ogmios/SubmitTransactionError.swift /Users/admin/builder/spi-builder-workspace/Sources/SwiftOgmios/Types/Ogmios/SubmitTransactionFailure.swift /Users/admin/builder/spi-builder-workspace/Sources/SwiftOgmios/Types/Ogmios/TransactionCBOR.swift /Users/admin/builder/spi-builder-workspace/Sources/SwiftOgmios/Types/TypeCallable.swift /Users/admin/builder/spi-builder-workspace/Sources/SwiftOgmios/Types/Wrappers.swift -supplementary-output-file-map /Users/admin/builder/spi-builder-workspace/.derivedData/Build/Intermediates.noindex/SwiftOgmios.build/Debug-watchos/SwiftOgmios-t.build/Objects-normal/arm64/supplementaryOutputs-17 -target arm64-apple-watchos9.0 -disable-cross-import-overlay-search -swift-module-cross-import Darwin /Applications/Xcode-27.0.0-Release.Candidate.app/Contents/Developer/Platforms/WatchOS.platform/Developer/SDKs/WatchOS.sdk/usr/include/Darwin.swiftcrossimport/xlocale.swiftoverlay -load-resolved-plugin /Applications/Xcode-27.0.0-Release.Candidate.app/Contents/Developer/Platforms/WatchOS.platform/Developer/usr/lib/swift/host/plugins/libFoundationMacros.dylib\#/Applications/Xcode-27.0.0-Release.Candidate.app/Contents/Developer/Platforms/WatchOS.platform/Developer/usr/bin/swift-plugin-server\#FoundationMacros -load-resolved-plugin /Applications/Xcode-27.0.0-Release.Candidate.app/Contents/Developer/Platforms/WatchOS.platform/Developer/usr/lib/swift/host/plugins/libObservationMacros.dylib\#/Applications/Xcode-27.0.0-Release.Candidate.app/Contents/Developer/Platforms/WatchOS.platform/Developer/usr/bin/swift-plugin-server\#ObservationMacros -load-resolved-plugin /Applications/Xcode-27.0.0-Release.Candidate.app/Contents/Developer/Platforms/WatchOS.platform/Developer/usr/lib/swift/host/plugins/libSwiftMacros.dylib\#/Applications/Xcode-27.0.0-Release.Candidate.app/Contents/Developer/Platforms/WatchOS.platform/Developer/usr/bin/swift-plugin-server\#SwiftMacros -disable-implicit-swift-modules -Xcc -fno-implicit-modules -Xcc -fno-implicit-module-maps -explicit-swift-module-map-file /Users/admin/builder/spi-builder-workspace/.derivedData/Build/Intermediates.noindex/SwiftOgmios.build/Debug-watchos/SwiftOgmios-t.build/Objects-normal/arm64/SwiftOgmios-dependencies-2.json -Xllvm -aarch64-use-tbi -enable-objc-interop -stack-check -sdk /Applications/Xcode-27.0.0-Release.Candidate.app/Contents/Developer/Platforms/WatchOS.platform/Developer/SDKs/WatchOS27.0.sdk -I /Users/admin/builder/spi-builder-workspace/.derivedData/Build/Products/Debug-watchos -Isystem /Applications/Xcode-27.0.0-Release.Candidate.app/Contents/Developer/Platforms/WatchOS.platform/Developer/usr/lib -F /Users/admin/builder/spi-builder-workspace/.derivedData/Build/Products/Debug-watchos/PackageFrameworks -F /Users/admin/builder/spi-builder-workspace/.derivedData/Build/Products/Debug-watchos -F /Applications/Xcode-27.0.0-Release.Candidate.app/Contents/Developer/Platforms/WatchOS.platform/Developer/Library/Frameworks -F /Applications/Xcode-27.0.0-Release.Candidate.app/Contents/Developer/Platforms/WatchOS.platform/Developer/SDKs/WatchOS27.0.sdk/Developer/Library/Frameworks -module-cache-path /Users/admin/builder/spi-builder-workspace/.derivedData/Build/Intermediates.noindex/SwiftExplicitPrecompiledModules -no-color-diagnostics -Xcc -fno-color-diagnostics -enable-testing -g -debug-info-format\=dwarf -dwarf-version\=4 -profile-generate -profile-coverage-mapping -swift-version 6 -Onone -D SWIFT_PACKAGE -D DEBUG -D SWIFT_MODULE_RESOURCE_BUNDLE_UNAVAILABLE -D Xcode -serialize-debugging-options -enable-experimental-feature DebugDescriptionMacro -empty-abi-descriptor -validate-clang-modules-once -clang-build-session-file /Users/admin/builder/spi-builder-workspace/.derivedData/ModuleCache.noindex/Session.modulevalidation -Xcc -working-directory -Xcc /Users/admin/builder/spi-builder-workspace/.swiftpm/xcode -enable-anonymous-context-mangled-names -file-compilation-dir /Users/admin/builder/spi-builder-workspace/.swiftpm/xcode -Xcc -fmodule-map-file\=/Users/admin/builder/spi-builder-workspace/.derivedData/Build/Intermediates.noindex/GeneratedModuleMaps-watchos/CNIOBoringSSLShims.modulemap -Xcc -fmodule-map-file\=/Users/admin/builder/spi-builder-workspace/.dependencies/checkouts/swift-nio-ssl/Sources/CNIOBoringSSL/include/module.modulemap -Xcc -fmodule-map-file\=/Users/admin/builder/spi-builder-workspace/.derivedData/Build/Intermediates.noindex/GeneratedModuleMaps-watchos/CNIOSHA1.modulemap -Xcc -fmodule-map-file\=/Users/admin/builder/spi-builder-workspace/.derivedData/Build/Intermediates.noindex/GeneratedModuleMaps-watchos/CNIOLLHTTP.modulemap -Xcc -fmodule-map-file\=/Users/admin/builder/spi-builder-workspace/.derivedData/Build/Intermediates.noindex/GeneratedModuleMaps-watchos/CNIOPosix.modulemap -Xcc -fmodule-map-file\=/Users/admin/builder/spi-builder-workspace/.derivedData/Build/Intermediates.noindex/GeneratedModuleMaps-watchos/CNIOWASI.modulemap -Xcc -fmodule-map-file\=/Users/admin/builder/spi-builder-workspace/.dependencies/checkouts/swift-nio/Sources/CNIOWindows/include/module.modulemap -Xcc -fmodule-map-file\=/Users/admin/builder/spi-builder-workspace/.derivedData/Build/Intermediates.noindex/GeneratedModuleMaps-watchos/CNIOLinux.modulemap -Xcc -fmodule-map-file\=/Users/admin/builder/spi-builder-workspace/.derivedData/Build/Intermediates.noindex/GeneratedModuleMaps-watchos/CNIODarwin.modulemap -Xcc -fmodule-map-file\=/Users/admin/builder/spi-builder-workspace/.derivedData/Build/Intermediates.noindex/GeneratedModuleMaps-watchos/CNIOFreeBSD.modulemap -Xcc -fmodule-map-file\=/Users/admin/builder/spi-builder-workspace/.derivedData/Build/Intermediates.noindex/GeneratedModuleMaps-watchos/CNIOOpenBSD.modulemap -Xcc -fmodule-map-file\=/Users/admin/builder/spi-builder-workspace/.derivedData/Build/Intermediates.noindex/GeneratedModuleMaps-watchos/CNIOAtomics.modulemap -Xcc -fmodule-map-file\=/Users/admin/builder/spi-builder-workspace/.dependencies/checkouts/swift-atomics/Sources/_AtomicsShims/include/module.modulemap -Xcc -D_LIBCPP_HARDENING_MODE\=_LIBCPP_HARDENING_MODE_DEBUG -Xcc -ivfsstatcache -Xcc /Users/admin/builder/spi-builder-workspace/.derivedData/SDKStatCaches.noindex/watchos27.0-24R360-e829b21a6f8c9b70876ba0858053c04477534ef55a1706bf4c1112bbb242f0a2.sdkstatcache -Xcc -fmodules-prune-interval\=86400 -Xcc -fmodules-prune-after\=345600 -Xcc -I/Users/admin/builder/spi-builder-workspace/.dependencies/checkouts/swift-nio-ssl/Sources/CNIOBoringSSLShims/include -Xcc -I/Users/admin/builder/spi-builder-workspace/.dependencies/checkouts/swift-nio-ssl/Sources/CNIOBoringSSL/include -Xcc -I/Users/admin/builder/spi-builder-workspace/.dependencies/checkouts/swift-nio/Sources/CNIOSHA1/include -Xcc -I/Users/admin/builder/spi-builder-workspace/.dependencies/checkouts/swift-nio/Sources/CNIOLLHTTP/include -Xcc -I/Users/admin/builder/spi-builder-workspace/.dependencies/checkouts/swift-nio/Sources/CNIOPosix/include -Xcc -I/Users/admin/builder/spi-builder-workspace/.dependencies/checkouts/swift-nio/Sources/CNIOWASI/include -Xcc -I/Users/admin/builder/spi-builder-workspace/.dependencies/checkouts/swift-nio/Sources/CNIOWindows/include -Xcc -I/Users/admin/builder/spi-builder-workspace/.dependencies/checkouts/swift-nio/Sources/CNIOLinux/include -Xcc -I/Users/admin/builder/spi-builder-workspace/.dependencies/checkouts/swift-nio/Sources/CNIODarwin/include -Xcc -I/Users/admin/builder/spi-builder-workspace/.dependencies/checkouts/swift-nio/Sources/CNIOFreeBSD/include -Xcc -I/Users/admin/builder/spi-builder-workspace/.dependencies/checkouts/swift-nio/Sources/CNIOOpenBSD/include -Xcc -I/Users/admin/builder/spi-builder-workspace/.dependencies/checkouts/swift-nio/Sources/CNIOAtomics/include -Xcc -I/Users/admin/builder/spi-builder-workspace/.dependencies/checkouts/swift-atomics/Sources/_AtomicsShims/include -Xcc -I/Users/admin/builder/spi-builder-workspace/.derivedData/Build/Products/Debug-watchos/include -Xcc -I/Users/admin/builder/spi-builder-workspace/.derivedData/Build/Intermediates.noindex/SwiftOgmios.build/Debug-watchos/SwiftOgmios-t.build/DerivedSources-normal/arm64 -Xcc -I/Users/admin/builder/spi-builder-workspace/.derivedData/Build/Intermediates.noindex/SwiftOgmios.build/Debug-watchos/SwiftOgmios-t.build/DerivedSources/arm64 -Xcc -I/Users/admin/builder/spi-builder-workspace/.derivedData/Build/Intermediates.noindex/SwiftOgmios.build/Debug-watchos/SwiftOgmios-t.build/DerivedSources -Xcc -DSWIFT_PACKAGE -Xcc -DDEBUG\=1 -no-auto-bridging-header-chaining -module-name SwiftOgmios -package-name spi_builder_workspace -const-gather-protocols-file /Users/admin/builder/spi-builder-workspace/.derivedData/Build/Intermediates.noindex/SwiftOgmios.build/Debug-watchos/SwiftOgmios-t.build/Objects-normal/arm64/SwiftOgmios_const_extract_protocols.json -disable-clang-spi -clang-target arm64-apple-watchos27.0 -target-sdk-version 27.0 -target-sdk-name watchos27.0 -in-process-plugin-server-path /Applications/Xcode-27.0.0-Release.Candidate.app/Contents/Developer/Toolchains/XcodeDefault.xctoolchain/usr/lib/swift/host/libSwiftInProcPluginServer.dylib -parse-as-library -o /Users/admin/builder/spi-builder-workspace/.derivedData/Build/Intermediates.noindex/SwiftOgmios.build/Debug-watchos/SwiftOgmios-t.build/Objects-normal/arm64/Nonces.o -o /Users/admin/builder/spi-builder-workspace/.derivedData/Build/Intermediates.noindex/SwiftOgmios.build/Debug-watchos/SwiftOgmios-t.build/Objects-normal/arm64/OperationalCertificates.o -o /Users/admin/builder/spi-builder-workspace/.derivedData/Build/Intermediates.noindex/SwiftOgmios.build/Debug-watchos/SwiftOgmios-t.build/Objects-normal/arm64/PointOrOrigin.o -o /Users/admin/builder/spi-builder-workspace/.derivedData/Build/Intermediates.noindex/SwiftOgmios.build/Debug-watchos/SwiftOgmios-t.build/Objects-normal/arm64/ProjectedRewards.o -o /Users/admin/builder/spi-builder-workspace/.derivedData/Build/Intermediates.noindex/SwiftOgmios.build/Debug-watchos/SwiftOgmios-t.build/Objects-normal/arm64/QueryLedgerStateAcquiredExpired.o -o /Users/admin/builder/spi-builder-workspace/.derivedData/Build/Intermediates.noindex/SwiftOgmios.build/Debug-watchos/SwiftOgmios-t.build/Objects-normal/arm64/QueryLedgerStateEraMismatch.o -o /Users/admin/builder/spi-builder-workspace/.derivedData/Build/Intermediates.noindex/SwiftOgmios.build/Debug-watchos/SwiftOgmios-t.build/Objects-normal/arm64/QueryLedgerStateUnavailableInCurrentEra.o -o /Users/admin/builder/spi-builder-workspace/.derivedData/Build/Intermediates.noindex/SwiftOgmios.build/Debug-watchos/SwiftOgmios-t.build/Objects-normal/arm64/QueryNetworkInvalidGenesis.o -o /Users/admin/builder/spi-builder-workspace/.derivedData/Build/Intermediates.noindex/SwiftOgmios.build/Debug-watchos/SwiftOgmios-t.build/Objects-normal/arm64/RewardAccountSummary.o -debug-module-path /Users/admin/builder/spi-builder-workspace/.derivedData/Build/Intermediates.noindex/SwiftOgmios.build/Debug-watchos/SwiftOgmios-t.build/Objects-normal/arm64/SwiftOgmios.swiftmodule -index-unit-output-path /SwiftOgmios.build/Debug-watchos/SwiftOgmios-t.build/Objects-normal/arm64/Nonces.o -index-unit-output-path /SwiftOgmios.build/Debug-watchos/SwiftOgmios-t.build/Objects-normal/arm64/OperationalCertificates.o -index-unit-output-path /SwiftOgmios.build/Debug-watchos/SwiftOgmios-t.build/Objects-normal/arm64/PointOrOrigin.o -index-unit-output-path /SwiftOgmios.build/Debug-watchos/SwiftOgmios-t.build/Objects-normal/arm64/ProjectedRewards.o -index-unit-output-path /SwiftOgmios.build/Debug-watchos/SwiftOgmios-t.build/Objects-normal/arm64/QueryLedgerStateAcquiredExpired.o -index-unit-output-path /SwiftOgmios.build/Debug-watchos/SwiftOgmios-t.build/Objects-normal/arm64/QueryLedgerStateEraMismatch.o -index-unit-output-path /SwiftOgmios.build/Debug-watchos/SwiftOgmios-t.build/Objects-normal/arm64/QueryLedgerStateUnavailableInCurrentEra.o -index-unit-output-path /SwiftOgmios.build/Debug-watchos/SwiftOgmios-t.build/Objects-normal/arm64/QueryNetworkInvalidGenesis.o -index-unit-output-path /SwiftOgmios.build/Debug-watchos/SwiftOgmios-t.build/Objects-normal/arm64/RewardAccountSummary.o -index-store-path /Users/admin/builder/spi-builder-workspace/.derivedData/Index.noindex/DataStore -index-system-modules
SwiftCompile normal arm64 /Users/admin/builder/spi-builder-workspace/Sources/SwiftOgmios/Types/Ogmios/Nonces.swift (in target 'SwiftOgmios' from project 'SwiftOgmios')
cd /Users/admin/builder/spi-builder-workspace/.swiftpm/xcode
builtin-SwiftPerFileCompile Nonces.swift
SwiftCompile normal arm64 /Users/admin/builder/spi-builder-workspace/Sources/SwiftOgmios/Types/Ogmios/OperationalCertificates.swift (in target 'SwiftOgmios' from project 'SwiftOgmios')
cd /Users/admin/builder/spi-builder-workspace/.swiftpm/xcode
builtin-SwiftPerFileCompile OperationalCertificates.swift
SwiftCompile normal arm64 /Users/admin/builder/spi-builder-workspace/Sources/SwiftOgmios/Types/Ogmios/PointOrOrigin.swift (in target 'SwiftOgmios' from project 'SwiftOgmios')
cd /Users/admin/builder/spi-builder-workspace/.swiftpm/xcode
builtin-SwiftPerFileCompile PointOrOrigin.swift
SwiftCompile normal arm64 /Users/admin/builder/spi-builder-workspace/Sources/SwiftOgmios/Types/Ogmios/ProjectedRewards.swift (in target 'SwiftOgmios' from project 'SwiftOgmios')
cd /Users/admin/builder/spi-builder-workspace/.swiftpm/xcode
builtin-SwiftPerFileCompile ProjectedRewards.swift
SwiftCompile normal arm64 /Users/admin/builder/spi-builder-workspace/Sources/SwiftOgmios/Types/Ogmios/QueryLedgerStateAcquiredExpired.swift (in target 'SwiftOgmios' from project 'SwiftOgmios')
cd /Users/admin/builder/spi-builder-workspace/.swiftpm/xcode
builtin-SwiftPerFileCompile QueryLedgerStateAcquiredExpired.swift
SwiftCompile normal arm64 /Users/admin/builder/spi-builder-workspace/Sources/SwiftOgmios/Types/Ogmios/QueryLedgerStateEraMismatch.swift (in target 'SwiftOgmios' from project 'SwiftOgmios')
cd /Users/admin/builder/spi-builder-workspace/.swiftpm/xcode
builtin-SwiftPerFileCompile QueryLedgerStateEraMismatch.swift
SwiftCompile normal arm64 /Users/admin/builder/spi-builder-workspace/Sources/SwiftOgmios/Types/Ogmios/QueryLedgerStateUnavailableInCurrentEra.swift (in target 'SwiftOgmios' from project 'SwiftOgmios')
cd /Users/admin/builder/spi-builder-workspace/.swiftpm/xcode
builtin-SwiftPerFileCompile QueryLedgerStateUnavailableInCurrentEra.swift
SwiftCompile normal arm64 /Users/admin/builder/spi-builder-workspace/Sources/SwiftOgmios/Types/Ogmios/QueryNetworkInvalidGenesis.swift (in target 'SwiftOgmios' from project 'SwiftOgmios')
cd /Users/admin/builder/spi-builder-workspace/.swiftpm/xcode
builtin-SwiftPerFileCompile QueryNetworkInvalidGenesis.swift
SwiftCompile normal arm64 /Users/admin/builder/spi-builder-workspace/Sources/SwiftOgmios/Types/Ogmios/RewardAccountSummary.swift (in target 'SwiftOgmios' from project 'SwiftOgmios')
cd /Users/admin/builder/spi-builder-workspace/.swiftpm/xcode
builtin-SwiftPerFileCompile RewardAccountSummary.swift
SwiftCompile normal arm64 Compiling\ QueryLedgerStateTip.swift,\ QueryLedgerStateTreasuryAndReserves.swift,\ QueryLedgerStateUtxo.swift,\ QueryNetworkBlockHeight.swift,\ QueryNetworkGenesisConfiguration.swift,\ QueryNetworkStartTime.swift,\ QueryNetworkTip.swift,\ EvaluateTransaction.swift,\ SubmitTransaction.swift,\ NanoID.swift /Users/admin/builder/spi-builder-workspace/Sources/SwiftOgmios/MiniProtocols/StateQueries/LedgerStateQueries/QueryLedgerStateTip.swift /Users/admin/builder/spi-builder-workspace/Sources/SwiftOgmios/MiniProtocols/StateQueries/LedgerStateQueries/QueryLedgerStateTreasuryAndReserves.swift /Users/admin/builder/spi-builder-workspace/Sources/SwiftOgmios/MiniProtocols/StateQueries/LedgerStateQueries/QueryLedgerStateUtxo.swift /Users/admin/builder/spi-builder-workspace/Sources/SwiftOgmios/MiniProtocols/StateQueries/NetworkQueries/QueryNetworkBlockHeight.swift /Users/admin/builder/spi-builder-workspace/Sources/SwiftOgmios/MiniProtocols/StateQueries/NetworkQueries/QueryNetworkGenesisConfiguration.swift /Users/admin/builder/spi-builder-workspace/Sources/SwiftOgmios/MiniProtocols/StateQueries/NetworkQueries/QueryNetworkStartTime.swift /Users/admin/builder/spi-builder-workspace/Sources/SwiftOgmios/MiniProtocols/StateQueries/NetworkQueries/QueryNetworkTip.swift /Users/admin/builder/spi-builder-workspace/Sources/SwiftOgmios/MiniProtocols/TransactionSubmission/EvaluateTransaction.swift /Users/admin/builder/spi-builder-workspace/Sources/SwiftOgmios/MiniProtocols/TransactionSubmission/SubmitTransaction.swift /Users/admin/builder/spi-builder-workspace/Sources/SwiftOgmios/NanoID.swift (in target 'SwiftOgmios' from project 'SwiftOgmios')
/Users/admin/builder/spi-builder-workspace/Sources/SwiftOgmios/MiniProtocols/StateQueries/LedgerStateQueries/QueryLedgerStateTip.swift:18:19: error: conformance of 'Never' to 'Decodable' is only available in watchOS 10.0 or newer
16 |
17 | // MARK: - Request
18 | public struct Request: JSONRPCRequest {
| |- error: conformance of 'Never' to 'Decodable' is only available in watchOS 10.0 or newer
| |- note: add '@available' attribute to enclosing struct
| |- note: add '@available' attribute to enclosing struct
| `- note: in associated type 'Self.T' (inferred as 'Optional<Never>')
19 | public let jsonrpc: String
20 | public let method: String
/Users/admin/builder/spi-builder-workspace/Sources/SwiftOgmios/MiniProtocols/StateQueries/LedgerStateQueries/QueryLedgerStateTip.swift:18:19: error: conformance of 'Never' to 'Encodable' is only available in watchOS 10.0 or newer
16 |
17 | // MARK: - Request
18 | public struct Request: JSONRPCRequest {
| |- error: conformance of 'Never' to 'Encodable' is only available in watchOS 10.0 or newer
| |- note: add '@available' attribute to enclosing struct
| |- note: add '@available' attribute to enclosing struct
| `- note: in associated type 'Self.T' (inferred as 'Optional<Never>')
19 | public let jsonrpc: String
20 | public let method: String
/Users/admin/builder/spi-builder-workspace/Sources/SwiftOgmios/MiniProtocols/StateQueries/LedgerStateQueries/QueryLedgerStateTreasuryAndReserves.swift:14:19: error: conformance of 'Never' to 'Decodable' is only available in watchOS 10.0 or newer
12 |
13 | // MARK: - Request
14 | public struct Request: JSONRPCRequest {
| |- error: conformance of 'Never' to 'Decodable' is only available in watchOS 10.0 or newer
| |- note: add '@available' attribute to enclosing struct
| |- note: add '@available' attribute to enclosing struct
| `- note: in associated type 'Self.T' (inferred as 'Optional<Never>')
15 | public let jsonrpc: String
16 | public let method: String
/Users/admin/builder/spi-builder-workspace/Sources/SwiftOgmios/MiniProtocols/StateQueries/LedgerStateQueries/QueryLedgerStateTreasuryAndReserves.swift:14:19: error: conformance of 'Never' to 'Encodable' is only available in watchOS 10.0 or newer
12 |
13 | // MARK: - Request
14 | public struct Request: JSONRPCRequest {
| |- error: conformance of 'Never' to 'Encodable' is only available in watchOS 10.0 or newer
| |- note: add '@available' attribute to enclosing struct
| |- note: add '@available' attribute to enclosing struct
| `- note: in associated type 'Self.T' (inferred as 'Optional<Never>')
15 | public let jsonrpc: String
16 | public let method: String
/Users/admin/builder/spi-builder-workspace/Sources/SwiftOgmios/MiniProtocols/StateQueries/NetworkQueries/QueryNetworkBlockHeight.swift:16:19: error: conformance of 'Never' to 'Decodable' is only available in watchOS 10.0 or newer
14 |
15 | // MARK: - Request
16 | public struct Request: JSONRPCRequest {
| |- error: conformance of 'Never' to 'Decodable' is only available in watchOS 10.0 or newer
| |- note: add '@available' attribute to enclosing struct
| |- note: add '@available' attribute to enclosing struct
| `- note: in associated type 'Self.T' (inferred as 'Optional<Never>')
17 | public let jsonrpc: String
18 | public let method: String
SwiftCompile normal arm64 /Users/admin/builder/spi-builder-workspace/Sources/SwiftOgmios/MiniProtocols/StateQueries/LedgerStateQueries/QueryLedgerStateTip.swift (in target 'SwiftOgmios' from project 'SwiftOgmios')
cd /Users/admin/builder/spi-builder-workspace/.swiftpm/xcode
builtin-SwiftPerFileCompile QueryLedgerStateTip.swift
SwiftCompile normal arm64 /Users/admin/builder/spi-builder-workspace/Sources/SwiftOgmios/MiniProtocols/StateQueries/LedgerStateQueries/QueryLedgerStateTreasuryAndReserves.swift (in target 'SwiftOgmios' from project 'SwiftOgmios')
cd /Users/admin/builder/spi-builder-workspace/.swiftpm/xcode
builtin-SwiftPerFileCompile QueryLedgerStateTreasuryAndReserves.swift
SwiftCompile normal arm64 /Users/admin/builder/spi-builder-workspace/Sources/SwiftOgmios/MiniProtocols/StateQueries/LedgerStateQueries/QueryLedgerStateUtxo.swift (in target 'SwiftOgmios' from project 'SwiftOgmios')
cd /Users/admin/builder/spi-builder-workspace/.swiftpm/xcode
builtin-SwiftPerFileCompile QueryLedgerStateUtxo.swift
SwiftCompile normal arm64 /Users/admin/builder/spi-builder-workspace/Sources/SwiftOgmios/MiniProtocols/StateQueries/NetworkQueries/QueryNetworkBlockHeight.swift (in target 'SwiftOgmios' from project 'SwiftOgmios')
cd /Users/admin/builder/spi-builder-workspace/.swiftpm/xcode
builtin-SwiftPerFileCompile QueryNetworkBlockHeight.swift
SwiftCompile normal arm64 /Users/admin/builder/spi-builder-workspace/Sources/SwiftOgmios/MiniProtocols/StateQueries/NetworkQueries/QueryNetworkGenesisConfiguration.swift (in target 'SwiftOgmios' from project 'SwiftOgmios')
cd /Users/admin/builder/spi-builder-workspace/.swiftpm/xcode
builtin-SwiftPerFileCompile QueryNetworkGenesisConfiguration.swift
SwiftCompile normal arm64 /Users/admin/builder/spi-builder-workspace/Sources/SwiftOgmios/MiniProtocols/StateQueries/NetworkQueries/QueryNetworkStartTime.swift (in target 'SwiftOgmios' from project 'SwiftOgmios')
cd /Users/admin/builder/spi-builder-workspace/.swiftpm/xcode
builtin-SwiftPerFileCompile QueryNetworkStartTime.swift
SwiftCompile normal arm64 /Users/admin/builder/spi-builder-workspace/Sources/SwiftOgmios/MiniProtocols/StateQueries/NetworkQueries/QueryNetworkTip.swift (in target 'SwiftOgmios' from project 'SwiftOgmios')
cd /Users/admin/builder/spi-builder-workspace/.swiftpm/xcode
builtin-SwiftPerFileCompile QueryNetworkTip.swift
SwiftCompile normal arm64 /Users/admin/builder/spi-builder-workspace/Sources/SwiftOgmios/MiniProtocols/TransactionSubmission/EvaluateTransaction.swift (in target 'SwiftOgmios' from project 'SwiftOgmios')
cd /Users/admin/builder/spi-builder-workspace/.swiftpm/xcode
builtin-SwiftPerFileCompile EvaluateTransaction.swift
SwiftCompile normal arm64 /Users/admin/builder/spi-builder-workspace/Sources/SwiftOgmios/MiniProtocols/TransactionSubmission/SubmitTransaction.swift (in target 'SwiftOgmios' from project 'SwiftOgmios')
cd /Users/admin/builder/spi-builder-workspace/.swiftpm/xcode
builtin-SwiftPerFileCompile SubmitTransaction.swift
SwiftCompile normal arm64 /Users/admin/builder/spi-builder-workspace/Sources/SwiftOgmios/NanoID.swift (in target 'SwiftOgmios' from project 'SwiftOgmios')
cd /Users/admin/builder/spi-builder-workspace/.swiftpm/xcode
builtin-SwiftPerFileCompile NanoID.swift
SwiftCompile normal arm64_32 Compiling\ DeserialisationFailure.swift,\ EncodingBase16.swift,\ EraMismatch.swift,\ EvaluateTransactionDeserialisationError.swift,\ EvaluateTransactionError.swift,\ EvaluateTransactionFailure.swift,\ FindIntersectionError.swift,\ LiveStakeDistribution.swift,\ MustAcquireMempoolFirst.swift /Users/admin/builder/spi-builder-workspace/Sources/SwiftOgmios/Types/Ogmios/DeserialisationFailure.swift /Users/admin/builder/spi-builder-workspace/Sources/SwiftOgmios/Types/Ogmios/EncodingBase16.swift /Users/admin/builder/spi-builder-workspace/Sources/SwiftOgmios/Types/Ogmios/EraMismatch.swift /Users/admin/builder/spi-builder-workspace/Sources/SwiftOgmios/Types/Ogmios/EvaluateTransactionDeserialisationError.swift /Users/admin/builder/spi-builder-workspace/Sources/SwiftOgmios/Types/Ogmios/EvaluateTransactionError.swift /Users/admin/builder/spi-builder-workspace/Sources/SwiftOgmios/Types/Ogmios/EvaluateTransactionFailure.swift /Users/admin/builder/spi-builder-workspace/Sources/SwiftOgmios/Types/Ogmios/FindIntersectionError.swift /Users/admin/builder/spi-builder-workspace/Sources/SwiftOgmios/Types/Ogmios/LiveStakeDistribution.swift /Users/admin/builder/spi-builder-workspace/Sources/SwiftOgmios/Types/Ogmios/MustAcquireMempoolFirst.swift (in target 'SwiftOgmios' from project 'SwiftOgmios')
SwiftCompile normal arm64_32 /Users/admin/builder/spi-builder-workspace/Sources/SwiftOgmios/Types/Ogmios/DeserialisationFailure.swift (in target 'SwiftOgmios' from project 'SwiftOgmios')
cd /Users/admin/builder/spi-builder-workspace/.swiftpm/xcode
builtin-SwiftPerFileCompile DeserialisationFailure.swift
SwiftCompile normal arm64_32 /Users/admin/builder/spi-builder-workspace/Sources/SwiftOgmios/Types/Ogmios/EncodingBase16.swift (in target 'SwiftOgmios' from project 'SwiftOgmios')
cd /Users/admin/builder/spi-builder-workspace/.swiftpm/xcode
builtin-SwiftPerFileCompile EncodingBase16.swift
SwiftCompile normal arm64_32 /Users/admin/builder/spi-builder-workspace/Sources/SwiftOgmios/Types/Ogmios/EraMismatch.swift (in target 'SwiftOgmios' from project 'SwiftOgmios')
cd /Users/admin/builder/spi-builder-workspace/.swiftpm/xcode
builtin-SwiftPerFileCompile EraMismatch.swift
SwiftCompile normal arm64_32 /Users/admin/builder/spi-builder-workspace/Sources/SwiftOgmios/Types/Ogmios/EvaluateTransactionDeserialisationError.swift (in target 'SwiftOgmios' from project 'SwiftOgmios')
cd /Users/admin/builder/spi-builder-workspace/.swiftpm/xcode
builtin-SwiftPerFileCompile EvaluateTransactionDeserialisationError.swift
SwiftCompile normal arm64_32 /Users/admin/builder/spi-builder-workspace/Sources/SwiftOgmios/Types/Ogmios/EvaluateTransactionError.swift (in target 'SwiftOgmios' from project 'SwiftOgmios')
cd /Users/admin/builder/spi-builder-workspace/.swiftpm/xcode
builtin-SwiftPerFileCompile EvaluateTransactionError.swift
SwiftCompile normal arm64_32 /Users/admin/builder/spi-builder-workspace/Sources/SwiftOgmios/Types/Ogmios/EvaluateTransactionFailure.swift (in target 'SwiftOgmios' from project 'SwiftOgmios')
cd /Users/admin/builder/spi-builder-workspace/.swiftpm/xcode
builtin-SwiftPerFileCompile EvaluateTransactionFailure.swift
SwiftCompile normal arm64_32 /Users/admin/builder/spi-builder-workspace/Sources/SwiftOgmios/Types/Ogmios/FindIntersectionError.swift (in target 'SwiftOgmios' from project 'SwiftOgmios')
cd /Users/admin/builder/spi-builder-workspace/.swiftpm/xcode
builtin-SwiftPerFileCompile FindIntersectionError.swift
SwiftCompile normal arm64_32 /Users/admin/builder/spi-builder-workspace/Sources/SwiftOgmios/Types/Ogmios/LiveStakeDistribution.swift (in target 'SwiftOgmios' from project 'SwiftOgmios')
cd /Users/admin/builder/spi-builder-workspace/.swiftpm/xcode
builtin-SwiftPerFileCompile LiveStakeDistribution.swift
SwiftCompile normal arm64_32 /Users/admin/builder/spi-builder-workspace/Sources/SwiftOgmios/Types/Ogmios/MustAcquireMempoolFirst.swift (in target 'SwiftOgmios' from project 'SwiftOgmios')
cd /Users/admin/builder/spi-builder-workspace/.swiftpm/xcode
builtin-SwiftPerFileCompile MustAcquireMempoolFirst.swift
SwiftCompile normal arm64 Compiling\ DeserialisationFailure.swift,\ EncodingBase16.swift,\ EraMismatch.swift,\ EvaluateTransactionDeserialisationError.swift,\ EvaluateTransactionError.swift,\ EvaluateTransactionFailure.swift,\ FindIntersectionError.swift,\ LiveStakeDistribution.swift,\ MustAcquireMempoolFirst.swift /Users/admin/builder/spi-builder-workspace/Sources/SwiftOgmios/Types/Ogmios/DeserialisationFailure.swift /Users/admin/builder/spi-builder-workspace/Sources/SwiftOgmios/Types/Ogmios/EncodingBase16.swift /Users/admin/builder/spi-builder-workspace/Sources/SwiftOgmios/Types/Ogmios/EraMismatch.swift /Users/admin/builder/spi-builder-workspace/Sources/SwiftOgmios/Types/Ogmios/EvaluateTransactionDeserialisationError.swift /Users/admin/builder/spi-builder-workspace/Sources/SwiftOgmios/Types/Ogmios/EvaluateTransactionError.swift /Users/admin/builder/spi-builder-workspace/Sources/SwiftOgmios/Types/Ogmios/EvaluateTransactionFailure.swift /Users/admin/builder/spi-builder-workspace/Sources/SwiftOgmios/Types/Ogmios/FindIntersectionError.swift /Users/admin/builder/spi-builder-workspace/Sources/SwiftOgmios/Types/Ogmios/LiveStakeDistribution.swift /Users/admin/builder/spi-builder-workspace/Sources/SwiftOgmios/Types/Ogmios/MustAcquireMempoolFirst.swift (in target 'SwiftOgmios' from project 'SwiftOgmios')
SwiftCompile normal arm64 /Users/admin/builder/spi-builder-workspace/Sources/SwiftOgmios/Types/Ogmios/DeserialisationFailure.swift (in target 'SwiftOgmios' from project 'SwiftOgmios')
cd /Users/admin/builder/spi-builder-workspace/.swiftpm/xcode
builtin-SwiftPerFileCompile DeserialisationFailure.swift
SwiftCompile normal arm64 /Users/admin/builder/spi-builder-workspace/Sources/SwiftOgmios/Types/Ogmios/EncodingBase16.swift (in target 'SwiftOgmios' from project 'SwiftOgmios')
cd /Users/admin/builder/spi-builder-workspace/.swiftpm/xcode
builtin-SwiftPerFileCompile EncodingBase16.swift
SwiftCompile normal arm64 /Users/admin/builder/spi-builder-workspace/Sources/SwiftOgmios/Types/Ogmios/EraMismatch.swift (in target 'SwiftOgmios' from project 'SwiftOgmios')
cd /Users/admin/builder/spi-builder-workspace/.swiftpm/xcode
builtin-SwiftPerFileCompile EraMismatch.swift
SwiftCompile normal arm64 /Users/admin/builder/spi-builder-workspace/Sources/SwiftOgmios/Types/Ogmios/EvaluateTransactionDeserialisationError.swift (in target 'SwiftOgmios' from project 'SwiftOgmios')
cd /Users/admin/builder/spi-builder-workspace/.swiftpm/xcode
builtin-SwiftPerFileCompile EvaluateTransactionDeserialisationError.swift
SwiftCompile normal arm64 /Users/admin/builder/spi-builder-workspace/Sources/SwiftOgmios/Types/Ogmios/EvaluateTransactionError.swift (in target 'SwiftOgmios' from project 'SwiftOgmios')
cd /Users/admin/builder/spi-builder-workspace/.swiftpm/xcode
builtin-SwiftPerFileCompile EvaluateTransactionError.swift
SwiftCompile normal arm64 /Users/admin/builder/spi-builder-workspace/Sources/SwiftOgmios/Types/Ogmios/EvaluateTransactionFailure.swift (in target 'SwiftOgmios' from project 'SwiftOgmios')
cd /Users/admin/builder/spi-builder-workspace/.swiftpm/xcode
builtin-SwiftPerFileCompile EvaluateTransactionFailure.swift
SwiftCompile normal arm64 /Users/admin/builder/spi-builder-workspace/Sources/SwiftOgmios/Types/Ogmios/FindIntersectionError.swift (in target 'SwiftOgmios' from project 'SwiftOgmios')
cd /Users/admin/builder/spi-builder-workspace/.swiftpm/xcode
builtin-SwiftPerFileCompile FindIntersectionError.swift
SwiftCompile normal arm64 /Users/admin/builder/spi-builder-workspace/Sources/SwiftOgmios/Types/Ogmios/LiveStakeDistribution.swift (in target 'SwiftOgmios' from project 'SwiftOgmios')
cd /Users/admin/builder/spi-builder-workspace/.swiftpm/xcode
builtin-SwiftPerFileCompile LiveStakeDistribution.swift
SwiftCompile normal arm64 /Users/admin/builder/spi-builder-workspace/Sources/SwiftOgmios/Types/Ogmios/MustAcquireMempoolFirst.swift (in target 'SwiftOgmios' from project 'SwiftOgmios')
cd /Users/admin/builder/spi-builder-workspace/.swiftpm/xcode
builtin-SwiftPerFileCompile MustAcquireMempoolFirst.swift
SwiftCompile normal arm64 Compiling\ Transaction.swift,\ TypeAliases.swift,\ Utxo.swift,\ Value.swift,\ VerificationKey.swift,\ Health.swift,\ JSON-RPC.swift,\ AnyCredential.swift,\ Bech32.swift /Users/admin/builder/spi-builder-workspace/Sources/SwiftOgmios/Types/Cardano/Transaction.swift /Users/admin/builder/spi-builder-workspace/Sources/SwiftOgmios/Types/Cardano/TypeAliases.swift /Users/admin/builder/spi-builder-workspace/Sources/SwiftOgmios/Types/Cardano/Utxo.swift /Users/admin/builder/spi-builder-workspace/Sources/SwiftOgmios/Types/Cardano/Value.swift /Users/admin/builder/spi-builder-workspace/Sources/SwiftOgmios/Types/Cardano/VerificationKey.swift /Users/admin/builder/spi-builder-workspace/Sources/SwiftOgmios/Types/Health.swift /Users/admin/builder/spi-builder-workspace/Sources/SwiftOgmios/Types/JSON-RPC.swift /Users/admin/builder/spi-builder-workspace/Sources/SwiftOgmios/Types/Ogmios/AnyCredential.swift /Users/admin/builder/spi-builder-workspace/Sources/SwiftOgmios/Types/Ogmios/Bech32.swift (in target 'SwiftOgmios' from project 'SwiftOgmios')
SwiftCompile normal arm64 /Users/admin/builder/spi-builder-workspace/Sources/SwiftOgmios/Types/Cardano/Transaction.swift (in target 'SwiftOgmios' from project 'SwiftOgmios')
cd /Users/admin/builder/spi-builder-workspace/.swiftpm/xcode
builtin-SwiftPerFileCompile Transaction.swift
SwiftCompile normal arm64 /Users/admin/builder/spi-builder-workspace/Sources/SwiftOgmios/Types/Cardano/TypeAliases.swift (in target 'SwiftOgmios' from project 'SwiftOgmios')
cd /Users/admin/builder/spi-builder-workspace/.swiftpm/xcode
builtin-SwiftPerFileCompile TypeAliases.swift
SwiftCompile normal arm64 /Users/admin/builder/spi-builder-workspace/Sources/SwiftOgmios/Types/Cardano/Utxo.swift (in target 'SwiftOgmios' from project 'SwiftOgmios')
cd /Users/admin/builder/spi-builder-workspace/.swiftpm/xcode
builtin-SwiftPerFileCompile Utxo.swift
SwiftCompile normal arm64 /Users/admin/builder/spi-builder-workspace/Sources/SwiftOgmios/Types/Cardano/Value.swift (in target 'SwiftOgmios' from project 'SwiftOgmios')
cd /Users/admin/builder/spi-builder-workspace/.swiftpm/xcode
builtin-SwiftPerFileCompile Value.swift
SwiftCompile normal arm64 /Users/admin/builder/spi-builder-workspace/Sources/SwiftOgmios/Types/Cardano/VerificationKey.swift (in target 'SwiftOgmios' from project 'SwiftOgmios')
cd /Users/admin/builder/spi-builder-workspace/.swiftpm/xcode
builtin-SwiftPerFileCompile VerificationKey.swift
SwiftCompile normal arm64 /Users/admin/builder/spi-builder-workspace/Sources/SwiftOgmios/Types/Health.swift (in target 'SwiftOgmios' from project 'SwiftOgmios')
cd /Users/admin/builder/spi-builder-workspace/.swiftpm/xcode
builtin-SwiftPerFileCompile Health.swift
SwiftCompile normal arm64 /Users/admin/builder/spi-builder-workspace/Sources/SwiftOgmios/Types/JSON-RPC.swift (in target 'SwiftOgmios' from project 'SwiftOgmios')
cd /Users/admin/builder/spi-builder-workspace/.swiftpm/xcode
builtin-SwiftPerFileCompile JSON-RPC.swift
SwiftCompile normal arm64 /Users/admin/builder/spi-builder-workspace/Sources/SwiftOgmios/Types/Ogmios/AnyCredential.swift (in target 'SwiftOgmios' from project 'SwiftOgmios')
cd /Users/admin/builder/spi-builder-workspace/.swiftpm/xcode
builtin-SwiftPerFileCompile AnyCredential.swift
SwiftCompile normal arm64 /Users/admin/builder/spi-builder-workspace/Sources/SwiftOgmios/Types/Ogmios/Bech32.swift (in target 'SwiftOgmios' from project 'SwiftOgmios')
cd /Users/admin/builder/spi-builder-workspace/.swiftpm/xcode
builtin-SwiftPerFileCompile Bech32.swift
/Users/admin/builder/spi-builder-workspace/Sources/SwiftOgmios/Types/Cardano/TypeAliases.swift:4:32: error: 'UInt128' is only available in watchOS 11.0 or newer
2 |
3 | /// A block number, the i-th block to be minted is number i.
4 | public typealias BlockHeight = UInt128
| | `- error: 'UInt128' is only available in watchOS 11.0 or newer
| `- note: add '@available' attribute to enclosing type alias
5 |
6 | /// An epoch number or length.
SwiftCompile normal arm64_32 Compiling\ RewardsProvenance.swift,\ ScriptExecutionFailure.swift,\ StakePoolsPerformances.swift,\ SubmitTransactionDeserialisationError.swift,\ SubmitTransactionError.swift,\ SubmitTransactionFailure.swift,\ TransactionCBOR.swift,\ TypeCallable.swift,\ Wrappers.swift /Users/admin/builder/spi-builder-workspace/Sources/SwiftOgmios/Types/Ogmios/RewardsProvenance.swift /Users/admin/builder/spi-builder-workspace/Sources/SwiftOgmios/Types/Ogmios/ScriptExecutionFailure.swift /Users/admin/builder/spi-builder-workspace/Sources/SwiftOgmios/Types/Ogmios/StakePoolsPerformances.swift /Users/admin/builder/spi-builder-workspace/Sources/SwiftOgmios/Types/Ogmios/SubmitTransactionDeserialisationError.swift /Users/admin/builder/spi-builder-workspace/Sources/SwiftOgmios/Types/Ogmios/SubmitTransactionError.swift /Users/admin/builder/spi-builder-workspace/Sources/SwiftOgmios/Types/Ogmios/SubmitTransactionFailure.swift /Users/admin/builder/spi-builder-workspace/Sources/SwiftOgmios/Types/Ogmios/TransactionCBOR.swift /Users/admin/builder/spi-builder-workspace/Sources/SwiftOgmios/Types/TypeCallable.swift /Users/admin/builder/spi-builder-workspace/Sources/SwiftOgmios/Types/Wrappers.swift (in target 'SwiftOgmios' from project 'SwiftOgmios')
SwiftCompile normal arm64_32 /Users/admin/builder/spi-builder-workspace/Sources/SwiftOgmios/Types/Ogmios/RewardsProvenance.swift (in target 'SwiftOgmios' from project 'SwiftOgmios')
cd /Users/admin/builder/spi-builder-workspace/.swiftpm/xcode
builtin-SwiftPerFileCompile RewardsProvenance.swift
SwiftCompile normal arm64_32 /Users/admin/builder/spi-builder-workspace/Sources/SwiftOgmios/Types/Ogmios/ScriptExecutionFailure.swift (in target 'SwiftOgmios' from project 'SwiftOgmios')
cd /Users/admin/builder/spi-builder-workspace/.swiftpm/xcode
builtin-SwiftPerFileCompile ScriptExecutionFailure.swift
SwiftCompile normal arm64_32 /Users/admin/builder/spi-builder-workspace/Sources/SwiftOgmios/Types/Ogmios/StakePoolsPerformances.swift (in target 'SwiftOgmios' from project 'SwiftOgmios')
cd /Users/admin/builder/spi-builder-workspace/.swiftpm/xcode
builtin-SwiftPerFileCompile StakePoolsPerformances.swift
SwiftCompile normal arm64_32 /Users/admin/builder/spi-builder-workspace/Sources/SwiftOgmios/Types/Ogmios/SubmitTransactionDeserialisationError.swift (in target 'SwiftOgmios' from project 'SwiftOgmios')
cd /Users/admin/builder/spi-builder-workspace/.swiftpm/xcode
builtin-SwiftPerFileCompile SubmitTransactionDeserialisationError.swift
SwiftCompile normal arm64_32 /Users/admin/builder/spi-builder-workspace/Sources/SwiftOgmios/Types/Ogmios/SubmitTransactionError.swift (in target 'SwiftOgmios' from project 'SwiftOgmios')
cd /Users/admin/builder/spi-builder-workspace/.swiftpm/xcode
builtin-SwiftPerFileCompile SubmitTransactionError.swift
SwiftCompile normal arm64_32 /Users/admin/builder/spi-builder-workspace/Sources/SwiftOgmios/Types/Ogmios/SubmitTransactionFailure.swift (in target 'SwiftOgmios' from project 'SwiftOgmios')
cd /Users/admin/builder/spi-builder-workspace/.swiftpm/xcode
builtin-SwiftPerFileCompile SubmitTransactionFailure.swift
SwiftCompile normal arm64_32 /Users/admin/builder/spi-builder-workspace/Sources/SwiftOgmios/Types/Ogmios/TransactionCBOR.swift (in target 'SwiftOgmios' from project 'SwiftOgmios')
cd /Users/admin/builder/spi-builder-workspace/.swiftpm/xcode
builtin-SwiftPerFileCompile TransactionCBOR.swift
SwiftCompile normal arm64_32 /Users/admin/builder/spi-builder-workspace/Sources/SwiftOgmios/Types/TypeCallable.swift (in target 'SwiftOgmios' from project 'SwiftOgmios')
cd /Users/admin/builder/spi-builder-workspace/.swiftpm/xcode
builtin-SwiftPerFileCompile TypeCallable.swift
SwiftCompile normal arm64_32 /Users/admin/builder/spi-builder-workspace/Sources/SwiftOgmios/Types/Wrappers.swift (in target 'SwiftOgmios' from project 'SwiftOgmios')
cd /Users/admin/builder/spi-builder-workspace/.swiftpm/xcode
builtin-SwiftPerFileCompile Wrappers.swift
SwiftCompile normal arm64_32 Compiling\ Transaction.swift,\ TypeAliases.swift,\ Utxo.swift,\ Value.swift,\ VerificationKey.swift,\ Health.swift,\ JSON-RPC.swift,\ AnyCredential.swift,\ Bech32.swift /Users/admin/builder/spi-builder-workspace/Sources/SwiftOgmios/Types/Cardano/Transaction.swift /Users/admin/builder/spi-builder-workspace/Sources/SwiftOgmios/Types/Cardano/TypeAliases.swift /Users/admin/builder/spi-builder-workspace/Sources/SwiftOgmios/Types/Cardano/Utxo.swift /Users/admin/builder/spi-builder-workspace/Sources/SwiftOgmios/Types/Cardano/Value.swift /Users/admin/builder/spi-builder-workspace/Sources/SwiftOgmios/Types/Cardano/VerificationKey.swift /Users/admin/builder/spi-builder-workspace/Sources/SwiftOgmios/Types/Health.swift /Users/admin/builder/spi-builder-workspace/Sources/SwiftOgmios/Types/JSON-RPC.swift /Users/admin/builder/spi-builder-workspace/Sources/SwiftOgmios/Types/Ogmios/AnyCredential.swift /Users/admin/builder/spi-builder-workspace/Sources/SwiftOgmios/Types/Ogmios/Bech32.swift (in target 'SwiftOgmios' from project 'SwiftOgmios')
SwiftCompile normal arm64_32 /Users/admin/builder/spi-builder-workspace/Sources/SwiftOgmios/Types/Cardano/Transaction.swift (in target 'SwiftOgmios' from project 'SwiftOgmios')
cd /Users/admin/builder/spi-builder-workspace/.swiftpm/xcode
builtin-SwiftPerFileCompile Transaction.swift
SwiftCompile normal arm64_32 /Users/admin/builder/spi-builder-workspace/Sources/SwiftOgmios/Types/Cardano/TypeAliases.swift (in target 'SwiftOgmios' from project 'SwiftOgmios')
cd /Users/admin/builder/spi-builder-workspace/.swiftpm/xcode
builtin-SwiftPerFileCompile TypeAliases.swift
SwiftCompile normal arm64_32 /Users/admin/builder/spi-builder-workspace/Sources/SwiftOgmios/Types/Cardano/Utxo.swift (in target 'SwiftOgmios' from project 'SwiftOgmios')
cd /Users/admin/builder/spi-builder-workspace/.swiftpm/xcode
builtin-SwiftPerFileCompile Utxo.swift
SwiftCompile normal arm64_32 /Users/admin/builder/spi-builder-workspace/Sources/SwiftOgmios/Types/Cardano/Value.swift (in target 'SwiftOgmios' from project 'SwiftOgmios')
cd /Users/admin/builder/spi-builder-workspace/.swiftpm/xcode
builtin-SwiftPerFileCompile Value.swift
SwiftCompile normal arm64_32 /Users/admin/builder/spi-builder-workspace/Sources/SwiftOgmios/Types/Cardano/VerificationKey.swift (in target 'SwiftOgmios' from project 'SwiftOgmios')
cd /Users/admin/builder/spi-builder-workspace/.swiftpm/xcode
builtin-SwiftPerFileCompile VerificationKey.swift
SwiftCompile normal arm64_32 /Users/admin/builder/spi-builder-workspace/Sources/SwiftOgmios/Types/Health.swift (in target 'SwiftOgmios' from project 'SwiftOgmios')
cd /Users/admin/builder/spi-builder-workspace/.swiftpm/xcode
builtin-SwiftPerFileCompile Health.swift
SwiftCompile normal arm64_32 /Users/admin/builder/spi-builder-workspace/Sources/SwiftOgmios/Types/JSON-RPC.swift (in target 'SwiftOgmios' from project 'SwiftOgmios')
cd /Users/admin/builder/spi-builder-workspace/.swiftpm/xcode
builtin-SwiftPerFileCompile JSON-RPC.swift
SwiftCompile normal arm64_32 /Users/admin/builder/spi-builder-workspace/Sources/SwiftOgmios/Types/Ogmios/AnyCredential.swift (in target 'SwiftOgmios' from project 'SwiftOgmios')
cd /Users/admin/builder/spi-builder-workspace/.swiftpm/xcode
builtin-SwiftPerFileCompile AnyCredential.swift
SwiftCompile normal arm64_32 /Users/admin/builder/spi-builder-workspace/Sources/SwiftOgmios/Types/Ogmios/Bech32.swift (in target 'SwiftOgmios' from project 'SwiftOgmios')
cd /Users/admin/builder/spi-builder-workspace/.swiftpm/xcode
builtin-SwiftPerFileCompile Bech32.swift
/Users/admin/builder/spi-builder-workspace/Sources/SwiftOgmios/Types/Cardano/TypeAliases.swift:4:32: error: 'UInt128' is only available in watchOS 11.0 or newer
2 |
3 | /// A block number, the i-th block to be minted is number i.
4 | public typealias BlockHeight = UInt128
| | `- error: 'UInt128' is only available in watchOS 11.0 or newer
| `- note: add '@available' attribute to enclosing type alias
5 |
6 | /// An epoch number or length.
PruneExplicitPrecompiledModules /Users/admin/builder/spi-builder-workspace/.derivedData/Build/Intermediates.noindex/ExplicitPrecompiledModules
PruneExplicitPrecompiledModules /Users/admin/builder/spi-builder-workspace/.derivedData/SDKExplicitPrecompiledModules
PruneExplicitPrecompiledModules /Users/admin/builder/spi-builder-workspace/.derivedData/Build/Intermediates.noindex/SwiftExplicitPrecompiledModules
2026-09-28 12:42:09.707 xcodebuild[5113:19794] [MT] IDERunDestination: Supported platforms for the buildables in the current scheme is empty.
** BUILD FAILED **
The following build commands failed:
SwiftCompile normal arm64 Compiling\ Nonces.swift,\ OperationalCertificates.swift,\ PointOrOrigin.swift,\ ProjectedRewards.swift,\ QueryLedgerStateAcquiredExpired.swift,\ QueryLedgerStateEraMismatch.swift,\ QueryLedgerStateUnavailableInCurrentEra.swift,\ QueryNetworkInvalidGenesis.swift,\ RewardAccountSummary.swift /Users/admin/builder/spi-builder-workspace/Sources/SwiftOgmios/Types/Ogmios/Nonces.swift /Users/admin/builder/spi-builder-workspace/Sources/SwiftOgmios/Types/Ogmios/OperationalCertificates.swift /Users/admin/builder/spi-builder-workspace/Sources/SwiftOgmios/Types/Ogmios/PointOrOrigin.swift /Users/admin/builder/spi-builder-workspace/Sources/SwiftOgmios/Types/Ogmios/ProjectedRewards.swift /Users/admin/builder/spi-builder-workspace/Sources/SwiftOgmios/Types/Ogmios/QueryLedgerStateAcquiredExpired.swift /Users/admin/builder/spi-builder-workspace/Sources/SwiftOgmios/Types/Ogmios/QueryLedgerStateEraMismatch.swift /Users/admin/builder/spi-builder-workspace/Sources/SwiftOgmios/Types/Ogmios/QueryLedgerStateUnavailableInCurrentEra.swift /Users/admin/builder/spi-builder-workspace/Sources/SwiftOgmios/Types/Ogmios/QueryNetworkInvalidGenesis.swift /Users/admin/builder/spi-builder-workspace/Sources/SwiftOgmios/Types/Ogmios/RewardAccountSummary.swift (in target 'SwiftOgmios' from project 'SwiftOgmios')
SwiftCompile normal arm64 /Users/admin/builder/spi-builder-workspace/Sources/SwiftOgmios/Types/Ogmios/PointOrOrigin.swift (in target 'SwiftOgmios' from project 'SwiftOgmios')
Building workspace SwiftOgmios with scheme SwiftOgmios
(3 failures)
BUILD FAILURE 6.4 watchOS