The Swift Package Index logo.Swift Package Index

Build Information

Failed to build OAuthKit, reference 2.2.0 (03a594), with Swift 6.2 for Wasm on 20 Aug 2026 18:37:56 UTC.

Build Command

bash -c docker run --pull=always --rm -v "checkouts-54344847-0":/host -w "$PWD" -e JAVA_HOME="/root/.sdkman/candidates/java/current" -e SPI_BUILD="1" -e SPI_PROCESSING="1" registry.gitlab.com/saguaro1/spi-images:wasm-6.2-latest swift build --swift-sdk swift-6.2-RELEASE_wasm 2>&1

Build Log

========================================
RunAll
========================================
Builder version: 5.0.2
Interrupt handler set up.
========================================
Checkout
========================================
Clone URL: https://github.com/codefiesta/OAuthKit.git
Reference: 2.2.0
Initialized empty Git repository in /host/spi-builder-workspace/.git/
hint: Using 'master' as the name for the initial branch. This default branch name
hint: is subject to change. To configure the initial branch name to use in all
hint: of your new repositories, which will suppress this warning, call:
hint:
hint: 	git config --global init.defaultBranch <name>
hint:
hint: Names commonly chosen instead of 'master' are 'main', 'trunk' and
hint: 'development'. The just-created branch can be renamed via this command:
hint:
hint: 	git branch -m <name>
From https://github.com/codefiesta/OAuthKit
 * tag               2.2.0      -> FETCH_HEAD
HEAD is now at 03a594b Android / Linux Support (#150)
Cloned https://github.com/codefiesta/OAuthKit.git
Revision (git rev-parse @):
03a594b795ce72ba0abb23417cc08201d57d1cb8
SPI manifest file found: $PWD/.spi.yml
SUCCESS checkout https://github.com/codefiesta/OAuthKit.git at 2.2.0
========================================
Build
========================================
Selected platform:         wasm
Swift version:             6.2
Building package at path:  $PWD
https://github.com/codefiesta/OAuthKit.git
Running build ...
bash -c docker run --pull=always --rm -v "checkouts-54344847-0":/host -w "$PWD" -e JAVA_HOME="/root/.sdkman/candidates/java/current" -e SPI_BUILD="1" -e SPI_PROCESSING="1" registry.gitlab.com/saguaro1/spi-images:wasm-6.2-latest swift build --swift-sdk swift-6.2-RELEASE_wasm 2>&1
wasm-6.2-latest: Pulling from saguaro1/spi-images
Digest: sha256:70428a4f4110aef5b17a27427e965f31cf3855e8cf1dfdc416ed61c780337965
Status: Image is up to date for registry.gitlab.com/saguaro1/spi-images:wasm-6.2-latest
Fetching https://github.com/apple/swift-crypto
[1/18325] Fetching swift-crypto
Fetched https://github.com/apple/swift-crypto from cache (3.42s)
Computing version for https://github.com/apple/swift-crypto
Computed https://github.com/apple/swift-crypto at 4.5.1 (4.59s)
Fetching https://github.com/apple/swift-asn1.git
[1/1939] Fetching swift-asn1
Fetched https://github.com/apple/swift-asn1.git from cache (0.46s)
Computing version for https://github.com/apple/swift-asn1.git
Computed https://github.com/apple/swift-asn1.git at 1.7.1 (0.64s)
Creating working copy for https://github.com/apple/swift-crypto
Working copy of https://github.com/apple/swift-crypto resolved at 4.5.1
Creating working copy for https://github.com/apple/swift-asn1.git
Working copy of https://github.com/apple/swift-asn1.git resolved at 1.7.1
Building for debugging...
[0/2] Write sources
[1/2] Write swift-version-24593BA9C3E375BF.txt
error: emit-module command failed with exit code 1 (use -v to see invocation)
[3/26] Emitting module OAuthKit
/host/spi-builder-workspace/Sources/OAuthKit/Extensions/Data+Extensions.swift:11:8: error: no such module 'Crypto'
 9 | import CryptoKit
10 | #else
11 | import Crypto
   |        `- error: no such module 'Crypto'
12 | #endif
13 | import Foundation
[4/29] Compiling OAuthKit Collection+Extensions.swift
/host/spi-builder-workspace/Sources/OAuthKit/Extensions/Data+Extensions.swift:11:8: error: no such module 'Crypto'
 9 | import CryptoKit
10 | #else
11 | import Crypto
   |        `- error: no such module 'Crypto'
12 | #endif
13 | import Foundation
[5/29] Compiling OAuthKit Data+Extensions.swift
/host/spi-builder-workspace/Sources/OAuthKit/Extensions/Data+Extensions.swift:11:8: error: no such module 'Crypto'
 9 | import CryptoKit
10 | #else
11 | import Crypto
   |        `- error: no such module 'Crypto'
12 | #endif
13 | import Foundation
[6/29] Compiling OAuthKit Date+Extensions.swift
/host/spi-builder-workspace/Sources/OAuthKit/Extensions/Data+Extensions.swift:11:8: error: no such module 'Crypto'
 9 | import CryptoKit
10 | #else
11 | import Crypto
   |        `- error: no such module 'Crypto'
12 | #endif
13 | import Foundation
[7/29] Compiling OAuthKit Digest+Extensions.swift
/host/spi-builder-workspace/Sources/OAuthKit/Extensions/Data+Extensions.swift:11:8: error: no such module 'Crypto'
 9 | import CryptoKit
10 | #else
11 | import Crypto
   |        `- error: no such module 'Crypto'
12 | #endif
13 | import Foundation
[8/29] Compiling OAuthKit OAuth+Option.swift
/host/spi-builder-workspace/Sources/OAuthKit/Extensions/Data+Extensions.swift:11:8: error: no such module 'Crypto'
 9 | import CryptoKit
10 | #else
11 | import Crypto
   |        `- error: no such module 'Crypto'
12 | #endif
13 | import Foundation
[9/29] Compiling OAuthKit OAuth+PKCE.swift
/host/spi-builder-workspace/Sources/OAuthKit/Extensions/Data+Extensions.swift:11:8: error: no such module 'Crypto'
 9 | import CryptoKit
10 | #else
11 | import Crypto
   |        `- error: no such module 'Crypto'
12 | #endif
13 | import Foundation
[10/29] Compiling OAuthKit OAuth+Provider.swift
/host/spi-builder-workspace/Sources/OAuthKit/Extensions/Data+Extensions.swift:11:8: error: no such module 'Crypto'
 9 | import CryptoKit
10 | #else
11 | import Crypto
   |        `- error: no such module 'Crypto'
12 | #endif
13 | import Foundation
[11/29] Compiling OAuthKit OAuth+Authorization.swift
/host/spi-builder-workspace/Sources/OAuthKit/Extensions/Data+Extensions.swift:11:8: error: no such module 'Crypto'
 9 | import CryptoKit
10 | #else
11 | import Crypto
   |        `- error: no such module 'Crypto'
12 | #endif
13 | import Foundation
[12/29] Compiling OAuthKit OAuth+DeviceCode.swift
/host/spi-builder-workspace/Sources/OAuthKit/Extensions/Data+Extensions.swift:11:8: error: no such module 'Crypto'
 9 | import CryptoKit
10 | #else
11 | import Crypto
   |        `- error: no such module 'Crypto'
12 | #endif
13 | import Foundation
[13/29] Compiling OAuthKit OAuth+GrantType.swift
/host/spi-builder-workspace/Sources/OAuthKit/Extensions/Data+Extensions.swift:11:8: error: no such module 'Crypto'
 9 | import CryptoKit
10 | #else
11 | import Crypto
   |        `- error: no such module 'Crypto'
12 | #endif
13 | import Foundation
[14/29] Compiling OAuthKit Keychain+Storage.swift
/host/spi-builder-workspace/Sources/OAuthKit/Extensions/Data+Extensions.swift:11:8: error: no such module 'Crypto'
 9 | import CryptoKit
10 | #else
11 | import Crypto
   |        `- error: no such module 'Crypto'
12 | #endif
13 | import Foundation
[15/29] Compiling OAuthKit Keychain.swift
/host/spi-builder-workspace/Sources/OAuthKit/Extensions/Data+Extensions.swift:11:8: error: no such module 'Crypto'
 9 | import CryptoKit
10 | #else
11 | import Crypto
   |        `- error: no such module 'Crypto'
12 | #endif
13 | import Foundation
[16/29] Compiling OAuthKit NetworkMonitor.swift
/host/spi-builder-workspace/Sources/OAuthKit/Extensions/Data+Extensions.swift:11:8: error: no such module 'Crypto'
 9 | import CryptoKit
10 | #else
11 | import Crypto
   |        `- error: no such module 'Crypto'
12 | #endif
13 | import Foundation
[17/29] Compiling OAuthKit OAuth+Request.swift
/host/spi-builder-workspace/Sources/OAuthKit/Extensions/Data+Extensions.swift:11:8: error: no such module 'Crypto'
 9 | import CryptoKit
10 | #else
11 | import Crypto
   |        `- error: no such module 'Crypto'
12 | #endif
13 | import Foundation
[18/29] Compiling OAuthKit OAuth+State.swift
/host/spi-builder-workspace/Sources/OAuthKit/Extensions/Data+Extensions.swift:11:8: error: no such module 'Crypto'
 9 | import CryptoKit
10 | #else
11 | import Crypto
   |        `- error: no such module 'Crypto'
12 | #endif
13 | import Foundation
[19/29] Compiling OAuthKit OAuth+Token.swift
/host/spi-builder-workspace/Sources/OAuthKit/Extensions/Data+Extensions.swift:11:8: error: no such module 'Crypto'
 9 | import CryptoKit
10 | #else
11 | import Crypto
   |        `- error: no such module 'Crypto'
12 | #endif
13 | import Foundation
[20/29] Compiling OAuthKit EnvironmentValues+Extensions.swift
/host/spi-builder-workspace/Sources/OAuthKit/Extensions/Data+Extensions.swift:11:8: error: no such module 'Crypto'
 9 | import CryptoKit
10 | #else
11 | import Crypto
   |        `- error: no such module 'Crypto'
12 | #endif
13 | import Foundation
[21/29] Compiling OAuthKit String+Extensions.swift
/host/spi-builder-workspace/Sources/OAuthKit/Extensions/Data+Extensions.swift:11:8: error: no such module 'Crypto'
 9 | import CryptoKit
10 | #else
11 | import Crypto
   |        `- error: no such module 'Crypto'
12 | #endif
13 | import Foundation
[22/29] Compiling OAuthKit Task+Extensions.swift
/host/spi-builder-workspace/Sources/OAuthKit/Extensions/Data+Extensions.swift:11:8: error: no such module 'Crypto'
 9 | import CryptoKit
10 | #else
11 | import Crypto
   |        `- error: no such module 'Crypto'
12 | #endif
13 | import Foundation
[23/29] Compiling OAuthKit URL+Extensions.swift
/host/spi-builder-workspace/Sources/OAuthKit/Extensions/Data+Extensions.swift:11:8: error: no such module 'Crypto'
 9 | import CryptoKit
10 | #else
11 | import Crypto
   |        `- error: no such module 'Crypto'
12 | #endif
13 | import Foundation
[24/29] Compiling OAuthKit OAuth.swift
/host/spi-builder-workspace/Sources/OAuthKit/Extensions/Data+Extensions.swift:11:8: error: no such module 'Crypto'
 9 | import CryptoKit
10 | #else
11 | import Crypto
   |        `- error: no such module 'Crypto'
12 | #endif
13 | import Foundation
[25/29] Compiling OAuthKit OAWebView.swift
/host/spi-builder-workspace/Sources/OAuthKit/Extensions/Data+Extensions.swift:11:8: error: no such module 'Crypto'
 9 | import CryptoKit
10 | #else
11 | import Crypto
   |        `- error: no such module 'Crypto'
12 | #endif
13 | import Foundation
[26/29] Compiling OAuthKit OAWebViewCoordinator.swift
/host/spi-builder-workspace/Sources/OAuthKit/Extensions/Data+Extensions.swift:11:8: error: no such module 'Crypto'
 9 | import CryptoKit
10 | #else
11 | import Crypto
   |        `- error: no such module 'Crypto'
12 | #endif
13 | import Foundation
[27/29] Compiling OAuthKit URLRequest+Extensions.swift
/host/spi-builder-workspace/Sources/OAuthKit/Extensions/Data+Extensions.swift:11:8: error: no such module 'Crypto'
 9 | import CryptoKit
10 | #else
11 | import Crypto
   |        `- error: no such module 'Crypto'
12 | #endif
13 | import Foundation
[28/29] Compiling OAuthKit URLResponse+Extensions.swift
/host/spi-builder-workspace/Sources/OAuthKit/Extensions/Data+Extensions.swift:11:8: error: no such module 'Crypto'
 9 | import CryptoKit
10 | #else
11 | import Crypto
   |        `- error: no such module 'Crypto'
12 | #endif
13 | import Foundation
[29/29] Compiling OAuthKit UUID+Extensions.swift
/host/spi-builder-workspace/Sources/OAuthKit/Extensions/Data+Extensions.swift:11:8: error: no such module 'Crypto'
 9 | import CryptoKit
10 | #else
11 | import Crypto
   |        `- error: no such module 'Crypto'
12 | #endif
13 | import Foundation
BUILD FAILURE 6.2 wasm