The Swift Package Index logo.Swift Package Index

Build Information

Failed to build SimpleHTTP, reference v0.0.5 (fbf0f0), with Swift 6.4 for Linux on 23 Sep 2026 21:20:34 UTC.

Build Command

bash -c docker run --pull=always --rm -v "checkouts-53886770-0":/host -w "$PWD" -e JAVA_HOME="/root/.sdkman/candidates/java/current" -e SPI_BUILD="1" -e SPI_PROCESSING="1" registry.gitlab.com/saguaro1/spi-images:basic-6.4-latest swift build --triple x86_64-unknown-linux-gnu 2>&1

Build Log

========================================
RunAll
========================================
Builder version: 5.1.0
Interrupt handler set up.
========================================
Checkout
========================================
Clone URL: https://github.com/Pattio/SimpleHTTP.git
Reference: v0.0.5
Initialized empty Git repository in /host/spi-builder-workspace/.git/
hint: Using 'master' as the name for the initial branch. This default branch name
hint: is subject to change. To configure the initial branch name to use in all
hint: of your new repositories, which will suppress this warning, call:
hint:
hint: 	git config --global init.defaultBranch <name>
hint:
hint: Names commonly chosen instead of 'master' are 'main', 'trunk' and
hint: 'development'. The just-created branch can be renamed via this command:
hint:
hint: 	git branch -m <name>
From https://github.com/Pattio/SimpleHTTP
 * tag               v0.0.5     -> FETCH_HEAD
HEAD is now at fbf0f01 Merge pull request #3 from Pattio/status-validator-error-mapping
Cloned https://github.com/Pattio/SimpleHTTP.git
Revision (git rev-parse @):
fbf0f010dd387bf5748596be63b5bc0d106f4574
SUCCESS checkout https://github.com/Pattio/SimpleHTTP.git at v0.0.5
========================================
Build
========================================
Selected platform:         linux
Swift version:             6.4
Building package at path:  $PWD
https://github.com/Pattio/SimpleHTTP.git
Running build ...
bash -c docker run --pull=always --rm -v "checkouts-53886770-0":/host -w "$PWD" -e JAVA_HOME="/root/.sdkman/candidates/java/current" -e SPI_BUILD="1" -e SPI_PROCESSING="1" registry.gitlab.com/saguaro1/spi-images:basic-6.4-latest swift build --triple x86_64-unknown-linux-gnu 2>&1
basic-6.4-latest: Pulling from saguaro1/spi-images
Digest: sha256:c77fcce225e223ac0fafed844619173fc6de8d62dd560eeb28db3182af6a282b
Status: Image is up to date for registry.gitlab.com/saguaro1/spi-images:basic-6.4-latest
Building for debugging...
[Constructing description]
[Planning deferred tasks]
error: SwiftCompile normal x86_64 failed with a nonzero exit code. Command line:     cd /host

/host/spi-builder-workspace/Sources/Modules/Core/HTTPResponse.swift:16:26: error: 'HTTPURLResponse' is unavailable: This type has moved to the FoundationNetworking module. Import that module to use it.
14 |
15 |     /// The raw URL response.
16 |     public let response: HTTPURLResponse
   |                          `- error: 'HTTPURLResponse' is unavailable: This type has moved to the FoundationNetworking module. Import that module to use it.
17 |
18 |     /// The optional response body.
Foundation.HTTPURLResponse:2:18: note: 'HTTPURLResponse' has been explicitly marked unavailable here
1 | @available(*, unavailable, message: "This type has moved to the FoundationNetworking module. Import that module to use it.")
2 | public typealias HTTPURLResponse = AnyObject
  |                  `- note: 'HTTPURLResponse' has been explicitly marked unavailable here
/host/spi-builder-workspace/Sources/Modules/Core/HTTPResponse.swift:34:19: error: 'HTTPURLResponse' is unavailable: This type has moved to the FoundationNetworking module. Import that module to use it.
32 |     public init(
33 |         request: HTTPRequest,
34 |         response: HTTPURLResponse,
   |                   `- error: 'HTTPURLResponse' is unavailable: This type has moved to the FoundationNetworking module. Import that module to use it.
35 |         body: Data? = nil
36 |     ) {
Foundation.HTTPURLResponse:2:18: note: 'HTTPURLResponse' has been explicitly marked unavailable here
1 | @available(*, unavailable, message: "This type has moved to the FoundationNetworking module. Import that module to use it.")
2 | public typealias HTTPURLResponse = AnyObject
  |                  `- note: 'HTTPURLResponse' has been explicitly marked unavailable here
/host/spi-builder-workspace/Sources/Modules/Core/HTTPResponse.swift:16:16: error: stored property 'response' of 'Sendable'-conforming struct 'HTTPResponse' has non-Sendable type 'AnyObject'
14 |
15 |     /// The raw URL response.
16 |     public let response: HTTPURLResponse
   |                `- error: stored property 'response' of 'Sendable'-conforming struct 'HTTPResponse' has non-Sendable type 'AnyObject'
17 |
18 |     /// The optional response body.
Failed frontend command:
/usr/bin/swift-frontend -frontend -emit-module -experimental-skip-non-inlinable-function-bodies-without-types /host/spi-builder-workspace/Sources/Modules/Core/HTTPBody.swift /host/spi-builder-workspace/Sources/Modules/Core/HTTPError.swift /host/spi-builder-workspace/Sources/Modules/Core/HTTPHandler.swift /host/spi-builder-workspace/Sources/Modules/Core/HTTPRequest.swift /host/spi-builder-workspace/Sources/Modules/Core/HTTPRequestOption.swift /host/spi-builder-workspace/Sources/Modules/Core/HTTPResponse.swift -target x86_64-unknown-linux-gnu -disable-objc-interop -I /host/spi-builder-workspace/.build/out/Products/Debug-linux-x86_64 -module-cache-path /host/spi-builder-workspace/.build/out/ModuleCache.noindex -color-diagnostics -Xcc -fcolor-diagnostics -enable-testing -g -debug-info-format\=dwarf -dwarf-version\=4 -swift-version 6 -Onone -D SWIFT_PACKAGE -D DEBUG -D SWIFT_MODULE_RESOURCE_BUNDLE_UNAVAILABLE -D Xcode -serialize-debugging-options -enable-experimental-feature DebugDescriptionMacro -empty-abi-descriptor -external-plugin-path /usr/lib/swift/host/plugins/testing\#/usr/bin/swift-plugin-server -validate-clang-modules-once -clang-build-session-file /host/spi-builder-workspace/.build/out/ModuleCache.noindex/Session.modulevalidation -Xcc -working-directory -Xcc /host -enable-anonymous-context-mangled-names -file-compilation-dir /host -Xcc -fno-omit-frame-pointer -Xcc -D_LIBCPP_HARDENING_MODE\=_LIBCPP_HARDENING_MODE_DEBUG -Xcc -fmodules-prune-interval\=86400 -Xcc -fmodules-prune-after\=345600 -Xcc -I/host/spi-builder-workspace/.build/out/Products/Debug-linux-x86_64/include -Xcc -I/host/spi-builder-workspace/.build/out/Intermediates.noindex/SimpleHTTP.build/Debug-linux-x86_64/SimpleHTTPCore-t.build/DerivedSources-normal/x86_64 -Xcc -I/host/spi-builder-workspace/.build/out/Intermediates.noindex/SimpleHTTP.build/Debug-linux-x86_64/SimpleHTTPCore-t.build/DerivedSources/x86_64 -Xcc -I/host/spi-builder-workspace/.build/out/Intermediates.noindex/SimpleHTTP.build/Debug-linux-x86_64/SimpleHTTPCore-t.build/DerivedSources -Xcc -DSWIFT_PACKAGE -Xcc -DDEBUG\=1 -no-auto-bridging-header-chaining -module-name SimpleHTTPCore -package-name spi_builder_workspace -const-gather-protocols-file /host/spi-builder-workspace/.build/out/Intermediates.noindex/SimpleHTTP.build/Debug-linux-x86_64/SimpleHTTPCore-t.build/Objects-normal/x86_64/SimpleHTTPCore_const_extract_protocols.json -in-process-plugin-server-path /usr/lib/swift/host/libSwiftInProcPluginServer.so -plugin-path /usr/lib/swift/host/plugins -plugin-path /usr/local/lib/swift/host/plugins -emit-module-doc-path /host/spi-builder-workspace/.build/out/Intermediates.noindex/SimpleHTTP.build/Debug-linux-x86_64/SimpleHTTPCore-t.build/Objects-normal/x86_64/Modules/SimpleHTTPCore.swiftdoc -emit-module-source-info-path /host/spi-builder-workspace/.build/out/Intermediates.noindex/SimpleHTTP.build/Debug-linux-x86_64/SimpleHTTPCore-t.build/Objects-normal/x86_64/Modules/SimpleHTTPCore.swiftsourceinfo -emit-objc-header-path /host/spi-builder-workspace/.build/out/Intermediates.noindex/SimpleHTTP.build/Debug-linux-x86_64/SimpleHTTPCore-t.build/Objects-normal/x86_64/SimpleHTTPCore-Swift.h -serialize-diagnostics-path /host/spi-builder-workspace/.build/out/Intermediates.noindex/SimpleHTTP.build/Debug-linux-x86_64/SimpleHTTPCore-t.build/Objects-normal/x86_64/SimpleHTTPCore-primary-emit-module.dia -emit-dependencies-path /host/spi-builder-workspace/.build/out/Intermediates.noindex/SimpleHTTP.build/Debug-linux-x86_64/SimpleHTTPCore-t.build/Objects-normal/x86_64/SimpleHTTPCore-primary-emit-module.d -parse-as-library -o /host/spi-builder-workspace/.build/out/Intermediates.noindex/SimpleHTTP.build/Debug-linux-x86_64/SimpleHTTPCore-t.build/Objects-normal/x86_64/Modules/SimpleHTTPCore.swiftmodule
[47 / 79] SimpleHTTPCore
error: Build failed
BUILD FAILURE 6.4 linux