The Swift Package Index logo.Swift Package Index

Build Information

Failed to build Faketooth, reference v1.0.0 (b9a459), with Swift 6.4 for Linux on 24 Sep 2026 18:54:19 UTC.

Build Command

bash -c docker run --pull=always --rm -v "checkouts-54344845-3":/host -w "$PWD" -e JAVA_HOME="/root/.sdkman/candidates/java/current" -e SPI_BUILD="1" -e SPI_PROCESSING="1" registry.gitlab.com/saguaro1/spi-images:basic-6.4-latest swift build --triple x86_64-unknown-linux-gnu 2>&1

Build Log

========================================
RunAll
========================================
Builder version: 5.1.0
Interrupt handler set up.
========================================
Checkout
========================================
Clone URL: https://github.com/rozd/faketooth.git
Reference: v1.0.0
Initialized empty Git repository in /host/spi-builder-workspace/.git/
hint: Using 'master' as the name for the initial branch. This default branch name
hint: is subject to change. To configure the initial branch name to use in all
hint: of your new repositories, which will suppress this warning, call:
hint:
hint: 	git config --global init.defaultBranch <name>
hint:
hint: Names commonly chosen instead of 'master' are 'main', 'trunk' and
hint: 'development'. The just-created branch can be renamed via this command:
hint:
hint: 	git branch -m <name>
From https://github.com/rozd/faketooth
 * tag               v1.0.0     -> FETCH_HEAD
HEAD is now at b9a459e feat!: add behavioral fidelity, error simulation, discovery filtering, and cleanup
Cloned https://github.com/rozd/faketooth.git
Revision (git rev-parse @):
b9a459eabdfaa2fd510e91ed537f3db489b658f7
SUCCESS checkout https://github.com/rozd/faketooth.git at v1.0.0
========================================
Build
========================================
Selected platform:         linux
Swift version:             6.4
Building package at path:  $PWD
https://github.com/rozd/faketooth.git
Running build ...
bash -c docker run --pull=always --rm -v "checkouts-54344845-3":/host -w "$PWD" -e JAVA_HOME="/root/.sdkman/candidates/java/current" -e SPI_BUILD="1" -e SPI_PROCESSING="1" registry.gitlab.com/saguaro1/spi-images:basic-6.4-latest swift build --triple x86_64-unknown-linux-gnu 2>&1
basic-6.4-latest: Pulling from saguaro1/spi-images
Digest: sha256:c77fcce225e223ac0fafed844619173fc6de8d62dd560eeb28db3182af6a282b
Status: Image is up to date for registry.gitlab.com/saguaro1/spi-images:basic-6.4-latest
Building for debugging...
[Pre-planning 1 / 96]
[26 / 37] Faketooth-ObjC
In file included from /host/spi-builder-workspace/Sources/Faketooth-ObjC/FaketoothDescriptor.m:9:
/host/spi-builder-workspace/Sources/Faketooth-ObjC/FaketoothDescriptor.h:9:9: fatal error: 'CoreBluetooth/CoreBluetooth.h' file not found
    9 | #import <CoreBluetooth/CoreBluetooth.h>
      |         ^~~~~~~~~~~~~~~~~~~~~~~~~~~~~~~
1 error generated.
error: CompileC /host/spi-builder-workspace/.build/out/Intermediates.noindex/Faketooth.build/Debug-linux-x86_64/Faketooth-ObjC-t.build/Objects-normal/x86_64/FaketoothDescriptor.o /host/spi-builder-workspace/Sources/Faketooth-ObjC/FaketoothDescriptor.m normal x86_64 objective-c com.apple.compilers.llvm.clang.1_0.compiler failed with a nonzero exit code. Command line:     cd /host

    Using response file: /host/spi-builder-workspace/.build/out/Intermediates.noindex/Faketooth.build/Debug-linux-x86_64/Faketooth-ObjC-t.build/Objects-normal/x86_64/6f95552a3397ee1cec971b90cf334075d5f321c3a3b0689ad55c3d1e24702600-common-args.resp

    /usr/bin/clang -x objective-c -target x86_64-unknown-linux-gnu -fmessage-length\=0 -fdiagnostics-show-note-include-stack -fmacro-backtrace-limit\=0 -fcolor-diagnostics -Wno-trigraphs -Wno-missing-field-initializers -Wno-missing-prototypes -Wno-return-type -Wno-implicit-atomic-properties -Wno-objc-interface-ivars -Wno-arc-repeated-use-of-weak -Wno-missing-braces -Wparentheses -Wswitch -Wno-unused-function -Wno-unused-label -Wno-unused-parameter -Wno-unused-variable -Wunused-value -Wno-empty-body -Wno-uninitialized -Wno-unknown-pragmas -Wno-shadow -Wno-four-char-constants -Wno-conversion -Wno-constant-conversion -Wno-int-conversion -Wno-bool-conversion -Wno-enum-conversion -Wno-float-conversion -Wno-non-literal-null-conversion -Wno-objc-literal-conversion -Wno-shorten-64-to-32 -Wpointer-sign -Wno-newline-eof -Wno-selector -Wno-strict-selector-match -Wno-undeclared-selector -Wno-deprecated-implementations -Wno-implicit-fallthrough -fstrict-aliasing -Wprotocol -Wdeprecated-declarations -Wno-sign-conversion -Wno-infinite-recursion -Wno-comma -Wno-block-capture-autoreleasing -Wno-strict-prototypes -Wno-semicolon-before-method-body --sysroot / @/host/spi-builder-workspace/.build/out/Intermediates.noindex/Faketooth.build/Debug-linux-x86_64/Faketooth-ObjC-t.build/Objects-normal/x86_64/6f95552a3397ee1cec971b90cf334075d5f321c3a3b0689ad55c3d1e24702600-common-args.resp -MMD -MT dependencies -MF /host/spi-builder-workspace/.build/out/Intermediates.noindex/Faketooth.build/Debug-linux-x86_64/Faketooth-ObjC-t.build/Objects-normal/x86_64/FaketoothDescriptor.d --serialize-diagnostics /host/spi-builder-workspace/.build/out/Intermediates.noindex/Faketooth.build/Debug-linux-x86_64/Faketooth-ObjC-t.build/Objects-normal/x86_64/FaketoothDescriptor.dia -c /host/spi-builder-workspace/Sources/Faketooth-ObjC/FaketoothDescriptor.m -o /host/spi-builder-workspace/.build/out/Intermediates.noindex/Faketooth.build/Debug-linux-x86_64/Faketooth-ObjC-t.build/Objects-normal/x86_64/FaketoothDescriptor.o
In file included from /host/spi-builder-workspace/Sources/Faketooth-ObjC/FaketoothService.m:9:
/host/spi-builder-workspace/Sources/Faketooth-ObjC/FaketoothService.h:9:9: fatal error: 'CoreBluetooth/CoreBluetooth.h' file not found
    9 | #import <CoreBluetooth/CoreBluetooth.h>
      |         ^~~~~~~~~~~~~~~~~~~~~~~~~~~~~~~
1 error generated.
error: CompileC /host/spi-builder-workspace/.build/out/Intermediates.noindex/Faketooth.build/Debug-linux-x86_64/Faketooth-ObjC-t.build/Objects-normal/x86_64/FaketoothService.o /host/spi-builder-workspace/Sources/Faketooth-ObjC/FaketoothService.m normal x86_64 objective-c com.apple.compilers.llvm.clang.1_0.compiler failed with a nonzero exit code. Command line:     cd /host

    Using response file: /host/spi-builder-workspace/.build/out/Intermediates.noindex/Faketooth.build/Debug-linux-x86_64/Faketooth-ObjC-t.build/Objects-normal/x86_64/6f95552a3397ee1cec971b90cf334075d5f321c3a3b0689ad55c3d1e24702600-common-args.resp

    /usr/bin/clang -x objective-c -target x86_64-unknown-linux-gnu -fmessage-length\=0 -fdiagnostics-show-note-include-stack -fmacro-backtrace-limit\=0 -fcolor-diagnostics -Wno-trigraphs -Wno-missing-field-initializers -Wno-missing-prototypes -Wno-return-type -Wno-implicit-atomic-properties -Wno-objc-interface-ivars -Wno-arc-repeated-use-of-weak -Wno-missing-braces -Wparentheses -Wswitch -Wno-unused-function -Wno-unused-label -Wno-unused-parameter -Wno-unused-variable -Wunused-value -Wno-empty-body -Wno-uninitialized -Wno-unknown-pragmas -Wno-shadow -Wno-four-char-constants -Wno-conversion -Wno-constant-conversion -Wno-int-conversion -Wno-bool-conversion -Wno-enum-conversion -Wno-float-conversion -Wno-non-literal-null-conversion -Wno-objc-literal-conversion -Wno-shorten-64-to-32 -Wpointer-sign -Wno-newline-eof -Wno-selector -Wno-strict-selector-match -Wno-undeclared-selector -Wno-deprecated-implementations -Wno-implicit-fallthrough -fstrict-aliasing -Wprotocol -Wdeprecated-declarations -Wno-sign-conversion -Wno-infinite-recursion -Wno-comma -Wno-block-capture-autoreleasing -Wno-strict-prototypes -Wno-semicolon-before-method-body --sysroot / @/host/spi-builder-workspace/.build/out/Intermediates.noindex/Faketooth.build/Debug-linux-x86_64/Faketooth-ObjC-t.build/Objects-normal/x86_64/6f95552a3397ee1cec971b90cf334075d5f321c3a3b0689ad55c3d1e24702600-common-args.resp -MMD -MT dependencies -MF /host/spi-builder-workspace/.build/out/Intermediates.noindex/Faketooth.build/Debug-linux-x86_64/Faketooth-ObjC-t.build/Objects-normal/x86_64/FaketoothService.d --serialize-diagnostics /host/spi-builder-workspace/.build/out/Intermediates.noindex/Faketooth.build/Debug-linux-x86_64/Faketooth-ObjC-t.build/Objects-normal/x86_64/FaketoothService.dia -c /host/spi-builder-workspace/Sources/Faketooth-ObjC/FaketoothService.m -o /host/spi-builder-workspace/.build/out/Intermediates.noindex/Faketooth.build/Debug-linux-x86_64/Faketooth-ObjC-t.build/Objects-normal/x86_64/FaketoothService.o
/host/spi-builder-workspace/Sources/Faketooth-ObjC/CBCentralManager+Faketooth.m:9:9: fatal error: 'objc/runtime.h' file not found
    9 | #import <objc/runtime.h>
      |         ^~~~~~~~~~~~~~~~
1 error generated.
error: CompileC /host/spi-builder-workspace/.build/out/Intermediates.noindex/Faketooth.build/Debug-linux-x86_64/Faketooth-ObjC-t.build/Objects-normal/x86_64/CBCentralManager+Faketooth.o /host/spi-builder-workspace/Sources/Faketooth-ObjC/CBCentralManager+Faketooth.m normal x86_64 objective-c com.apple.compilers.llvm.clang.1_0.compiler failed with a nonzero exit code. Command line:     cd /host

    Using response file: /host/spi-builder-workspace/.build/out/Intermediates.noindex/Faketooth.build/Debug-linux-x86_64/Faketooth-ObjC-t.build/Objects-normal/x86_64/6f95552a3397ee1cec971b90cf334075d5f321c3a3b0689ad55c3d1e24702600-common-args.resp

    /usr/bin/clang -x objective-c -target x86_64-unknown-linux-gnu -fmessage-length\=0 -fdiagnostics-show-note-include-stack -fmacro-backtrace-limit\=0 -fcolor-diagnostics -Wno-trigraphs -Wno-missing-field-initializers -Wno-missing-prototypes -Wno-return-type -Wno-implicit-atomic-properties -Wno-objc-interface-ivars -Wno-arc-repeated-use-of-weak -Wno-missing-braces -Wparentheses -Wswitch -Wno-unused-function -Wno-unused-label -Wno-unused-parameter -Wno-unused-variable -Wunused-value -Wno-empty-body -Wno-uninitialized -Wno-unknown-pragmas -Wno-shadow -Wno-four-char-constants -Wno-conversion -Wno-constant-conversion -Wno-int-conversion -Wno-bool-conversion -Wno-enum-conversion -Wno-float-conversion -Wno-non-literal-null-conversion -Wno-objc-literal-conversion -Wno-shorten-64-to-32 -Wpointer-sign -Wno-newline-eof -Wno-selector -Wno-strict-selector-match -Wno-undeclared-selector -Wno-deprecated-implementations -Wno-implicit-fallthrough -fstrict-aliasing -Wprotocol -Wdeprecated-declarations -Wno-sign-conversion -Wno-infinite-recursion -Wno-comma -Wno-block-capture-autoreleasing -Wno-strict-prototypes -Wno-semicolon-before-method-body --sysroot / @/host/spi-builder-workspace/.build/out/Intermediates.noindex/Faketooth.build/Debug-linux-x86_64/Faketooth-ObjC-t.build/Objects-normal/x86_64/6f95552a3397ee1cec971b90cf334075d5f321c3a3b0689ad55c3d1e24702600-common-args.resp -MMD -MT dependencies -MF /host/spi-builder-workspace/.build/out/Intermediates.noindex/Faketooth.build/Debug-linux-x86_64/Faketooth-ObjC-t.build/Objects-normal/x86_64/CBCentralManager+Faketooth.d --serialize-diagnostics /host/spi-builder-workspace/.build/out/Intermediates.noindex/Faketooth.build/Debug-linux-x86_64/Faketooth-ObjC-t.build/Objects-normal/x86_64/CBCentralManager+Faketooth.dia -c /host/spi-builder-workspace/Sources/Faketooth-ObjC/CBCentralManager+Faketooth.m -o /host/spi-builder-workspace/.build/out/Intermediates.noindex/Faketooth.build/Debug-linux-x86_64/Faketooth-ObjC-t.build/Objects-normal/x86_64/CBCentralManager+Faketooth.o
In file included from /host/spi-builder-workspace/Sources/Faketooth-ObjC/FaketoothPeripheral.m:9:
/host/spi-builder-workspace/Sources/Faketooth-ObjC/FaketoothPeripheral.h:9:9: fatal error: 'CoreBluetooth/CoreBluetooth.h' file not found
    9 | #import <CoreBluetooth/CoreBluetooth.h>
      |         ^~~~~~~~~~~~~~~~~~~~~~~~~~~~~~~
1 error generated.
error: CompileC /host/spi-builder-workspace/.build/out/Intermediates.noindex/Faketooth.build/Debug-linux-x86_64/Faketooth-ObjC-t.build/Objects-normal/x86_64/FaketoothPeripheral.o /host/spi-builder-workspace/Sources/Faketooth-ObjC/FaketoothPeripheral.m normal x86_64 objective-c com.apple.compilers.llvm.clang.1_0.compiler failed with a nonzero exit code. Command line:     cd /host

    Using response file: /host/spi-builder-workspace/.build/out/Intermediates.noindex/Faketooth.build/Debug-linux-x86_64/Faketooth-ObjC-t.build/Objects-normal/x86_64/6f95552a3397ee1cec971b90cf334075d5f321c3a3b0689ad55c3d1e24702600-common-args.resp

    /usr/bin/clang -x objective-c -target x86_64-unknown-linux-gnu -fmessage-length\=0 -fdiagnostics-show-note-include-stack -fmacro-backtrace-limit\=0 -fcolor-diagnostics -Wno-trigraphs -Wno-missing-field-initializers -Wno-missing-prototypes -Wno-return-type -Wno-implicit-atomic-properties -Wno-objc-interface-ivars -Wno-arc-repeated-use-of-weak -Wno-missing-braces -Wparentheses -Wswitch -Wno-unused-function -Wno-unused-label -Wno-unused-parameter -Wno-unused-variable -Wunused-value -Wno-empty-body -Wno-uninitialized -Wno-unknown-pragmas -Wno-shadow -Wno-four-char-constants -Wno-conversion -Wno-constant-conversion -Wno-int-conversion -Wno-bool-conversion -Wno-enum-conversion -Wno-float-conversion -Wno-non-literal-null-conversion -Wno-objc-literal-conversion -Wno-shorten-64-to-32 -Wpointer-sign -Wno-newline-eof -Wno-selector -Wno-strict-selector-match -Wno-undeclared-selector -Wno-deprecated-implementations -Wno-implicit-fallthrough -fstrict-aliasing -Wprotocol -Wdeprecated-declarations -Wno-sign-conversion -Wno-infinite-recursion -Wno-comma -Wno-block-capture-autoreleasing -Wno-strict-prototypes -Wno-semicolon-before-method-body --sysroot / @/host/spi-builder-workspace/.build/out/Intermediates.noindex/Faketooth.build/Debug-linux-x86_64/Faketooth-ObjC-t.build/Objects-normal/x86_64/6f95552a3397ee1cec971b90cf334075d5f321c3a3b0689ad55c3d1e24702600-common-args.resp -MMD -MT dependencies -MF /host/spi-builder-workspace/.build/out/Intermediates.noindex/Faketooth.build/Debug-linux-x86_64/Faketooth-ObjC-t.build/Objects-normal/x86_64/FaketoothPeripheral.d --serialize-diagnostics /host/spi-builder-workspace/.build/out/Intermediates.noindex/Faketooth.build/Debug-linux-x86_64/Faketooth-ObjC-t.build/Objects-normal/x86_64/FaketoothPeripheral.dia -c /host/spi-builder-workspace/Sources/Faketooth-ObjC/FaketoothPeripheral.m -o /host/spi-builder-workspace/.build/out/Intermediates.noindex/Faketooth.build/Debug-linux-x86_64/Faketooth-ObjC-t.build/Objects-normal/x86_64/FaketoothPeripheral.o
In file included from /host/spi-builder-workspace/Sources/Faketooth-ObjC/FaketoothSettings.m:8:
/host/spi-builder-workspace/Sources/Faketooth-ObjC/FaketoothSettings.h:8:9: fatal error: 'Foundation/Foundation.h' file not found
    8 | #import <Foundation/Foundation.h>
      |         ^~~~~~~~~~~~~~~~~~~~~~~~~
1 error generated.
error: CompileC /host/spi-builder-workspace/.build/out/Intermediates.noindex/Faketooth.build/Debug-linux-x86_64/Faketooth-ObjC-t.build/Objects-normal/x86_64/FaketoothSettings.o /host/spi-builder-workspace/Sources/Faketooth-ObjC/FaketoothSettings.m normal x86_64 objective-c com.apple.compilers.llvm.clang.1_0.compiler failed with a nonzero exit code. Command line:     cd /host

    Using response file: /host/spi-builder-workspace/.build/out/Intermediates.noindex/Faketooth.build/Debug-linux-x86_64/Faketooth-ObjC-t.build/Objects-normal/x86_64/6f95552a3397ee1cec971b90cf334075d5f321c3a3b0689ad55c3d1e24702600-common-args.resp

    /usr/bin/clang -x objective-c -target x86_64-unknown-linux-gnu -fmessage-length\=0 -fdiagnostics-show-note-include-stack -fmacro-backtrace-limit\=0 -fcolor-diagnostics -Wno-trigraphs -Wno-missing-field-initializers -Wno-missing-prototypes -Wno-return-type -Wno-implicit-atomic-properties -Wno-objc-interface-ivars -Wno-arc-repeated-use-of-weak -Wno-missing-braces -Wparentheses -Wswitch -Wno-unused-function -Wno-unused-label -Wno-unused-parameter -Wno-unused-variable -Wunused-value -Wno-empty-body -Wno-uninitialized -Wno-unknown-pragmas -Wno-shadow -Wno-four-char-constants -Wno-conversion -Wno-constant-conversion -Wno-int-conversion -Wno-bool-conversion -Wno-enum-conversion -Wno-float-conversion -Wno-non-literal-null-conversion -Wno-objc-literal-conversion -Wno-shorten-64-to-32 -Wpointer-sign -Wno-newline-eof -Wno-selector -Wno-strict-selector-match -Wno-undeclared-selector -Wno-deprecated-implementations -Wno-implicit-fallthrough -fstrict-aliasing -Wprotocol -Wdeprecated-declarations -Wno-sign-conversion -Wno-infinite-recursion -Wno-comma -Wno-block-capture-autoreleasing -Wno-strict-prototypes -Wno-semicolon-before-method-body --sysroot / @/host/spi-builder-workspace/.build/out/Intermediates.noindex/Faketooth.build/Debug-linux-x86_64/Faketooth-ObjC-t.build/Objects-normal/x86_64/6f95552a3397ee1cec971b90cf334075d5f321c3a3b0689ad55c3d1e24702600-common-args.resp -MMD -MT dependencies -MF /host/spi-builder-workspace/.build/out/Intermediates.noindex/Faketooth.build/Debug-linux-x86_64/Faketooth-ObjC-t.build/Objects-normal/x86_64/FaketoothSettings.d --serialize-diagnostics /host/spi-builder-workspace/.build/out/Intermediates.noindex/Faketooth.build/Debug-linux-x86_64/Faketooth-ObjC-t.build/Objects-normal/x86_64/FaketoothSettings.dia -c /host/spi-builder-workspace/Sources/Faketooth-ObjC/FaketoothSettings.m -o /host/spi-builder-workspace/.build/out/Intermediates.noindex/Faketooth.build/Debug-linux-x86_64/Faketooth-ObjC-t.build/Objects-normal/x86_64/FaketoothSettings.o
In file included from /host/spi-builder-workspace/Sources/Faketooth-ObjC/FaketoothCharacteristic.m:9:
/host/spi-builder-workspace/Sources/Faketooth-ObjC/FaketoothCharacteristic.h:9:9: fatal error: 'CoreBluetooth/CoreBluetooth.h' file not found
    9 | #import <CoreBluetooth/CoreBluetooth.h>
      |         ^~~~~~~~~~~~~~~~~~~~~~~~~~~~~~~
1 error generated.
error: CompileC /host/spi-builder-workspace/.build/out/Intermediates.noindex/Faketooth.build/Debug-linux-x86_64/Faketooth-ObjC-t.build/Objects-normal/x86_64/FaketoothCharacteristic.o /host/spi-builder-workspace/Sources/Faketooth-ObjC/FaketoothCharacteristic.m normal x86_64 objective-c com.apple.compilers.llvm.clang.1_0.compiler failed with a nonzero exit code. Command line:     cd /host

    Using response file: /host/spi-builder-workspace/.build/out/Intermediates.noindex/Faketooth.build/Debug-linux-x86_64/Faketooth-ObjC-t.build/Objects-normal/x86_64/6f95552a3397ee1cec971b90cf334075d5f321c3a3b0689ad55c3d1e24702600-common-args.resp

    /usr/bin/clang -x objective-c -target x86_64-unknown-linux-gnu -fmessage-length\=0 -fdiagnostics-show-note-include-stack -fmacro-backtrace-limit\=0 -fcolor-diagnostics -Wno-trigraphs -Wno-missing-field-initializers -Wno-missing-prototypes -Wno-return-type -Wno-implicit-atomic-properties -Wno-objc-interface-ivars -Wno-arc-repeated-use-of-weak -Wno-missing-braces -Wparentheses -Wswitch -Wno-unused-function -Wno-unused-label -Wno-unused-parameter -Wno-unused-variable -Wunused-value -Wno-empty-body -Wno-uninitialized -Wno-unknown-pragmas -Wno-shadow -Wno-four-char-constants -Wno-conversion -Wno-constant-conversion -Wno-int-conversion -Wno-bool-conversion -Wno-enum-conversion -Wno-float-conversion -Wno-non-literal-null-conversion -Wno-objc-literal-conversion -Wno-shorten-64-to-32 -Wpointer-sign -Wno-newline-eof -Wno-selector -Wno-strict-selector-match -Wno-undeclared-selector -Wno-deprecated-implementations -Wno-implicit-fallthrough -fstrict-aliasing -Wprotocol -Wdeprecated-declarations -Wno-sign-conversion -Wno-infinite-recursion -Wno-comma -Wno-block-capture-autoreleasing -Wno-strict-prototypes -Wno-semicolon-before-method-body --sysroot / @/host/spi-builder-workspace/.build/out/Intermediates.noindex/Faketooth.build/Debug-linux-x86_64/Faketooth-ObjC-t.build/Objects-normal/x86_64/6f95552a3397ee1cec971b90cf334075d5f321c3a3b0689ad55c3d1e24702600-common-args.resp -MMD -MT dependencies -MF /host/spi-builder-workspace/.build/out/Intermediates.noindex/Faketooth.build/Debug-linux-x86_64/Faketooth-ObjC-t.build/Objects-normal/x86_64/FaketoothCharacteristic.d --serialize-diagnostics /host/spi-builder-workspace/.build/out/Intermediates.noindex/Faketooth.build/Debug-linux-x86_64/Faketooth-ObjC-t.build/Objects-normal/x86_64/FaketoothCharacteristic.dia -c /host/spi-builder-workspace/Sources/Faketooth-ObjC/FaketoothCharacteristic.m -o /host/spi-builder-workspace/.build/out/Intermediates.noindex/Faketooth.build/Debug-linux-x86_64/Faketooth-ObjC-t.build/Objects-normal/x86_64/FaketoothCharacteristic.o
error: Build failed
BUILD FAILURE 6.4 linux