The Swift Package Index logo.Swift Package Index

Build Information

Failed to build MulberryDataSource, reference main (74c018), with Swift 6.4 for watchOS using Xcode 27.0 on 25 Sep 2026 01:26:03 UTC.

Build Command

env DEVELOPER_DIR=/Applications/Xcode-27.0.0-Release.Candidate.app xcrun xcodebuild -IDEClonedSourcePackagesDirPathOverride=$PWD/.dependencies -skipMacroValidation -skipPackagePluginValidation -derivedDataPath $PWD/.derivedData build -scheme MulberryDataSource -destination generic/platform=watchOS

Build Log

========================================
RunAll
========================================
Builder version: 5.1.0
Interrupt handler set up.
========================================
Checkout
========================================
Clone URL: https://github.com/Livsy90/MulberryDataSource.git
Reference: main
Initialized empty Git repository in /Users/admin/builder/spi-builder-workspace/.git/
From https://github.com/Livsy90/MulberryDataSource
 * branch            main       -> FETCH_HEAD
 * [new branch]      main       -> origin/main
HEAD is now at 74c018a Refactoring
Cloned https://github.com/Livsy90/MulberryDataSource.git
Revision (git rev-parse @):
74c018ab3ec4bd03e22cfdb39f208eb027d5b006
SUCCESS checkout https://github.com/Livsy90/MulberryDataSource.git at main
========================================
Build
========================================
Selected platform:         watchOS
Swift version:             6.4
Building package at path:  $PWD
https://github.com/Livsy90/MulberryDataSource.git
Command line invocation:
    /Applications/Xcode-27.0.0-Release.Candidate.app/Contents/Developer/usr/bin/xcodebuild -IDEClonedSourcePackagesDirPathOverride=/Users/admin/builder/spi-builder-workspace/.dependencies -resolvePackageDependencies
Resolve Package Graph
Resolve Package Graph
Resolved source packages:
  MulberryDataSource: /Users/admin/builder/spi-builder-workspace
resolved source packages: MulberryDataSource
2026-09-24 21:25:20.346 xcodebuild[563:3047] [MT] IDERunDestination: Supported platforms for the buildables in the current scheme is empty.
{
  "dependencies" : [
  ],
  "manifest_display_name" : "MulberryDataSource",
  "name" : "MulberryDataSource",
  "path" : "/Users/admin/builder/spi-builder-workspace",
  "platforms" : [
    {
      "name" : "ios",
      "version" : "15.0"
    }
  ],
  "products" : [
    {
      "name" : "MulberryDataSource",
      "targets" : [
        "MulberryDataSource"
      ],
      "type" : {
        "library" : [
          "automatic"
        ]
      }
    }
  ],
  "targets" : [
    {
      "c99name" : "MulberryDataSource",
      "module_type" : "SwiftTarget",
      "name" : "MulberryDataSource",
      "path" : "Sources/MulberryDataSource",
      "product_memberships" : [
        "MulberryDataSource"
      ],
      "sources" : [
        "DataSource/MulberryDataSource.swift",
        "DataSource/Protocols/MulberryDataSourceProtocol.swift",
        "Extensions/Collection+Safe.swift",
        "Extensions/UITableView+Scroll.swift",
        "Items/Models/HashableItem.swift",
        "Items/Models/HashableSection.swift",
        "Items/Models/TablePosition.swift",
        "Items/Protocols/View/CellConfigurable.swift",
        "Items/Protocols/ViewModel/ItemViewModelDeletable.swift",
        "Items/Protocols/ViewModel/ItemViewModelMutable.swift",
        "Items/Protocols/ViewModel/ItemViewModelProtocol+Hashable.swift",
        "Items/Protocols/ViewModel/ItemViewModelProtocol+Height.swift",
        "Items/Protocols/ViewModel/ItemViewModelProtocol.swift",
        "Items/Protocols/ViewModel/ItemViewModelTappable.swift"
      ],
      "type" : "library"
    }
  ],
  "tools_version" : "5.9"
}
{
  "workspace" : {
    "name" : "MulberryDataSource",
    "schemes" : [
      "MulberryDataSource"
    ]
  }
}
2026-09-24 21:25:52.483 xcodebuild[660:3858] [MT] IDERunDestination: Supported platforms for the buildables in the current scheme is empty.
Running build ...
env DEVELOPER_DIR=/Applications/Xcode-27.0.0-Release.Candidate.app xcrun xcodebuild -IDEClonedSourcePackagesDirPathOverride=$PWD/.dependencies -skipMacroValidation -skipPackagePluginValidation -derivedDataPath $PWD/.derivedData build -scheme MulberryDataSource -destination generic/platform=watchOS
Command line invocation:
    /Applications/Xcode-27.0.0-Release.Candidate.app/Contents/Developer/usr/bin/xcodebuild -IDEClonedSourcePackagesDirPathOverride=/Users/admin/builder/spi-builder-workspace/.dependencies -skipMacroValidation -skipPackagePluginValidation -derivedDataPath /Users/admin/builder/spi-builder-workspace/.derivedData build -scheme MulberryDataSource -destination generic/platform=watchOS
Resolve Package Graph
Resolved source packages:
  MulberryDataSource: /Users/admin/builder/spi-builder-workspace
ComputePackagePrebuildTargetDependencyGraph
Prepare packages
CreateBuildRequest
SendProjectDescription
CreateBuildOperation
ComputeTargetDependencyGraph
note: Building targets in dependency order
note: Target dependency graph (2 targets)
    Target 'MulberryDataSource-product' in project 'MulberryDataSource'
        ➜ Explicit dependency on target 'MulberryDataSource' in project 'MulberryDataSource'
    Target 'MulberryDataSource' in project 'MulberryDataSource' (no dependencies)
GatherProvisioningInputs
CreateBuildDescription
ExecuteExternalTool /Applications/Xcode-27.0.0-Release.Candidate.app/Contents/Developer/Toolchains/XcodeDefault.xctoolchain/usr/bin/clang -v -E -dM -isysroot /Applications/Xcode-27.0.0-Release.Candidate.app/Contents/Developer/Platforms/WatchOS.platform/Developer/SDKs/WatchOS27.0.sdk -x c -c /dev/null
ExecuteExternalTool /Applications/Xcode-27.0.0-Release.Candidate.app/Contents/Developer/Toolchains/XcodeDefault.xctoolchain/usr/bin/swiftc --version
ExecuteExternalTool /Applications/Xcode-27.0.0-Release.Candidate.app/Contents/Developer/Toolchains/XcodeDefault.xctoolchain/usr/bin/ld -version_details
Build description signature: 9ce5ef00b0f2f4d82eed3851c1a1abe1
Build description path: /Users/admin/builder/spi-builder-workspace/.derivedData/Build/Intermediates.noindex/XCBuildData/9ce5ef00b0f2f4d82eed3851c1a1abe1.xcbuilddata
CreateBuildDirectory /Users/admin/builder/spi-builder-workspace/.derivedData/CompilationCache.noindex
    cd /Users/admin/builder/spi-builder-workspace/.swiftpm/xcode
    builtin-create-build-directory /Users/admin/builder/spi-builder-workspace/.derivedData/CompilationCache.noindex
CreateBuildDirectory /Users/admin/builder/spi-builder-workspace/.derivedData/SDKExplicitPrecompiledModules
    cd /Users/admin/builder/spi-builder-workspace/.swiftpm/xcode
    builtin-create-build-directory /Users/admin/builder/spi-builder-workspace/.derivedData/SDKExplicitPrecompiledModules
CreateBuildDirectory /Users/admin/builder/spi-builder-workspace/.derivedData/ModuleCache.noindex
    cd /Users/admin/builder/spi-builder-workspace/.swiftpm/xcode
    builtin-create-build-directory /Users/admin/builder/spi-builder-workspace/.derivedData/ModuleCache.noindex
CreateBuildDirectory /Users/admin/builder/spi-builder-workspace/.derivedData/Build/Products
    cd /Users/admin/builder/spi-builder-workspace/.swiftpm/xcode
    builtin-create-build-directory /Users/admin/builder/spi-builder-workspace/.derivedData/Build/Products
CreateBuildDirectory /Users/admin/builder/spi-builder-workspace/.derivedData/Build/Intermediates.noindex
    cd /Users/admin/builder/spi-builder-workspace/.swiftpm/xcode
    builtin-create-build-directory /Users/admin/builder/spi-builder-workspace/.derivedData/Build/Intermediates.noindex
ClangStatCache /Applications/Xcode-27.0.0-Release.Candidate.app/Contents/Developer/Toolchains/XcodeDefault.xctoolchain/usr/bin/clang-stat-cache /Applications/Xcode-27.0.0-Release.Candidate.app/Contents/Developer/Platforms/WatchOS.platform/Developer/SDKs/WatchOS27.0.sdk /Users/admin/builder/spi-builder-workspace/.derivedData/SDKStatCaches.noindex/watchos27.0-24R360-e829b21a6f8c9b70876ba0858053c04477534ef55a1706bf4c1112bbb242f0a2.sdkstatcache
    cd /Users/admin/builder/spi-builder-workspace/.swiftpm/xcode
    /Applications/Xcode-27.0.0-Release.Candidate.app/Contents/Developer/Toolchains/XcodeDefault.xctoolchain/usr/bin/clang-stat-cache /Applications/Xcode-27.0.0-Release.Candidate.app/Contents/Developer/Platforms/WatchOS.platform/Developer/SDKs/WatchOS27.0.sdk -o /Users/admin/builder/spi-builder-workspace/.derivedData/SDKStatCaches.noindex/watchos27.0-24R360-e829b21a6f8c9b70876ba0858053c04477534ef55a1706bf4c1112bbb242f0a2.sdkstatcache
CreateBuildDirectory /Users/admin/builder/spi-builder-workspace/.derivedData/Build/Products/Debug-watchos
    cd /Users/admin/builder/spi-builder-workspace/.swiftpm/xcode
    builtin-create-build-directory /Users/admin/builder/spi-builder-workspace/.derivedData/Build/Products/Debug-watchos
CreateBuildDirectory /Users/admin/builder/spi-builder-workspace/.derivedData/Build/Intermediates.noindex/SwiftExplicitPrecompiledModules
    cd /Users/admin/builder/spi-builder-workspace/.swiftpm/xcode
    builtin-create-build-directory /Users/admin/builder/spi-builder-workspace/.derivedData/Build/Intermediates.noindex/SwiftExplicitPrecompiledModules
CreateBuildDirectory /Users/admin/builder/spi-builder-workspace/.derivedData/Build/Intermediates.noindex/PrecompiledHeaders
    cd /Users/admin/builder/spi-builder-workspace/.swiftpm/xcode
    builtin-create-build-directory /Users/admin/builder/spi-builder-workspace/.derivedData/Build/Intermediates.noindex/PrecompiledHeaders
CreateBuildDirectory /Users/admin/builder/spi-builder-workspace/.derivedData/Build/Intermediates.noindex/ExplicitPrecompiledModules
    cd /Users/admin/builder/spi-builder-workspace/.swiftpm/xcode
    builtin-create-build-directory /Users/admin/builder/spi-builder-workspace/.derivedData/Build/Intermediates.noindex/ExplicitPrecompiledModules
CreateBuildDirectory /Users/admin/builder/spi-builder-workspace/.derivedData/Build/Intermediates.noindex/EagerLinkingTBDs/Debug-watchos
    cd /Users/admin/builder/spi-builder-workspace/.swiftpm/xcode
    builtin-create-build-directory /Users/admin/builder/spi-builder-workspace/.derivedData/Build/Intermediates.noindex/EagerLinkingTBDs/Debug-watchos
CreateBuildDirectory /Users/admin/builder/spi-builder-workspace/.derivedData/Build/Products/Debug-watchos/PackageFrameworks
    cd /Users/admin/builder/spi-builder-workspace/.swiftpm/xcode
    builtin-create-build-directory /Users/admin/builder/spi-builder-workspace/.derivedData/Build/Products/Debug-watchos/PackageFrameworks
WriteAuxiliaryFile /Users/admin/builder/spi-builder-workspace/.derivedData/Build/Intermediates.noindex/MulberryDataSource.build/Debug-watchos/MulberryDataSource-t.build/Objects-normal/arm64/MulberryDataSource.SwiftFileList (in target 'MulberryDataSource' from project 'MulberryDataSource')
    cd /Users/admin/builder/spi-builder-workspace
    write-file /Users/admin/builder/spi-builder-workspace/.derivedData/Build/Intermediates.noindex/MulberryDataSource.build/Debug-watchos/MulberryDataSource-t.build/Objects-normal/arm64/MulberryDataSource.SwiftFileList
WriteAuxiliaryFile /Users/admin/builder/spi-builder-workspace/.derivedData/Build/Intermediates.noindex/MulberryDataSource.build/Debug-watchos/MulberryDataSource-t.build/Objects-normal/arm64_32/MulberryDataSource_const_extract_protocols.json (in target 'MulberryDataSource' from project 'MulberryDataSource')
    cd /Users/admin/builder/spi-builder-workspace
    write-file /Users/admin/builder/spi-builder-workspace/.derivedData/Build/Intermediates.noindex/MulberryDataSource.build/Debug-watchos/MulberryDataSource-t.build/Objects-normal/arm64_32/MulberryDataSource_const_extract_protocols.json
WriteAuxiliaryFile /Users/admin/builder/spi-builder-workspace/.derivedData/Build/Intermediates.noindex/MulberryDataSource.build/Debug-watchos/MulberryDataSource-t.build/Objects-normal/arm64/MulberryDataSource.LinkFileList (in target 'MulberryDataSource' from project 'MulberryDataSource')
    cd /Users/admin/builder/spi-builder-workspace
    write-file /Users/admin/builder/spi-builder-workspace/.derivedData/Build/Intermediates.noindex/MulberryDataSource.build/Debug-watchos/MulberryDataSource-t.build/Objects-normal/arm64/MulberryDataSource.LinkFileList
WriteAuxiliaryFile /Users/admin/builder/spi-builder-workspace/.derivedData/Build/Intermediates.noindex/MulberryDataSource.build/Debug-watchos/MulberryDataSource-t.build/Objects-normal/arm64_32/MulberryDataSource-OutputFileMap.json (in target 'MulberryDataSource' from project 'MulberryDataSource')
    cd /Users/admin/builder/spi-builder-workspace
    write-file /Users/admin/builder/spi-builder-workspace/.derivedData/Build/Intermediates.noindex/MulberryDataSource.build/Debug-watchos/MulberryDataSource-t.build/Objects-normal/arm64_32/MulberryDataSource-OutputFileMap.json
WriteAuxiliaryFile /Users/admin/builder/spi-builder-workspace/.derivedData/Build/Intermediates.noindex/MulberryDataSource.build/Debug-watchos/MulberryDataSource-t.build/Objects-normal/arm64_32/MulberryDataSource.SwiftConstValuesFileList (in target 'MulberryDataSource' from project 'MulberryDataSource')
    cd /Users/admin/builder/spi-builder-workspace
    write-file /Users/admin/builder/spi-builder-workspace/.derivedData/Build/Intermediates.noindex/MulberryDataSource.build/Debug-watchos/MulberryDataSource-t.build/Objects-normal/arm64_32/MulberryDataSource.SwiftConstValuesFileList
WriteAuxiliaryFile /Users/admin/builder/spi-builder-workspace/.derivedData/Build/Intermediates.noindex/MulberryDataSource.build/Debug-watchos/MulberryDataSource-t.build/Objects-normal/arm64/MulberryDataSource.SwiftConstValuesFileList (in target 'MulberryDataSource' from project 'MulberryDataSource')
    cd /Users/admin/builder/spi-builder-workspace
    write-file /Users/admin/builder/spi-builder-workspace/.derivedData/Build/Intermediates.noindex/MulberryDataSource.build/Debug-watchos/MulberryDataSource-t.build/Objects-normal/arm64/MulberryDataSource.SwiftConstValuesFileList
WriteAuxiliaryFile /Users/admin/builder/spi-builder-workspace/.derivedData/Build/Intermediates.noindex/MulberryDataSource.build/Debug-watchos/MulberryDataSource-t.build/Objects-normal/arm64_32/MulberryDataSource.SwiftFileList (in target 'MulberryDataSource' from project 'MulberryDataSource')
    cd /Users/admin/builder/spi-builder-workspace
    write-file /Users/admin/builder/spi-builder-workspace/.derivedData/Build/Intermediates.noindex/MulberryDataSource.build/Debug-watchos/MulberryDataSource-t.build/Objects-normal/arm64_32/MulberryDataSource.SwiftFileList
WriteAuxiliaryFile /Users/admin/builder/spi-builder-workspace/.derivedData/Build/Intermediates.noindex/MulberryDataSource.build/Debug-watchos/MulberryDataSource-t.build/Objects-normal/arm64_32/MulberryDataSource.LinkFileList (in target 'MulberryDataSource' from project 'MulberryDataSource')
    cd /Users/admin/builder/spi-builder-workspace
    write-file /Users/admin/builder/spi-builder-workspace/.derivedData/Build/Intermediates.noindex/MulberryDataSource.build/Debug-watchos/MulberryDataSource-t.build/Objects-normal/arm64_32/MulberryDataSource.LinkFileList
WriteAuxiliaryFile /Users/admin/builder/spi-builder-workspace/.derivedData/Build/Intermediates.noindex/MulberryDataSource.build/Debug-watchos/MulberryDataSource-t.build/Objects-normal/arm64/MulberryDataSource_const_extract_protocols.json (in target 'MulberryDataSource' from project 'MulberryDataSource')
    cd /Users/admin/builder/spi-builder-workspace
    write-file /Users/admin/builder/spi-builder-workspace/.derivedData/Build/Intermediates.noindex/MulberryDataSource.build/Debug-watchos/MulberryDataSource-t.build/Objects-normal/arm64/MulberryDataSource_const_extract_protocols.json
WriteAuxiliaryFile /Users/admin/builder/spi-builder-workspace/.derivedData/Build/Intermediates.noindex/MulberryDataSource.build/Debug-watchos/MulberryDataSource-t.build/Objects-normal/arm64/MulberryDataSource-OutputFileMap.json (in target 'MulberryDataSource' from project 'MulberryDataSource')
    cd /Users/admin/builder/spi-builder-workspace
    write-file /Users/admin/builder/spi-builder-workspace/.derivedData/Build/Intermediates.noindex/MulberryDataSource.build/Debug-watchos/MulberryDataSource-t.build/Objects-normal/arm64/MulberryDataSource-OutputFileMap.json
WriteAuxiliaryFile /Users/admin/builder/spi-builder-workspace/.derivedData/Build/Intermediates.noindex/MulberryDataSource.build/Debug-watchos/MulberryDataSource-t.build/MulberryDataSource.modulemap (in target 'MulberryDataSource' from project 'MulberryDataSource')
    cd /Users/admin/builder/spi-builder-workspace
    write-file /Users/admin/builder/spi-builder-workspace/.derivedData/Build/Intermediates.noindex/MulberryDataSource.build/Debug-watchos/MulberryDataSource-t.build/MulberryDataSource.modulemap
WriteAuxiliaryFile /Users/admin/builder/spi-builder-workspace/.derivedData/Build/Intermediates.noindex/MulberryDataSource.build/Debug-watchos/MulberryDataSource-t.build/MulberryDataSource.DependencyStaticMetadataFileList (in target 'MulberryDataSource' from project 'MulberryDataSource')
    cd /Users/admin/builder/spi-builder-workspace
    write-file /Users/admin/builder/spi-builder-workspace/.derivedData/Build/Intermediates.noindex/MulberryDataSource.build/Debug-watchos/MulberryDataSource-t.build/MulberryDataSource.DependencyStaticMetadataFileList
WriteAuxiliaryFile /Users/admin/builder/spi-builder-workspace/.derivedData/Build/Intermediates.noindex/MulberryDataSource.build/Debug-watchos/MulberryDataSource-t.build/MulberryDataSource.DependencyMetadataFileList (in target 'MulberryDataSource' from project 'MulberryDataSource')
    cd /Users/admin/builder/spi-builder-workspace
    write-file /Users/admin/builder/spi-builder-workspace/.derivedData/Build/Intermediates.noindex/MulberryDataSource.build/Debug-watchos/MulberryDataSource-t.build/MulberryDataSource.DependencyMetadataFileList
Copy /Users/admin/builder/spi-builder-workspace/.derivedData/Build/Intermediates.noindex/GeneratedModuleMaps-watchos/MulberryDataSource.modulemap /Users/admin/builder/spi-builder-workspace/.derivedData/Build/Intermediates.noindex/MulberryDataSource.build/Debug-watchos/MulberryDataSource-t.build/MulberryDataSource.modulemap (in target 'MulberryDataSource' from project 'MulberryDataSource')
    cd /Users/admin/builder/spi-builder-workspace
    builtin-copy -exclude .DS_Store -exclude CVS -exclude .svn -exclude .git -exclude .hg -resolve-src-symlinks /Users/admin/builder/spi-builder-workspace/.derivedData/Build/Intermediates.noindex/MulberryDataSource.build/Debug-watchos/MulberryDataSource-t.build/MulberryDataSource.modulemap /Users/admin/builder/spi-builder-workspace/.derivedData/Build/Intermediates.noindex/GeneratedModuleMaps-watchos
SwiftDriver MulberryDataSource normal arm64_32 com.apple.xcode.tools.swift.compiler (in target 'MulberryDataSource' from project 'MulberryDataSource')
    cd /Users/admin/builder/spi-builder-workspace/.swiftpm/xcode
    builtin-SwiftDriver -- /Applications/Xcode-27.0.0-Release.Candidate.app/Contents/Developer/Toolchains/XcodeDefault.xctoolchain/usr/bin/swiftc -parse-as-library -module-name MulberryDataSource -Onone @/Users/admin/builder/spi-builder-workspace/.derivedData/Build/Intermediates.noindex/MulberryDataSource.build/Debug-watchos/MulberryDataSource-t.build/Objects-normal/arm64_32/MulberryDataSource.SwiftFileList -DSWIFT_PACKAGE -DDEBUG -DSWIFT_MODULE_RESOURCE_BUNDLE_UNAVAILABLE -DXcode -plugin-path /Applications/Xcode-27.0.0-Release.Candidate.app/Contents/Developer/Toolchains/XcodeDefault.xctoolchain/usr/lib/swift/host/plugins/testing -enable-experimental-feature DebugDescriptionMacro -sdk /Applications/Xcode-27.0.0-Release.Candidate.app/Contents/Developer/Platforms/WatchOS.platform/Developer/SDKs/WatchOS27.0.sdk -target arm64_32-apple-watchos9.0 -g -module-cache-path /Users/admin/builder/spi-builder-workspace/.derivedData/ModuleCache.noindex -Xfrontend -serialize-debugging-options -enable-testing -index-store-path /Users/admin/builder/spi-builder-workspace/.derivedData/Index.noindex/DataStore -Xcc -D_LIBCPP_HARDENING_MODE\=_LIBCPP_HARDENING_MODE_DEBUG -swift-version 5 -I /Users/admin/builder/spi-builder-workspace/.derivedData/Build/Products/Debug-watchos -Isystem /Applications/Xcode-27.0.0-Release.Candidate.app/Contents/Developer/Platforms/WatchOS.platform/Developer/usr/lib -F /Users/admin/builder/spi-builder-workspace/.derivedData/Build/Products/Debug-watchos -F /Applications/Xcode-27.0.0-Release.Candidate.app/Contents/Developer/Platforms/WatchOS.platform/Developer/Library/Frameworks -F /Applications/Xcode-27.0.0-Release.Candidate.app/Contents/Developer/Platforms/WatchOS.platform/Developer/SDKs/WatchOS27.0.sdk/Developer/Library/Frameworks -c -j10 -enable-batch-mode -incremental -Xcc -ivfsstatcache -Xcc /Users/admin/builder/spi-builder-workspace/.derivedData/SDKStatCaches.noindex/watchos27.0-24R360-e829b21a6f8c9b70876ba0858053c04477534ef55a1706bf4c1112bbb242f0a2.sdkstatcache -output-file-map /Users/admin/builder/spi-builder-workspace/.derivedData/Build/Intermediates.noindex/MulberryDataSource.build/Debug-watchos/MulberryDataSource-t.build/Objects-normal/arm64_32/MulberryDataSource-OutputFileMap.json -save-temps -no-color-diagnostics -explicit-module-build -module-cache-path /Users/admin/builder/spi-builder-workspace/.derivedData/Build/Intermediates.noindex/SwiftExplicitPrecompiledModules -clang-scanner-module-cache-path /Users/admin/builder/spi-builder-workspace/.derivedData/ModuleCache.noindex -sdk-module-cache-path /Users/admin/builder/spi-builder-workspace/.derivedData/SDKExplicitPrecompiledModules -emit-dependencies -emit-module -emit-module-path /Users/admin/builder/spi-builder-workspace/.derivedData/Build/Intermediates.noindex/MulberryDataSource.build/Debug-watchos/MulberryDataSource-t.build/Objects-normal/arm64_32/MulberryDataSource.swiftmodule -serialize-diagnostics -dependency-scan-serialize-diagnostics-path /Users/admin/builder/spi-builder-workspace/.derivedData/Build/Intermediates.noindex/MulberryDataSource.build/Debug-watchos/MulberryDataSource-t.build/Objects-normal/arm64_32/MulberryDataSource-dependency-scan.dia -validate-clang-modules-once -clang-build-session-file /Users/admin/builder/spi-builder-workspace/.derivedData/ModuleCache.noindex/Session.modulevalidation -Xcc -fmodules-prune-interval\=86400 -Xcc -fmodules-prune-after\=345600 -package-name spi_builder_workspace -emit-const-values -const-gather-protocols-list /Users/admin/builder/spi-builder-workspace/.derivedData/Build/Intermediates.noindex/MulberryDataSource.build/Debug-watchos/MulberryDataSource-t.build/Objects-normal/arm64_32/MulberryDataSource_const_extract_protocols.json -Xcc -I/Users/admin/builder/spi-builder-workspace/.derivedData/Build/Products/Debug-watchos/include -Xcc -I/Users/admin/builder/spi-builder-workspace/.derivedData/Build/Intermediates.noindex/MulberryDataSource.build/Debug-watchos/MulberryDataSource-t.build/DerivedSources-normal/arm64_32 -Xcc -I/Users/admin/builder/spi-builder-workspace/.derivedData/Build/Intermediates.noindex/MulberryDataSource.build/Debug-watchos/MulberryDataSource-t.build/DerivedSources/arm64_32 -Xcc -I/Users/admin/builder/spi-builder-workspace/.derivedData/Build/Intermediates.noindex/MulberryDataSource.build/Debug-watchos/MulberryDataSource-t.build/DerivedSources -Xcc -DSWIFT_PACKAGE -Xcc -DDEBUG\=1 -emit-objc-header -emit-objc-header-path /Users/admin/builder/spi-builder-workspace/.derivedData/Build/Intermediates.noindex/MulberryDataSource.build/Debug-watchos/MulberryDataSource-t.build/Objects-normal/arm64_32/MulberryDataSource-Swift.h -working-directory /Users/admin/builder/spi-builder-workspace/.swiftpm/xcode -experimental-emit-module-separately -disable-cmo
SwiftDriver MulberryDataSource normal arm64 com.apple.xcode.tools.swift.compiler (in target 'MulberryDataSource' from project 'MulberryDataSource')
    cd /Users/admin/builder/spi-builder-workspace/.swiftpm/xcode
    builtin-SwiftDriver -- /Applications/Xcode-27.0.0-Release.Candidate.app/Contents/Developer/Toolchains/XcodeDefault.xctoolchain/usr/bin/swiftc -parse-as-library -module-name MulberryDataSource -Onone @/Users/admin/builder/spi-builder-workspace/.derivedData/Build/Intermediates.noindex/MulberryDataSource.build/Debug-watchos/MulberryDataSource-t.build/Objects-normal/arm64/MulberryDataSource.SwiftFileList -DSWIFT_PACKAGE -DDEBUG -DSWIFT_MODULE_RESOURCE_BUNDLE_UNAVAILABLE -DXcode -plugin-path /Applications/Xcode-27.0.0-Release.Candidate.app/Contents/Developer/Toolchains/XcodeDefault.xctoolchain/usr/lib/swift/host/plugins/testing -enable-experimental-feature DebugDescriptionMacro -sdk /Applications/Xcode-27.0.0-Release.Candidate.app/Contents/Developer/Platforms/WatchOS.platform/Developer/SDKs/WatchOS27.0.sdk -target arm64-apple-watchos9.0 -g -module-cache-path /Users/admin/builder/spi-builder-workspace/.derivedData/ModuleCache.noindex -Xfrontend -serialize-debugging-options -enable-testing -index-store-path /Users/admin/builder/spi-builder-workspace/.derivedData/Index.noindex/DataStore -Xcc -D_LIBCPP_HARDENING_MODE\=_LIBCPP_HARDENING_MODE_DEBUG -swift-version 5 -I /Users/admin/builder/spi-builder-workspace/.derivedData/Build/Products/Debug-watchos -Isystem /Applications/Xcode-27.0.0-Release.Candidate.app/Contents/Developer/Platforms/WatchOS.platform/Developer/usr/lib -F /Users/admin/builder/spi-builder-workspace/.derivedData/Build/Products/Debug-watchos -F /Applications/Xcode-27.0.0-Release.Candidate.app/Contents/Developer/Platforms/WatchOS.platform/Developer/Library/Frameworks -F /Applications/Xcode-27.0.0-Release.Candidate.app/Contents/Developer/Platforms/WatchOS.platform/Developer/SDKs/WatchOS27.0.sdk/Developer/Library/Frameworks -c -j10 -enable-batch-mode -incremental -Xcc -ivfsstatcache -Xcc /Users/admin/builder/spi-builder-workspace/.derivedData/SDKStatCaches.noindex/watchos27.0-24R360-e829b21a6f8c9b70876ba0858053c04477534ef55a1706bf4c1112bbb242f0a2.sdkstatcache -output-file-map /Users/admin/builder/spi-builder-workspace/.derivedData/Build/Intermediates.noindex/MulberryDataSource.build/Debug-watchos/MulberryDataSource-t.build/Objects-normal/arm64/MulberryDataSource-OutputFileMap.json -save-temps -no-color-diagnostics -explicit-module-build -module-cache-path /Users/admin/builder/spi-builder-workspace/.derivedData/Build/Intermediates.noindex/SwiftExplicitPrecompiledModules -clang-scanner-module-cache-path /Users/admin/builder/spi-builder-workspace/.derivedData/ModuleCache.noindex -sdk-module-cache-path /Users/admin/builder/spi-builder-workspace/.derivedData/SDKExplicitPrecompiledModules -emit-dependencies -emit-module -emit-module-path /Users/admin/builder/spi-builder-workspace/.derivedData/Build/Intermediates.noindex/MulberryDataSource.build/Debug-watchos/MulberryDataSource-t.build/Objects-normal/arm64/MulberryDataSource.swiftmodule -serialize-diagnostics -dependency-scan-serialize-diagnostics-path /Users/admin/builder/spi-builder-workspace/.derivedData/Build/Intermediates.noindex/MulberryDataSource.build/Debug-watchos/MulberryDataSource-t.build/Objects-normal/arm64/MulberryDataSource-dependency-scan.dia -validate-clang-modules-once -clang-build-session-file /Users/admin/builder/spi-builder-workspace/.derivedData/ModuleCache.noindex/Session.modulevalidation -Xcc -fmodules-prune-interval\=86400 -Xcc -fmodules-prune-after\=345600 -package-name spi_builder_workspace -emit-const-values -const-gather-protocols-list /Users/admin/builder/spi-builder-workspace/.derivedData/Build/Intermediates.noindex/MulberryDataSource.build/Debug-watchos/MulberryDataSource-t.build/Objects-normal/arm64/MulberryDataSource_const_extract_protocols.json -Xcc -I/Users/admin/builder/spi-builder-workspace/.derivedData/Build/Products/Debug-watchos/include -Xcc -I/Users/admin/builder/spi-builder-workspace/.derivedData/Build/Intermediates.noindex/MulberryDataSource.build/Debug-watchos/MulberryDataSource-t.build/DerivedSources-normal/arm64 -Xcc -I/Users/admin/builder/spi-builder-workspace/.derivedData/Build/Intermediates.noindex/MulberryDataSource.build/Debug-watchos/MulberryDataSource-t.build/DerivedSources/arm64 -Xcc -I/Users/admin/builder/spi-builder-workspace/.derivedData/Build/Intermediates.noindex/MulberryDataSource.build/Debug-watchos/MulberryDataSource-t.build/DerivedSources -Xcc -DSWIFT_PACKAGE -Xcc -DDEBUG\=1 -emit-objc-header -emit-objc-header-path /Users/admin/builder/spi-builder-workspace/.derivedData/Build/Intermediates.noindex/MulberryDataSource.build/Debug-watchos/MulberryDataSource-t.build/Objects-normal/arm64/MulberryDataSource-Swift.h -working-directory /Users/admin/builder/spi-builder-workspace/.swiftpm/xcode -experimental-emit-module-separately -disable-cmo
SwiftExplicitDependencyGeneratePcm arm64 /Users/admin/builder/spi-builder-workspace/.derivedData/SDKExplicitPrecompiledModules/ptrauth-3TZ9WJCGLYD25HQPWH4968ONX.pcm
SwiftExplicitDependencyGeneratePcm arm64 /Users/admin/builder/spi-builder-workspace/.derivedData/SDKExplicitPrecompiledModules/_AvailabilityInternal-BUNV3UXM65NT37THI4W1AM0SF.pcm
SwiftExplicitDependencyGeneratePcm arm64 /Users/admin/builder/spi-builder-workspace/.derivedData/SDKExplicitPrecompiledModules/_Builtin_float-C0CW5Q4HGBQYKE77TC42IAFB5.pcm
SwiftExplicitDependencyGeneratePcm arm64 /Users/admin/builder/spi-builder-workspace/.derivedData/SDKExplicitPrecompiledModules/_SwiftConcurrencyShims-659N52XSKR5F0QSB880BH2FJR.pcm
SwiftExplicitDependencyGeneratePcm arm64 /Users/admin/builder/spi-builder-workspace/.derivedData/SDKExplicitPrecompiledModules/ptrcheck-AIF0NDOYZ8ORBNHQAQR5NNB8M.pcm
SwiftExplicitDependencyGeneratePcm arm64 /Users/admin/builder/spi-builder-workspace/.derivedData/SDKExplicitPrecompiledModules/SwiftShims-4MXFZPV6FEB0XBYXCGPWAMQGL.pcm
SwiftExplicitDependencyGeneratePcm arm64 /Users/admin/builder/spi-builder-workspace/.derivedData/SDKExplicitPrecompiledModules/_Builtin_stdbool-83J96QSOFE9VX04AAS6310UAE.pcm
SwiftExplicitDependencyGeneratePcm arm64 /Users/admin/builder/spi-builder-workspace/.derivedData/SDKExplicitPrecompiledModules/DeveloperToolsSupport-E7CNISCB36UE8XQ9IOHK9XDX1.pcm
SwiftExplicitDependencyGeneratePcm arm64 /Users/admin/builder/spi-builder-workspace/.derivedData/SDKExplicitPrecompiledModules/_Builtin_stdarg-A7UU8LE6MP85SM26YO7PBZNUQ.pcm
SwiftExplicitDependencyGeneratePcm arm64 /Users/admin/builder/spi-builder-workspace/.derivedData/SDKExplicitPrecompiledModules/_Builtin_stddef-1FU30Y8SWFB7OUUHMJQH5J6FM.pcm
SwiftExplicitDependencyGeneratePcm arm64_32 /Users/admin/builder/spi-builder-workspace/.derivedData/SDKExplicitPrecompiledModules/_Builtin_stdbool-A967K8W8YUYEC9SN52KJ7OO88.pcm
SwiftExplicitDependencyGeneratePcm arm64_32 /Users/admin/builder/spi-builder-workspace/.derivedData/SDKExplicitPrecompiledModules/DeveloperToolsSupport-DZU5G1OCMNWU0AQRULIFHUJ1Z.pcm
SwiftExplicitDependencyGeneratePcm arm64_32 /Users/admin/builder/spi-builder-workspace/.derivedData/SDKExplicitPrecompiledModules/_AvailabilityInternal-244WAN3Z1QBT7PIA64EZEFY1R.pcm
SwiftExplicitDependencyGeneratePcm arm64_32 /Users/admin/builder/spi-builder-workspace/.derivedData/SDKExplicitPrecompiledModules/_Builtin_stdarg-D305JG44A2WPI6CJY37X3QJE8.pcm
SwiftExplicitDependencyGeneratePcm arm64_32 /Users/admin/builder/spi-builder-workspace/.derivedData/SDKExplicitPrecompiledModules/ptrauth-BFXF358ME5AK535N5A9Z766WU.pcm
SwiftExplicitDependencyGeneratePcm arm64_32 /Users/admin/builder/spi-builder-workspace/.derivedData/SDKExplicitPrecompiledModules/_SwiftConcurrencyShims-6RTBPQ03V7BM9SPRK8SUE055H.pcm
SwiftExplicitDependencyGeneratePcm arm64_32 /Users/admin/builder/spi-builder-workspace/.derivedData/SDKExplicitPrecompiledModules/ptrcheck-7ELIH9BTIGVKX3UBITM9N72WD.pcm
SwiftExplicitDependencyGeneratePcm arm64_32 /Users/admin/builder/spi-builder-workspace/.derivedData/SDKExplicitPrecompiledModules/SwiftShims-9CQQGWTSNTN9EB5NSHDWUJICH.pcm
SwiftExplicitDependencyGeneratePcm arm64_32 /Users/admin/builder/spi-builder-workspace/.derivedData/SDKExplicitPrecompiledModules/_Builtin_stddef-H44EFHQX6XSS5MZ7QP6YJZ76.pcm
SwiftExplicitDependencyGeneratePcm arm64_32 /Users/admin/builder/spi-builder-workspace/.derivedData/SDKExplicitPrecompiledModules/_Builtin_float-6KO8O3PEWRCA4WC6PPLOYO6WJ.pcm
SwiftExplicitDependencyGeneratePcm arm64 /Users/admin/builder/spi-builder-workspace/.derivedData/SDKExplicitPrecompiledModules/_DarwinFoundation1-7SPX3MD0HMP55E4OLNCPNDQ53.pcm
SwiftExplicitDependencyGeneratePcm arm64_32 /Users/admin/builder/spi-builder-workspace/.derivedData/SDKExplicitPrecompiledModules/_DarwinFoundation1-2GWF9RFMPLQW4PDHS3NARVI3G.pcm
SwiftExplicitDependencyGeneratePcm arm64 /Users/admin/builder/spi-builder-workspace/.derivedData/SDKExplicitPrecompiledModules/_Builtin_limits-9GWPA2B0H20DYUNYHYCWKABJG.pcm
SwiftExplicitDependencyGeneratePcm arm64 /Users/admin/builder/spi-builder-workspace/.derivedData/SDKExplicitPrecompiledModules/_DarwinFoundation2-D0XAPJU49S5E9XMKYOFGSTB1Q.pcm
SwiftExplicitDependencyGeneratePcm arm64_32 /Users/admin/builder/spi-builder-workspace/.derivedData/SDKExplicitPrecompiledModules/_Builtin_limits-3VKBU2AFTD65PAJZ5CJ3LHFM2.pcm
SwiftExplicitDependencyGeneratePcm arm64_32 /Users/admin/builder/spi-builder-workspace/.derivedData/SDKExplicitPrecompiledModules/_DarwinFoundation2-9MY8GOSYRO0M9MKNXF6D3MBNK.pcm
SwiftExplicitDependencyGeneratePcm arm64 /Users/admin/builder/spi-builder-workspace/.derivedData/SDKExplicitPrecompiledModules/string_h-E6PRXK75PHIPCZFWOFCQ3QBMK.pcm
SwiftExplicitDependencyGeneratePcm arm64 /Users/admin/builder/spi-builder-workspace/.derivedData/SDKExplicitPrecompiledModules/_Builtin_tgmath-8NQ96OZ0YHXEC24JI95P01UF8.pcm
SwiftExplicitDependencyGeneratePcm arm64 /Users/admin/builder/spi-builder-workspace/.derivedData/SDKExplicitPrecompiledModules/sys_types-2KXQLI78OUCDP779AE68GZJ2.pcm
SwiftExplicitDependencyGeneratePcm arm64 /Users/admin/builder/spi-builder-workspace/.derivedData/SDKExplicitPrecompiledModules/_Builtin_stdint-8XMILLJZEGRN2XG7XZUXZ5RLX.pcm
SwiftExplicitDependencyGeneratePcm arm64_32 /Users/admin/builder/spi-builder-workspace/.derivedData/SDKExplicitPrecompiledModules/_Builtin_stdint-1HMXWI3V0V4TXHRWZOMZGZ80Y.pcm
SwiftExplicitDependencyGeneratePcm arm64_32 /Users/admin/builder/spi-builder-workspace/.derivedData/SDKExplicitPrecompiledModules/string_h-BFVLUQUSBZWYMLCU9QI7VZALW.pcm
SwiftExplicitDependencyGeneratePcm arm64_32 /Users/admin/builder/spi-builder-workspace/.derivedData/SDKExplicitPrecompiledModules/sys_types-8TLLMW08ZJWDGIIPKOYFGHHZW.pcm
SwiftExplicitDependencyGeneratePcm arm64_32 /Users/admin/builder/spi-builder-workspace/.derivedData/SDKExplicitPrecompiledModules/_Builtin_tgmath-23PGCKURCQILXMK0MYZRYDCOU.pcm
SwiftExplicitDependencyGeneratePcm arm64 /Users/admin/builder/spi-builder-workspace/.derivedData/SDKExplicitPrecompiledModules/_Builtin_stdatomic-7JEFA3KBJJJN6TKJWY3OG1VG5.pcm
SwiftExplicitDependencyGeneratePcm arm64 /Users/admin/builder/spi-builder-workspace/.derivedData/SDKExplicitPrecompiledModules/_DarwinFoundation3-B97LRG0E9GON2NUE65TVG81HU.pcm
SwiftExplicitDependencyGeneratePcm arm64 /Users/admin/builder/spi-builder-workspace/.derivedData/SDKExplicitPrecompiledModules/_Builtin_intrinsics-75960HIPCIYA06IUW8FIIPQT.pcm
SwiftExplicitDependencyGeneratePcm arm64_32 /Users/admin/builder/spi-builder-workspace/.derivedData/SDKExplicitPrecompiledModules/_Builtin_intrinsics-196IIAKDQVU42DLOZP9OQCV76.pcm
SwiftExplicitDependencyGeneratePcm arm64_32 /Users/admin/builder/spi-builder-workspace/.derivedData/SDKExplicitPrecompiledModules/_DarwinFoundation3-3DUTYQDQSD9HUAAVY947NMWOI.pcm
SwiftExplicitDependencyGeneratePcm arm64_32 /Users/admin/builder/spi-builder-workspace/.derivedData/SDKExplicitPrecompiledModules/_Builtin_stdatomic-1TY035TURL76BF2U98PZPPZRX.pcm
SwiftExplicitDependencyGeneratePcm arm64 /Users/admin/builder/spi-builder-workspace/.derivedData/SDKExplicitPrecompiledModules/_Builtin_inttypes-3UQSCM7WNM9EK4HZML8TY5J3D.pcm
SwiftExplicitDependencyGeneratePcm arm64_32 /Users/admin/builder/spi-builder-workspace/.derivedData/SDKExplicitPrecompiledModules/_Builtin_inttypes-D2KPCR4PEX9AQA33NGLUT5SBR.pcm
SwiftExplicitDependencyGeneratePcm arm64 /Users/admin/builder/spi-builder-workspace/.derivedData/SDKExplicitPrecompiledModules/Darwin-3984OXKFNSPE77NT743WK8SEX.pcm
SwiftExplicitDependencyGeneratePcm arm64_32 /Users/admin/builder/spi-builder-workspace/.derivedData/SDKExplicitPrecompiledModules/Darwin-3FVT1SKLN2ZQ5RVOABMTQBB34.pcm
SwiftExplicitDependencyGeneratePcm arm64 /Users/admin/builder/spi-builder-workspace/.derivedData/SDKExplicitPrecompiledModules/simd-EH08NODU6574T74ZKU61VP9BW.pcm
SwiftExplicitDependencyGeneratePcm arm64_32 /Users/admin/builder/spi-builder-workspace/.derivedData/SDKExplicitPrecompiledModules/simd-21UNWYOBUZI1LVSQ99S1XBLMO.pcm
SwiftExplicitDependencyGeneratePcm arm64 /Users/admin/builder/spi-builder-workspace/.derivedData/SDKExplicitPrecompiledModules/ObjectiveC-72IVD3VS2RS8Q28D9PIMY0KQP.pcm
SwiftExplicitDependencyGeneratePcm arm64 /Users/admin/builder/spi-builder-workspace/.derivedData/SDKExplicitPrecompiledModules/MachO-2U90NNSAQILBNBPS1SA4F8TYP.pcm
SwiftExplicitDependencyGeneratePcm arm64_32 /Users/admin/builder/spi-builder-workspace/.derivedData/SDKExplicitPrecompiledModules/MachO-56838ZJ0NC1EBAJ0O6O8QMPDX.pcm
SwiftExplicitDependencyGeneratePcm arm64_32 /Users/admin/builder/spi-builder-workspace/.derivedData/SDKExplicitPrecompiledModules/ObjectiveC-6IJNELR2E80E7LUKESVCP2KET.pcm
SwiftExplicitDependencyGeneratePcm arm64 /Users/admin/builder/spi-builder-workspace/.derivedData/SDKExplicitPrecompiledModules/os_object-3SDKD7F87FTZ26OON37DRYT6O.pcm
SwiftExplicitDependencyGeneratePcm arm64_32 /Users/admin/builder/spi-builder-workspace/.derivedData/SDKExplicitPrecompiledModules/os_object-5YWTC6L4756IWSTPGXS5NM0D0.pcm
SwiftExplicitDependencyGeneratePcm arm64 /Users/admin/builder/spi-builder-workspace/.derivedData/SDKExplicitPrecompiledModules/os_workgroup-89GG5G7YC2D0ZTK6AZXXQ20DH.pcm
SwiftExplicitDependencyGeneratePcm arm64_32 /Users/admin/builder/spi-builder-workspace/.derivedData/SDKExplicitPrecompiledModules/os_workgroup-5JHTPDMNBUNHLJI8LPHKQK1JK.pcm
SwiftExplicitDependencyGeneratePcm arm64 /Users/admin/builder/spi-builder-workspace/.derivedData/SDKExplicitPrecompiledModules/Spatial-44FJGYXFAT2AQAW9Z6T7YS02U.pcm
SwiftExplicitDependencyGeneratePcm arm64_32 /Users/admin/builder/spi-builder-workspace/.derivedData/SDKExplicitPrecompiledModules/Spatial-CWVWNML3T0NXVHZDKVLD3X1YZ.pcm
SwiftExplicitDependencyGeneratePcm arm64 /Users/admin/builder/spi-builder-workspace/.derivedData/SDKExplicitPrecompiledModules/Dispatch-1NLJOVAK60XP0DUB05XA59EIM.pcm
SwiftExplicitDependencyGeneratePcm arm64_32 /Users/admin/builder/spi-builder-workspace/.derivedData/SDKExplicitPrecompiledModules/Dispatch-2P62F1T4XV63S4P99TUDTOK2Q.pcm
SwiftExplicitDependencyGeneratePcm arm64_32 /Users/admin/builder/spi-builder-workspace/.derivedData/SDKExplicitPrecompiledModules/XPC-81Y45QFY96XYYFCW2GT6FY8S4.pcm
SwiftExplicitDependencyGeneratePcm arm64_32 /Users/admin/builder/spi-builder-workspace/.derivedData/SDKExplicitPrecompiledModules/CoreFoundation-8E6Y4BA3EXYKUGJ24GT9LGV3N.pcm
SwiftExplicitDependencyGeneratePcm arm64 /Users/admin/builder/spi-builder-workspace/.derivedData/SDKExplicitPrecompiledModules/XPC-40DR0X1DHKGCV4J1IOLFS8MOU.pcm
SwiftExplicitDependencyGeneratePcm arm64 /Users/admin/builder/spi-builder-workspace/.derivedData/SDKExplicitPrecompiledModules/CoreFoundation-8T2L24YC5NU7WO6WQJWRY7W08.pcm
SwiftExplicitDependencyGeneratePcm arm64 /Users/admin/builder/spi-builder-workspace/.derivedData/SDKExplicitPrecompiledModules/os-5DIL6Z9LFIGLMZAHM7X2T5435.pcm
SwiftExplicitDependencyGeneratePcm arm64_32 /Users/admin/builder/spi-builder-workspace/.derivedData/SDKExplicitPrecompiledModules/os-E5IGB442IA6SBB25TTCOLK2OC.pcm
SwiftExplicitDependencyGeneratePcm arm64 /Users/admin/builder/spi-builder-workspace/.derivedData/SDKExplicitPrecompiledModules/Security-6RZ6YBRU8WCUHRFFRVUK5WKMM.pcm
SwiftExplicitDependencyGeneratePcm arm64 /Users/admin/builder/spi-builder-workspace/.derivedData/SDKExplicitPrecompiledModules/CoreGraphics-DWNZ73GEH98SBJXZ7DEXB420K.pcm
SwiftExplicitDependencyGeneratePcm arm64_32 /Users/admin/builder/spi-builder-workspace/.derivedData/SDKExplicitPrecompiledModules/Security-D7TOWF88VWF67TB9HAFP5UWB1.pcm
SwiftExplicitDependencyGeneratePcm arm64_32 /Users/admin/builder/spi-builder-workspace/.derivedData/SDKExplicitPrecompiledModules/CoreGraphics-9FDXYX6BKBUT6TJ2VF819E7T5.pcm
SwiftExplicitDependencyGeneratePcm arm64 /Users/admin/builder/spi-builder-workspace/.derivedData/SDKExplicitPrecompiledModules/Foundation-DLBKUSGXN8QHAT8W0OARR9S8A.pcm
SwiftExplicitDependencyGeneratePcm arm64_32 /Users/admin/builder/spi-builder-workspace/.derivedData/SDKExplicitPrecompiledModules/Foundation-BJ2VQGI3OGR34500MEQ1VKHPH.pcm
SwiftExplicitDependencyGeneratePcm arm64_32 /Users/admin/builder/spi-builder-workspace/.derivedData/SDKExplicitPrecompiledModules/CoreVideo-2P8HI0403J99LBDPKNFJ5D4DL.pcm
SwiftExplicitDependencyGeneratePcm arm64_32 /Users/admin/builder/spi-builder-workspace/.derivedData/SDKExplicitPrecompiledModules/CoreText-C9X2REPZN2V5BSU4G80FCETDR.pcm
SwiftExplicitDependencyGeneratePcm arm64 /Users/admin/builder/spi-builder-workspace/.derivedData/SDKExplicitPrecompiledModules/CoreText-970YJN6NIYGK1316L35Z0O8QT.pcm
SwiftExplicitDependencyGeneratePcm arm64 /Users/admin/builder/spi-builder-workspace/.derivedData/SDKExplicitPrecompiledModules/CoreVideo-8MRR5MNWUOAW2DBPGUQ8FKK4.pcm
SwiftExplicitDependencyGeneratePcm arm64_32 /Users/admin/builder/spi-builder-workspace/.derivedData/SDKExplicitPrecompiledModules/_LocationEssentials-AQ1OL9QKC3LQLY5CNSRM1HB53.pcm
SwiftExplicitDependencyGeneratePcm arm64_32 /Users/admin/builder/spi-builder-workspace/.derivedData/SDKExplicitPrecompiledModules/QuartzCore-6375NPYACK5NYVHPMC1QQ8MC2.pcm
SwiftExplicitDependencyGeneratePcm arm64_32 /Users/admin/builder/spi-builder-workspace/.derivedData/SDKExplicitPrecompiledModules/Accessibility-F385OMZ5GYBUY5O4QAJB4NRII.pcm
SwiftExplicitDependencyGeneratePcm arm64_32 /Users/admin/builder/spi-builder-workspace/.derivedData/SDKExplicitPrecompiledModules/CoreTransferable-5D4IR6X37682FPHJ5CBPTKQV6.pcm
SwiftExplicitDependencyGeneratePcm arm64_32 /Users/admin/builder/spi-builder-workspace/.derivedData/SDKExplicitPrecompiledModules/Symbols-1H97WMG76HU94F5VGJR19PXFY.pcm
SwiftExplicitDependencyGeneratePcm arm64_32 /Users/admin/builder/spi-builder-workspace/.derivedData/SDKExplicitPrecompiledModules/DataDetection-U9BF7WHFVA6BZGFXXXP272PS.pcm
SwiftExplicitDependencyGeneratePcm arm64_32 /Users/admin/builder/spi-builder-workspace/.derivedData/SDKExplicitPrecompiledModules/UIUtilities-9YFVNIMRC5HRVOIARNWHP1E3H.pcm
SwiftExplicitDependencyGeneratePcm arm64_32 /Users/admin/builder/spi-builder-workspace/.derivedData/SDKExplicitPrecompiledModules/UniformTypeIdentifiers-CJZ3NTHPSBH4XWX5EVOG56UZS.pcm
SwiftExplicitDependencyGeneratePcm arm64_32 /Users/admin/builder/spi-builder-workspace/.derivedData/SDKExplicitPrecompiledModules/UserNotifications-6TBN8TEAKO014N1T2QD926XED.pcm
SwiftExplicitDependencyGeneratePcm arm64_32 /Users/admin/builder/spi-builder-workspace/.derivedData/SDKExplicitPrecompiledModules/OSLog-D9AVFY0KWO7RVBIQ73CBIJVCN.pcm
SwiftExplicitDependencyGeneratePcm arm64 /Users/admin/builder/spi-builder-workspace/.derivedData/SDKExplicitPrecompiledModules/UIUtilities-IR7RNW23VAUKYI9MLCS9NL9A.pcm
SwiftExplicitDependencyGeneratePcm arm64 /Users/admin/builder/spi-builder-workspace/.derivedData/SDKExplicitPrecompiledModules/CoreTransferable-9PPG3SLJ55T4LITIFYX2M0NOZ.pcm
SwiftExplicitDependencyGeneratePcm arm64 /Users/admin/builder/spi-builder-workspace/.derivedData/SDKExplicitPrecompiledModules/_LocationEssentials-5ZZDGDXB6HLQUC72SJW7YJ7MK.pcm
SwiftExplicitDependencyGeneratePcm arm64_32 /Users/admin/builder/spi-builder-workspace/.derivedData/SDKExplicitPrecompiledModules/CoreLocation-8XU5YMYM4P11RQMYCQAG65ITK.pcm
SwiftExplicitDependencyGeneratePcm arm64 /Users/admin/builder/spi-builder-workspace/.derivedData/SDKExplicitPrecompiledModules/OSLog-B7VGO357Y3GJG35TST7DKDSI3.pcm
SwiftExplicitDependencyGeneratePcm arm64 /Users/admin/builder/spi-builder-workspace/.derivedData/SDKExplicitPrecompiledModules/UniformTypeIdentifiers-8L08Q8DQJV8C4AW84YVGFGTRN.pcm
SwiftExplicitDependencyGeneratePcm arm64 /Users/admin/builder/spi-builder-workspace/.derivedData/SDKExplicitPrecompiledModules/QuartzCore-94KFMWNOU7ZLUZNB4T5DLZC9D.pcm
SwiftExplicitDependencyGeneratePcm arm64 /Users/admin/builder/spi-builder-workspace/.derivedData/SDKExplicitPrecompiledModules/Symbols-3EFABTJ9L5PQDJ7RQCYQWEJMM.pcm
SwiftExplicitDependencyGeneratePcm arm64 /Users/admin/builder/spi-builder-workspace/.derivedData/SDKExplicitPrecompiledModules/UserNotifications-ARAH8MEQ0C2L0FBO39HITJMAO.pcm
SwiftExplicitDependencyGeneratePcm arm64 /Users/admin/builder/spi-builder-workspace/.derivedData/SDKExplicitPrecompiledModules/Accessibility-27QMG6ZQ1NKYTNBYFPM1XKNFC.pcm
SwiftExplicitDependencyGeneratePcm arm64_32 /Users/admin/builder/spi-builder-workspace/.derivedData/SDKExplicitPrecompiledModules/SwiftUICore-3Q7WLRD8MR9R3NGIPUBQCP6F6.pcm
SwiftExplicitDependencyGeneratePcm arm64 /Users/admin/builder/spi-builder-workspace/.derivedData/SDKExplicitPrecompiledModules/DataDetection-7BNVI1SZW5ISQL5SX4WL2X7I5.pcm
SwiftExplicitDependencyGeneratePcm arm64 /Users/admin/builder/spi-builder-workspace/.derivedData/SDKExplicitPrecompiledModules/CoreLocation-ACKJ9K7ABI14F97Y46Y6SRR17.pcm
SwiftExplicitDependencyGeneratePcm arm64_32 /Users/admin/builder/spi-builder-workspace/.derivedData/SDKExplicitPrecompiledModules/CoreMotion-1XGTVTE5PP32UHME8AC63TL6.pcm
SwiftExplicitDependencyGeneratePcm arm64 /Users/admin/builder/spi-builder-workspace/.derivedData/SDKExplicitPrecompiledModules/SwiftUICore-C1DST1IX2Z0PTH5SJJZ1IULRB.pcm
SwiftExplicitDependencyGeneratePcm arm64 /Users/admin/builder/spi-builder-workspace/.derivedData/SDKExplicitPrecompiledModules/CoreMotion-6RD5K48QT1F4L9CATNFD2O7YB.pcm
SwiftExplicitDependencyGeneratePcm arm64_32 /Users/admin/builder/spi-builder-workspace/.derivedData/SDKExplicitPrecompiledModules/UIKit-6PPV7YPZ89CZPHYAP072QH8B6.pcm
SwiftExplicitDependencyGeneratePcm arm64 /Users/admin/builder/spi-builder-workspace/.derivedData/SDKExplicitPrecompiledModules/UIKit-27R3P1YMV4C6JLDT661G3MRIA.pcm
SwiftCompile normal arm64_32 Compiling\ ItemViewModelProtocol+Height.swift /Users/admin/builder/spi-builder-workspace/Sources/MulberryDataSource/Items/Protocols/ViewModel/ItemViewModelProtocol+Height.swift (in target 'MulberryDataSource' from project 'MulberryDataSource')
SwiftCompile normal arm64_32 /Users/admin/builder/spi-builder-workspace/Sources/MulberryDataSource/Items/Protocols/ViewModel/ItemViewModelProtocol+Height.swift (in target 'MulberryDataSource' from project 'MulberryDataSource')
    cd /Users/admin/builder/spi-builder-workspace/.swiftpm/xcode
    builtin-SwiftPerFileCompile ItemViewModelProtocol+Height.swift
/Users/admin/builder/spi-builder-workspace/Sources/MulberryDataSource/Items/Protocols/ViewModel/ItemViewModelProtocol+Height.swift:12:9: error: 'UITableView' is unavailable in watchOS
10 | public extension ItemViewModelProtocol {
11 |     var itemHeight: CGFloat {
12 |         UITableView.automaticDimension
   |         `- error: 'UITableView' is unavailable in watchOS
13 |     }
14 | }
/Applications/Xcode-27.0.0-Release.Candidate.app/Contents/Developer/Platforms/WatchOS.platform/Developer/SDKs/WatchOS27.0.sdk/System/Library/Frameworks/UIKit.framework/Headers/UITableView.h:347:12: note: 'UITableView' has been explicitly marked unavailable here
345 |
346 | UIKIT_EXTERN API_AVAILABLE(ios(2.0)) API_UNAVAILABLE(watchos) NS_SWIFT_UI_ACTOR
347 | @interface UITableView : UIScrollView <NSCoding, UIDataSourceTranslating>
    |            `- note: 'UITableView' has been explicitly marked unavailable here
348 |
349 | - (instancetype)initWithFrame:(CGRect)frame style:(UITableViewStyle)style NS_DESIGNATED_INITIALIZER; // must specify style at creation. -initWithFrame: calls this with UITableViewStylePlain
SwiftCompile normal arm64_32 Compiling\ TablePosition.swift,\ CellConfigurable.swift /Users/admin/builder/spi-builder-workspace/Sources/MulberryDataSource/Items/Models/TablePosition.swift /Users/admin/builder/spi-builder-workspace/Sources/MulberryDataSource/Items/Protocols/View/CellConfigurable.swift (in target 'MulberryDataSource' from project 'MulberryDataSource')
SwiftCompile normal arm64_32 /Users/admin/builder/spi-builder-workspace/Sources/MulberryDataSource/Items/Models/TablePosition.swift (in target 'MulberryDataSource' from project 'MulberryDataSource')
    cd /Users/admin/builder/spi-builder-workspace/.swiftpm/xcode
    builtin-SwiftPerFileCompile TablePosition.swift
SwiftCompile normal arm64_32 /Users/admin/builder/spi-builder-workspace/Sources/MulberryDataSource/Items/Protocols/View/CellConfigurable.swift (in target 'MulberryDataSource' from project 'MulberryDataSource')
    cd /Users/admin/builder/spi-builder-workspace/.swiftpm/xcode
    builtin-SwiftPerFileCompile CellConfigurable.swift
SwiftCompile normal arm64_32 Compiling\ ItemViewModelTappable.swift /Users/admin/builder/spi-builder-workspace/Sources/MulberryDataSource/Items/Protocols/ViewModel/ItemViewModelTappable.swift (in target 'MulberryDataSource' from project 'MulberryDataSource')
SwiftCompile normal arm64_32 /Users/admin/builder/spi-builder-workspace/Sources/MulberryDataSource/Items/Protocols/ViewModel/ItemViewModelTappable.swift (in target 'MulberryDataSource' from project 'MulberryDataSource')
    cd /Users/admin/builder/spi-builder-workspace/.swiftpm/xcode
    builtin-SwiftPerFileCompile ItemViewModelTappable.swift
SwiftCompile normal arm64_32 Compiling\ HashableItem.swift,\ HashableSection.swift /Users/admin/builder/spi-builder-workspace/Sources/MulberryDataSource/Items/Models/HashableItem.swift /Users/admin/builder/spi-builder-workspace/Sources/MulberryDataSource/Items/Models/HashableSection.swift (in target 'MulberryDataSource' from project 'MulberryDataSource')
SwiftCompile normal arm64_32 /Users/admin/builder/spi-builder-workspace/Sources/MulberryDataSource/Items/Models/HashableItem.swift (in target 'MulberryDataSource' from project 'MulberryDataSource')
    cd /Users/admin/builder/spi-builder-workspace/.swiftpm/xcode
    builtin-SwiftPerFileCompile HashableItem.swift
SwiftCompile normal arm64_32 /Users/admin/builder/spi-builder-workspace/Sources/MulberryDataSource/Items/Models/HashableSection.swift (in target 'MulberryDataSource' from project 'MulberryDataSource')
    cd /Users/admin/builder/spi-builder-workspace/.swiftpm/xcode
    builtin-SwiftPerFileCompile HashableSection.swift
SwiftEmitModule normal arm64_32 Emitting\ module\ for\ MulberryDataSource (in target 'MulberryDataSource' from project 'MulberryDataSource')
/Users/admin/builder/spi-builder-workspace/Sources/MulberryDataSource/DataSource/MulberryDataSource.swift:63:35: error: cannot specialize non-generic type 'UITableViewDiffableDataSource'
 61 |         }
 62 |     }
 63 |     private lazy var dataSource = UITableViewDiffableDataSource<HashableSection, HashableItem>(
    |                                   `- error: cannot specialize non-generic type 'UITableViewDiffableDataSource'
 64 |         tableView: tableView,
 65 |         cellProvider: { [weak self] _, _, item -> UITableViewCell? in
/Users/admin/builder/spi-builder-workspace/Sources/MulberryDataSource/DataSource/MulberryDataSource.swift:19:41: error: 'UITapGestureRecognizer' is unavailable in watchOS
 17 |     }
 18 |
 19 |     private final class ItemTapGesture: UITapGestureRecognizer {
    |                                         `- error: 'UITapGestureRecognizer' is unavailable in watchOS
 20 |         var viewModel: ItemViewModelTappable?
 21 |     }
/Applications/Xcode-27.0.0-Release.Candidate.app/Contents/Developer/Platforms/WatchOS.platform/Developer/SDKs/WatchOS27.0.sdk/System/Library/Frameworks/UIKit.framework/Headers/UITapGestureRecognizer.h:23:12: note: 'UITapGestureRecognizer' has been explicitly marked unavailable here
21 |
22 | UIKIT_EXTERN API_AVAILABLE(ios(3.2)) API_UNAVAILABLE(watchos) NS_SWIFT_UI_ACTOR
23 | @interface UITapGestureRecognizer : UIGestureRecognizer
   |            `- note: 'UITapGestureRecognizer' has been explicitly marked unavailable here
24 |
25 | @property (nonatomic) NSUInteger  numberOfTapsRequired;       // Default is 1. The number of taps required to match
/Users/admin/builder/spi-builder-workspace/Sources/MulberryDataSource/DataSource/MulberryDataSource.swift:46:30: error: 'UITableView' is unavailable in watchOS
 44 |
 45 |     /// The type of animation to use when inserting or deleting rows.
 46 |     public var rowAnimation: UITableView.RowAnimation = .automatic {
    |                              `- error: 'UITableView' is unavailable in watchOS
 47 |         didSet {
 48 |             dataSource.defaultRowAnimation = rowAnimation
/Applications/Xcode-27.0.0-Release.Candidate.app/Contents/Developer/Platforms/WatchOS.platform/Developer/SDKs/WatchOS27.0.sdk/System/Library/Frameworks/UIKit.framework/Headers/UITableView.h:347:12: note: 'UITableView' has been explicitly marked unavailable here
345 |
346 | UIKIT_EXTERN API_AVAILABLE(ios(2.0)) API_UNAVAILABLE(watchos) NS_SWIFT_UI_ACTOR
347 | @interface UITableView : UIScrollView <NSCoding, UIDataSourceTranslating>
    |            `- note: 'UITableView' has been explicitly marked unavailable here
348 |
349 | - (instancetype)initWithFrame:(CGRect)frame style:(UITableViewStyle)style NS_DESIGNATED_INITIALIZER; // must specify style at creation. -initWithFrame: calls this with UITableViewStylePlain
/Users/admin/builder/spi-builder-workspace/Sources/MulberryDataSource/DataSource/MulberryDataSource.swift:58:28: error: 'UITableView' is unavailable in watchOS
 56 |     private var hasReachedTopEdge = false
 57 |     private var hasReachedBottomEdge = false
 58 |     private var tableView: UITableView {
    |                            `- error: 'UITableView' is unavailable in watchOS
 59 |         didSet {
 60 |             registeredReuseIdentifiers.removeAll()
/Applications/Xcode-27.0.0-Release.Candidate.app/Contents/Developer/Platforms/WatchOS.platform/Developer/SDKs/WatchOS27.0.sdk/System/Library/Frameworks/UIKit.framework/Headers/UITableView.h:347:12: note: 'UITableView' has been explicitly marked unavailable here
345 |
346 | UIKIT_EXTERN API_AVAILABLE(ios(2.0)) API_UNAVAILABLE(watchos) NS_SWIFT_UI_ACTOR
347 | @interface UITableView : UIScrollView <NSCoding, UIDataSourceTranslating>
    |            `- note: 'UITableView' has been explicitly marked unavailable here
348 |
349 | - (instancetype)initWithFrame:(CGRect)frame style:(UITableViewStyle)style NS_DESIGNATED_INITIALIZER; // must specify style at creation. -initWithFrame: calls this with UITableViewStylePlain
/Users/admin/builder/spi-builder-workspace/Sources/MulberryDataSource/DataSource/MulberryDataSource.swift:77:28: error: 'UITableView' is unavailable in watchOS
 75 |     // MARK: - Init
 76 |
 77 |     public init(tableView: UITableView) {
    |                            `- error: 'UITableView' is unavailable in watchOS
 78 |         self.tableView = tableView
 79 |         super.init()
/Applications/Xcode-27.0.0-Release.Candidate.app/Contents/Developer/Platforms/WatchOS.platform/Developer/SDKs/WatchOS27.0.sdk/System/Library/Frameworks/UIKit.framework/Headers/UITableView.h:347:12: note: 'UITableView' has been explicitly marked unavailable here
345 |
346 | UIKIT_EXTERN API_AVAILABLE(ios(2.0)) API_UNAVAILABLE(watchos) NS_SWIFT_UI_ACTOR
347 | @interface UITableView : UIScrollView <NSCoding, UIDataSourceTranslating>
    |            `- note: 'UITableView' has been explicitly marked unavailable here
348 |
349 | - (instancetype)initWithFrame:(CGRect)frame style:(UITableViewStyle)style NS_DESIGNATED_INITIALIZER; // must specify style at creation. -initWithFrame: calls this with UITableViewStylePlain
/Users/admin/builder/spi-builder-workspace/Sources/MulberryDataSource/DataSource/MulberryDataSource.swift:98:51: error: 'UITableView' is unavailable in watchOS
 96 |     ///   - scrollPosition: The position in the table view (top, middle, bottom) to scroll a specified row to.
 97 |     ///   - animated: Turns animation on or off.
 98 |     public func scrollToBottom(at scrollPosition: UITableView.ScrollPosition, animated: Bool) {
    |                                                   `- error: 'UITableView' is unavailable in watchOS
 99 |         tableView.scrollToBottom(at: scrollPosition, animated: animated)
100 |     }
/Applications/Xcode-27.0.0-Release.Candidate.app/Contents/Developer/Platforms/WatchOS.platform/Developer/SDKs/WatchOS27.0.sdk/System/Library/Frameworks/UIKit.framework/Headers/UITableView.h:347:12: note: 'UITableView' has been explicitly marked unavailable here
345 |
346 | UIKIT_EXTERN API_AVAILABLE(ios(2.0)) API_UNAVAILABLE(watchos) NS_SWIFT_UI_ACTOR
347 | @interface UITableView : UIScrollView <NSCoding, UIDataSourceTranslating>
    |            `- note: 'UITableView' has been explicitly marked unavailable here
348 |
349 | - (instancetype)initWithFrame:(CGRect)frame style:(UITableViewStyle)style NS_DESIGNATED_INITIALIZER; // must specify style at creation. -initWithFrame: calls this with UITableViewStylePlain
/Users/admin/builder/spi-builder-workspace/Sources/MulberryDataSource/DataSource/MulberryDataSource.swift:529:46: error: cannot specialize non-generic type 'NSDiffableDataSourceSnapshot'
527 |     }
528 |
529 |     private func syncSections(with snapshot: NSDiffableDataSourceSnapshot<HashableSection, HashableItem>) {
    |                                              `- error: cannot specialize non-generic type 'NSDiffableDataSourceSnapshot'
530 |         let updatedSections = snapshot.sectionIdentifiers.map {
531 |             var section = $0
/Users/admin/builder/spi-builder-workspace/Sources/MulberryDataSource/DataSource/MulberryDataSource.swift:563:22: error: 'UITableView' is unavailable in watchOS
561 |
562 |     public func tableView(
563 |         _ tableView: UITableView,
    |                      `- error: 'UITableView' is unavailable in watchOS
564 |         didSelectRowAt indexPath: IndexPath
565 |     ) {
/Applications/Xcode-27.0.0-Release.Candidate.app/Contents/Developer/Platforms/WatchOS.platform/Developer/SDKs/WatchOS27.0.sdk/System/Library/Frameworks/UIKit.framework/Headers/UITableView.h:347:12: note: 'UITableView' has been explicitly marked unavailable here
345 |
346 | UIKIT_EXTERN API_AVAILABLE(ios(2.0)) API_UNAVAILABLE(watchos) NS_SWIFT_UI_ACTOR
347 | @interface UITableView : UIScrollView <NSCoding, UIDataSourceTranslating>
    |            `- note: 'UITableView' has been explicitly marked unavailable here
348 |
349 | - (instancetype)initWithFrame:(CGRect)frame style:(UITableViewStyle)style NS_DESIGNATED_INITIALIZER; // must specify style at creation. -initWithFrame: calls this with UITableViewStylePlain
/Users/admin/builder/spi-builder-workspace/Sources/MulberryDataSource/DataSource/MulberryDataSource.swift:579:22: error: 'UITableView' is unavailable in watchOS
577 |
578 |     public func tableView(
579 |         _ tableView: UITableView,
    |                      `- error: 'UITableView' is unavailable in watchOS
580 |         heightForRowAt indexPath: IndexPath
581 |     ) -> CGFloat {
/Applications/Xcode-27.0.0-Release.Candidate.app/Contents/Developer/Platforms/WatchOS.platform/Developer/SDKs/WatchOS27.0.sdk/System/Library/Frameworks/UIKit.framework/Headers/UITableView.h:347:12: note: 'UITableView' has been explicitly marked unavailable here
345 |
346 | UIKIT_EXTERN API_AVAILABLE(ios(2.0)) API_UNAVAILABLE(watchos) NS_SWIFT_UI_ACTOR
347 | @interface UITableView : UIScrollView <NSCoding, UIDataSourceTranslating>
    |            `- note: 'UITableView' has been explicitly marked unavailable here
348 |
349 | - (instancetype)initWithFrame:(CGRect)frame style:(UITableViewStyle)style NS_DESIGNATED_INITIALIZER; // must specify style at creation. -initWithFrame: calls this with UITableViewStylePlain
/Users/admin/builder/spi-builder-workspace/Sources/MulberryDataSource/DataSource/MulberryDataSource.swift:587:22: error: 'UITableView' is unavailable in watchOS
585 |
586 |     public func tableView(
587 |         _ tableView: UITableView,
    |                      `- error: 'UITableView' is unavailable in watchOS
588 |         viewForHeaderInSection section: Int
589 |     ) -> UIView? {
/Applications/Xcode-27.0.0-Release.Candidate.app/Contents/Developer/Platforms/WatchOS.platform/Developer/SDKs/WatchOS27.0.sdk/System/Library/Frameworks/UIKit.framework/Headers/UITableView.h:347:12: note: 'UITableView' has been explicitly marked unavailable here
345 |
346 | UIKIT_EXTERN API_AVAILABLE(ios(2.0)) API_UNAVAILABLE(watchos) NS_SWIFT_UI_ACTOR
347 | @interface UITableView : UIScrollView <NSCoding, UIDataSourceTranslating>
    |            `- note: 'UITableView' has been explicitly marked unavailable here
348 |
349 | - (instancetype)initWithFrame:(CGRect)frame style:(UITableViewStyle)style NS_DESIGNATED_INITIALIZER; // must specify style at creation. -initWithFrame: calls this with UITableViewStylePlain
/Users/admin/builder/spi-builder-workspace/Sources/MulberryDataSource/DataSource/MulberryDataSource.swift:589:10: error: 'UIView' is unavailable in watchOS
587 |         _ tableView: UITableView,
588 |         viewForHeaderInSection section: Int
589 |     ) -> UIView? {
    |          `- error: 'UIView' is unavailable in watchOS
590 |
591 |         guard
/Applications/Xcode-27.0.0-Release.Candidate.app/Contents/Developer/Platforms/WatchOS.platform/Developer/SDKs/WatchOS27.0.sdk/System/Library/Frameworks/UIKit.framework/Headers/UIView.h:152:12: note: 'UIView' has been explicitly marked unavailable here
150 |
151 | UIKIT_EXTERN API_AVAILABLE(ios(2.0)) API_UNAVAILABLE(watchos) NS_SWIFT_UI_ACTOR
152 | @interface UIView : UIResponder <NSCoding, UIAppearance, UIAppearanceContainer, UIDynamicItem, UITraitEnvironment, UICoordinateSpace, UIFocusItem, UIFocusItemContainer, CALayerDelegate>
    |            `- note: 'UIView' has been explicitly marked unavailable here
153 |
154 | @property(class, nonatomic, readonly) Class layerClass;                        // default is [CALayer class]. Used when creating the underlying layer for the view.
/Users/admin/builder/spi-builder-workspace/Sources/MulberryDataSource/DataSource/MulberryDataSource.swift:618:22: error: 'UITableView' is unavailable in watchOS
616 |
617 |     public func tableView(
618 |         _ tableView: UITableView,
    |                      `- error: 'UITableView' is unavailable in watchOS
619 |         heightForHeaderInSection section: Int
620 |     ) -> CGFloat {
/Applications/Xcode-27.0.0-Release.Candidate.app/Contents/Developer/Platforms/WatchOS.platform/Developer/SDKs/WatchOS27.0.sdk/System/Library/Frameworks/UIKit.framework/Headers/UITableView.h:347:12: note: 'UITableView' has been explicitly marked unavailable here
345 |
346 | UIKIT_EXTERN API_AVAILABLE(ios(2.0)) API_UNAVAILABLE(watchos) NS_SWIFT_UI_ACTOR
347 | @interface UITableView : UIScrollView <NSCoding, UIDataSourceTranslating>
    |            `- note: 'UITableView' has been explicitly marked unavailable here
348 |
349 | - (instancetype)initWithFrame:(CGRect)frame style:(UITableViewStyle)style NS_DESIGNATED_INITIALIZER; // must specify style at creation. -initWithFrame: calls this with UITableViewStylePlain
/Users/admin/builder/spi-builder-workspace/Sources/MulberryDataSource/DataSource/MulberryDataSource.swift:625:51: error: 'UIScrollView' is unavailable in watchOS
623 |     }
624 |
625 |     public func scrollViewDidScroll(_ scrollView: UIScrollView) {
    |                                                   `- error: 'UIScrollView' is unavailable in watchOS
626 |         let currentOffset: CGFloat = scrollView.contentOffset.y
627 |         let maxOffset: CGFloat = scrollView.contentSize.height - scrollView.frame.height - edgeReachCompletionOffset
/Applications/Xcode-27.0.0-Release.Candidate.app/Contents/Developer/Platforms/WatchOS.platform/Developer/SDKs/WatchOS27.0.sdk/System/Library/Frameworks/UIKit.framework/Headers/UIScrollView.h:87:12: note: 'UIScrollView' has been explicitly marked unavailable here
 85 |
 86 | UIKIT_EXTERN API_AVAILABLE(ios(2.0)) API_UNAVAILABLE(watchos) NS_SWIFT_UI_ACTOR
 87 | @interface UIScrollView : UIView <NSCoding, UIFocusItemScrollableContainer>
    |            `- note: 'UIScrollView' has been explicitly marked unavailable here
 88 |
 89 | @property(nonatomic)         CGPoint                      contentOffset;                  // default CGPointZero
/Users/admin/builder/spi-builder-workspace/Sources/MulberryDataSource/DataSource/MulberryDataSource.swift:11:78: error: 'UITableViewDelegate' is unavailable in watchOS
  9 | import UIKit
 10 |
 11 | public final class MulberryDataSource: NSObject, MulberryDataSourceProtocol, UITableViewDelegate {
    |                                                                              `- error: 'UITableViewDelegate' is unavailable in watchOS
 12 |
 13 |     // MARK: - Nested Entities
/Applications/Xcode-27.0.0-Release.Candidate.app/Contents/Developer/Platforms/WatchOS.platform/Developer/SDKs/WatchOS27.0.sdk/System/Library/Frameworks/UIKit.framework/Headers/UITableView.h:100:11: note: 'UITableViewDelegate' has been explicitly marked unavailable here
 98 |
 99 | API_UNAVAILABLE(watchos) NS_SWIFT_UI_ACTOR
100 | @protocol UITableViewDelegate<NSObject, UIScrollViewDelegate>
    |           `- note: 'UITableViewDelegate' has been explicitly marked unavailable here
101 |
102 | @optional
/Users/admin/builder/spi-builder-workspace/Sources/MulberryDataSource/DataSource/Protocols/MulberryDataSourceProtocol.swift:28:23: error: 'UITableView' is unavailable in watchOS
 26 |
 27 |     /// The type of animation to use when inserting or deleting rows.
 28 |     var rowAnimation: UITableView.RowAnimation { get set}
    |                       `- error: 'UITableView' is unavailable in watchOS
 29 |
 30 |     /// Scrolls the table view content to the top.
/Applications/Xcode-27.0.0-Release.Candidate.app/Contents/Developer/Platforms/WatchOS.platform/Developer/SDKs/WatchOS27.0.sdk/System/Library/Frameworks/UIKit.framework/Headers/UITableView.h:347:12: note: 'UITableView' has been explicitly marked unavailable here
345 |
346 | UIKIT_EXTERN API_AVAILABLE(ios(2.0)) API_UNAVAILABLE(watchos) NS_SWIFT_UI_ACTOR
347 | @interface UITableView : UIScrollView <NSCoding, UIDataSourceTranslating>
    |            `- note: 'UITableView' has been explicitly marked unavailable here
348 |
349 | - (instancetype)initWithFrame:(CGRect)frame style:(UITableViewStyle)style NS_DESIGNATED_INITIALIZER; // must specify style at creation. -initWithFrame: calls this with UITableViewStylePlain
/Users/admin/builder/spi-builder-workspace/Sources/MulberryDataSource/DataSource/Protocols/MulberryDataSourceProtocol.swift:38:44: error: 'UITableView' is unavailable in watchOS
 36 |     ///   - scrollPosition: The position in the table view (top, middle, bottom) to scroll a specified row to.
 37 |     ///   - animated: Turns animation on or off.
 38 |     func scrollToBottom(at scrollPosition: UITableView.ScrollPosition, animated: Bool)
    |                                            `- error: 'UITableView' is unavailable in watchOS
 39 |
 40 |     /// Adds the sections with the specified identifiers to the snapshot.
/Applications/Xcode-27.0.0-Release.Candidate.app/Contents/Developer/Platforms/WatchOS.platform/Developer/SDKs/WatchOS27.0.sdk/System/Library/Frameworks/UIKit.framework/Headers/UITableView.h:347:12: note: 'UITableView' has been explicitly marked unavailable here
345 |
346 | UIKIT_EXTERN API_AVAILABLE(ios(2.0)) API_UNAVAILABLE(watchos) NS_SWIFT_UI_ACTOR
347 | @interface UITableView : UIScrollView <NSCoding, UIDataSourceTranslating>
    |            `- note: 'UITableView' has been explicitly marked unavailable here
348 |
349 | - (instancetype)initWithFrame:(CGRect)frame style:(UITableViewStyle)style NS_DESIGNATED_INITIALIZER; // must specify style at creation. -initWithFrame: calls this with UITableViewStylePlain
/Users/admin/builder/spi-builder-workspace/Sources/MulberryDataSource/Extensions/UITableView+Scroll.swift:11:44: error: 'UITableView' is unavailable in watchOS
 9 |
10 | extension UITableView {
11 |     func scrollToBottom(at scrollPosition: UITableView.ScrollPosition, animated: Bool) {
   |                                            `- error: 'UITableView' is unavailable in watchOS
12 |         performOnMain {
13 |             guard self.numberOfSections > 0 else { return }
/Applications/Xcode-27.0.0-Release.Candidate.app/Contents/Developer/Platforms/WatchOS.platform/Developer/SDKs/WatchOS27.0.sdk/System/Library/Frameworks/UIKit.framework/Headers/UITableView.h:347:12: note: 'UITableView' has been explicitly marked unavailable here
345 |
346 | UIKIT_EXTERN API_AVAILABLE(ios(2.0)) API_UNAVAILABLE(watchos) NS_SWIFT_UI_ACTOR
347 | @interface UITableView : UIScrollView <NSCoding, UIDataSourceTranslating>
    |            `- note: 'UITableView' has been explicitly marked unavailable here
348 |
349 | - (instancetype)initWithFrame:(CGRect)frame style:(UITableViewStyle)style NS_DESIGNATED_INITIALIZER; // must specify style at creation. -initWithFrame: calls this with UITableViewStylePlain
/Users/admin/builder/spi-builder-workspace/Sources/MulberryDataSource/Extensions/UITableView+Scroll.swift:10:11: error: 'UITableView' is unavailable in watchOS
 8 | import UIKit
 9 |
10 | extension UITableView {
   |           `- error: 'UITableView' is unavailable in watchOS
11 |     func scrollToBottom(at scrollPosition: UITableView.ScrollPosition, animated: Bool) {
12 |         performOnMain {
/Applications/Xcode-27.0.0-Release.Candidate.app/Contents/Developer/Platforms/WatchOS.platform/Developer/SDKs/WatchOS27.0.sdk/System/Library/Frameworks/UIKit.framework/Headers/UITableView.h:347:12: note: 'UITableView' has been explicitly marked unavailable here
345 |
346 | UIKIT_EXTERN API_AVAILABLE(ios(2.0)) API_UNAVAILABLE(watchos) NS_SWIFT_UI_ACTOR
347 | @interface UITableView : UIScrollView <NSCoding, UIDataSourceTranslating>
    |            `- note: 'UITableView' has been explicitly marked unavailable here
348 |
349 | - (instancetype)initWithFrame:(CGRect)frame style:(UITableViewStyle)style NS_DESIGNATED_INITIALIZER; // must specify style at creation. -initWithFrame: calls this with UITableViewStylePlain
/Users/admin/builder/spi-builder-workspace/Sources/MulberryDataSource/Items/Protocols/View/CellConfigurable.swift:10:35: error: 'UITableViewCell' is unavailable in watchOS
 8 | import UIKit
 9 |
10 | public protocol CellConfigurable: UITableViewCell {
   |                                   `- error: 'UITableViewCell' is unavailable in watchOS
11 |     func configure(with viewModel: some ItemViewModelProtocol)
12 | }
/Applications/Xcode-27.0.0-Release.Candidate.app/Contents/Developer/Platforms/WatchOS.platform/Developer/SDKs/WatchOS27.0.sdk/System/Library/Frameworks/UIKit.framework/Headers/UITableViewCell.h:81:12: note: 'UITableViewCell' has been explicitly marked unavailable here
 79 |
 80 | UIKIT_EXTERN API_AVAILABLE(ios(2.0)) API_UNAVAILABLE(watchos) NS_SWIFT_UI_ACTOR
 81 | @interface UITableViewCell : UIView <NSCoding, UIGestureRecognizerDelegate>
    |            `- note: 'UITableViewCell' has been explicitly marked unavailable here
 82 |
 83 | // Designated initializer.  If the cell can be reused, you must pass in a reuse identifier.  You should use the same reuse identifier for all cells of the same form.
/Users/admin/builder/spi-builder-workspace/Sources/MulberryDataSource/Items/Protocols/ViewModel/ItemViewModelProtocol.swift:11:20: error: 'UITableViewCell' is unavailable in watchOS
 9 |
10 | public protocol ItemViewModelProtocol: AnyObject {
11 |     var cellClass: UITableViewCell.Type? { get }
   |                    `- error: 'UITableViewCell' is unavailable in watchOS
12 |     var reuseIdentifier: String { get }
13 |     var itemHeight: CGFloat { get }
/Applications/Xcode-27.0.0-Release.Candidate.app/Contents/Developer/Platforms/WatchOS.platform/Developer/SDKs/WatchOS27.0.sdk/System/Library/Frameworks/UIKit.framework/Headers/UITableViewCell.h:81:12: note: 'UITableViewCell' has been explicitly marked unavailable here
 79 |
 80 | UIKIT_EXTERN API_AVAILABLE(ios(2.0)) API_UNAVAILABLE(watchos) NS_SWIFT_UI_ACTOR
 81 | @interface UITableViewCell : UIView <NSCoding, UIGestureRecognizerDelegate>
    |            `- note: 'UITableViewCell' has been explicitly marked unavailable here
 82 |
 83 | // Designated initializer.  If the cell can be reused, you must pass in a reuse identifier.  You should use the same reuse identifier for all cells of the same form.
Failed frontend command:
/Applications/Xcode-27.0.0-Release.Candidate.app/Contents/Developer/Toolchains/XcodeDefault.xctoolchain/usr/bin/swift-frontend -frontend -emit-module -experimental-skip-non-inlinable-function-bodies-without-types /Users/admin/builder/spi-builder-workspace/Sources/MulberryDataSource/DataSource/MulberryDataSource.swift /Users/admin/builder/spi-builder-workspace/Sources/MulberryDataSource/DataSource/Protocols/MulberryDataSourceProtocol.swift /Users/admin/builder/spi-builder-workspace/Sources/MulberryDataSource/Extensions/Collection+Safe.swift /Users/admin/builder/spi-builder-workspace/Sources/MulberryDataSource/Extensions/UITableView+Scroll.swift /Users/admin/builder/spi-builder-workspace/Sources/MulberryDataSource/Items/Models/HashableItem.swift /Users/admin/builder/spi-builder-workspace/Sources/MulberryDataSource/Items/Models/HashableSection.swift /Users/admin/builder/spi-builder-workspace/Sources/MulberryDataSource/Items/Models/TablePosition.swift /Users/admin/builder/spi-builder-workspace/Sources/MulberryDataSource/Items/Protocols/View/CellConfigurable.swift /Users/admin/builder/spi-builder-workspace/Sources/MulberryDataSource/Items/Protocols/ViewModel/ItemViewModelDeletable.swift /Users/admin/builder/spi-builder-workspace/Sources/MulberryDataSource/Items/Protocols/ViewModel/ItemViewModelMutable.swift /Users/admin/builder/spi-builder-workspace/Sources/MulberryDataSource/Items/Protocols/ViewModel/ItemViewModelProtocol+Hashable.swift /Users/admin/builder/spi-builder-workspace/Sources/MulberryDataSource/Items/Protocols/ViewModel/ItemViewModelProtocol+Height.swift /Users/admin/builder/spi-builder-workspace/Sources/MulberryDataSource/Items/Protocols/ViewModel/ItemViewModelProtocol.swift /Users/admin/builder/spi-builder-workspace/Sources/MulberryDataSource/Items/Protocols/ViewModel/ItemViewModelTappable.swift -target arm64_32-apple-watchos9.0 -disable-cross-import-overlay-search -load-resolved-plugin /Applications/Xcode-27.0.0-Release.Candidate.app/Contents/Developer/Platforms/WatchOS.platform/Developer/usr/lib/swift/host/plugins/libFoundationMacros.dylib\#/Applications/Xcode-27.0.0-Release.Candidate.app/Contents/Developer/Platforms/WatchOS.platform/Developer/usr/bin/swift-plugin-server\#FoundationMacros -load-resolved-plugin /Applications/Xcode-27.0.0-Release.Candidate.app/Contents/Developer/Platforms/WatchOS.platform/Developer/usr/lib/swift/host/plugins/libObservationMacros.dylib\#/Applications/Xcode-27.0.0-Release.Candidate.app/Contents/Developer/Platforms/WatchOS.platform/Developer/usr/bin/swift-plugin-server\#ObservationMacros -load-resolved-plugin /Applications/Xcode-27.0.0-Release.Candidate.app/Contents/Developer/Platforms/WatchOS.platform/Developer/usr/lib/swift/host/plugins/libSwiftMacros.dylib\#/Applications/Xcode-27.0.0-Release.Candidate.app/Contents/Developer/Platforms/WatchOS.platform/Developer/usr/bin/swift-plugin-server\#SwiftMacros -load-resolved-plugin /Applications/Xcode-27.0.0-Release.Candidate.app/Contents/Developer/Platforms/WatchOS.platform/Developer/usr/lib/swift/host/plugins/libSwiftUIMacros.dylib\#/Applications/Xcode-27.0.0-Release.Candidate.app/Contents/Developer/Platforms/WatchOS.platform/Developer/usr/bin/swift-plugin-server\#SwiftUIMacros -disable-implicit-swift-modules -Xcc -fno-implicit-modules -Xcc -fno-implicit-module-maps -explicit-swift-module-map-file /Users/admin/builder/spi-builder-workspace/.derivedData/Build/Intermediates.noindex/MulberryDataSource.build/Debug-watchos/MulberryDataSource-t.build/Objects-normal/arm64_32/MulberryDataSource-dependencies-1.json -enable-objc-interop -sdk /Applications/Xcode-27.0.0-Release.Candidate.app/Contents/Developer/Platforms/WatchOS.platform/Developer/SDKs/WatchOS27.0.sdk -I /Users/admin/builder/spi-builder-workspace/.derivedData/Build/Products/Debug-watchos -Isystem /Applications/Xcode-27.0.0-Release.Candidate.app/Contents/Developer/Platforms/WatchOS.platform/Developer/usr/lib -F /Users/admin/builder/spi-builder-workspace/.derivedData/Build/Products/Debug-watchos -F /Applications/Xcode-27.0.0-Release.Candidate.app/Contents/Developer/Platforms/WatchOS.platform/Developer/Library/Frameworks -F /Applications/Xcode-27.0.0-Release.Candidate.app/Contents/Developer/Platforms/WatchOS.platform/Developer/SDKs/WatchOS27.0.sdk/Developer/Library/Frameworks -module-cache-path /Users/admin/builder/spi-builder-workspace/.derivedData/Build/Intermediates.noindex/SwiftExplicitPrecompiledModules -no-color-diagnostics -Xcc -fno-color-diagnostics -enable-testing -g -debug-info-format\=dwarf -dwarf-version\=4 -swift-version 5 -Onone -D SWIFT_PACKAGE -D DEBUG -D SWIFT_MODULE_RESOURCE_BUNDLE_UNAVAILABLE -D Xcode -serialize-debugging-options -enable-experimental-feature DebugDescriptionMacro -empty-abi-descriptor -validate-clang-modules-once -clang-build-session-file /Users/admin/builder/spi-builder-workspace/.derivedData/ModuleCache.noindex/Session.modulevalidation -Xcc -working-directory -Xcc /Users/admin/builder/spi-builder-workspace/.swiftpm/xcode -enable-anonymous-context-mangled-names -file-compilation-dir /Users/admin/builder/spi-builder-workspace/.swiftpm/xcode -Xcc -D_LIBCPP_HARDENING_MODE\=_LIBCPP_HARDENING_MODE_DEBUG -Xcc -ivfsstatcache -Xcc /Users/admin/builder/spi-builder-workspace/.derivedData/SDKStatCaches.noindex/watchos27.0-24R360-e829b21a6f8c9b70876ba0858053c04477534ef55a1706bf4c1112bbb242f0a2.sdkstatcache -Xcc -fmodules-prune-interval\=86400 -Xcc -fmodules-prune-after\=345600 -Xcc -I/Users/admin/builder/spi-builder-workspace/.derivedData/Build/Products/Debug-watchos/include -Xcc -I/Users/admin/builder/spi-builder-workspace/.derivedData/Build/Intermediates.noindex/MulberryDataSource.build/Debug-watchos/MulberryDataSource-t.build/DerivedSources-normal/arm64_32 -Xcc -I/Users/admin/builder/spi-builder-workspace/.derivedData/Build/Intermediates.noindex/MulberryDataSource.build/Debug-watchos/MulberryDataSource-t.build/DerivedSources/arm64_32 -Xcc -I/Users/admin/builder/spi-builder-workspace/.derivedData/Build/Intermediates.noindex/MulberryDataSource.build/Debug-watchos/MulberryDataSource-t.build/DerivedSources -Xcc -DSWIFT_PACKAGE -Xcc -DDEBUG\=1 -no-auto-bridging-header-chaining -module-name MulberryDataSource -package-name spi_builder_workspace -const-gather-protocols-file /Users/admin/builder/spi-builder-workspace/.derivedData/Build/Intermediates.noindex/MulberryDataSource.build/Debug-watchos/MulberryDataSource-t.build/Objects-normal/arm64_32/MulberryDataSource_const_extract_protocols.json -disable-clang-spi -clang-target arm64_32-apple-watchos27.0 -target-sdk-version 27.0 -target-sdk-name watchos27.0 -in-process-plugin-server-path /Applications/Xcode-27.0.0-Release.Candidate.app/Contents/Developer/Toolchains/XcodeDefault.xctoolchain/usr/lib/swift/host/libSwiftInProcPluginServer.dylib -emit-module-doc-path /Users/admin/builder/spi-builder-workspace/.derivedData/Build/Intermediates.noindex/MulberryDataSource.build/Debug-watchos/MulberryDataSource-t.build/Objects-normal/arm64_32/MulberryDataSource.swiftdoc -emit-module-source-info-path /Users/admin/builder/spi-builder-workspace/.derivedData/Build/Intermediates.noindex/MulberryDataSource.build/Debug-watchos/MulberryDataSource-t.build/Objects-normal/arm64_32/MulberryDataSource.swiftsourceinfo -emit-objc-header-path /Users/admin/builder/spi-builder-workspace/.derivedData/Build/Intermediates.noindex/MulberryDataSource.build/Debug-watchos/MulberryDataSource-t.build/Objects-normal/arm64_32/MulberryDataSource-Swift.h -serialize-diagnostics-path /Users/admin/builder/spi-builder-workspace/.derivedData/Build/Intermediates.noindex/MulberryDataSource.build/Debug-watchos/MulberryDataSource-t.build/Objects-normal/arm64_32/MulberryDataSource-primary-emit-module.dia -emit-dependencies-path /Users/admin/builder/spi-builder-workspace/.derivedData/Build/Intermediates.noindex/MulberryDataSource.build/Debug-watchos/MulberryDataSource-t.build/Objects-normal/arm64_32/MulberryDataSource-primary-emit-module.d -parse-as-library -o /Users/admin/builder/spi-builder-workspace/.derivedData/Build/Intermediates.noindex/MulberryDataSource.build/Debug-watchos/MulberryDataSource-t.build/Objects-normal/arm64_32/MulberryDataSource.swiftmodule -emit-abi-descriptor-path /Users/admin/builder/spi-builder-workspace/.derivedData/Build/Intermediates.noindex/MulberryDataSource.build/Debug-watchos/MulberryDataSource-t.build/Objects-normal/arm64_32/MulberryDataSource.abi.json
SwiftCompile normal arm64_32 (in target 'MulberryDataSource' from project 'MulberryDataSource')
    cd /Users/admin/builder/spi-builder-workspace/.swiftpm/xcode

SwiftCompile normal arm64_32 Compiling\ Collection+Safe.swift,\ UITableView+Scroll.swift /Users/admin/builder/spi-builder-workspace/Sources/MulberryDataSource/Extensions/Collection+Safe.swift /Users/admin/builder/spi-builder-workspace/Sources/MulberryDataSource/Extensions/UITableView+Scroll.swift (in target 'MulberryDataSource' from project 'MulberryDataSource')
/Users/admin/builder/spi-builder-workspace/Sources/MulberryDataSource/Extensions/UITableView+Scroll.swift:11:44: error: 'UITableView' is unavailable in watchOS
 9 |
10 | extension UITableView {
11 |     func scrollToBottom(at scrollPosition: UITableView.ScrollPosition, animated: Bool) {
   |                                            `- error: 'UITableView' is unavailable in watchOS
12 |         performOnMain {
13 |             guard self.numberOfSections > 0 else { return }
/Applications/Xcode-27.0.0-Release.Candidate.app/Contents/Developer/Platforms/WatchOS.platform/Developer/SDKs/WatchOS27.0.sdk/System/Library/Frameworks/UIKit.framework/Headers/UITableView.h:347:12: note: 'UITableView' has been explicitly marked unavailable here
345 |
346 | UIKIT_EXTERN API_AVAILABLE(ios(2.0)) API_UNAVAILABLE(watchos) NS_SWIFT_UI_ACTOR
347 | @interface UITableView : UIScrollView <NSCoding, UIDataSourceTranslating>
    |            `- note: 'UITableView' has been explicitly marked unavailable here
348 |
349 | - (instancetype)initWithFrame:(CGRect)frame style:(UITableViewStyle)style NS_DESIGNATED_INITIALIZER; // must specify style at creation. -initWithFrame: calls this with UITableViewStylePlain
SwiftCompile normal arm64_32 /Users/admin/builder/spi-builder-workspace/Sources/MulberryDataSource/Extensions/Collection+Safe.swift (in target 'MulberryDataSource' from project 'MulberryDataSource')
    cd /Users/admin/builder/spi-builder-workspace/.swiftpm/xcode
    builtin-SwiftPerFileCompile Collection+Safe.swift
SwiftCompile normal arm64_32 /Users/admin/builder/spi-builder-workspace/Sources/MulberryDataSource/Extensions/UITableView+Scroll.swift (in target 'MulberryDataSource' from project 'MulberryDataSource')
    cd /Users/admin/builder/spi-builder-workspace/.swiftpm/xcode
    builtin-SwiftPerFileCompile UITableView+Scroll.swift
SwiftCompile normal arm64_32 Compiling\ MulberryDataSource.swift,\ MulberryDataSourceProtocol.swift /Users/admin/builder/spi-builder-workspace/Sources/MulberryDataSource/DataSource/MulberryDataSource.swift /Users/admin/builder/spi-builder-workspace/Sources/MulberryDataSource/DataSource/Protocols/MulberryDataSourceProtocol.swift (in target 'MulberryDataSource' from project 'MulberryDataSource')
/Users/admin/builder/spi-builder-workspace/Sources/MulberryDataSource/DataSource/MulberryDataSource.swift:63:35: error: cannot specialize non-generic type 'UITableViewDiffableDataSource'
 61 |         }
 62 |     }
 63 |     private lazy var dataSource = UITableViewDiffableDataSource<HashableSection, HashableItem>(
    |                                   `- error: cannot specialize non-generic type 'UITableViewDiffableDataSource'
 64 |         tableView: tableView,
 65 |         cellProvider: { [weak self] _, _, item -> UITableViewCell? in
/Users/admin/builder/spi-builder-workspace/Sources/MulberryDataSource/DataSource/MulberryDataSource.swift:19:41: error: 'UITapGestureRecognizer' is unavailable in watchOS
 17 |     }
 18 |
 19 |     private final class ItemTapGesture: UITapGestureRecognizer {
    |                                         `- error: 'UITapGestureRecognizer' is unavailable in watchOS
 20 |         var viewModel: ItemViewModelTappable?
 21 |     }
/Applications/Xcode-27.0.0-Release.Candidate.app/Contents/Developer/Platforms/WatchOS.platform/Developer/SDKs/WatchOS27.0.sdk/System/Library/Frameworks/UIKit.framework/Headers/UITapGestureRecognizer.h:23:12: note: 'UITapGestureRecognizer' has been explicitly marked unavailable here
21 |
22 | UIKIT_EXTERN API_AVAILABLE(ios(3.2)) API_UNAVAILABLE(watchos) NS_SWIFT_UI_ACTOR
23 | @interface UITapGestureRecognizer : UIGestureRecognizer
   |            `- note: 'UITapGestureRecognizer' has been explicitly marked unavailable here
24 |
25 | @property (nonatomic) NSUInteger  numberOfTapsRequired;       // Default is 1. The number of taps required to match
/Users/admin/builder/spi-builder-workspace/Sources/MulberryDataSource/DataSource/MulberryDataSource.swift:46:30: error: 'UITableView' is unavailable in watchOS
 44 |
 45 |     /// The type of animation to use when inserting or deleting rows.
 46 |     public var rowAnimation: UITableView.RowAnimation = .automatic {
    |                              `- error: 'UITableView' is unavailable in watchOS
 47 |         didSet {
 48 |             dataSource.defaultRowAnimation = rowAnimation
/Applications/Xcode-27.0.0-Release.Candidate.app/Contents/Developer/Platforms/WatchOS.platform/Developer/SDKs/WatchOS27.0.sdk/System/Library/Frameworks/UIKit.framework/Headers/UITableView.h:347:12: note: 'UITableView' has been explicitly marked unavailable here
345 |
346 | UIKIT_EXTERN API_AVAILABLE(ios(2.0)) API_UNAVAILABLE(watchos) NS_SWIFT_UI_ACTOR
347 | @interface UITableView : UIScrollView <NSCoding, UIDataSourceTranslating>
    |            `- note: 'UITableView' has been explicitly marked unavailable here
348 |
349 | - (instancetype)initWithFrame:(CGRect)frame style:(UITableViewStyle)style NS_DESIGNATED_INITIALIZER; // must specify style at creation. -initWithFrame: calls this with UITableViewStylePlain
/Users/admin/builder/spi-builder-workspace/Sources/MulberryDataSource/DataSource/MulberryDataSource.swift:58:28: error: 'UITableView' is unavailable in watchOS
 56 |     private var hasReachedTopEdge = false
 57 |     private var hasReachedBottomEdge = false
 58 |     private var tableView: UITableView {
    |                            `- error: 'UITableView' is unavailable in watchOS
 59 |         didSet {
 60 |             registeredReuseIdentifiers.removeAll()
/Applications/Xcode-27.0.0-Release.Candidate.app/Contents/Developer/Platforms/WatchOS.platform/Developer/SDKs/WatchOS27.0.sdk/System/Library/Frameworks/UIKit.framework/Headers/UITableView.h:347:12: note: 'UITableView' has been explicitly marked unavailable here
345 |
346 | UIKIT_EXTERN API_AVAILABLE(ios(2.0)) API_UNAVAILABLE(watchos) NS_SWIFT_UI_ACTOR
347 | @interface UITableView : UIScrollView <NSCoding, UIDataSourceTranslating>
    |            `- note: 'UITableView' has been explicitly marked unavailable here
348 |
349 | - (instancetype)initWithFrame:(CGRect)frame style:(UITableViewStyle)style NS_DESIGNATED_INITIALIZER; // must specify style at creation. -initWithFrame: calls this with UITableViewStylePlain
/Users/admin/builder/spi-builder-workspace/Sources/MulberryDataSource/DataSource/MulberryDataSource.swift:77:28: error: 'UITableView' is unavailable in watchOS
 75 |     // MARK: - Init
 76 |
 77 |     public init(tableView: UITableView) {
    |                            `- error: 'UITableView' is unavailable in watchOS
 78 |         self.tableView = tableView
 79 |         super.init()
/Applications/Xcode-27.0.0-Release.Candidate.app/Contents/Developer/Platforms/WatchOS.platform/Developer/SDKs/WatchOS27.0.sdk/System/Library/Frameworks/UIKit.framework/Headers/UITableView.h:347:12: note: 'UITableView' has been explicitly marked unavailable here
345 |
346 | UIKIT_EXTERN API_AVAILABLE(ios(2.0)) API_UNAVAILABLE(watchos) NS_SWIFT_UI_ACTOR
347 | @interface UITableView : UIScrollView <NSCoding, UIDataSourceTranslating>
    |            `- note: 'UITableView' has been explicitly marked unavailable here
348 |
349 | - (instancetype)initWithFrame:(CGRect)frame style:(UITableViewStyle)style NS_DESIGNATED_INITIALIZER; // must specify style at creation. -initWithFrame: calls this with UITableViewStylePlain
/Users/admin/builder/spi-builder-workspace/Sources/MulberryDataSource/DataSource/MulberryDataSource.swift:98:51: error: 'UITableView' is unavailable in watchOS
 96 |     ///   - scrollPosition: The position in the table view (top, middle, bottom) to scroll a specified row to.
 97 |     ///   - animated: Turns animation on or off.
 98 |     public func scrollToBottom(at scrollPosition: UITableView.ScrollPosition, animated: Bool) {
    |                                                   `- error: 'UITableView' is unavailable in watchOS
 99 |         tableView.scrollToBottom(at: scrollPosition, animated: animated)
100 |     }
/Applications/Xcode-27.0.0-Release.Candidate.app/Contents/Developer/Platforms/WatchOS.platform/Developer/SDKs/WatchOS27.0.sdk/System/Library/Frameworks/UIKit.framework/Headers/UITableView.h:347:12: note: 'UITableView' has been explicitly marked unavailable here
345 |
346 | UIKIT_EXTERN API_AVAILABLE(ios(2.0)) API_UNAVAILABLE(watchos) NS_SWIFT_UI_ACTOR
347 | @interface UITableView : UIScrollView <NSCoding, UIDataSourceTranslating>
    |            `- note: 'UITableView' has been explicitly marked unavailable here
348 |
349 | - (instancetype)initWithFrame:(CGRect)frame style:(UITableViewStyle)style NS_DESIGNATED_INITIALIZER; // must specify style at creation. -initWithFrame: calls this with UITableViewStylePlain
/Users/admin/builder/spi-builder-workspace/Sources/MulberryDataSource/DataSource/MulberryDataSource.swift:529:46: error: cannot specialize non-generic type 'NSDiffableDataSourceSnapshot'
527 |     }
528 |
529 |     private func syncSections(with snapshot: NSDiffableDataSourceSnapshot<HashableSection, HashableItem>) {
    |                                              `- error: cannot specialize non-generic type 'NSDiffableDataSourceSnapshot'
530 |         let updatedSections = snapshot.sectionIdentifiers.map {
531 |             var section = $0
/Users/admin/builder/spi-builder-workspace/Sources/MulberryDataSource/DataSource/MulberryDataSource.swift:563:22: error: 'UITableView' is unavailable in watchOS
561 |
562 |     public func tableView(
563 |         _ tableView: UITableView,
    |                      `- error: 'UITableView' is unavailable in watchOS
564 |         didSelectRowAt indexPath: IndexPath
565 |     ) {
/Applications/Xcode-27.0.0-Release.Candidate.app/Contents/Developer/Platforms/WatchOS.platform/Developer/SDKs/WatchOS27.0.sdk/System/Library/Frameworks/UIKit.framework/Headers/UITableView.h:347:12: note: 'UITableView' has been explicitly marked unavailable here
345 |
346 | UIKIT_EXTERN API_AVAILABLE(ios(2.0)) API_UNAVAILABLE(watchos) NS_SWIFT_UI_ACTOR
347 | @interface UITableView : UIScrollView <NSCoding, UIDataSourceTranslating>
    |            `- note: 'UITableView' has been explicitly marked unavailable here
348 |
349 | - (instancetype)initWithFrame:(CGRect)frame style:(UITableViewStyle)style NS_DESIGNATED_INITIALIZER; // must specify style at creation. -initWithFrame: calls this with UITableViewStylePlain
/Users/admin/builder/spi-builder-workspace/Sources/MulberryDataSource/DataSource/MulberryDataSource.swift:579:22: error: 'UITableView' is unavailable in watchOS
577 |
578 |     public func tableView(
579 |         _ tableView: UITableView,
    |                      `- error: 'UITableView' is unavailable in watchOS
580 |         heightForRowAt indexPath: IndexPath
581 |     ) -> CGFloat {
/Applications/Xcode-27.0.0-Release.Candidate.app/Contents/Developer/Platforms/WatchOS.platform/Developer/SDKs/WatchOS27.0.sdk/System/Library/Frameworks/UIKit.framework/Headers/UITableView.h:347:12: note: 'UITableView' has been explicitly marked unavailable here
345 |
346 | UIKIT_EXTERN API_AVAILABLE(ios(2.0)) API_UNAVAILABLE(watchos) NS_SWIFT_UI_ACTOR
347 | @interface UITableView : UIScrollView <NSCoding, UIDataSourceTranslating>
    |            `- note: 'UITableView' has been explicitly marked unavailable here
348 |
349 | - (instancetype)initWithFrame:(CGRect)frame style:(UITableViewStyle)style NS_DESIGNATED_INITIALIZER; // must specify style at creation. -initWithFrame: calls this with UITableViewStylePlain
/Users/admin/builder/spi-builder-workspace/Sources/MulberryDataSource/DataSource/MulberryDataSource.swift:587:22: error: 'UITableView' is unavailable in watchOS
585 |
586 |     public func tableView(
587 |         _ tableView: UITableView,
    |                      `- error: 'UITableView' is unavailable in watchOS
588 |         viewForHeaderInSection section: Int
589 |     ) -> UIView? {
/Applications/Xcode-27.0.0-Release.Candidate.app/Contents/Developer/Platforms/WatchOS.platform/Developer/SDKs/WatchOS27.0.sdk/System/Library/Frameworks/UIKit.framework/Headers/UITableView.h:347:12: note: 'UITableView' has been explicitly marked unavailable here
345 |
346 | UIKIT_EXTERN API_AVAILABLE(ios(2.0)) API_UNAVAILABLE(watchos) NS_SWIFT_UI_ACTOR
347 | @interface UITableView : UIScrollView <NSCoding, UIDataSourceTranslating>
    |            `- note: 'UITableView' has been explicitly marked unavailable here
348 |
349 | - (instancetype)initWithFrame:(CGRect)frame style:(UITableViewStyle)style NS_DESIGNATED_INITIALIZER; // must specify style at creation. -initWithFrame: calls this with UITableViewStylePlain
/Users/admin/builder/spi-builder-workspace/Sources/MulberryDataSource/DataSource/MulberryDataSource.swift:589:10: error: 'UIView' is unavailable in watchOS
587 |         _ tableView: UITableView,
588 |         viewForHeaderInSection section: Int
589 |     ) -> UIView? {
    |          `- error: 'UIView' is unavailable in watchOS
590 |
591 |         guard
/Applications/Xcode-27.0.0-Release.Candidate.app/Contents/Developer/Platforms/WatchOS.platform/Developer/SDKs/WatchOS27.0.sdk/System/Library/Frameworks/UIKit.framework/Headers/UIView.h:152:12: note: 'UIView' has been explicitly marked unavailable here
150 |
151 | UIKIT_EXTERN API_AVAILABLE(ios(2.0)) API_UNAVAILABLE(watchos) NS_SWIFT_UI_ACTOR
152 | @interface UIView : UIResponder <NSCoding, UIAppearance, UIAppearanceContainer, UIDynamicItem, UITraitEnvironment, UICoordinateSpace, UIFocusItem, UIFocusItemContainer, CALayerDelegate>
    |            `- note: 'UIView' has been explicitly marked unavailable here
153 |
154 | @property(class, nonatomic, readonly) Class layerClass;                        // default is [CALayer class]. Used when creating the underlying layer for the view.
/Users/admin/builder/spi-builder-workspace/Sources/MulberryDataSource/DataSource/MulberryDataSource.swift:618:22: error: 'UITableView' is unavailable in watchOS
616 |
617 |     public func tableView(
618 |         _ tableView: UITableView,
    |                      `- error: 'UITableView' is unavailable in watchOS
619 |         heightForHeaderInSection section: Int
620 |     ) -> CGFloat {
/Applications/Xcode-27.0.0-Release.Candidate.app/Contents/Developer/Platforms/WatchOS.platform/Developer/SDKs/WatchOS27.0.sdk/System/Library/Frameworks/UIKit.framework/Headers/UITableView.h:347:12: note: 'UITableView' has been explicitly marked unavailable here
345 |
346 | UIKIT_EXTERN API_AVAILABLE(ios(2.0)) API_UNAVAILABLE(watchos) NS_SWIFT_UI_ACTOR
347 | @interface UITableView : UIScrollView <NSCoding, UIDataSourceTranslating>
    |            `- note: 'UITableView' has been explicitly marked unavailable here
348 |
349 | - (instancetype)initWithFrame:(CGRect)frame style:(UITableViewStyle)style NS_DESIGNATED_INITIALIZER; // must specify style at creation. -initWithFrame: calls this with UITableViewStylePlain
/Users/admin/builder/spi-builder-workspace/Sources/MulberryDataSource/DataSource/MulberryDataSource.swift:625:51: error: 'UIScrollView' is unavailable in watchOS
623 |     }
624 |
625 |     public func scrollViewDidScroll(_ scrollView: UIScrollView) {
    |                                                   `- error: 'UIScrollView' is unavailable in watchOS
626 |         let currentOffset: CGFloat = scrollView.contentOffset.y
627 |         let maxOffset: CGFloat = scrollView.contentSize.height - scrollView.frame.height - edgeReachCompletionOffset
/Applications/Xcode-27.0.0-Release.Candidate.app/Contents/Developer/Platforms/WatchOS.platform/Developer/SDKs/WatchOS27.0.sdk/System/Library/Frameworks/UIKit.framework/Headers/UIScrollView.h:87:12: note: 'UIScrollView' has been explicitly marked unavailable here
 85 |
 86 | UIKIT_EXTERN API_AVAILABLE(ios(2.0)) API_UNAVAILABLE(watchos) NS_SWIFT_UI_ACTOR
 87 | @interface UIScrollView : UIView <NSCoding, UIFocusItemScrollableContainer>
    |            `- note: 'UIScrollView' has been explicitly marked unavailable here
 88 |
 89 | @property(nonatomic)         CGPoint                      contentOffset;                  // default CGPointZero
/Users/admin/builder/spi-builder-workspace/Sources/MulberryDataSource/DataSource/MulberryDataSource.swift:11:78: error: 'UITableViewDelegate' is unavailable in watchOS
  9 | import UIKit
 10 |
 11 | public final class MulberryDataSource: NSObject, MulberryDataSourceProtocol, UITableViewDelegate {
    |                                                                              `- error: 'UITableViewDelegate' is unavailable in watchOS
 12 |
 13 |     // MARK: - Nested Entities
/Applications/Xcode-27.0.0-Release.Candidate.app/Contents/Developer/Platforms/WatchOS.platform/Developer/SDKs/WatchOS27.0.sdk/System/Library/Frameworks/UIKit.framework/Headers/UITableView.h:100:11: note: 'UITableViewDelegate' has been explicitly marked unavailable here
 98 |
 99 | API_UNAVAILABLE(watchos) NS_SWIFT_UI_ACTOR
100 | @protocol UITableViewDelegate<NSObject, UIScrollViewDelegate>
    |           `- note: 'UITableViewDelegate' has been explicitly marked unavailable here
101 |
102 | @optional
/Users/admin/builder/spi-builder-workspace/Sources/MulberryDataSource/DataSource/MulberryDataSource.swift:476:17: error: 'UINib' is unavailable in watchOS
474 |         } else if let nibBundle = bundleContainingNib(named: item.viewModel.reuseIdentifier) {
475 |             tableView.register(
476 |                 UINib(nibName: item.viewModel.reuseIdentifier, bundle: nibBundle),
    |                 `- error: 'UINib' is unavailable in watchOS
477 |                 forCellReuseIdentifier: item.viewModel.reuseIdentifier
478 |             )
/Applications/Xcode-27.0.0-Release.Candidate.app/Contents/Developer/Platforms/WatchOS.platform/Developer/SDKs/WatchOS27.0.sdk/System/Library/Frameworks/UIKit.framework/Headers/UINib.h:16:12: note: 'UINib' has been explicitly marked unavailable here
14 |
15 | UIKIT_EXTERN API_AVAILABLE(ios(4.0)) API_UNAVAILABLE(watchos) NS_SWIFT_UI_ACTOR API_DEPRECATED("Loading Interface Builder products will not be supported in a future version of visionOS.", visionos(1.0, 1.0))
16 | @interface UINib : NSObject
   |            `- note: 'UINib' has been explicitly marked unavailable here
17 |
18 | // If the bundle parameter is nil, the main bundle is used.
SwiftCompile normal arm64_32 /Users/admin/builder/spi-builder-workspace/Sources/MulberryDataSource/DataSource/MulberryDataSource.swift (in target 'MulberryDataSource' from project 'MulberryDataSource')
    cd /Users/admin/builder/spi-builder-workspace/.swiftpm/xcode
    builtin-SwiftPerFileCompile MulberryDataSource.swift
SwiftCompile normal arm64_32 /Users/admin/builder/spi-builder-workspace/Sources/MulberryDataSource/DataSource/Protocols/MulberryDataSourceProtocol.swift (in target 'MulberryDataSource' from project 'MulberryDataSource')
    cd /Users/admin/builder/spi-builder-workspace/.swiftpm/xcode
    builtin-SwiftPerFileCompile MulberryDataSourceProtocol.swift
SwiftCompile normal arm64_32 Compiling\ ItemViewModelProtocol.swift /Users/admin/builder/spi-builder-workspace/Sources/MulberryDataSource/Items/Protocols/ViewModel/ItemViewModelProtocol.swift (in target 'MulberryDataSource' from project 'MulberryDataSource')
SwiftCompile normal arm64_32 /Users/admin/builder/spi-builder-workspace/Sources/MulberryDataSource/Items/Protocols/ViewModel/ItemViewModelProtocol.swift (in target 'MulberryDataSource' from project 'MulberryDataSource')
    cd /Users/admin/builder/spi-builder-workspace/.swiftpm/xcode
    builtin-SwiftPerFileCompile ItemViewModelProtocol.swift
SwiftCompile normal arm64_32 Compiling\ ItemViewModelDeletable.swift /Users/admin/builder/spi-builder-workspace/Sources/MulberryDataSource/Items/Protocols/ViewModel/ItemViewModelDeletable.swift (in target 'MulberryDataSource' from project 'MulberryDataSource')
SwiftCompile normal arm64_32 /Users/admin/builder/spi-builder-workspace/Sources/MulberryDataSource/Items/Protocols/ViewModel/ItemViewModelDeletable.swift (in target 'MulberryDataSource' from project 'MulberryDataSource')
    cd /Users/admin/builder/spi-builder-workspace/.swiftpm/xcode
    builtin-SwiftPerFileCompile ItemViewModelDeletable.swift
SwiftCompile normal arm64_32 Compiling\ ItemViewModelMutable.swift /Users/admin/builder/spi-builder-workspace/Sources/MulberryDataSource/Items/Protocols/ViewModel/ItemViewModelMutable.swift (in target 'MulberryDataSource' from project 'MulberryDataSource')
SwiftCompile normal arm64_32 /Users/admin/builder/spi-builder-workspace/Sources/MulberryDataSource/Items/Protocols/ViewModel/ItemViewModelMutable.swift (in target 'MulberryDataSource' from project 'MulberryDataSource')
    cd /Users/admin/builder/spi-builder-workspace/.swiftpm/xcode
    builtin-SwiftPerFileCompile ItemViewModelMutable.swift
SwiftEmitModule normal arm64 Emitting\ module\ for\ MulberryDataSource (in target 'MulberryDataSource' from project 'MulberryDataSource')
SwiftCompile normal arm64 (in target 'MulberryDataSource' from project 'MulberryDataSource')
    cd /Users/admin/builder/spi-builder-workspace/.swiftpm/xcode

PruneExplicitPrecompiledModules /Users/admin/builder/spi-builder-workspace/.derivedData/Build/Intermediates.noindex/SwiftExplicitPrecompiledModules
PruneExplicitPrecompiledModules /Users/admin/builder/spi-builder-workspace/.derivedData/SDKExplicitPrecompiledModules
PruneExplicitPrecompiledModules /Users/admin/builder/spi-builder-workspace/.derivedData/Build/Intermediates.noindex/ExplicitPrecompiledModules
2026-09-24 21:25:54.021 xcodebuild[661:3907] [MT] IDERunDestination: Supported platforms for the buildables in the current scheme is empty.
** BUILD FAILED **
The following build commands failed:
	SwiftEmitModule normal arm64_32 Emitting\ module\ for\ MulberryDataSource (in target 'MulberryDataSource' from project 'MulberryDataSource')
	SwiftCompile normal arm64_32 (in target 'MulberryDataSource' from project 'MulberryDataSource')
	Building workspace MulberryDataSource with scheme MulberryDataSource
(3 failures)
Command line invocation:
    /Applications/Xcode-27.0.0-Release.Candidate.app/Contents/Developer/usr/bin/xcodebuild -IDEClonedSourcePackagesDirPathOverride=/Users/admin/builder/spi-builder-workspace/.dependencies -resolvePackageDependencies
Resolve Package Graph
Resolved source packages:
  MulberryDataSource: /Users/admin/builder/spi-builder-workspace
resolved source packages: MulberryDataSource
2026-09-24 21:26:00.182 xcodebuild[810:4574] [MT] IDERunDestination: Supported platforms for the buildables in the current scheme is empty.
{
  "dependencies" : [
  ],
  "manifest_display_name" : "MulberryDataSource",
  "name" : "MulberryDataSource",
  "path" : "/Users/admin/builder/spi-builder-workspace",
  "platforms" : [
    {
      "name" : "ios",
      "version" : "15.0"
    }
  ],
  "products" : [
    {
      "name" : "MulberryDataSource",
      "targets" : [
        "MulberryDataSource"
      ],
      "type" : {
        "library" : [
          "automatic"
        ]
      }
    }
  ],
  "targets" : [
    {
      "c99name" : "MulberryDataSource",
      "module_type" : "SwiftTarget",
      "name" : "MulberryDataSource",
      "path" : "Sources/MulberryDataSource",
      "product_memberships" : [
        "MulberryDataSource"
      ],
      "sources" : [
        "DataSource/MulberryDataSource.swift",
        "DataSource/Protocols/MulberryDataSourceProtocol.swift",
        "Extensions/Collection+Safe.swift",
        "Extensions/UITableView+Scroll.swift",
        "Items/Models/HashableItem.swift",
        "Items/Models/HashableSection.swift",
        "Items/Models/TablePosition.swift",
        "Items/Protocols/View/CellConfigurable.swift",
        "Items/Protocols/ViewModel/ItemViewModelDeletable.swift",
        "Items/Protocols/ViewModel/ItemViewModelMutable.swift",
        "Items/Protocols/ViewModel/ItemViewModelProtocol+Hashable.swift",
        "Items/Protocols/ViewModel/ItemViewModelProtocol+Height.swift",
        "Items/Protocols/ViewModel/ItemViewModelProtocol.swift",
        "Items/Protocols/ViewModel/ItemViewModelTappable.swift"
      ],
      "type" : "library"
    }
  ],
  "tools_version" : "5.9"
}
{
  "workspace" : {
    "name" : "MulberryDataSource",
    "schemes" : [
      "MulberryDataSource"
    ]
  }
}
2026-09-24 21:26:01.434 xcodebuild[818:4642] [MT] IDERunDestination: Supported platforms for the buildables in the current scheme is empty.
Running build ...
env DEVELOPER_DIR=/Applications/Xcode-27.0.0-Release.Candidate.app xcrun xcodebuild -IDEClonedSourcePackagesDirPathOverride=$PWD/.dependencies -skipMacroValidation -skipPackagePluginValidation -derivedDataPath $PWD/.derivedData build -scheme MulberryDataSource -destination generic/platform=watchOS
Command line invocation:
    /Applications/Xcode-27.0.0-Release.Candidate.app/Contents/Developer/usr/bin/xcodebuild -IDEClonedSourcePackagesDirPathOverride=/Users/admin/builder/spi-builder-workspace/.dependencies -skipMacroValidation -skipPackagePluginValidation -derivedDataPath /Users/admin/builder/spi-builder-workspace/.derivedData build -scheme MulberryDataSource -destination generic/platform=watchOS
Resolve Package Graph
Resolved source packages:
  MulberryDataSource: /Users/admin/builder/spi-builder-workspace
ComputePackagePrebuildTargetDependencyGraph
Prepare packages
CreateBuildRequest
SendProjectDescription
CreateBuildOperation
ComputeTargetDependencyGraph
note: Building targets in dependency order
note: Target dependency graph (2 targets)
    Target 'MulberryDataSource-product' in project 'MulberryDataSource'
        ➜ Explicit dependency on target 'MulberryDataSource' in project 'MulberryDataSource'
    Target 'MulberryDataSource' in project 'MulberryDataSource' (no dependencies)
GatherProvisioningInputs
CreateBuildDescription
ClangStatCache /Applications/Xcode-27.0.0-Release.Candidate.app/Contents/Developer/Toolchains/XcodeDefault.xctoolchain/usr/bin/clang-stat-cache /Applications/Xcode-27.0.0-Release.Candidate.app/Contents/Developer/Platforms/WatchOS.platform/Developer/SDKs/WatchOS27.0.sdk /Users/admin/builder/spi-builder-workspace/.derivedData/SDKStatCaches.noindex/watchos27.0-24R360-e829b21a6f8c9b70876ba0858053c04477534ef55a1706bf4c1112bbb242f0a2.sdkstatcache
    cd /Users/admin/builder/spi-builder-workspace/.swiftpm/xcode
    /Applications/Xcode-27.0.0-Release.Candidate.app/Contents/Developer/Toolchains/XcodeDefault.xctoolchain/usr/bin/clang-stat-cache /Applications/Xcode-27.0.0-Release.Candidate.app/Contents/Developer/Platforms/WatchOS.platform/Developer/SDKs/WatchOS27.0.sdk -o /Users/admin/builder/spi-builder-workspace/.derivedData/SDKStatCaches.noindex/watchos27.0-24R360-e829b21a6f8c9b70876ba0858053c04477534ef55a1706bf4c1112bbb242f0a2.sdkstatcache
SwiftDriver MulberryDataSource normal arm64 com.apple.xcode.tools.swift.compiler (in target 'MulberryDataSource' from project 'MulberryDataSource')
    cd /Users/admin/builder/spi-builder-workspace/.swiftpm/xcode
    builtin-SwiftDriver -- /Applications/Xcode-27.0.0-Release.Candidate.app/Contents/Developer/Toolchains/XcodeDefault.xctoolchain/usr/bin/swiftc -parse-as-library -module-name MulberryDataSource -Onone @/Users/admin/builder/spi-builder-workspace/.derivedData/Build/Intermediates.noindex/MulberryDataSource.build/Debug-watchos/MulberryDataSource-t.build/Objects-normal/arm64/MulberryDataSource.SwiftFileList -DSWIFT_PACKAGE -DDEBUG -DSWIFT_MODULE_RESOURCE_BUNDLE_UNAVAILABLE -DXcode -plugin-path /Applications/Xcode-27.0.0-Release.Candidate.app/Contents/Developer/Toolchains/XcodeDefault.xctoolchain/usr/lib/swift/host/plugins/testing -enable-experimental-feature DebugDescriptionMacro -sdk /Applications/Xcode-27.0.0-Release.Candidate.app/Contents/Developer/Platforms/WatchOS.platform/Developer/SDKs/WatchOS27.0.sdk -target arm64-apple-watchos9.0 -g -module-cache-path /Users/admin/builder/spi-builder-workspace/.derivedData/ModuleCache.noindex -Xfrontend -serialize-debugging-options -enable-testing -index-store-path /Users/admin/builder/spi-builder-workspace/.derivedData/Index.noindex/DataStore -Xcc -D_LIBCPP_HARDENING_MODE\=_LIBCPP_HARDENING_MODE_DEBUG -swift-version 5 -I /Users/admin/builder/spi-builder-workspace/.derivedData/Build/Products/Debug-watchos -Isystem /Applications/Xcode-27.0.0-Release.Candidate.app/Contents/Developer/Platforms/WatchOS.platform/Developer/usr/lib -F /Users/admin/builder/spi-builder-workspace/.derivedData/Build/Products/Debug-watchos -F /Applications/Xcode-27.0.0-Release.Candidate.app/Contents/Developer/Platforms/WatchOS.platform/Developer/Library/Frameworks -F /Applications/Xcode-27.0.0-Release.Candidate.app/Contents/Developer/Platforms/WatchOS.platform/Developer/SDKs/WatchOS27.0.sdk/Developer/Library/Frameworks -c -j10 -enable-batch-mode -incremental -Xcc -ivfsstatcache -Xcc /Users/admin/builder/spi-builder-workspace/.derivedData/SDKStatCaches.noindex/watchos27.0-24R360-e829b21a6f8c9b70876ba0858053c04477534ef55a1706bf4c1112bbb242f0a2.sdkstatcache -output-file-map /Users/admin/builder/spi-builder-workspace/.derivedData/Build/Intermediates.noindex/MulberryDataSource.build/Debug-watchos/MulberryDataSource-t.build/Objects-normal/arm64/MulberryDataSource-OutputFileMap.json -save-temps -no-color-diagnostics -explicit-module-build -module-cache-path /Users/admin/builder/spi-builder-workspace/.derivedData/Build/Intermediates.noindex/SwiftExplicitPrecompiledModules -clang-scanner-module-cache-path /Users/admin/builder/spi-builder-workspace/.derivedData/ModuleCache.noindex -sdk-module-cache-path /Users/admin/builder/spi-builder-workspace/.derivedData/SDKExplicitPrecompiledModules -emit-dependencies -emit-module -emit-module-path /Users/admin/builder/spi-builder-workspace/.derivedData/Build/Intermediates.noindex/MulberryDataSource.build/Debug-watchos/MulberryDataSource-t.build/Objects-normal/arm64/MulberryDataSource.swiftmodule -serialize-diagnostics -dependency-scan-serialize-diagnostics-path /Users/admin/builder/spi-builder-workspace/.derivedData/Build/Intermediates.noindex/MulberryDataSource.build/Debug-watchos/MulberryDataSource-t.build/Objects-normal/arm64/MulberryDataSource-dependency-scan.dia -validate-clang-modules-once -clang-build-session-file /Users/admin/builder/spi-builder-workspace/.derivedData/ModuleCache.noindex/Session.modulevalidation -Xcc -fmodules-prune-interval\=86400 -Xcc -fmodules-prune-after\=345600 -package-name spi_builder_workspace -emit-const-values -const-gather-protocols-list /Users/admin/builder/spi-builder-workspace/.derivedData/Build/Intermediates.noindex/MulberryDataSource.build/Debug-watchos/MulberryDataSource-t.build/Objects-normal/arm64/MulberryDataSource_const_extract_protocols.json -Xcc -I/Users/admin/builder/spi-builder-workspace/.derivedData/Build/Products/Debug-watchos/include -Xcc -I/Users/admin/builder/spi-builder-workspace/.derivedData/Build/Intermediates.noindex/MulberryDataSource.build/Debug-watchos/MulberryDataSource-t.build/DerivedSources-normal/arm64 -Xcc -I/Users/admin/builder/spi-builder-workspace/.derivedData/Build/Intermediates.noindex/MulberryDataSource.build/Debug-watchos/MulberryDataSource-t.build/DerivedSources/arm64 -Xcc -I/Users/admin/builder/spi-builder-workspace/.derivedData/Build/Intermediates.noindex/MulberryDataSource.build/Debug-watchos/MulberryDataSource-t.build/DerivedSources -Xcc -DSWIFT_PACKAGE -Xcc -DDEBUG\=1 -emit-objc-header -emit-objc-header-path /Users/admin/builder/spi-builder-workspace/.derivedData/Build/Intermediates.noindex/MulberryDataSource.build/Debug-watchos/MulberryDataSource-t.build/Objects-normal/arm64/MulberryDataSource-Swift.h -working-directory /Users/admin/builder/spi-builder-workspace/.swiftpm/xcode -experimental-emit-module-separately -disable-cmo
SwiftDriver MulberryDataSource normal arm64_32 com.apple.xcode.tools.swift.compiler (in target 'MulberryDataSource' from project 'MulberryDataSource')
    cd /Users/admin/builder/spi-builder-workspace/.swiftpm/xcode
    builtin-SwiftDriver -- /Applications/Xcode-27.0.0-Release.Candidate.app/Contents/Developer/Toolchains/XcodeDefault.xctoolchain/usr/bin/swiftc -parse-as-library -module-name MulberryDataSource -Onone @/Users/admin/builder/spi-builder-workspace/.derivedData/Build/Intermediates.noindex/MulberryDataSource.build/Debug-watchos/MulberryDataSource-t.build/Objects-normal/arm64_32/MulberryDataSource.SwiftFileList -DSWIFT_PACKAGE -DDEBUG -DSWIFT_MODULE_RESOURCE_BUNDLE_UNAVAILABLE -DXcode -plugin-path /Applications/Xcode-27.0.0-Release.Candidate.app/Contents/Developer/Toolchains/XcodeDefault.xctoolchain/usr/lib/swift/host/plugins/testing -enable-experimental-feature DebugDescriptionMacro -sdk /Applications/Xcode-27.0.0-Release.Candidate.app/Contents/Developer/Platforms/WatchOS.platform/Developer/SDKs/WatchOS27.0.sdk -target arm64_32-apple-watchos9.0 -g -module-cache-path /Users/admin/builder/spi-builder-workspace/.derivedData/ModuleCache.noindex -Xfrontend -serialize-debugging-options -enable-testing -index-store-path /Users/admin/builder/spi-builder-workspace/.derivedData/Index.noindex/DataStore -Xcc -D_LIBCPP_HARDENING_MODE\=_LIBCPP_HARDENING_MODE_DEBUG -swift-version 5 -I /Users/admin/builder/spi-builder-workspace/.derivedData/Build/Products/Debug-watchos -Isystem /Applications/Xcode-27.0.0-Release.Candidate.app/Contents/Developer/Platforms/WatchOS.platform/Developer/usr/lib -F /Users/admin/builder/spi-builder-workspace/.derivedData/Build/Products/Debug-watchos -F /Applications/Xcode-27.0.0-Release.Candidate.app/Contents/Developer/Platforms/WatchOS.platform/Developer/Library/Frameworks -F /Applications/Xcode-27.0.0-Release.Candidate.app/Contents/Developer/Platforms/WatchOS.platform/Developer/SDKs/WatchOS27.0.sdk/Developer/Library/Frameworks -c -j10 -enable-batch-mode -incremental -Xcc -ivfsstatcache -Xcc /Users/admin/builder/spi-builder-workspace/.derivedData/SDKStatCaches.noindex/watchos27.0-24R360-e829b21a6f8c9b70876ba0858053c04477534ef55a1706bf4c1112bbb242f0a2.sdkstatcache -output-file-map /Users/admin/builder/spi-builder-workspace/.derivedData/Build/Intermediates.noindex/MulberryDataSource.build/Debug-watchos/MulberryDataSource-t.build/Objects-normal/arm64_32/MulberryDataSource-OutputFileMap.json -save-temps -no-color-diagnostics -explicit-module-build -module-cache-path /Users/admin/builder/spi-builder-workspace/.derivedData/Build/Intermediates.noindex/SwiftExplicitPrecompiledModules -clang-scanner-module-cache-path /Users/admin/builder/spi-builder-workspace/.derivedData/ModuleCache.noindex -sdk-module-cache-path /Users/admin/builder/spi-builder-workspace/.derivedData/SDKExplicitPrecompiledModules -emit-dependencies -emit-module -emit-module-path /Users/admin/builder/spi-builder-workspace/.derivedData/Build/Intermediates.noindex/MulberryDataSource.build/Debug-watchos/MulberryDataSource-t.build/Objects-normal/arm64_32/MulberryDataSource.swiftmodule -serialize-diagnostics -dependency-scan-serialize-diagnostics-path /Users/admin/builder/spi-builder-workspace/.derivedData/Build/Intermediates.noindex/MulberryDataSource.build/Debug-watchos/MulberryDataSource-t.build/Objects-normal/arm64_32/MulberryDataSource-dependency-scan.dia -validate-clang-modules-once -clang-build-session-file /Users/admin/builder/spi-builder-workspace/.derivedData/ModuleCache.noindex/Session.modulevalidation -Xcc -fmodules-prune-interval\=86400 -Xcc -fmodules-prune-after\=345600 -package-name spi_builder_workspace -emit-const-values -const-gather-protocols-list /Users/admin/builder/spi-builder-workspace/.derivedData/Build/Intermediates.noindex/MulberryDataSource.build/Debug-watchos/MulberryDataSource-t.build/Objects-normal/arm64_32/MulberryDataSource_const_extract_protocols.json -Xcc -I/Users/admin/builder/spi-builder-workspace/.derivedData/Build/Products/Debug-watchos/include -Xcc -I/Users/admin/builder/spi-builder-workspace/.derivedData/Build/Intermediates.noindex/MulberryDataSource.build/Debug-watchos/MulberryDataSource-t.build/DerivedSources-normal/arm64_32 -Xcc -I/Users/admin/builder/spi-builder-workspace/.derivedData/Build/Intermediates.noindex/MulberryDataSource.build/Debug-watchos/MulberryDataSource-t.build/DerivedSources/arm64_32 -Xcc -I/Users/admin/builder/spi-builder-workspace/.derivedData/Build/Intermediates.noindex/MulberryDataSource.build/Debug-watchos/MulberryDataSource-t.build/DerivedSources -Xcc -DSWIFT_PACKAGE -Xcc -DDEBUG\=1 -emit-objc-header -emit-objc-header-path /Users/admin/builder/spi-builder-workspace/.derivedData/Build/Intermediates.noindex/MulberryDataSource.build/Debug-watchos/MulberryDataSource-t.build/Objects-normal/arm64_32/MulberryDataSource-Swift.h -working-directory /Users/admin/builder/spi-builder-workspace/.swiftpm/xcode -experimental-emit-module-separately -disable-cmo
SwiftEmitModule normal arm64_32 Emitting\ module\ for\ MulberryDataSource (in target 'MulberryDataSource' from project 'MulberryDataSource')
/Users/admin/builder/spi-builder-workspace/Sources/MulberryDataSource/DataSource/MulberryDataSource.swift:63:35: error: cannot specialize non-generic type 'UITableViewDiffableDataSource'
 61 |         }
 62 |     }
 63 |     private lazy var dataSource = UITableViewDiffableDataSource<HashableSection, HashableItem>(
    |                                   `- error: cannot specialize non-generic type 'UITableViewDiffableDataSource'
 64 |         tableView: tableView,
 65 |         cellProvider: { [weak self] _, _, item -> UITableViewCell? in
/Users/admin/builder/spi-builder-workspace/Sources/MulberryDataSource/DataSource/MulberryDataSource.swift:19:41: error: 'UITapGestureRecognizer' is unavailable in watchOS
 17 |     }
 18 |
 19 |     private final class ItemTapGesture: UITapGestureRecognizer {
    |                                         `- error: 'UITapGestureRecognizer' is unavailable in watchOS
 20 |         var viewModel: ItemViewModelTappable?
 21 |     }
/Applications/Xcode-27.0.0-Release.Candidate.app/Contents/Developer/Platforms/WatchOS.platform/Developer/SDKs/WatchOS27.0.sdk/System/Library/Frameworks/UIKit.framework/Headers/UITapGestureRecognizer.h:23:12: note: 'UITapGestureRecognizer' has been explicitly marked unavailable here
21 |
22 | UIKIT_EXTERN API_AVAILABLE(ios(3.2)) API_UNAVAILABLE(watchos) NS_SWIFT_UI_ACTOR
23 | @interface UITapGestureRecognizer : UIGestureRecognizer
   |            `- note: 'UITapGestureRecognizer' has been explicitly marked unavailable here
24 |
25 | @property (nonatomic) NSUInteger  numberOfTapsRequired;       // Default is 1. The number of taps required to match
/Users/admin/builder/spi-builder-workspace/Sources/MulberryDataSource/DataSource/MulberryDataSource.swift:46:30: error: 'UITableView' is unavailable in watchOS
 44 |
 45 |     /// The type of animation to use when inserting or deleting rows.
 46 |     public var rowAnimation: UITableView.RowAnimation = .automatic {
    |                              `- error: 'UITableView' is unavailable in watchOS
 47 |         didSet {
 48 |             dataSource.defaultRowAnimation = rowAnimation
/Applications/Xcode-27.0.0-Release.Candidate.app/Contents/Developer/Platforms/WatchOS.platform/Developer/SDKs/WatchOS27.0.sdk/System/Library/Frameworks/UIKit.framework/Headers/UITableView.h:347:12: note: 'UITableView' has been explicitly marked unavailable here
345 |
346 | UIKIT_EXTERN API_AVAILABLE(ios(2.0)) API_UNAVAILABLE(watchos) NS_SWIFT_UI_ACTOR
347 | @interface UITableView : UIScrollView <NSCoding, UIDataSourceTranslating>
    |            `- note: 'UITableView' has been explicitly marked unavailable here
348 |
349 | - (instancetype)initWithFrame:(CGRect)frame style:(UITableViewStyle)style NS_DESIGNATED_INITIALIZER; // must specify style at creation. -initWithFrame: calls this with UITableViewStylePlain
/Users/admin/builder/spi-builder-workspace/Sources/MulberryDataSource/DataSource/MulberryDataSource.swift:58:28: error: 'UITableView' is unavailable in watchOS
 56 |     private var hasReachedTopEdge = false
 57 |     private var hasReachedBottomEdge = false
 58 |     private var tableView: UITableView {
    |                            `- error: 'UITableView' is unavailable in watchOS
 59 |         didSet {
 60 |             registeredReuseIdentifiers.removeAll()
/Applications/Xcode-27.0.0-Release.Candidate.app/Contents/Developer/Platforms/WatchOS.platform/Developer/SDKs/WatchOS27.0.sdk/System/Library/Frameworks/UIKit.framework/Headers/UITableView.h:347:12: note: 'UITableView' has been explicitly marked unavailable here
345 |
346 | UIKIT_EXTERN API_AVAILABLE(ios(2.0)) API_UNAVAILABLE(watchos) NS_SWIFT_UI_ACTOR
347 | @interface UITableView : UIScrollView <NSCoding, UIDataSourceTranslating>
    |            `- note: 'UITableView' has been explicitly marked unavailable here
348 |
349 | - (instancetype)initWithFrame:(CGRect)frame style:(UITableViewStyle)style NS_DESIGNATED_INITIALIZER; // must specify style at creation. -initWithFrame: calls this with UITableViewStylePlain
/Users/admin/builder/spi-builder-workspace/Sources/MulberryDataSource/DataSource/MulberryDataSource.swift:77:28: error: 'UITableView' is unavailable in watchOS
 75 |     // MARK: - Init
 76 |
 77 |     public init(tableView: UITableView) {
    |                            `- error: 'UITableView' is unavailable in watchOS
 78 |         self.tableView = tableView
 79 |         super.init()
/Applications/Xcode-27.0.0-Release.Candidate.app/Contents/Developer/Platforms/WatchOS.platform/Developer/SDKs/WatchOS27.0.sdk/System/Library/Frameworks/UIKit.framework/Headers/UITableView.h:347:12: note: 'UITableView' has been explicitly marked unavailable here
345 |
346 | UIKIT_EXTERN API_AVAILABLE(ios(2.0)) API_UNAVAILABLE(watchos) NS_SWIFT_UI_ACTOR
347 | @interface UITableView : UIScrollView <NSCoding, UIDataSourceTranslating>
    |            `- note: 'UITableView' has been explicitly marked unavailable here
348 |
349 | - (instancetype)initWithFrame:(CGRect)frame style:(UITableViewStyle)style NS_DESIGNATED_INITIALIZER; // must specify style at creation. -initWithFrame: calls this with UITableViewStylePlain
/Users/admin/builder/spi-builder-workspace/Sources/MulberryDataSource/DataSource/MulberryDataSource.swift:98:51: error: 'UITableView' is unavailable in watchOS
 96 |     ///   - scrollPosition: The position in the table view (top, middle, bottom) to scroll a specified row to.
 97 |     ///   - animated: Turns animation on or off.
 98 |     public func scrollToBottom(at scrollPosition: UITableView.ScrollPosition, animated: Bool) {
    |                                                   `- error: 'UITableView' is unavailable in watchOS
 99 |         tableView.scrollToBottom(at: scrollPosition, animated: animated)
100 |     }
/Applications/Xcode-27.0.0-Release.Candidate.app/Contents/Developer/Platforms/WatchOS.platform/Developer/SDKs/WatchOS27.0.sdk/System/Library/Frameworks/UIKit.framework/Headers/UITableView.h:347:12: note: 'UITableView' has been explicitly marked unavailable here
345 |
346 | UIKIT_EXTERN API_AVAILABLE(ios(2.0)) API_UNAVAILABLE(watchos) NS_SWIFT_UI_ACTOR
347 | @interface UITableView : UIScrollView <NSCoding, UIDataSourceTranslating>
    |            `- note: 'UITableView' has been explicitly marked unavailable here
348 |
349 | - (instancetype)initWithFrame:(CGRect)frame style:(UITableViewStyle)style NS_DESIGNATED_INITIALIZER; // must specify style at creation. -initWithFrame: calls this with UITableViewStylePlain
/Users/admin/builder/spi-builder-workspace/Sources/MulberryDataSource/DataSource/MulberryDataSource.swift:529:46: error: cannot specialize non-generic type 'NSDiffableDataSourceSnapshot'
527 |     }
528 |
529 |     private func syncSections(with snapshot: NSDiffableDataSourceSnapshot<HashableSection, HashableItem>) {
    |                                              `- error: cannot specialize non-generic type 'NSDiffableDataSourceSnapshot'
530 |         let updatedSections = snapshot.sectionIdentifiers.map {
531 |             var section = $0
/Users/admin/builder/spi-builder-workspace/Sources/MulberryDataSource/DataSource/MulberryDataSource.swift:563:22: error: 'UITableView' is unavailable in watchOS
561 |
562 |     public func tableView(
563 |         _ tableView: UITableView,
    |                      `- error: 'UITableView' is unavailable in watchOS
564 |         didSelectRowAt indexPath: IndexPath
565 |     ) {
/Applications/Xcode-27.0.0-Release.Candidate.app/Contents/Developer/Platforms/WatchOS.platform/Developer/SDKs/WatchOS27.0.sdk/System/Library/Frameworks/UIKit.framework/Headers/UITableView.h:347:12: note: 'UITableView' has been explicitly marked unavailable here
345 |
346 | UIKIT_EXTERN API_AVAILABLE(ios(2.0)) API_UNAVAILABLE(watchos) NS_SWIFT_UI_ACTOR
347 | @interface UITableView : UIScrollView <NSCoding, UIDataSourceTranslating>
    |            `- note: 'UITableView' has been explicitly marked unavailable here
348 |
349 | - (instancetype)initWithFrame:(CGRect)frame style:(UITableViewStyle)style NS_DESIGNATED_INITIALIZER; // must specify style at creation. -initWithFrame: calls this with UITableViewStylePlain
/Users/admin/builder/spi-builder-workspace/Sources/MulberryDataSource/DataSource/MulberryDataSource.swift:579:22: error: 'UITableView' is unavailable in watchOS
577 |
578 |     public func tableView(
579 |         _ tableView: UITableView,
    |                      `- error: 'UITableView' is unavailable in watchOS
580 |         heightForRowAt indexPath: IndexPath
581 |     ) -> CGFloat {
/Applications/Xcode-27.0.0-Release.Candidate.app/Contents/Developer/Platforms/WatchOS.platform/Developer/SDKs/WatchOS27.0.sdk/System/Library/Frameworks/UIKit.framework/Headers/UITableView.h:347:12: note: 'UITableView' has been explicitly marked unavailable here
345 |
346 | UIKIT_EXTERN API_AVAILABLE(ios(2.0)) API_UNAVAILABLE(watchos) NS_SWIFT_UI_ACTOR
347 | @interface UITableView : UIScrollView <NSCoding, UIDataSourceTranslating>
    |            `- note: 'UITableView' has been explicitly marked unavailable here
348 |
349 | - (instancetype)initWithFrame:(CGRect)frame style:(UITableViewStyle)style NS_DESIGNATED_INITIALIZER; // must specify style at creation. -initWithFrame: calls this with UITableViewStylePlain
/Users/admin/builder/spi-builder-workspace/Sources/MulberryDataSource/DataSource/MulberryDataSource.swift:587:22: error: 'UITableView' is unavailable in watchOS
585 |
586 |     public func tableView(
587 |         _ tableView: UITableView,
    |                      `- error: 'UITableView' is unavailable in watchOS
588 |         viewForHeaderInSection section: Int
589 |     ) -> UIView? {
/Applications/Xcode-27.0.0-Release.Candidate.app/Contents/Developer/Platforms/WatchOS.platform/Developer/SDKs/WatchOS27.0.sdk/System/Library/Frameworks/UIKit.framework/Headers/UITableView.h:347:12: note: 'UITableView' has been explicitly marked unavailable here
345 |
346 | UIKIT_EXTERN API_AVAILABLE(ios(2.0)) API_UNAVAILABLE(watchos) NS_SWIFT_UI_ACTOR
347 | @interface UITableView : UIScrollView <NSCoding, UIDataSourceTranslating>
    |            `- note: 'UITableView' has been explicitly marked unavailable here
348 |
349 | - (instancetype)initWithFrame:(CGRect)frame style:(UITableViewStyle)style NS_DESIGNATED_INITIALIZER; // must specify style at creation. -initWithFrame: calls this with UITableViewStylePlain
/Users/admin/builder/spi-builder-workspace/Sources/MulberryDataSource/DataSource/MulberryDataSource.swift:589:10: error: 'UIView' is unavailable in watchOS
587 |         _ tableView: UITableView,
588 |         viewForHeaderInSection section: Int
589 |     ) -> UIView? {
    |          `- error: 'UIView' is unavailable in watchOS
590 |
591 |         guard
/Applications/Xcode-27.0.0-Release.Candidate.app/Contents/Developer/Platforms/WatchOS.platform/Developer/SDKs/WatchOS27.0.sdk/System/Library/Frameworks/UIKit.framework/Headers/UIView.h:152:12: note: 'UIView' has been explicitly marked unavailable here
150 |
151 | UIKIT_EXTERN API_AVAILABLE(ios(2.0)) API_UNAVAILABLE(watchos) NS_SWIFT_UI_ACTOR
152 | @interface UIView : UIResponder <NSCoding, UIAppearance, UIAppearanceContainer, UIDynamicItem, UITraitEnvironment, UICoordinateSpace, UIFocusItem, UIFocusItemContainer, CALayerDelegate>
    |            `- note: 'UIView' has been explicitly marked unavailable here
153 |
154 | @property(class, nonatomic, readonly) Class layerClass;                        // default is [CALayer class]. Used when creating the underlying layer for the view.
/Users/admin/builder/spi-builder-workspace/Sources/MulberryDataSource/DataSource/MulberryDataSource.swift:618:22: error: 'UITableView' is unavailable in watchOS
616 |
617 |     public func tableView(
618 |         _ tableView: UITableView,
    |                      `- error: 'UITableView' is unavailable in watchOS
619 |         heightForHeaderInSection section: Int
620 |     ) -> CGFloat {
/Applications/Xcode-27.0.0-Release.Candidate.app/Contents/Developer/Platforms/WatchOS.platform/Developer/SDKs/WatchOS27.0.sdk/System/Library/Frameworks/UIKit.framework/Headers/UITableView.h:347:12: note: 'UITableView' has been explicitly marked unavailable here
345 |
346 | UIKIT_EXTERN API_AVAILABLE(ios(2.0)) API_UNAVAILABLE(watchos) NS_SWIFT_UI_ACTOR
347 | @interface UITableView : UIScrollView <NSCoding, UIDataSourceTranslating>
    |            `- note: 'UITableView' has been explicitly marked unavailable here
348 |
349 | - (instancetype)initWithFrame:(CGRect)frame style:(UITableViewStyle)style NS_DESIGNATED_INITIALIZER; // must specify style at creation. -initWithFrame: calls this with UITableViewStylePlain
/Users/admin/builder/spi-builder-workspace/Sources/MulberryDataSource/DataSource/MulberryDataSource.swift:625:51: error: 'UIScrollView' is unavailable in watchOS
623 |     }
624 |
625 |     public func scrollViewDidScroll(_ scrollView: UIScrollView) {
    |                                                   `- error: 'UIScrollView' is unavailable in watchOS
626 |         let currentOffset: CGFloat = scrollView.contentOffset.y
627 |         let maxOffset: CGFloat = scrollView.contentSize.height - scrollView.frame.height - edgeReachCompletionOffset
/Applications/Xcode-27.0.0-Release.Candidate.app/Contents/Developer/Platforms/WatchOS.platform/Developer/SDKs/WatchOS27.0.sdk/System/Library/Frameworks/UIKit.framework/Headers/UIScrollView.h:87:12: note: 'UIScrollView' has been explicitly marked unavailable here
 85 |
 86 | UIKIT_EXTERN API_AVAILABLE(ios(2.0)) API_UNAVAILABLE(watchos) NS_SWIFT_UI_ACTOR
 87 | @interface UIScrollView : UIView <NSCoding, UIFocusItemScrollableContainer>
    |            `- note: 'UIScrollView' has been explicitly marked unavailable here
 88 |
 89 | @property(nonatomic)         CGPoint                      contentOffset;                  // default CGPointZero
/Users/admin/builder/spi-builder-workspace/Sources/MulberryDataSource/DataSource/MulberryDataSource.swift:11:78: error: 'UITableViewDelegate' is unavailable in watchOS
  9 | import UIKit
 10 |
 11 | public final class MulberryDataSource: NSObject, MulberryDataSourceProtocol, UITableViewDelegate {
    |                                                                              `- error: 'UITableViewDelegate' is unavailable in watchOS
 12 |
 13 |     // MARK: - Nested Entities
/Applications/Xcode-27.0.0-Release.Candidate.app/Contents/Developer/Platforms/WatchOS.platform/Developer/SDKs/WatchOS27.0.sdk/System/Library/Frameworks/UIKit.framework/Headers/UITableView.h:100:11: note: 'UITableViewDelegate' has been explicitly marked unavailable here
 98 |
 99 | API_UNAVAILABLE(watchos) NS_SWIFT_UI_ACTOR
100 | @protocol UITableViewDelegate<NSObject, UIScrollViewDelegate>
    |           `- note: 'UITableViewDelegate' has been explicitly marked unavailable here
101 |
102 | @optional
/Users/admin/builder/spi-builder-workspace/Sources/MulberryDataSource/DataSource/Protocols/MulberryDataSourceProtocol.swift:28:23: error: 'UITableView' is unavailable in watchOS
 26 |
 27 |     /// The type of animation to use when inserting or deleting rows.
 28 |     var rowAnimation: UITableView.RowAnimation { get set}
    |                       `- error: 'UITableView' is unavailable in watchOS
 29 |
 30 |     /// Scrolls the table view content to the top.
/Applications/Xcode-27.0.0-Release.Candidate.app/Contents/Developer/Platforms/WatchOS.platform/Developer/SDKs/WatchOS27.0.sdk/System/Library/Frameworks/UIKit.framework/Headers/UITableView.h:347:12: note: 'UITableView' has been explicitly marked unavailable here
345 |
346 | UIKIT_EXTERN API_AVAILABLE(ios(2.0)) API_UNAVAILABLE(watchos) NS_SWIFT_UI_ACTOR
347 | @interface UITableView : UIScrollView <NSCoding, UIDataSourceTranslating>
    |            `- note: 'UITableView' has been explicitly marked unavailable here
348 |
349 | - (instancetype)initWithFrame:(CGRect)frame style:(UITableViewStyle)style NS_DESIGNATED_INITIALIZER; // must specify style at creation. -initWithFrame: calls this with UITableViewStylePlain
/Users/admin/builder/spi-builder-workspace/Sources/MulberryDataSource/DataSource/Protocols/MulberryDataSourceProtocol.swift:38:44: error: 'UITableView' is unavailable in watchOS
 36 |     ///   - scrollPosition: The position in the table view (top, middle, bottom) to scroll a specified row to.
 37 |     ///   - animated: Turns animation on or off.
 38 |     func scrollToBottom(at scrollPosition: UITableView.ScrollPosition, animated: Bool)
    |                                            `- error: 'UITableView' is unavailable in watchOS
 39 |
 40 |     /// Adds the sections with the specified identifiers to the snapshot.
/Applications/Xcode-27.0.0-Release.Candidate.app/Contents/Developer/Platforms/WatchOS.platform/Developer/SDKs/WatchOS27.0.sdk/System/Library/Frameworks/UIKit.framework/Headers/UITableView.h:347:12: note: 'UITableView' has been explicitly marked unavailable here
345 |
346 | UIKIT_EXTERN API_AVAILABLE(ios(2.0)) API_UNAVAILABLE(watchos) NS_SWIFT_UI_ACTOR
347 | @interface UITableView : UIScrollView <NSCoding, UIDataSourceTranslating>
    |            `- note: 'UITableView' has been explicitly marked unavailable here
348 |
349 | - (instancetype)initWithFrame:(CGRect)frame style:(UITableViewStyle)style NS_DESIGNATED_INITIALIZER; // must specify style at creation. -initWithFrame: calls this with UITableViewStylePlain
/Users/admin/builder/spi-builder-workspace/Sources/MulberryDataSource/Extensions/UITableView+Scroll.swift:11:44: error: 'UITableView' is unavailable in watchOS
 9 |
10 | extension UITableView {
11 |     func scrollToBottom(at scrollPosition: UITableView.ScrollPosition, animated: Bool) {
   |                                            `- error: 'UITableView' is unavailable in watchOS
12 |         performOnMain {
13 |             guard self.numberOfSections > 0 else { return }
/Applications/Xcode-27.0.0-Release.Candidate.app/Contents/Developer/Platforms/WatchOS.platform/Developer/SDKs/WatchOS27.0.sdk/System/Library/Frameworks/UIKit.framework/Headers/UITableView.h:347:12: note: 'UITableView' has been explicitly marked unavailable here
345 |
346 | UIKIT_EXTERN API_AVAILABLE(ios(2.0)) API_UNAVAILABLE(watchos) NS_SWIFT_UI_ACTOR
347 | @interface UITableView : UIScrollView <NSCoding, UIDataSourceTranslating>
    |            `- note: 'UITableView' has been explicitly marked unavailable here
348 |
349 | - (instancetype)initWithFrame:(CGRect)frame style:(UITableViewStyle)style NS_DESIGNATED_INITIALIZER; // must specify style at creation. -initWithFrame: calls this with UITableViewStylePlain
/Users/admin/builder/spi-builder-workspace/Sources/MulberryDataSource/Extensions/UITableView+Scroll.swift:10:11: error: 'UITableView' is unavailable in watchOS
 8 | import UIKit
 9 |
10 | extension UITableView {
   |           `- error: 'UITableView' is unavailable in watchOS
11 |     func scrollToBottom(at scrollPosition: UITableView.ScrollPosition, animated: Bool) {
12 |         performOnMain {
/Applications/Xcode-27.0.0-Release.Candidate.app/Contents/Developer/Platforms/WatchOS.platform/Developer/SDKs/WatchOS27.0.sdk/System/Library/Frameworks/UIKit.framework/Headers/UITableView.h:347:12: note: 'UITableView' has been explicitly marked unavailable here
345 |
346 | UIKIT_EXTERN API_AVAILABLE(ios(2.0)) API_UNAVAILABLE(watchos) NS_SWIFT_UI_ACTOR
347 | @interface UITableView : UIScrollView <NSCoding, UIDataSourceTranslating>
    |            `- note: 'UITableView' has been explicitly marked unavailable here
348 |
349 | - (instancetype)initWithFrame:(CGRect)frame style:(UITableViewStyle)style NS_DESIGNATED_INITIALIZER; // must specify style at creation. -initWithFrame: calls this with UITableViewStylePlain
/Users/admin/builder/spi-builder-workspace/Sources/MulberryDataSource/Items/Protocols/View/CellConfigurable.swift:10:35: error: 'UITableViewCell' is unavailable in watchOS
 8 | import UIKit
 9 |
10 | public protocol CellConfigurable: UITableViewCell {
   |                                   `- error: 'UITableViewCell' is unavailable in watchOS
11 |     func configure(with viewModel: some ItemViewModelProtocol)
12 | }
/Applications/Xcode-27.0.0-Release.Candidate.app/Contents/Developer/Platforms/WatchOS.platform/Developer/SDKs/WatchOS27.0.sdk/System/Library/Frameworks/UIKit.framework/Headers/UITableViewCell.h:81:12: note: 'UITableViewCell' has been explicitly marked unavailable here
 79 |
 80 | UIKIT_EXTERN API_AVAILABLE(ios(2.0)) API_UNAVAILABLE(watchos) NS_SWIFT_UI_ACTOR
 81 | @interface UITableViewCell : UIView <NSCoding, UIGestureRecognizerDelegate>
    |            `- note: 'UITableViewCell' has been explicitly marked unavailable here
 82 |
 83 | // Designated initializer.  If the cell can be reused, you must pass in a reuse identifier.  You should use the same reuse identifier for all cells of the same form.
/Users/admin/builder/spi-builder-workspace/Sources/MulberryDataSource/Items/Protocols/ViewModel/ItemViewModelProtocol.swift:11:20: error: 'UITableViewCell' is unavailable in watchOS
 9 |
10 | public protocol ItemViewModelProtocol: AnyObject {
11 |     var cellClass: UITableViewCell.Type? { get }
   |                    `- error: 'UITableViewCell' is unavailable in watchOS
12 |     var reuseIdentifier: String { get }
13 |     var itemHeight: CGFloat { get }
/Applications/Xcode-27.0.0-Release.Candidate.app/Contents/Developer/Platforms/WatchOS.platform/Developer/SDKs/WatchOS27.0.sdk/System/Library/Frameworks/UIKit.framework/Headers/UITableViewCell.h:81:12: note: 'UITableViewCell' has been explicitly marked unavailable here
 79 |
 80 | UIKIT_EXTERN API_AVAILABLE(ios(2.0)) API_UNAVAILABLE(watchos) NS_SWIFT_UI_ACTOR
 81 | @interface UITableViewCell : UIView <NSCoding, UIGestureRecognizerDelegate>
    |            `- note: 'UITableViewCell' has been explicitly marked unavailable here
 82 |
 83 | // Designated initializer.  If the cell can be reused, you must pass in a reuse identifier.  You should use the same reuse identifier for all cells of the same form.
Failed frontend command:
SwiftCompile normal arm64_32 (in target 'MulberryDataSource' from project 'MulberryDataSource')
    cd /Users/admin/builder/spi-builder-workspace/.swiftpm/xcode

/Applications/Xcode-27.0.0-Release.Candidate.app/Contents/Developer/Toolchains/XcodeDefault.xctoolchain/usr/bin/swift-frontend -frontend -emit-module -experimental-skip-non-inlinable-function-bodies-without-types /Users/admin/builder/spi-builder-workspace/Sources/MulberryDataSource/DataSource/MulberryDataSource.swift /Users/admin/builder/spi-builder-workspace/Sources/MulberryDataSource/DataSource/Protocols/MulberryDataSourceProtocol.swift /Users/admin/builder/spi-builder-workspace/Sources/MulberryDataSource/Extensions/Collection+Safe.swift /Users/admin/builder/spi-builder-workspace/Sources/MulberryDataSource/Extensions/UITableView+Scroll.swift /Users/admin/builder/spi-builder-workspace/Sources/MulberryDataSource/Items/Models/HashableItem.swift /Users/admin/builder/spi-builder-workspace/Sources/MulberryDataSource/Items/Models/HashableSection.swift /Users/admin/builder/spi-builder-workspace/Sources/MulberryDataSource/Items/Models/TablePosition.swift /Users/admin/builder/spi-builder-workspace/Sources/MulberryDataSource/Items/Protocols/View/CellConfigurable.swift /Users/admin/builder/spi-builder-workspace/Sources/MulberryDataSource/Items/Protocols/ViewModel/ItemViewModelDeletable.swift /Users/admin/builder/spi-builder-workspace/Sources/MulberryDataSource/Items/Protocols/ViewModel/ItemViewModelMutable.swift /Users/admin/builder/spi-builder-workspace/Sources/MulberryDataSource/Items/Protocols/ViewModel/ItemViewModelProtocol+Hashable.swift /Users/admin/builder/spi-builder-workspace/Sources/MulberryDataSource/Items/Protocols/ViewModel/ItemViewModelProtocol+Height.swift /Users/admin/builder/spi-builder-workspace/Sources/MulberryDataSource/Items/Protocols/ViewModel/ItemViewModelProtocol.swift /Users/admin/builder/spi-builder-workspace/Sources/MulberryDataSource/Items/Protocols/ViewModel/ItemViewModelTappable.swift -target arm64_32-apple-watchos9.0 -disable-cross-import-overlay-search -load-resolved-plugin /Applications/Xcode-27.0.0-Release.Candidate.app/Contents/Developer/Platforms/WatchOS.platform/Developer/usr/lib/swift/host/plugins/libFoundationMacros.dylib\#/Applications/Xcode-27.0.0-Release.Candidate.app/Contents/Developer/Platforms/WatchOS.platform/Developer/usr/bin/swift-plugin-server\#FoundationMacros -load-resolved-plugin /Applications/Xcode-27.0.0-Release.Candidate.app/Contents/Developer/Platforms/WatchOS.platform/Developer/usr/lib/swift/host/plugins/libObservationMacros.dylib\#/Applications/Xcode-27.0.0-Release.Candidate.app/Contents/Developer/Platforms/WatchOS.platform/Developer/usr/bin/swift-plugin-server\#ObservationMacros -load-resolved-plugin /Applications/Xcode-27.0.0-Release.Candidate.app/Contents/Developer/Platforms/WatchOS.platform/Developer/usr/lib/swift/host/plugins/libSwiftMacros.dylib\#/Applications/Xcode-27.0.0-Release.Candidate.app/Contents/Developer/Platforms/WatchOS.platform/Developer/usr/bin/swift-plugin-server\#SwiftMacros -load-resolved-plugin /Applications/Xcode-27.0.0-Release.Candidate.app/Contents/Developer/Platforms/WatchOS.platform/Developer/usr/lib/swift/host/plugins/libSwiftUIMacros.dylib\#/Applications/Xcode-27.0.0-Release.Candidate.app/Contents/Developer/Platforms/WatchOS.platform/Developer/usr/bin/swift-plugin-server\#SwiftUIMacros -disable-implicit-swift-modules -Xcc -fno-implicit-modules -Xcc -fno-implicit-module-maps -explicit-swift-module-map-file /Users/admin/builder/spi-builder-workspace/.derivedData/Build/Intermediates.noindex/MulberryDataSource.build/Debug-watchos/MulberryDataSource-t.build/Objects-normal/arm64_32/MulberryDataSource-dependencies-1.json -enable-objc-interop -sdk /Applications/Xcode-27.0.0-Release.Candidate.app/Contents/Developer/Platforms/WatchOS.platform/Developer/SDKs/WatchOS27.0.sdk -I /Users/admin/builder/spi-builder-workspace/.derivedData/Build/Products/Debug-watchos -Isystem /Applications/Xcode-27.0.0-Release.Candidate.app/Contents/Developer/Platforms/WatchOS.platform/Developer/usr/lib -F /Users/admin/builder/spi-builder-workspace/.derivedData/Build/Products/Debug-watchos -F /Applications/Xcode-27.0.0-Release.Candidate.app/Contents/Developer/Platforms/WatchOS.platform/Developer/Library/Frameworks -F /Applications/Xcode-27.0.0-Release.Candidate.app/Contents/Developer/Platforms/WatchOS.platform/Developer/SDKs/WatchOS27.0.sdk/Developer/Library/Frameworks -module-cache-path /Users/admin/builder/spi-builder-workspace/.derivedData/Build/Intermediates.noindex/SwiftExplicitPrecompiledModules -no-color-diagnostics -Xcc -fno-color-diagnostics -enable-testing -g -debug-info-format\=dwarf -dwarf-version\=4 -swift-version 5 -Onone -D SWIFT_PACKAGE -D DEBUG -D SWIFT_MODULE_RESOURCE_BUNDLE_UNAVAILABLE -D Xcode -serialize-debugging-options -enable-experimental-feature DebugDescriptionMacro -empty-abi-descriptor -validate-clang-modules-once -clang-build-session-file /Users/admin/builder/spi-builder-workspace/.derivedData/ModuleCache.noindex/Session.modulevalidation -Xcc -working-directory -Xcc /Users/admin/builder/spi-builder-workspace/.swiftpm/xcode -enable-anonymous-context-mangled-names -file-compilation-dir /Users/admin/builder/spi-builder-workspace/.swiftpm/xcode -Xcc -D_LIBCPP_HARDENING_MODE\=_LIBCPP_HARDENING_MODE_DEBUG -Xcc -ivfsstatcache -Xcc /Users/admin/builder/spi-builder-workspace/.derivedData/SDKStatCaches.noindex/watchos27.0-24R360-e829b21a6f8c9b70876ba0858053c04477534ef55a1706bf4c1112bbb242f0a2.sdkstatcache -Xcc -fmodules-prune-interval\=86400 -Xcc -fmodules-prune-after\=345600 -Xcc -I/Users/admin/builder/spi-builder-workspace/.derivedData/Build/Products/Debug-watchos/include -Xcc -I/Users/admin/builder/spi-builder-workspace/.derivedData/Build/Intermediates.noindex/MulberryDataSource.build/Debug-watchos/MulberryDataSource-t.build/DerivedSources-normal/arm64_32 -Xcc -I/Users/admin/builder/spi-builder-workspace/.derivedData/Build/Intermediates.noindex/MulberryDataSource.build/Debug-watchos/MulberryDataSource-t.build/DerivedSources/arm64_32 -Xcc -I/Users/admin/builder/spi-builder-workspace/.derivedData/Build/Intermediates.noindex/MulberryDataSource.build/Debug-watchos/MulberryDataSource-t.build/DerivedSources -Xcc -DSWIFT_PACKAGE -Xcc -DDEBUG\=1 -no-auto-bridging-header-chaining -module-name MulberryDataSource -package-name spi_builder_workspace -const-gather-protocols-file /Users/admin/builder/spi-builder-workspace/.derivedData/Build/Intermediates.noindex/MulberryDataSource.build/Debug-watchos/MulberryDataSource-t.build/Objects-normal/arm64_32/MulberryDataSource_const_extract_protocols.json -disable-clang-spi -clang-target arm64_32-apple-watchos27.0 -target-sdk-version 27.0 -target-sdk-name watchos27.0 -in-process-plugin-server-path /Applications/Xcode-27.0.0-Release.Candidate.app/Contents/Developer/Toolchains/XcodeDefault.xctoolchain/usr/lib/swift/host/libSwiftInProcPluginServer.dylib -emit-module-doc-path /Users/admin/builder/spi-builder-workspace/.derivedData/Build/Intermediates.noindex/MulberryDataSource.build/Debug-watchos/MulberryDataSource-t.build/Objects-normal/arm64_32/MulberryDataSource.swiftdoc -emit-module-source-info-path /Users/admin/builder/spi-builder-workspace/.derivedData/Build/Intermediates.noindex/MulberryDataSource.build/Debug-watchos/MulberryDataSource-t.build/Objects-normal/arm64_32/MulberryDataSource.swiftsourceinfo -emit-objc-header-path /Users/admin/builder/spi-builder-workspace/.derivedData/Build/Intermediates.noindex/MulberryDataSource.build/Debug-watchos/MulberryDataSource-t.build/Objects-normal/arm64_32/MulberryDataSource-Swift.h -serialize-diagnostics-path /Users/admin/builder/spi-builder-workspace/.derivedData/Build/Intermediates.noindex/MulberryDataSource.build/Debug-watchos/MulberryDataSource-t.build/Objects-normal/arm64_32/MulberryDataSource-primary-emit-module.dia -emit-dependencies-path /Users/admin/builder/spi-builder-workspace/.derivedData/Build/Intermediates.noindex/MulberryDataSource.build/Debug-watchos/MulberryDataSource-t.build/Objects-normal/arm64_32/MulberryDataSource-primary-emit-module.d -parse-as-library -o /Users/admin/builder/spi-builder-workspace/.derivedData/Build/Intermediates.noindex/MulberryDataSource.build/Debug-watchos/MulberryDataSource-t.build/Objects-normal/arm64_32/MulberryDataSource.swiftmodule -emit-abi-descriptor-path /Users/admin/builder/spi-builder-workspace/.derivedData/Build/Intermediates.noindex/MulberryDataSource.build/Debug-watchos/MulberryDataSource-t.build/Objects-normal/arm64_32/MulberryDataSource.abi.json
SwiftCompile normal arm64_32 Compiling\ Collection+Safe.swift,\ UITableView+Scroll.swift /Users/admin/builder/spi-builder-workspace/Sources/MulberryDataSource/Extensions/Collection+Safe.swift /Users/admin/builder/spi-builder-workspace/Sources/MulberryDataSource/Extensions/UITableView+Scroll.swift (in target 'MulberryDataSource' from project 'MulberryDataSource')
SwiftCompile normal arm64_32 /Users/admin/builder/spi-builder-workspace/Sources/MulberryDataSource/Extensions/Collection+Safe.swift (in target 'MulberryDataSource' from project 'MulberryDataSource')
    cd /Users/admin/builder/spi-builder-workspace/.swiftpm/xcode
    builtin-SwiftPerFileCompile Collection+Safe.swift
SwiftCompile normal arm64_32 /Users/admin/builder/spi-builder-workspace/Sources/MulberryDataSource/Extensions/UITableView+Scroll.swift (in target 'MulberryDataSource' from project 'MulberryDataSource')
    cd /Users/admin/builder/spi-builder-workspace/.swiftpm/xcode
    builtin-SwiftPerFileCompile UITableView+Scroll.swift
/Users/admin/builder/spi-builder-workspace/Sources/MulberryDataSource/Extensions/UITableView+Scroll.swift:11:44: error: 'UITableView' is unavailable in watchOS
 9 |
10 | extension UITableView {
11 |     func scrollToBottom(at scrollPosition: UITableView.ScrollPosition, animated: Bool) {
   |                                            `- error: 'UITableView' is unavailable in watchOS
12 |         performOnMain {
13 |             guard self.numberOfSections > 0 else { return }
/Applications/Xcode-27.0.0-Release.Candidate.app/Contents/Developer/Platforms/WatchOS.platform/Developer/SDKs/WatchOS27.0.sdk/System/Library/Frameworks/UIKit.framework/Headers/UITableView.h:347:12: note: 'UITableView' has been explicitly marked unavailable here
345 |
346 | UIKIT_EXTERN API_AVAILABLE(ios(2.0)) API_UNAVAILABLE(watchos) NS_SWIFT_UI_ACTOR
347 | @interface UITableView : UIScrollView <NSCoding, UIDataSourceTranslating>
    |            `- note: 'UITableView' has been explicitly marked unavailable here
348 |
349 | - (instancetype)initWithFrame:(CGRect)frame style:(UITableViewStyle)style NS_DESIGNATED_INITIALIZER; // must specify style at creation. -initWithFrame: calls this with UITableViewStylePlain
SwiftCompile normal arm64_32 Compiling\ MulberryDataSource.swift,\ MulberryDataSourceProtocol.swift /Users/admin/builder/spi-builder-workspace/Sources/MulberryDataSource/DataSource/MulberryDataSource.swift /Users/admin/builder/spi-builder-workspace/Sources/MulberryDataSource/DataSource/Protocols/MulberryDataSourceProtocol.swift (in target 'MulberryDataSource' from project 'MulberryDataSource')
/Users/admin/builder/spi-builder-workspace/Sources/MulberryDataSource/DataSource/MulberryDataSource.swift:63:35: error: cannot specialize non-generic type 'UITableViewDiffableDataSource'
 61 |         }
 62 |     }
 63 |     private lazy var dataSource = UITableViewDiffableDataSource<HashableSection, HashableItem>(
    |                                   `- error: cannot specialize non-generic type 'UITableViewDiffableDataSource'
 64 |         tableView: tableView,
 65 |         cellProvider: { [weak self] _, _, item -> UITableViewCell? in
/Users/admin/builder/spi-builder-workspace/Sources/MulberryDataSource/DataSource/MulberryDataSource.swift:19:41: error: 'UITapGestureRecognizer' is unavailable in watchOS
 17 |     }
 18 |
 19 |     private final class ItemTapGesture: UITapGestureRecognizer {
    |                                         `- error: 'UITapGestureRecognizer' is unavailable in watchOS
 20 |         var viewModel: ItemViewModelTappable?
 21 |     }
/Applications/Xcode-27.0.0-Release.Candidate.app/Contents/Developer/Platforms/WatchOS.platform/Developer/SDKs/WatchOS27.0.sdk/System/Library/Frameworks/UIKit.framework/Headers/UITapGestureRecognizer.h:23:12: note: 'UITapGestureRecognizer' has been explicitly marked unavailable here
21 |
22 | UIKIT_EXTERN API_AVAILABLE(ios(3.2)) API_UNAVAILABLE(watchos) NS_SWIFT_UI_ACTOR
23 | @interface UITapGestureRecognizer : UIGestureRecognizer
   |            `- note: 'UITapGestureRecognizer' has been explicitly marked unavailable here
24 |
25 | @property (nonatomic) NSUInteger  numberOfTapsRequired;       // Default is 1. The number of taps required to match
/Users/admin/builder/spi-builder-workspace/Sources/MulberryDataSource/DataSource/MulberryDataSource.swift:46:30: error: 'UITableView' is unavailable in watchOS
 44 |
 45 |     /// The type of animation to use when inserting or deleting rows.
 46 |     public var rowAnimation: UITableView.RowAnimation = .automatic {
    |                              `- error: 'UITableView' is unavailable in watchOS
 47 |         didSet {
 48 |             dataSource.defaultRowAnimation = rowAnimation
/Applications/Xcode-27.0.0-Release.Candidate.app/Contents/Developer/Platforms/WatchOS.platform/Developer/SDKs/WatchOS27.0.sdk/System/Library/Frameworks/UIKit.framework/Headers/UITableView.h:347:12: note: 'UITableView' has been explicitly marked unavailable here
345 |
346 | UIKIT_EXTERN API_AVAILABLE(ios(2.0)) API_UNAVAILABLE(watchos) NS_SWIFT_UI_ACTOR
347 | @interface UITableView : UIScrollView <NSCoding, UIDataSourceTranslating>
    |            `- note: 'UITableView' has been explicitly marked unavailable here
348 |
349 | - (instancetype)initWithFrame:(CGRect)frame style:(UITableViewStyle)style NS_DESIGNATED_INITIALIZER; // must specify style at creation. -initWithFrame: calls this with UITableViewStylePlain
/Users/admin/builder/spi-builder-workspace/Sources/MulberryDataSource/DataSource/MulberryDataSource.swift:58:28: error: 'UITableView' is unavailable in watchOS
 56 |     private var hasReachedTopEdge = false
 57 |     private var hasReachedBottomEdge = false
 58 |     private var tableView: UITableView {
    |                            `- error: 'UITableView' is unavailable in watchOS
 59 |         didSet {
 60 |             registeredReuseIdentifiers.removeAll()
/Applications/Xcode-27.0.0-Release.Candidate.app/Contents/Developer/Platforms/WatchOS.platform/Developer/SDKs/WatchOS27.0.sdk/System/Library/Frameworks/UIKit.framework/Headers/UITableView.h:347:12: note: 'UITableView' has been explicitly marked unavailable here
345 |
346 | UIKIT_EXTERN API_AVAILABLE(ios(2.0)) API_UNAVAILABLE(watchos) NS_SWIFT_UI_ACTOR
347 | @interface UITableView : UIScrollView <NSCoding, UIDataSourceTranslating>
    |            `- note: 'UITableView' has been explicitly marked unavailable here
348 |
349 | - (instancetype)initWithFrame:(CGRect)frame style:(UITableViewStyle)style NS_DESIGNATED_INITIALIZER; // must specify style at creation. -initWithFrame: calls this with UITableViewStylePlain
/Users/admin/builder/spi-builder-workspace/Sources/MulberryDataSource/DataSource/MulberryDataSource.swift:77:28: error: 'UITableView' is unavailable in watchOS
 75 |     // MARK: - Init
 76 |
 77 |     public init(tableView: UITableView) {
    |                            `- error: 'UITableView' is unavailable in watchOS
 78 |         self.tableView = tableView
 79 |         super.init()
/Applications/Xcode-27.0.0-Release.Candidate.app/Contents/Developer/Platforms/WatchOS.platform/Developer/SDKs/WatchOS27.0.sdk/System/Library/Frameworks/UIKit.framework/Headers/UITableView.h:347:12: note: 'UITableView' has been explicitly marked unavailable here
345 |
346 | UIKIT_EXTERN API_AVAILABLE(ios(2.0)) API_UNAVAILABLE(watchos) NS_SWIFT_UI_ACTOR
347 | @interface UITableView : UIScrollView <NSCoding, UIDataSourceTranslating>
    |            `- note: 'UITableView' has been explicitly marked unavailable here
348 |
349 | - (instancetype)initWithFrame:(CGRect)frame style:(UITableViewStyle)style NS_DESIGNATED_INITIALIZER; // must specify style at creation. -initWithFrame: calls this with UITableViewStylePlain
/Users/admin/builder/spi-builder-workspace/Sources/MulberryDataSource/DataSource/MulberryDataSource.swift:98:51: error: 'UITableView' is unavailable in watchOS
 96 |     ///   - scrollPosition: The position in the table view (top, middle, bottom) to scroll a specified row to.
 97 |     ///   - animated: Turns animation on or off.
 98 |     public func scrollToBottom(at scrollPosition: UITableView.ScrollPosition, animated: Bool) {
    |                                                   `- error: 'UITableView' is unavailable in watchOS
 99 |         tableView.scrollToBottom(at: scrollPosition, animated: animated)
100 |     }
/Applications/Xcode-27.0.0-Release.Candidate.app/Contents/Developer/Platforms/WatchOS.platform/Developer/SDKs/WatchOS27.0.sdk/System/Library/Frameworks/UIKit.framework/Headers/UITableView.h:347:12: note: 'UITableView' has been explicitly marked unavailable here
345 |
346 | UIKIT_EXTERN API_AVAILABLE(ios(2.0)) API_UNAVAILABLE(watchos) NS_SWIFT_UI_ACTOR
347 | @interface UITableView : UIScrollView <NSCoding, UIDataSourceTranslating>
    |            `- note: 'UITableView' has been explicitly marked unavailable here
348 |
349 | - (instancetype)initWithFrame:(CGRect)frame style:(UITableViewStyle)style NS_DESIGNATED_INITIALIZER; // must specify style at creation. -initWithFrame: calls this with UITableViewStylePlain
/Users/admin/builder/spi-builder-workspace/Sources/MulberryDataSource/DataSource/MulberryDataSource.swift:529:46: error: cannot specialize non-generic type 'NSDiffableDataSourceSnapshot'
527 |     }
528 |
529 |     private func syncSections(with snapshot: NSDiffableDataSourceSnapshot<HashableSection, HashableItem>) {
    |                                              `- error: cannot specialize non-generic type 'NSDiffableDataSourceSnapshot'
530 |         let updatedSections = snapshot.sectionIdentifiers.map {
531 |             var section = $0
/Users/admin/builder/spi-builder-workspace/Sources/MulberryDataSource/DataSource/MulberryDataSource.swift:563:22: error: 'UITableView' is unavailable in watchOS
561 |
562 |     public func tableView(
563 |         _ tableView: UITableView,
    |                      `- error: 'UITableView' is unavailable in watchOS
564 |         didSelectRowAt indexPath: IndexPath
565 |     ) {
/Applications/Xcode-27.0.0-Release.Candidate.app/Contents/Developer/Platforms/WatchOS.platform/Developer/SDKs/WatchOS27.0.sdk/System/Library/Frameworks/UIKit.framework/Headers/UITableView.h:347:12: note: 'UITableView' has been explicitly marked unavailable here
345 |
346 | UIKIT_EXTERN API_AVAILABLE(ios(2.0)) API_UNAVAILABLE(watchos) NS_SWIFT_UI_ACTOR
347 | @interface UITableView : UIScrollView <NSCoding, UIDataSourceTranslating>
    |            `- note: 'UITableView' has been explicitly marked unavailable here
348 |
349 | - (instancetype)initWithFrame:(CGRect)frame style:(UITableViewStyle)style NS_DESIGNATED_INITIALIZER; // must specify style at creation. -initWithFrame: calls this with UITableViewStylePlain
/Users/admin/builder/spi-builder-workspace/Sources/MulberryDataSource/DataSource/MulberryDataSource.swift:579:22: error: 'UITableView' is unavailable in watchOS
577 |
578 |     public func tableView(
579 |         _ tableView: UITableView,
    |                      `- error: 'UITableView' is unavailable in watchOS
580 |         heightForRowAt indexPath: IndexPath
581 |     ) -> CGFloat {
/Applications/Xcode-27.0.0-Release.Candidate.app/Contents/Developer/Platforms/WatchOS.platform/Developer/SDKs/WatchOS27.0.sdk/System/Library/Frameworks/UIKit.framework/Headers/UITableView.h:347:12: note: 'UITableView' has been explicitly marked unavailable here
345 |
346 | UIKIT_EXTERN API_AVAILABLE(ios(2.0)) API_UNAVAILABLE(watchos) NS_SWIFT_UI_ACTOR
347 | @interface UITableView : UIScrollView <NSCoding, UIDataSourceTranslating>
    |            `- note: 'UITableView' has been explicitly marked unavailable here
348 |
349 | - (instancetype)initWithFrame:(CGRect)frame style:(UITableViewStyle)style NS_DESIGNATED_INITIALIZER; // must specify style at creation. -initWithFrame: calls this with UITableViewStylePlain
/Users/admin/builder/spi-builder-workspace/Sources/MulberryDataSource/DataSource/MulberryDataSource.swift:587:22: error: 'UITableView' is unavailable in watchOS
585 |
586 |     public func tableView(
587 |         _ tableView: UITableView,
    |                      `- error: 'UITableView' is unavailable in watchOS
588 |         viewForHeaderInSection section: Int
589 |     ) -> UIView? {
/Applications/Xcode-27.0.0-Release.Candidate.app/Contents/Developer/Platforms/WatchOS.platform/Developer/SDKs/WatchOS27.0.sdk/System/Library/Frameworks/UIKit.framework/Headers/UITableView.h:347:12: note: 'UITableView' has been explicitly marked unavailable here
345 |
346 | UIKIT_EXTERN API_AVAILABLE(ios(2.0)) API_UNAVAILABLE(watchos) NS_SWIFT_UI_ACTOR
347 | @interface UITableView : UIScrollView <NSCoding, UIDataSourceTranslating>
    |            `- note: 'UITableView' has been explicitly marked unavailable here
348 |
349 | - (instancetype)initWithFrame:(CGRect)frame style:(UITableViewStyle)style NS_DESIGNATED_INITIALIZER; // must specify style at creation. -initWithFrame: calls this with UITableViewStylePlain
/Users/admin/builder/spi-builder-workspace/Sources/MulberryDataSource/DataSource/MulberryDataSource.swift:589:10: error: 'UIView' is unavailable in watchOS
587 |         _ tableView: UITableView,
588 |         viewForHeaderInSection section: Int
589 |     ) -> UIView? {
    |          `- error: 'UIView' is unavailable in watchOS
590 |
591 |         guard
/Applications/Xcode-27.0.0-Release.Candidate.app/Contents/Developer/Platforms/WatchOS.platform/Developer/SDKs/WatchOS27.0.sdk/System/Library/Frameworks/UIKit.framework/Headers/UIView.h:152:12: note: 'UIView' has been explicitly marked unavailable here
150 |
151 | UIKIT_EXTERN API_AVAILABLE(ios(2.0)) API_UNAVAILABLE(watchos) NS_SWIFT_UI_ACTOR
152 | @interface UIView : UIResponder <NSCoding, UIAppearance, UIAppearanceContainer, UIDynamicItem, UITraitEnvironment, UICoordinateSpace, UIFocusItem, UIFocusItemContainer, CALayerDelegate>
    |            `- note: 'UIView' has been explicitly marked unavailable here
153 |
154 | @property(class, nonatomic, readonly) Class layerClass;                        // default is [CALayer class]. Used when creating the underlying layer for the view.
/Users/admin/builder/spi-builder-workspace/Sources/MulberryDataSource/DataSource/MulberryDataSource.swift:618:22: error: 'UITableView' is unavailable in watchOS
616 |
617 |     public func tableView(
618 |         _ tableView: UITableView,
    |                      `- error: 'UITableView' is unavailable in watchOS
619 |         heightForHeaderInSection section: Int
620 |     ) -> CGFloat {
/Applications/Xcode-27.0.0-Release.Candidate.app/Contents/Developer/Platforms/WatchOS.platform/Developer/SDKs/WatchOS27.0.sdk/System/Library/Frameworks/UIKit.framework/Headers/UITableView.h:347:12: note: 'UITableView' has been explicitly marked unavailable here
345 |
346 | UIKIT_EXTERN API_AVAILABLE(ios(2.0)) API_UNAVAILABLE(watchos) NS_SWIFT_UI_ACTOR
347 | @interface UITableView : UIScrollView <NSCoding, UIDataSourceTranslating>
    |            `- note: 'UITableView' has been explicitly marked unavailable here
348 |
349 | - (instancetype)initWithFrame:(CGRect)frame style:(UITableViewStyle)style NS_DESIGNATED_INITIALIZER; // must specify style at creation. -initWithFrame: calls this with UITableViewStylePlain
/Users/admin/builder/spi-builder-workspace/Sources/MulberryDataSource/DataSource/MulberryDataSource.swift:625:51: error: 'UIScrollView' is unavailable in watchOS
623 |     }
624 |
625 |     public func scrollViewDidScroll(_ scrollView: UIScrollView) {
    |                                                   `- error: 'UIScrollView' is unavailable in watchOS
626 |         let currentOffset: CGFloat = scrollView.contentOffset.y
627 |         let maxOffset: CGFloat = scrollView.contentSize.height - scrollView.frame.height - edgeReachCompletionOffset
/Applications/Xcode-27.0.0-Release.Candidate.app/Contents/Developer/Platforms/WatchOS.platform/Developer/SDKs/WatchOS27.0.sdk/System/Library/Frameworks/UIKit.framework/Headers/UIScrollView.h:87:12: note: 'UIScrollView' has been explicitly marked unavailable here
 85 |
 86 | UIKIT_EXTERN API_AVAILABLE(ios(2.0)) API_UNAVAILABLE(watchos) NS_SWIFT_UI_ACTOR
 87 | @interface UIScrollView : UIView <NSCoding, UIFocusItemScrollableContainer>
    |            `- note: 'UIScrollView' has been explicitly marked unavailable here
 88 |
 89 | @property(nonatomic)         CGPoint                      contentOffset;                  // default CGPointZero
/Users/admin/builder/spi-builder-workspace/Sources/MulberryDataSource/DataSource/MulberryDataSource.swift:11:78: error: 'UITableViewDelegate' is unavailable in watchOS
  9 | import UIKit
 10 |
 11 | public final class MulberryDataSource: NSObject, MulberryDataSourceProtocol, UITableViewDelegate {
    |                                                                              `- error: 'UITableViewDelegate' is unavailable in watchOS
 12 |
 13 |     // MARK: - Nested Entities
/Applications/Xcode-27.0.0-Release.Candidate.app/Contents/Developer/Platforms/WatchOS.platform/Developer/SDKs/WatchOS27.0.sdk/System/Library/Frameworks/UIKit.framework/Headers/UITableView.h:100:11: note: 'UITableViewDelegate' has been explicitly marked unavailable here
 98 |
 99 | API_UNAVAILABLE(watchos) NS_SWIFT_UI_ACTOR
100 | @protocol UITableViewDelegate<NSObject, UIScrollViewDelegate>
    |           `- note: 'UITableViewDelegate' has been explicitly marked unavailable here
101 |
102 | @optional
/Users/admin/builder/spi-builder-workspace/Sources/MulberryDataSource/DataSource/MulberryDataSource.swift:476:17: error: 'UINib' is unavailable in watchOS
474 |         } else if let nibBundle = bundleContainingNib(named: item.viewModel.reuseIdentifier) {
475 |             tableView.register(
476 |                 UINib(nibName: item.viewModel.reuseIdentifier, bundle: nibBundle),
    |                 `- error: 'UINib' is unavailable in watchOS
477 |                 forCellReuseIdentifier: item.viewModel.reuseIdentifier
478 |             )
/Applications/Xcode-27.0.0-Release.Candidate.app/Contents/Developer/Platforms/WatchOS.platform/Developer/SDKs/WatchOS27.0.sdk/System/Library/Frameworks/UIKit.framework/Headers/UINib.h:16:12: note: 'UINib' has been explicitly marked unavailable here
14 |
15 | UIKIT_EXTERN API_AVAILABLE(ios(4.0)) API_UNAVAILABLE(watchos) NS_SWIFT_UI_ACTOR API_DEPRECATED("Loading Interface Builder products will not be supported in a future version of visionOS.", visionos(1.0, 1.0))
16 | @interface UINib : NSObject
   |            `- note: 'UINib' has been explicitly marked unavailable here
17 |
18 | // If the bundle parameter is nil, the main bundle is used.
SwiftCompile normal arm64_32 /Users/admin/builder/spi-builder-workspace/Sources/MulberryDataSource/DataSource/MulberryDataSource.swift (in target 'MulberryDataSource' from project 'MulberryDataSource')
    cd /Users/admin/builder/spi-builder-workspace/.swiftpm/xcode
    builtin-SwiftPerFileCompile MulberryDataSource.swift
SwiftCompile normal arm64_32 /Users/admin/builder/spi-builder-workspace/Sources/MulberryDataSource/DataSource/Protocols/MulberryDataSourceProtocol.swift (in target 'MulberryDataSource' from project 'MulberryDataSource')
    cd /Users/admin/builder/spi-builder-workspace/.swiftpm/xcode
    builtin-SwiftPerFileCompile MulberryDataSourceProtocol.swift
SwiftCompile normal arm64_32 Compiling\ TablePosition.swift,\ CellConfigurable.swift /Users/admin/builder/spi-builder-workspace/Sources/MulberryDataSource/Items/Models/TablePosition.swift /Users/admin/builder/spi-builder-workspace/Sources/MulberryDataSource/Items/Protocols/View/CellConfigurable.swift (in target 'MulberryDataSource' from project 'MulberryDataSource')
SwiftCompile normal arm64_32 /Users/admin/builder/spi-builder-workspace/Sources/MulberryDataSource/Items/Models/TablePosition.swift (in target 'MulberryDataSource' from project 'MulberryDataSource')
    cd /Users/admin/builder/spi-builder-workspace/.swiftpm/xcode
    builtin-SwiftPerFileCompile TablePosition.swift
SwiftCompile normal arm64_32 /Users/admin/builder/spi-builder-workspace/Sources/MulberryDataSource/Items/Protocols/View/CellConfigurable.swift (in target 'MulberryDataSource' from project 'MulberryDataSource')
    cd /Users/admin/builder/spi-builder-workspace/.swiftpm/xcode
    builtin-SwiftPerFileCompile CellConfigurable.swift
SwiftCompile normal arm64 Compiling\ Collection+Safe.swift,\ UITableView+Scroll.swift /Users/admin/builder/spi-builder-workspace/Sources/MulberryDataSource/Extensions/Collection+Safe.swift /Users/admin/builder/spi-builder-workspace/Sources/MulberryDataSource/Extensions/UITableView+Scroll.swift (in target 'MulberryDataSource' from project 'MulberryDataSource')
/Users/admin/builder/spi-builder-workspace/Sources/MulberryDataSource/Extensions/UITableView+Scroll.swift:11:44: error: 'UITableView' is unavailable in watchOS
 9 |
10 | extension UITableView {
11 |     func scrollToBottom(at scrollPosition: UITableView.ScrollPosition, animated: Bool) {
   |                                            `- error: 'UITableView' is unavailable in watchOS
12 |         performOnMain {
13 |             guard self.numberOfSections > 0 else { return }
/Applications/Xcode-27.0.0-Release.Candidate.app/Contents/Developer/Platforms/WatchOS.platform/Developer/SDKs/WatchOS27.0.sdk/System/Library/Frameworks/UIKit.framework/Headers/UITableView.h:347:12: note: 'UITableView' has been explicitly marked unavailable here
345 |
346 | UIKIT_EXTERN API_AVAILABLE(ios(2.0)) API_UNAVAILABLE(watchos) NS_SWIFT_UI_ACTOR
347 | @interface UITableView : UIScrollView <NSCoding, UIDataSourceTranslating>
    |            `- note: 'UITableView' has been explicitly marked unavailable here
348 |
349 | - (instancetype)initWithFrame:(CGRect)frame style:(UITableViewStyle)style NS_DESIGNATED_INITIALIZER; // must specify style at creation. -initWithFrame: calls this with UITableViewStylePlain
SwiftCompile normal arm64 /Users/admin/builder/spi-builder-workspace/Sources/MulberryDataSource/Extensions/Collection+Safe.swift (in target 'MulberryDataSource' from project 'MulberryDataSource')
    cd /Users/admin/builder/spi-builder-workspace/.swiftpm/xcode
    builtin-SwiftPerFileCompile Collection+Safe.swift
SwiftCompile normal arm64 /Users/admin/builder/spi-builder-workspace/Sources/MulberryDataSource/Extensions/UITableView+Scroll.swift (in target 'MulberryDataSource' from project 'MulberryDataSource')
    cd /Users/admin/builder/spi-builder-workspace/.swiftpm/xcode
    builtin-SwiftPerFileCompile UITableView+Scroll.swift
SwiftCompile normal arm64 Compiling\ HashableItem.swift,\ HashableSection.swift /Users/admin/builder/spi-builder-workspace/Sources/MulberryDataSource/Items/Models/HashableItem.swift /Users/admin/builder/spi-builder-workspace/Sources/MulberryDataSource/Items/Models/HashableSection.swift (in target 'MulberryDataSource' from project 'MulberryDataSource')
SwiftCompile normal arm64 /Users/admin/builder/spi-builder-workspace/Sources/MulberryDataSource/Items/Models/HashableItem.swift (in target 'MulberryDataSource' from project 'MulberryDataSource')
    cd /Users/admin/builder/spi-builder-workspace/.swiftpm/xcode
    builtin-SwiftPerFileCompile HashableItem.swift
SwiftCompile normal arm64 /Users/admin/builder/spi-builder-workspace/Sources/MulberryDataSource/Items/Models/HashableSection.swift (in target 'MulberryDataSource' from project 'MulberryDataSource')
    cd /Users/admin/builder/spi-builder-workspace/.swiftpm/xcode
    builtin-SwiftPerFileCompile HashableSection.swift
SwiftCompile normal arm64_32 Compiling\ ItemViewModelProtocol+Hashable.swift /Users/admin/builder/spi-builder-workspace/Sources/MulberryDataSource/Items/Protocols/ViewModel/ItemViewModelProtocol+Hashable.swift (in target 'MulberryDataSource' from project 'MulberryDataSource')
SwiftCompile normal arm64_32 /Users/admin/builder/spi-builder-workspace/Sources/MulberryDataSource/Items/Protocols/ViewModel/ItemViewModelProtocol+Hashable.swift (in target 'MulberryDataSource' from project 'MulberryDataSource')
    cd /Users/admin/builder/spi-builder-workspace/.swiftpm/xcode
    builtin-SwiftPerFileCompile ItemViewModelProtocol+Hashable.swift
SwiftCompile normal arm64_32 Compiling\ ItemViewModelTappable.swift /Users/admin/builder/spi-builder-workspace/Sources/MulberryDataSource/Items/Protocols/ViewModel/ItemViewModelTappable.swift (in target 'MulberryDataSource' from project 'MulberryDataSource')
SwiftCompile normal arm64_32 /Users/admin/builder/spi-builder-workspace/Sources/MulberryDataSource/Items/Protocols/ViewModel/ItemViewModelTappable.swift (in target 'MulberryDataSource' from project 'MulberryDataSource')
    cd /Users/admin/builder/spi-builder-workspace/.swiftpm/xcode
    builtin-SwiftPerFileCompile ItemViewModelTappable.swift
SwiftCompile normal arm64_32 Compiling\ HashableItem.swift,\ HashableSection.swift /Users/admin/builder/spi-builder-workspace/Sources/MulberryDataSource/Items/Models/HashableItem.swift /Users/admin/builder/spi-builder-workspace/Sources/MulberryDataSource/Items/Models/HashableSection.swift (in target 'MulberryDataSource' from project 'MulberryDataSource')
SwiftCompile normal arm64_32 /Users/admin/builder/spi-builder-workspace/Sources/MulberryDataSource/Items/Models/HashableItem.swift (in target 'MulberryDataSource' from project 'MulberryDataSource')
    cd /Users/admin/builder/spi-builder-workspace/.swiftpm/xcode
    builtin-SwiftPerFileCompile HashableItem.swift
SwiftCompile normal arm64_32 /Users/admin/builder/spi-builder-workspace/Sources/MulberryDataSource/Items/Models/HashableSection.swift (in target 'MulberryDataSource' from project 'MulberryDataSource')
    cd /Users/admin/builder/spi-builder-workspace/.swiftpm/xcode
    builtin-SwiftPerFileCompile HashableSection.swift
SwiftCompile normal arm64 Compiling\ ItemViewModelMutable.swift /Users/admin/builder/spi-builder-workspace/Sources/MulberryDataSource/Items/Protocols/ViewModel/ItemViewModelMutable.swift (in target 'MulberryDataSource' from project 'MulberryDataSource')
SwiftCompile normal arm64 /Users/admin/builder/spi-builder-workspace/Sources/MulberryDataSource/Items/Protocols/ViewModel/ItemViewModelMutable.swift (in target 'MulberryDataSource' from project 'MulberryDataSource')
    cd /Users/admin/builder/spi-builder-workspace/.swiftpm/xcode
    builtin-SwiftPerFileCompile ItemViewModelMutable.swift
SwiftEmitModule normal arm64 Emitting\ module\ for\ MulberryDataSource (in target 'MulberryDataSource' from project 'MulberryDataSource')
SwiftCompile normal arm64 (in target 'MulberryDataSource' from project 'MulberryDataSource')
    cd /Users/admin/builder/spi-builder-workspace/.swiftpm/xcode

PruneExplicitPrecompiledModules /Users/admin/builder/spi-builder-workspace/.derivedData/SDKExplicitPrecompiledModules
PruneExplicitPrecompiledModules /Users/admin/builder/spi-builder-workspace/.derivedData/Build/Intermediates.noindex/SwiftExplicitPrecompiledModules
PruneExplicitPrecompiledModules /Users/admin/builder/spi-builder-workspace/.derivedData/Build/Intermediates.noindex/ExplicitPrecompiledModules
2026-09-24 21:26:02.441 xcodebuild[819:4665] [MT] IDERunDestination: Supported platforms for the buildables in the current scheme is empty.
** BUILD FAILED **
The following build commands failed:
	SwiftCompile normal arm64_32 (in target 'MulberryDataSource' from project 'MulberryDataSource')
	SwiftEmitModule normal arm64_32 Emitting\ module\ for\ MulberryDataSource (in target 'MulberryDataSource' from project 'MulberryDataSource')
	Building workspace MulberryDataSource with scheme MulberryDataSource
(3 failures)
BUILD FAILURE 6.4 watchOS