The Swift Package Index logo.Swift Package Index

Build Information

Failed to build Upstash, reference 1.1.0 (2b5724), with Swift 6.4 for Wasm on 19 Sep 2026 04:30:45 UTC.

Build Command

bash -c docker run --pull=always --rm -v "checkouts-54344847-0":/host -w "$PWD" -e JAVA_HOME="/root/.sdkman/candidates/java/current" -e SPI_BUILD="1" -e SPI_PROCESSING="1" registry.gitlab.com/saguaro1/spi-images:wasm-6.4-latest swift build --swift-sdk swift-6.4.x-DEVELOPMENT-SNAPSHOT-2026-09-04-a_wasm 2>&1

Build Log

========================================
RunAll
========================================
Builder version: 5.1.0
Interrupt handler set up.
========================================
Checkout
========================================
Clone URL: https://github.com/swift-cloud/Upstash.git
Reference: 1.1.0
Initialized empty Git repository in /host/spi-builder-workspace/.git/
hint: Using 'master' as the name for the initial branch. This default branch name
hint: is subject to change. To configure the initial branch name to use in all
hint: of your new repositories, which will suppress this warning, call:
hint:
hint: 	git config --global init.defaultBranch <name>
hint:
hint: Names commonly chosen instead of 'master' are 'main', 'trunk' and
hint: 'development'. The just-created branch can be renamed via this command:
hint:
hint: 	git branch -m <name>
From https://github.com/swift-cloud/Upstash
 * tag               1.1.0      -> FETCH_HEAD
HEAD is now at 2b57244 Refactor Get/Set API (#2)
Cloned https://github.com/swift-cloud/Upstash.git
Revision (git rev-parse @):
2b5724439eead5360f34eabf84dd5537441e1200
SPI manifest file found: $PWD/.spi.yml
SUCCESS checkout https://github.com/swift-cloud/Upstash.git at 1.1.0
========================================
Build
========================================
Selected platform:         wasm
Swift version:             6.4
Building package at path:  $PWD
https://github.com/swift-cloud/Upstash.git
Running build ...
bash -c docker run --pull=always --rm -v "checkouts-54344847-0":/host -w "$PWD" -e JAVA_HOME="/root/.sdkman/candidates/java/current" -e SPI_BUILD="1" -e SPI_PROCESSING="1" registry.gitlab.com/saguaro1/spi-images:wasm-6.4-latest swift build --swift-sdk swift-6.4.x-DEVELOPMENT-SNAPSHOT-2026-09-04-a_wasm 2>&1
wasm-6.4-latest: Pulling from saguaro1/spi-images
Digest: sha256:4328fdb43c680d205c1d6761b1e3267aa38277eefdda9ddfb17b6a0f1a77857a
Status: Image is up to date for registry.gitlab.com/saguaro1/spi-images:wasm-6.4-latest
Fetching https://github.com/swift-cloud/Compute
Fetching https://github.com/flight-school/anycodable
[1/782] Fetching anycodable
[596/17908] Fetching anycodable, compute
Fetched https://github.com/flight-school/anycodable (0.46s)
[1371/17126] Fetching compute
Fetched https://github.com/swift-cloud/Compute (0.60s)
Computing version for https://github.com/flight-school/anycodable
Computed https://github.com/flight-school/anycodable at 0.6.7 (0.79s)
Computing version for https://github.com/swift-cloud/Compute
Computed https://github.com/swift-cloud/Compute at 2.19.0 (0.19s)
Fetching https://github.com/apple/swift-crypto
[1/18542] Fetching swift-crypto
Fetched https://github.com/apple/swift-crypto (1.18s)
Computing version for https://github.com/apple/swift-crypto
Computed https://github.com/apple/swift-crypto at 3.15.1 (1.45s)
Fetching https://github.com/apple/swift-asn1.git
[1/1983] Fetching swift-asn1
Fetched https://github.com/apple/swift-asn1.git (0.49s)
Computing version for https://github.com/apple/swift-asn1.git
Computed https://github.com/apple/swift-asn1.git at 1.7.3 (1.57s)
Creating working copy for https://github.com/flight-school/anycodable
Working copy of https://github.com/flight-school/anycodable resolved at 0.6.7
Creating working copy for https://github.com/apple/swift-crypto
Working copy of https://github.com/apple/swift-crypto resolved at 3.15.1
Creating working copy for https://github.com/swift-cloud/Compute
Working copy of https://github.com/swift-cloud/Compute resolved at 2.19.0
Creating working copy for https://github.com/apple/swift-asn1.git
Working copy of https://github.com/apple/swift-asn1.git resolved at 1.7.3
Building for debugging...
[Computing dependencies]
[Pre-planning 1 / 275]
[Planning deferred tasks]
[57 / 457] CCryptoBoringSSL
[60 / 457] CCryptoBoringSSL
[64 / 457] CCryptoBoringSSL
[66 / 457] CCryptoBoringSSL
[67 / 457] CCryptoBoringSSL
[69 / 457] CCryptoBoringSSL
[72 / 457] CCryptoBoringSSL
[73 / 457] CCryptoBoringSSL
[75 / 457] CCryptoBoringSSL
[82 / 457] CCryptoBoringSSL
[84 / 457] CCryptoBoringSSL
[85 / 457] CCryptoBoringSSL
[86 / 457] CCryptoBoringSSL
[88 / 457] CCryptoBoringSSL
[89 / 457] CCryptoBoringSSL
[91 / 457] CCryptoBoringSSL
[97 / 457] CCryptoBoringSSL
[104 / 457] CCryptoBoringSSL
[108 / 457] CCryptoBoringSSL
[109 / 457] CCryptoBoringSSL
[110 / 457] CCryptoBoringSSL
[113 / 457] CCryptoBoringSSL
[115 / 457] CCryptoBoringSSL
[116 / 457] CCryptoBoringSSL
[121 / 457] CCryptoBoringSSL
[123 / 457] CCryptoBoringSSL
[124 / 457] CCryptoBoringSSL
[129 / 457] CCryptoBoringSSL
[133 / 457] CCryptoBoringSSL
[135 / 457] CCryptoBoringSSL
[138 / 457] CCryptoBoringSSL
[141 / 457] CCryptoBoringSSL
[144 / 457] CCryptoBoringSSL
[147 / 457] CCryptoBoringSSL
[149 / 457] CCryptoBoringSSL
[151 / 457] CCryptoBoringSSL
[157 / 457] CCryptoBoringSSL
[170 / 457] CCryptoBoringSSL
[184 / 457] CCryptoBoringSSL
[187 / 457] CCryptoBoringSSL
[191 / 457] CCryptoBoringSSL
[194 / 457] CCryptoBoringSSL
[195 / 457] CCryptoBoringSSL
[201 / 457] CCryptoBoringSSL
[204 / 457] CCryptoBoringSSL
[207 / 457] CCryptoBoringSSL
[209 / 457] CCryptoBoringSSL
[211 / 457] CCryptoBoringSSL
[212 / 457] CCryptoBoringSSL
[215 / 457] CCryptoBoringSSL
[220 / 457] CCryptoBoringSSL
[222 / 457] CCryptoBoringSSL
[225 / 457] CCryptoBoringSSL
[227 / 457] CCryptoBoringSSL
[230 / 457] CCryptoBoringSSL
[231 / 457] CCryptoBoringSSL
[235 / 457] CCryptoBoringSSL
[242 / 457] CCryptoBoringSSL
[247 / 457] CCryptoBoringSSL
[248 / 457] CCryptoBoringSSL
[251 / 457] CCryptoBoringSSL
[255 / 457] CCryptoBoringSSL
[258 / 457] CCryptoBoringSSL
[261 / 457] CCryptoBoringSSL
[269 / 457] CCryptoBoringSSL
[282 / 457] CCryptoBoringSSL
[283 / 457] CCryptoBoringSSL
[287 / 457] CCryptoBoringSSL
[291 / 457] CCryptoBoringSSL
[295 / 457] CCryptoBoringSSL
[299 / 457] CCryptoBoringSSL
[304 / 457] CCryptoBoringSSL
[307 / 457] CCryptoBoringSSL
[310 / 457] CCryptoBoringSSL
[314 / 457] CCryptoBoringSSL
[315 / 457] CCryptoBoringSSL
[319 / 457] CCryptoBoringSSL
[322 / 457] CCryptoBoringSSL
[323 / 457] CCryptoBoringSSL
[325 / 457] CCryptoBoringSSL
[330 / 457] CCryptoBoringSSL
[331 / 457] CCryptoBoringSSL
[333 / 457] CCryptoBoringSSL
[340 / 457] CCryptoBoringSSL
[349 / 457] CCryptoBoringSSL
[354 / 457] CCryptoBoringSSL
[355 / 457] CCryptoBoringSSL
[360 / 457] CCryptoBoringSSL
[364 / 457] CCryptoBoringSSL
[365 / 457] CCryptoBoringSSL
[369 / 457] CCryptoBoringSSL
[372 / 457] CCryptoBoringSSL
[374 / 457] CCryptoBoringSSL
[376 / 457] CCryptoBoringSSL
[387 / 457] CCryptoBoringSSL
[395 / 457] CCryptoBoringSSL
[402 / 457] CCryptoBoringSSL
[405 / 457] CCryptoBoringSSL
[406 / 457] CCryptoBoringSSL
[411 / 457] CCryptoBoringSSL
[412 / 457] CCryptoBoringSSL
[413 / 457] CCryptoBoringSSL
[417 / 457] CCryptoBoringSSL
[418 / 457] CCryptoBoringSSL
[420 / 457] CryptoBoringWrapper
[421 / 457] CCryptoBoringSSL
[424 / 457] CCryptoBoringSSL
[427 / 462] Crypto
[429 / 462] AnyCodable
[436 / 463]
[438 / 472] Crypto
[443 / 472] Crypto
[444 / 473] Crypto
[445 / 474] CryptoBoringWrapper
[452 / 474] Crypto-product
[456 / 476] Compute
[459 / 484] Compute
[461 / 484] Compute
error: SwiftCompile normal wasm32 failed with a nonzero exit code. Command line:     cd /host

/root/.swiftpm/swift-sdks/swift-6.4.x-DEVELOPMENT-SNAPSHOT-2026-09-04-a_wasm.artifactbundle/swift-6.4.x-DEVELOPMENT-SNAPSHOT-2026-09-04-a_wasm/wasm32-unknown-wasip1/swift.xctoolchain/usr/lib/swift_static/CoreFoundation/CoreFoundation.h:28:10: note: while building module 'wasi_emulated_signal' imported from /root/.swiftpm/swift-sdks/swift-6.4.x-DEVELOPMENT-SNAPSHOT-2026-09-04-a_wasm.artifactbundle/swift-6.4.x-DEVELOPMENT-SNAPSHOT-2026-09-04-a_wasm/wasm32-unknown-wasip1/swift.xctoolchain/usr/lib/swift_static/CoreFoundation/CoreFoundation.h:28:
 26 | #include <setjmp.h>
 27 | #endif
 28 | #include <signal.h>
    |          `- note: while building module 'wasi_emulated_signal' imported from /root/.swiftpm/swift-sdks/swift-6.4.x-DEVELOPMENT-SNAPSHOT-2026-09-04-a_wasm.artifactbundle/swift-6.4.x-DEVELOPMENT-SNAPSHOT-2026-09-04-a_wasm/wasm32-unknown-wasip1/swift.xctoolchain/usr/lib/swift_static/CoreFoundation/CoreFoundation.h:28:
 29 | #include <stddef.h>
 30 | #include <stdio.h>
<module-includes>:1:10: note: in file included from <module-includes>:1:
1 | #include "signal.h"
  |          `- note: in file included from <module-includes>:1:
2 |
/root/.swiftpm/swift-sdks/swift-6.4.x-DEVELOPMENT-SNAPSHOT-2026-09-04-a_wasm.artifactbundle/swift-6.4.x-DEVELOPMENT-SNAPSHOT-2026-09-04-a_wasm/wasm32-unknown-wasip1/WASI.sdk/include/wasm32-wasip1/signal.h:2:2: error: "wasm lacks signal support; to enable minimal signal emulation, compile with -D_WASI_EMULATED_SIGNAL and link with -lwasi-emulated-signal"
  1 | #ifndef _WASI_EMULATED_SIGNAL
  2 | #error "wasm lacks signal support; to enable minimal signal emulation, \
    |  `- error: "wasm lacks signal support; to enable minimal signal emulation, compile with -D_WASI_EMULATED_SIGNAL and link with -lwasi-emulated-signal"
  3 | compile with -D_WASI_EMULATED_SIGNAL and link with -lwasi-emulated-signal"
  4 | #else
<module-includes>:1:10: note: in file included from <module-includes>:1:
1 | #include "CoreFoundation.h"
  |          `- note: in file included from <module-includes>:1:
2 |
/root/.swiftpm/swift-sdks/swift-6.4.x-DEVELOPMENT-SNAPSHOT-2026-09-04-a_wasm.artifactbundle/swift-6.4.x-DEVELOPMENT-SNAPSHOT-2026-09-04-a_wasm/wasm32-unknown-wasip1/swift.xctoolchain/usr/lib/swift_static/CoreFoundation/CoreFoundation.h:28:10: error: could not build module 'wasi_emulated_signal'
 26 | #include <setjmp.h>
 27 | #endif
 28 | #include <signal.h>
    |          `- error: could not build module 'wasi_emulated_signal'
 29 | #include <stddef.h>
 30 | #include <stdio.h>
/root/.swiftpm/swift-sdks/swift-6.4.x-DEVELOPMENT-SNAPSHOT-2026-09-04-a_wasm.artifactbundle/swift-6.4.x-DEVELOPMENT-SNAPSHOT-2026-09-04-a_wasm/wasm32-unknown-wasip1/swift.xctoolchain/usr/lib/swift_static/CoreFoundation/ForSwiftFoundationOnly.h:86:10: note: while building module 'wasi_emulated_mman' imported from /root/.swiftpm/swift-sdks/swift-6.4.x-DEVELOPMENT-SNAPSHOT-2026-09-04-a_wasm.artifactbundle/swift-6.4.x-DEVELOPMENT-SNAPSHOT-2026-09-04-a_wasm/wasm32-unknown-wasip1/swift.xctoolchain/usr/lib/swift_static/CoreFoundation/ForSwiftFoundationOnly.h:86:
 84 | #undef _WASI_EMULATED_MMAN
 85 | #define _WASI_EMULATED_MMAN
 86 | #include <sys/mman.h>
    |          `- note: while building module 'wasi_emulated_mman' imported from /root/.swiftpm/swift-sdks/swift-6.4.x-DEVELOPMENT-SNAPSHOT-2026-09-04-a_wasm.artifactbundle/swift-6.4.x-DEVELOPMENT-SNAPSHOT-2026-09-04-a_wasm/wasm32-unknown-wasip1/swift.xctoolchain/usr/lib/swift_static/CoreFoundation/ForSwiftFoundationOnly.h:86:
 87 | #elif TARGET_OS_LINUX
 88 | #include <errno.h>
<module-includes>:1:10: note: in file included from <module-includes>:1:
1 | #include "sys/mman.h"
  |          `- note: in file included from <module-includes>:1:
2 |
/root/.swiftpm/swift-sdks/swift-6.4.x-DEVELOPMENT-SNAPSHOT-2026-09-04-a_wasm.artifactbundle/swift-6.4.x-DEVELOPMENT-SNAPSHOT-2026-09-04-a_wasm/wasm32-unknown-wasip1/WASI.sdk/include/wasm32-wasip1/sys/mman.h:2:2: error: "WASI lacks a true mmap; to enable minimal mmap emulation, compile with -D_WASI_EMULATED_MMAN and link with -lwasi-emulated-mman"
  1 | #ifndef _WASI_EMULATED_MMAN
  2 | #error "WASI lacks a true mmap; to enable minimal mmap emulation, \
    |  `- error: "WASI lacks a true mmap; to enable minimal mmap emulation, compile with -D_WASI_EMULATED_MMAN and link with -lwasi-emulated-mman"
  3 | compile with -D_WASI_EMULATED_MMAN and link with -lwasi-emulated-mman"
  4 | #else
/host/spi-builder-workspace/.build/checkouts/Compute/Sources/Compute/Fastly/FastlyUtils.swift:8:8: error: could not build C module 'CoreFoundation'
 6 | //
 7 |
 8 | import CoreFoundation
   |        `- error: could not build C module 'CoreFoundation'
 9 |
10 | internal typealias WasiBufferReader = (_ buffer: UnsafeMutablePointer<UInt8>?, _ maxLength: Int, _ length: inout Int) -> Int32
Failed frontend command:
/usr/bin/swift-frontend -frontend -emit-module -experimental-skip-non-inlinable-function-bodies-without-types /host/spi-builder-workspace/.build/checkouts/Compute/Sources/Compute/Cache.swift /host/spi-builder-workspace/.build/checkouts/Compute/Sources/Compute/Compute.swift /host/spi-builder-workspace/.build/checkouts/Compute/Sources/Compute/Concurrency.swift /host/spi-builder-workspace/.build/checkouts/Compute/Sources/Compute/ConfigStore.swift /host/spi-builder-workspace/.build/checkouts/Compute/Sources/Compute/Console.swift /host/spi-builder-workspace/.build/checkouts/Compute/Sources/Compute/Crypto.swift /host/spi-builder-workspace/.build/checkouts/Compute/Sources/Compute/Fanout/FanoutClient.swift /host/spi-builder-workspace/.build/checkouts/Compute/Sources/Compute/Fanout/FanoutMessage.swift /host/spi-builder-workspace/.build/checkouts/Compute/Sources/Compute/Fanout/IncomingRequest+Fanout.swift /host/spi-builder-workspace/.build/checkouts/Compute/Sources/Compute/Fanout/OutgoingResponse+Fanout.swift /host/spi-builder-workspace/.build/checkouts/Compute/Sources/Compute/Fastly/Fastly.swift /host/spi-builder-workspace/.build/checkouts/Compute/Sources/Compute/Fastly/FastlyABI.swift /host/spi-builder-workspace/.build/checkouts/Compute/Sources/Compute/Fastly/FastlyBody.swift /host/spi-builder-workspace/.build/checkouts/Compute/Sources/Compute/Fastly/FastlyCache.swift /host/spi-builder-workspace/.build/checkouts/Compute/Sources/Compute/Fastly/FastlyConfigStore.swift /host/spi-builder-workspace/.build/checkouts/Compute/Sources/Compute/Fastly/FastlyEnvironment.swift /host/spi-builder-workspace/.build/checkouts/Compute/Sources/Compute/Fastly/FastlyError.swift /host/spi-builder-workspace/.build/checkouts/Compute/Sources/Compute/Fastly/FastlyGeoLocation.swift /host/spi-builder-workspace/.build/checkouts/Compute/Sources/Compute/Fastly/FastlyKVStore.swift /host/spi-builder-workspace/.build/checkouts/Compute/Sources/Compute/Fastly/FastlyLogger.swift /host/spi-builder-workspace/.build/checkouts/Compute/Sources/Compute/Fastly/FastlyPendingRequest.swift /host/spi-builder-workspace/.build/checkouts/Compute/Sources/Compute/Fastly/FastlyRequest.swift /host/spi-builder-workspace/.build/checkouts/Compute/Sources/Compute/Fastly/FastlyResponse.swift /host/spi-builder-workspace/.build/checkouts/Compute/Sources/Compute/Fastly/FastlySecretStore.swift /host/spi-builder-workspace/.build/checkouts/Compute/Sources/Compute/Fastly/FastlyStubs.swift /host/spi-builder-workspace/.build/checkouts/Compute/Sources/Compute/Fastly/FastlyTypes.swift /host/spi-builder-workspace/.build/checkouts/Compute/Sources/Compute/Fastly/FastlyUtils.swift /host/spi-builder-workspace/.build/checkouts/Compute/Sources/Compute/Fetch/Fetch+URLSession.swift /host/spi-builder-workspace/.build/checkouts/Compute/Sources/Compute/Fetch/Fetch+Wasi.swift /host/spi-builder-workspace/.build/checkouts/Compute/Sources/Compute/Fetch/Fetch.swift /host/spi-builder-workspace/.build/checkouts/Compute/Sources/Compute/Fetch/FetchRequest.swift /host/spi-builder-workspace/.build/checkouts/Compute/Sources/Compute/Fetch/FetchResponse.swift /host/spi-builder-workspace/.build/checkouts/Compute/Sources/Compute/Headers.swift /host/spi-builder-workspace/.build/checkouts/Compute/Sources/Compute/IncomingRequest.swift /host/spi-builder-workspace/.build/checkouts/Compute/Sources/Compute/JWT/JWT.swift /host/spi-builder-workspace/.build/checkouts/Compute/Sources/Compute/JWT/JWTClaim.swift /host/spi-builder-workspace/.build/checkouts/Compute/Sources/Compute/JWT/JWTError.swift /host/spi-builder-workspace/.build/checkouts/Compute/Sources/Compute/KVStore.swift /host/spi-builder-workspace/.build/checkouts/Compute/Sources/Compute/OutgoingResponse.swift /host/spi-builder-workspace/.build/checkouts/Compute/Sources/Compute/Range.swift /host/spi-builder-workspace/.build/checkouts/Compute/Sources/Compute/ReadableBody/ReadableBody+Data.swift /host/spi-builder-workspace/.build/checkouts/Compute/Sources/Compute/ReadableBody/ReadableBody+Wasi.swift /host/spi-builder-workspace/.build/checkouts/Compute/Sources/Compute/ReadableBody/ReadableBody.swift /host/spi-builder-workspace/.build/checkouts/Compute/Sources/Compute/Router/Parameters.swift /host/spi-builder-workspace/.build/checkouts/Compute/Sources/Compute/Router/PathComponent.swift /host/spi-builder-workspace/.build/checkouts/Compute/Sources/Compute/Router/Routable.swift /host/spi-builder-workspace/.build/checkouts/Compute/Sources/Compute/Router/Router.swift /host/spi-builder-workspace/.build/checkouts/Compute/Sources/Compute/Router/TrieRouter.swift /host/spi-builder-workspace/.build/checkouts/Compute/Sources/Compute/SecretStore.swift /host/spi-builder-workspace/.build/checkouts/Compute/Sources/Compute/WritableBody.swift -target wasm32-unknown-wasip1 -disable-objc-interop -sdk /root/.swiftpm/swift-sdks/swift-6.4.x-DEVELOPMENT-SNAPSHOT-2026-09-04-a_wasm.artifactbundle/swift-6.4.x-DEVELOPMENT-SNAPSHOT-2026-09-04-a_wasm/wasm32-unknown-wasip1/WASI.sdk -sysroot /root/.swiftpm/swift-sdks/swift-6.4.x-DEVELOPMENT-SNAPSHOT-2026-09-04-a_wasm.artifactbundle/swift-6.4.x-DEVELOPMENT-SNAPSHOT-2026-09-04-a_wasm/wasm32-unknown-wasip1/WASI.sdk -I /host/spi-builder-workspace/.build/out/Products/Debug-webassembly-wasm32 -module-cache-path /host/spi-builder-workspace/.build/out/ModuleCache.noindex -color-diagnostics -Xcc -fcolor-diagnostics -enable-testing -g -debug-info-format\=dwarf -dwarf-version\=4 -suppress-warnings -swift-version 5 -Onone -D SWIFT_PACKAGE -D DEBUG -D SWIFT_MODULE_RESOURCE_BUNDLE_UNAVAILABLE -D Xcode -serialize-debugging-options -enable-experimental-feature DebugDescriptionMacro -empty-abi-descriptor -external-plugin-path /usr/lib/swift/host/plugins/testing\#/usr/bin/swift-plugin-server -validate-clang-modules-once -clang-build-session-file /host/spi-builder-workspace/.build/out/ModuleCache.noindex/Session.modulevalidation -Xcc -working-directory -Xcc /host -resource-dir /root/.swiftpm/swift-sdks/swift-6.4.x-DEVELOPMENT-SNAPSHOT-2026-09-04-a_wasm.artifactbundle/swift-6.4.x-DEVELOPMENT-SNAPSHOT-2026-09-04-a_wasm/wasm32-unknown-wasip1/swift.xctoolchain/usr/lib/swift_static -use-static-resource-dir -enable-anonymous-context-mangled-names -file-compilation-dir /host -Xcc -resource-dir -Xcc /root/.swiftpm/swift-sdks/swift-6.4.x-DEVELOPMENT-SNAPSHOT-2026-09-04-a_wasm.artifactbundle/swift-6.4.x-DEVELOPMENT-SNAPSHOT-2026-09-04-a_wasm/wasm32-unknown-wasip1/swift.xctoolchain/usr/lib/swift_static/clang -Xcc -fmodule-map-file\=/host/spi-builder-workspace/.build/checkouts/swift-crypto/Sources/CCryptoBoringSSLShims/include/module.modulemap -Xcc -fmodule-map-file\=/host/spi-builder-workspace/.build/checkouts/swift-crypto/Sources/CCryptoBoringSSL/include/module.modulemap -Xcc -fmodule-map-file\=/host/spi-builder-workspace/.build/checkouts/Compute/Sources/ComputeRuntime/include/module.modulemap -Xcc -D_LIBCPP_HARDENING_MODE\=_LIBCPP_HARDENING_MODE_DEBUG -Xcc -fmodules-prune-interval\=86400 -Xcc -fmodules-prune-after\=345600 -Xcc -I/host/spi-builder-workspace/.build/checkouts/swift-crypto/Sources/CCryptoBoringSSLShims/include -Xcc -I/host/spi-builder-workspace/.build/checkouts/swift-crypto/Sources/CCryptoBoringSSL/include -Xcc -I/host/spi-builder-workspace/.build/checkouts/Compute/Sources/ComputeRuntime/include -Xcc -I/host/spi-builder-workspace/.build/out/Products/Debug-webassembly-wasm32/include -Xcc -I/host/spi-builder-workspace/.build/out/Intermediates.noindex/Compute.build/Debug-webassembly-wasm32/Compute-t.build/DerivedSources-normal/wasm32 -Xcc -I/host/spi-builder-workspace/.build/out/Intermediates.noindex/Compute.build/Debug-webassembly-wasm32/Compute-t.build/DerivedSources/wasm32 -Xcc -I/host/spi-builder-workspace/.build/out/Intermediates.noindex/Compute.build/Debug-webassembly-wasm32/Compute-t.build/DerivedSources -Xcc -DSWIFT_PACKAGE -Xcc -DDEBUG\=1 -no-auto-bridging-header-chaining -module-name Compute -const-gather-protocols-file /host/spi-builder-workspace/.build/out/Intermediates.noindex/Compute.build/Debug-webassembly-wasm32/Compute-t.build/Objects-normal/wasm32/Compute_const_extract_protocols.json -in-process-plugin-server-path /usr/lib/swift/host/libSwiftInProcPluginServer.so -plugin-path /usr/lib/swift/host/plugins -plugin-path /usr/local/lib/swift/host/plugins -emit-module-doc-path /host/spi-builder-workspace/.build/out/Intermediates.noindex/Compute.build/Debug-webassembly-wasm32/Compute-t.build/Objects-normal/wasm32/Modules/Compute.swiftdoc -emit-module-source-info-path /host/spi-builder-workspace/.build/out/Intermediates.noindex/Compute.build/Debug-webassembly-wasm32/Compute-t.build/Objects-normal/wasm32/Modules/Compute.swiftsourceinfo -emit-objc-header-path /host/spi-builder-workspace/.build/out/Intermediates.noindex/Compute.build/Debug-webassembly-wasm32/Compute-t.build/Objects-normal/wasm32/Compute-Swift.h -serialize-diagnostics-path /host/spi-builder-workspace/.build/out/Intermediates.noindex/Compute.build/Debug-webassembly-wasm32/Compute-t.build/Objects-normal/wasm32/Compute-primary-emit-module.dia -emit-dependencies-path /host/spi-builder-workspace/.build/out/Intermediates.noindex/Compute.build/Debug-webassembly-wasm32/Compute-t.build/Objects-normal/wasm32/Compute-primary-emit-module.d -parse-as-library -o /host/spi-builder-workspace/.build/out/Intermediates.noindex/Compute.build/Debug-webassembly-wasm32/Compute-t.build/Objects-normal/wasm32/Modules/Compute.swiftmodule
[462 / 484] Compute
error: Build failed
BUILD FAILURE 6.4 wasm