Build Information
Failed to build AppKitFocusOverlay, reference 2.0.0 (08eeaf), with Swift 6.4 for watchOS using Xcode 27.0 on 21 Sep 2026 07:04:34 UTC.
Build Command
env DEVELOPER_DIR=/Applications/Xcode-27.0.0-Release.Candidate.app xcrun xcodebuild -IDEClonedSourcePackagesDirPathOverride=$PWD/.dependencies -skipMacroValidation -skipPackagePluginValidation -derivedDataPath $PWD/.derivedData build -scheme AppKitFocusOverlay -destination generic/platform=watchOSBuild Log
========================================
RunAll
========================================
Builder version: 5.1.0
Interrupt handler set up.
========================================
Checkout
========================================
Clone URL: https://github.com/dagronf/AppKitFocusOverlay.git
Reference: 2.0.0
Initialized empty Git repository in /Users/admin/builder/spi-builder-workspace/.git/
From https://github.com/dagronf/AppKitFocusOverlay
* tag 2.0.0 -> FETCH_HEAD
HEAD is now at 08eeaff Update to latest HotKey version, set macOS version to 10.13
Cloned https://github.com/dagronf/AppKitFocusOverlay.git
Revision (git rev-parse @):
08eeaff0eedd0c32b5001f77a57855292c658b55
SUCCESS checkout https://github.com/dagronf/AppKitFocusOverlay.git at 2.0.0
========================================
Build
========================================
Selected platform: watchOS
Swift version: 6.4
Building package at path: $PWD
https://github.com/dagronf/AppKitFocusOverlay.git
Command line invocation:
/Applications/Xcode-27.0.0-Release.Candidate.app/Contents/Developer/usr/bin/xcodebuild -IDEClonedSourcePackagesDirPathOverride=/Users/admin/builder/spi-builder-workspace/.dependencies -resolvePackageDependencies
Resolve Package Graph
Fetching from https://github.com/dagronf/HotKey
Creating working copy of package ‘HotKey’
Checking out 0.2.0 of package ‘HotKey’
Resolve Package Graph
Resolved source packages:
HotKey: https://github.com/dagronf/HotKey @ 0.2.0
AppKitFocusOverlay: /Users/admin/builder/spi-builder-workspace
resolved source packages: HotKey, AppKitFocusOverlay
2026-09-21 03:03:34.565 xcodebuild[563:3076] [MT] IDERunDestination: Supported platforms for the buildables in the current scheme is empty.
2026-09-21 03:03:34.726 xcodebuild[563:3076] [MT] IDERunDestination: Supported platforms for the buildables in the current scheme is empty.
2026-09-21 03:03:36.453 xcodebuild[563:3076] [MT] IDERunDestination: Supported platforms for the buildables in the current scheme is empty.
{
"dependencies" : [
{
"identity" : "hotkey",
"requirement" : {
"range" : [
{
"lower_bound" : "0.2.0",
"upper_bound" : "1.0.0"
}
]
},
"type" : "sourceControl",
"url" : "https://github.com/dagronf/HotKey"
}
],
"manifest_display_name" : "AppKitFocusOverlay",
"name" : "AppKitFocusOverlay",
"path" : "/Users/admin/builder/spi-builder-workspace",
"platforms" : [
{
"name" : "macos",
"version" : "10.13"
}
],
"products" : [
{
"name" : "AppKitFocusOverlay",
"targets" : [
"AppKitFocusOverlay"
],
"type" : {
"library" : [
"automatic"
]
}
}
],
"targets" : [
{
"c99name" : "AppKitFocusOverlayTests",
"module_type" : "SwiftTarget",
"name" : "AppKitFocusOverlayTests",
"path" : "Tests/AppKitFocusOverlayTests",
"sources" : [
"AppKitFocusOverlayTests.swift"
],
"target_dependencies" : [
"AppKitFocusOverlay"
],
"type" : "test"
},
{
"c99name" : "AppKitFocusOverlay",
"module_type" : "SwiftTarget",
"name" : "AppKitFocusOverlay",
"path" : "Sources/AppKitFocusOverlay",
"product_dependencies" : [
"HotKey"
],
"product_memberships" : [
"AppKitFocusOverlay"
],
"sources" : [
"AppKitFocusOverlay.swift",
"private/CGContext+extensions.swift",
"private/CGPath+arrow.swift",
"private/Palette.swift"
],
"type" : "library"
}
],
"tools_version" : "5.4"
}
{
"workspace" : {
"name" : "AppKitFocusOverlay",
"schemes" : [
"AppKitFocusOverlay"
]
}
}
2026-09-21 03:04:25.943 xcodebuild[723:4392] [MT] IDERunDestination: Supported platforms for the buildables in the current scheme is empty.
2026-09-21 03:04:26.092 xcodebuild[723:4392] [MT] IDERunDestination: Supported platforms for the buildables in the current scheme is empty.
Running build ...
env DEVELOPER_DIR=/Applications/Xcode-27.0.0-Release.Candidate.app xcrun xcodebuild -IDEClonedSourcePackagesDirPathOverride=$PWD/.dependencies -skipMacroValidation -skipPackagePluginValidation -derivedDataPath $PWD/.derivedData build -scheme AppKitFocusOverlay -destination generic/platform=watchOS
Command line invocation:
/Applications/Xcode-27.0.0-Release.Candidate.app/Contents/Developer/usr/bin/xcodebuild -IDEClonedSourcePackagesDirPathOverride=/Users/admin/builder/spi-builder-workspace/.dependencies -skipMacroValidation -skipPackagePluginValidation -derivedDataPath /Users/admin/builder/spi-builder-workspace/.derivedData build -scheme AppKitFocusOverlay -destination generic/platform=watchOS
Resolve Package Graph
Resolve Package Graph
Resolved source packages:
AppKitFocusOverlay: /Users/admin/builder/spi-builder-workspace
HotKey: https://github.com/dagronf/HotKey @ 0.2.0
ComputePackagePrebuildTargetDependencyGraph
Prepare packages
CreateBuildRequest
SendProjectDescription
CreateBuildOperation
ComputeTargetDependencyGraph
note: Building targets in dependency order
note: Target dependency graph (4 targets)
Target 'AppKitFocusOverlay-product' in project 'AppKitFocusOverlay'
➜ Explicit dependency on target 'AppKitFocusOverlay' in project 'AppKitFocusOverlay'
➜ Explicit dependency on target 'HotKey-product' in project 'HotKey'
Target 'AppKitFocusOverlay' in project 'AppKitFocusOverlay'
➜ Explicit dependency on target 'HotKey-product' in project 'HotKey'
Target 'HotKey-product' in project 'HotKey'
➜ Explicit dependency on target 'HotKey' in project 'HotKey'
Target 'HotKey' in project 'HotKey' (no dependencies)
GatherProvisioningInputs
CreateBuildDescription
ExecuteExternalTool /Applications/Xcode-27.0.0-Release.Candidate.app/Contents/Developer/Toolchains/XcodeDefault.xctoolchain/usr/bin/clang -v -E -dM -isysroot /Applications/Xcode-27.0.0-Release.Candidate.app/Contents/Developer/Platforms/WatchOS.platform/Developer/SDKs/WatchOS27.0.sdk -x c -c /dev/null
ExecuteExternalTool /Applications/Xcode-27.0.0-Release.Candidate.app/Contents/Developer/Toolchains/XcodeDefault.xctoolchain/usr/bin/swiftc --version
ExecuteExternalTool /Applications/Xcode-27.0.0-Release.Candidate.app/Contents/Developer/Toolchains/XcodeDefault.xctoolchain/usr/bin/ld -version_details
Build description signature: 18811aa0f14946a0d4277f32d5a9bb2c
Build description path: /Users/admin/builder/spi-builder-workspace/.derivedData/Build/Intermediates.noindex/XCBuildData/18811aa0f14946a0d4277f32d5a9bb2c.xcbuilddata
CreateBuildDirectory /Users/admin/builder/spi-builder-workspace/.derivedData/SDKExplicitPrecompiledModules
cd /Users/admin/builder/spi-builder-workspace/.swiftpm/xcode
builtin-create-build-directory /Users/admin/builder/spi-builder-workspace/.derivedData/SDKExplicitPrecompiledModules
CreateBuildDirectory /Users/admin/builder/spi-builder-workspace/.derivedData/ModuleCache.noindex
cd /Users/admin/builder/spi-builder-workspace/.swiftpm/xcode
builtin-create-build-directory /Users/admin/builder/spi-builder-workspace/.derivedData/ModuleCache.noindex
CreateBuildDirectory /Users/admin/builder/spi-builder-workspace/.derivedData/CompilationCache.noindex
cd /Users/admin/builder/spi-builder-workspace/.swiftpm/xcode
builtin-create-build-directory /Users/admin/builder/spi-builder-workspace/.derivedData/CompilationCache.noindex
CreateBuildDirectory /Users/admin/builder/spi-builder-workspace/.derivedData/Build/Intermediates.noindex
cd /Users/admin/builder/spi-builder-workspace/.swiftpm/xcode
builtin-create-build-directory /Users/admin/builder/spi-builder-workspace/.derivedData/Build/Intermediates.noindex
ClangStatCache /Applications/Xcode-27.0.0-Release.Candidate.app/Contents/Developer/Toolchains/XcodeDefault.xctoolchain/usr/bin/clang-stat-cache /Applications/Xcode-27.0.0-Release.Candidate.app/Contents/Developer/Platforms/WatchOS.platform/Developer/SDKs/WatchOS27.0.sdk /Users/admin/builder/spi-builder-workspace/.derivedData/SDKStatCaches.noindex/watchos27.0-24R360-e829b21a6f8c9b70876ba0858053c04477534ef55a1706bf4c1112bbb242f0a2.sdkstatcache
cd /Users/admin/builder/spi-builder-workspace/.swiftpm/xcode
/Applications/Xcode-27.0.0-Release.Candidate.app/Contents/Developer/Toolchains/XcodeDefault.xctoolchain/usr/bin/clang-stat-cache /Applications/Xcode-27.0.0-Release.Candidate.app/Contents/Developer/Platforms/WatchOS.platform/Developer/SDKs/WatchOS27.0.sdk -o /Users/admin/builder/spi-builder-workspace/.derivedData/SDKStatCaches.noindex/watchos27.0-24R360-e829b21a6f8c9b70876ba0858053c04477534ef55a1706bf4c1112bbb242f0a2.sdkstatcache
CreateBuildDirectory /Users/admin/builder/spi-builder-workspace/.derivedData/Build/Products
cd /Users/admin/builder/spi-builder-workspace/.swiftpm/xcode
builtin-create-build-directory /Users/admin/builder/spi-builder-workspace/.derivedData/Build/Products
CreateBuildDirectory /Users/admin/builder/spi-builder-workspace/.derivedData/Build/Intermediates.noindex/SwiftExplicitPrecompiledModules
cd /Users/admin/builder/spi-builder-workspace/.swiftpm/xcode
builtin-create-build-directory /Users/admin/builder/spi-builder-workspace/.derivedData/Build/Intermediates.noindex/SwiftExplicitPrecompiledModules
CreateBuildDirectory /Users/admin/builder/spi-builder-workspace/.derivedData/Build/Intermediates.noindex/PrecompiledHeaders
cd /Users/admin/builder/spi-builder-workspace/.swiftpm/xcode
builtin-create-build-directory /Users/admin/builder/spi-builder-workspace/.derivedData/Build/Intermediates.noindex/PrecompiledHeaders
CreateBuildDirectory /Users/admin/builder/spi-builder-workspace/.derivedData/Build/Intermediates.noindex/ExplicitPrecompiledModules
cd /Users/admin/builder/spi-builder-workspace/.swiftpm/xcode
builtin-create-build-directory /Users/admin/builder/spi-builder-workspace/.derivedData/Build/Intermediates.noindex/ExplicitPrecompiledModules
CreateBuildDirectory /Users/admin/builder/spi-builder-workspace/.derivedData/Build/Intermediates.noindex/EagerLinkingTBDs/Debug-watchos
cd /Users/admin/builder/spi-builder-workspace/.swiftpm/xcode
builtin-create-build-directory /Users/admin/builder/spi-builder-workspace/.derivedData/Build/Intermediates.noindex/EagerLinkingTBDs/Debug-watchos
CreateBuildDirectory /Users/admin/builder/spi-builder-workspace/.derivedData/Build/Products/Debug-watchos
cd /Users/admin/builder/spi-builder-workspace/.swiftpm/xcode
builtin-create-build-directory /Users/admin/builder/spi-builder-workspace/.derivedData/Build/Products/Debug-watchos
CreateBuildDirectory /Users/admin/builder/spi-builder-workspace/.derivedData/Build/Products/Debug-watchos/PackageFrameworks
cd /Users/admin/builder/spi-builder-workspace/.swiftpm/xcode
builtin-create-build-directory /Users/admin/builder/spi-builder-workspace/.derivedData/Build/Products/Debug-watchos/PackageFrameworks
WriteAuxiliaryFile /Users/admin/builder/spi-builder-workspace/.derivedData/Build/Intermediates.noindex/HotKey.build/Debug-watchos/HotKey-t.build/Objects-normal/arm64_32/HotKey-OutputFileMap.json (in target 'HotKey' from project 'HotKey')
cd /Users/admin/builder/spi-builder-workspace/.dependencies/checkouts/HotKey
write-file /Users/admin/builder/spi-builder-workspace/.derivedData/Build/Intermediates.noindex/HotKey.build/Debug-watchos/HotKey-t.build/Objects-normal/arm64_32/HotKey-OutputFileMap.json
WriteAuxiliaryFile /Users/admin/builder/spi-builder-workspace/.derivedData/Build/Intermediates.noindex/HotKey.build/Debug-watchos/HotKey-t.build/Objects-normal/arm64_32/HotKey.SwiftFileList (in target 'HotKey' from project 'HotKey')
cd /Users/admin/builder/spi-builder-workspace/.dependencies/checkouts/HotKey
write-file /Users/admin/builder/spi-builder-workspace/.derivedData/Build/Intermediates.noindex/HotKey.build/Debug-watchos/HotKey-t.build/Objects-normal/arm64_32/HotKey.SwiftFileList
WriteAuxiliaryFile /Users/admin/builder/spi-builder-workspace/.derivedData/Build/Intermediates.noindex/HotKey.build/Debug-watchos/HotKey-t.build/Objects-normal/arm64/HotKey.LinkFileList (in target 'HotKey' from project 'HotKey')
cd /Users/admin/builder/spi-builder-workspace/.dependencies/checkouts/HotKey
write-file /Users/admin/builder/spi-builder-workspace/.derivedData/Build/Intermediates.noindex/HotKey.build/Debug-watchos/HotKey-t.build/Objects-normal/arm64/HotKey.LinkFileList
WriteAuxiliaryFile /Users/admin/builder/spi-builder-workspace/.derivedData/Build/Intermediates.noindex/HotKey.build/Debug-watchos/HotKey-t.build/Objects-normal/arm64_32/HotKey_const_extract_protocols.json (in target 'HotKey' from project 'HotKey')
cd /Users/admin/builder/spi-builder-workspace/.dependencies/checkouts/HotKey
write-file /Users/admin/builder/spi-builder-workspace/.derivedData/Build/Intermediates.noindex/HotKey.build/Debug-watchos/HotKey-t.build/Objects-normal/arm64_32/HotKey_const_extract_protocols.json
WriteAuxiliaryFile /Users/admin/builder/spi-builder-workspace/.derivedData/Build/Intermediates.noindex/HotKey.build/Debug-watchos/HotKey-t.build/Objects-normal/arm64_32/HotKey.LinkFileList (in target 'HotKey' from project 'HotKey')
cd /Users/admin/builder/spi-builder-workspace/.dependencies/checkouts/HotKey
write-file /Users/admin/builder/spi-builder-workspace/.derivedData/Build/Intermediates.noindex/HotKey.build/Debug-watchos/HotKey-t.build/Objects-normal/arm64_32/HotKey.LinkFileList
WriteAuxiliaryFile /Users/admin/builder/spi-builder-workspace/.derivedData/Build/Intermediates.noindex/HotKey.build/Debug-watchos/HotKey-t.build/Objects-normal/arm64/HotKey.SwiftFileList (in target 'HotKey' from project 'HotKey')
cd /Users/admin/builder/spi-builder-workspace/.dependencies/checkouts/HotKey
write-file /Users/admin/builder/spi-builder-workspace/.derivedData/Build/Intermediates.noindex/HotKey.build/Debug-watchos/HotKey-t.build/Objects-normal/arm64/HotKey.SwiftFileList
WriteAuxiliaryFile /Users/admin/builder/spi-builder-workspace/.derivedData/Build/Intermediates.noindex/HotKey.build/Debug-watchos/HotKey-t.build/Objects-normal/arm64/HotKey.SwiftConstValuesFileList (in target 'HotKey' from project 'HotKey')
cd /Users/admin/builder/spi-builder-workspace/.dependencies/checkouts/HotKey
write-file /Users/admin/builder/spi-builder-workspace/.derivedData/Build/Intermediates.noindex/HotKey.build/Debug-watchos/HotKey-t.build/Objects-normal/arm64/HotKey.SwiftConstValuesFileList
WriteAuxiliaryFile /Users/admin/builder/spi-builder-workspace/.derivedData/Build/Intermediates.noindex/HotKey.build/Debug-watchos/HotKey-t.build/Objects-normal/arm64_32/HotKey.SwiftConstValuesFileList (in target 'HotKey' from project 'HotKey')
cd /Users/admin/builder/spi-builder-workspace/.dependencies/checkouts/HotKey
write-file /Users/admin/builder/spi-builder-workspace/.derivedData/Build/Intermediates.noindex/HotKey.build/Debug-watchos/HotKey-t.build/Objects-normal/arm64_32/HotKey.SwiftConstValuesFileList
WriteAuxiliaryFile /Users/admin/builder/spi-builder-workspace/.derivedData/Build/Intermediates.noindex/HotKey.build/Debug-watchos/HotKey-t.build/Objects-normal/arm64/HotKey_const_extract_protocols.json (in target 'HotKey' from project 'HotKey')
cd /Users/admin/builder/spi-builder-workspace/.dependencies/checkouts/HotKey
write-file /Users/admin/builder/spi-builder-workspace/.derivedData/Build/Intermediates.noindex/HotKey.build/Debug-watchos/HotKey-t.build/Objects-normal/arm64/HotKey_const_extract_protocols.json
WriteAuxiliaryFile /Users/admin/builder/spi-builder-workspace/.derivedData/Build/Intermediates.noindex/HotKey.build/Debug-watchos/HotKey-t.build/Objects-normal/arm64/HotKey-OutputFileMap.json (in target 'HotKey' from project 'HotKey')
cd /Users/admin/builder/spi-builder-workspace/.dependencies/checkouts/HotKey
write-file /Users/admin/builder/spi-builder-workspace/.derivedData/Build/Intermediates.noindex/HotKey.build/Debug-watchos/HotKey-t.build/Objects-normal/arm64/HotKey-OutputFileMap.json
WriteAuxiliaryFile /Users/admin/builder/spi-builder-workspace/.derivedData/Build/Intermediates.noindex/HotKey.build/Debug-watchos/HotKey-t.build/HotKey.modulemap (in target 'HotKey' from project 'HotKey')
cd /Users/admin/builder/spi-builder-workspace/.dependencies/checkouts/HotKey
write-file /Users/admin/builder/spi-builder-workspace/.derivedData/Build/Intermediates.noindex/HotKey.build/Debug-watchos/HotKey-t.build/HotKey.modulemap
WriteAuxiliaryFile /Users/admin/builder/spi-builder-workspace/.derivedData/Build/Intermediates.noindex/HotKey.build/Debug-watchos/HotKey-t.build/HotKey.DependencyStaticMetadataFileList (in target 'HotKey' from project 'HotKey')
cd /Users/admin/builder/spi-builder-workspace/.dependencies/checkouts/HotKey
write-file /Users/admin/builder/spi-builder-workspace/.derivedData/Build/Intermediates.noindex/HotKey.build/Debug-watchos/HotKey-t.build/HotKey.DependencyStaticMetadataFileList
WriteAuxiliaryFile /Users/admin/builder/spi-builder-workspace/.derivedData/Build/Intermediates.noindex/HotKey.build/Debug-watchos/HotKey-t.build/HotKey.DependencyMetadataFileList (in target 'HotKey' from project 'HotKey')
cd /Users/admin/builder/spi-builder-workspace/.dependencies/checkouts/HotKey
write-file /Users/admin/builder/spi-builder-workspace/.derivedData/Build/Intermediates.noindex/HotKey.build/Debug-watchos/HotKey-t.build/HotKey.DependencyMetadataFileList
WriteAuxiliaryFile /Users/admin/builder/spi-builder-workspace/.derivedData/Build/Intermediates.noindex/AppKitFocusOverlay.build/Debug-watchos/AppKitFocusOverlay-t.build/Objects-normal/arm64_32/AppKitFocusOverlay_const_extract_protocols.json (in target 'AppKitFocusOverlay' from project 'AppKitFocusOverlay')
cd /Users/admin/builder/spi-builder-workspace
write-file /Users/admin/builder/spi-builder-workspace/.derivedData/Build/Intermediates.noindex/AppKitFocusOverlay.build/Debug-watchos/AppKitFocusOverlay-t.build/Objects-normal/arm64_32/AppKitFocusOverlay_const_extract_protocols.json
WriteAuxiliaryFile /Users/admin/builder/spi-builder-workspace/.derivedData/Build/Intermediates.noindex/AppKitFocusOverlay.build/Debug-watchos/AppKitFocusOverlay-t.build/Objects-normal/arm64_32/AppKitFocusOverlay.SwiftFileList (in target 'AppKitFocusOverlay' from project 'AppKitFocusOverlay')
cd /Users/admin/builder/spi-builder-workspace
write-file /Users/admin/builder/spi-builder-workspace/.derivedData/Build/Intermediates.noindex/AppKitFocusOverlay.build/Debug-watchos/AppKitFocusOverlay-t.build/Objects-normal/arm64_32/AppKitFocusOverlay.SwiftFileList
WriteAuxiliaryFile /Users/admin/builder/spi-builder-workspace/.derivedData/Build/Intermediates.noindex/AppKitFocusOverlay.build/Debug-watchos/AppKitFocusOverlay-t.build/Objects-normal/arm64_32/AppKitFocusOverlay.LinkFileList (in target 'AppKitFocusOverlay' from project 'AppKitFocusOverlay')
cd /Users/admin/builder/spi-builder-workspace
write-file /Users/admin/builder/spi-builder-workspace/.derivedData/Build/Intermediates.noindex/AppKitFocusOverlay.build/Debug-watchos/AppKitFocusOverlay-t.build/Objects-normal/arm64_32/AppKitFocusOverlay.LinkFileList
WriteAuxiliaryFile /Users/admin/builder/spi-builder-workspace/.derivedData/Build/Intermediates.noindex/AppKitFocusOverlay.build/Debug-watchos/AppKitFocusOverlay-t.build/Objects-normal/arm64_32/AppKitFocusOverlay.SwiftConstValuesFileList (in target 'AppKitFocusOverlay' from project 'AppKitFocusOverlay')
cd /Users/admin/builder/spi-builder-workspace
write-file /Users/admin/builder/spi-builder-workspace/.derivedData/Build/Intermediates.noindex/AppKitFocusOverlay.build/Debug-watchos/AppKitFocusOverlay-t.build/Objects-normal/arm64_32/AppKitFocusOverlay.SwiftConstValuesFileList
WriteAuxiliaryFile /Users/admin/builder/spi-builder-workspace/.derivedData/Build/Intermediates.noindex/AppKitFocusOverlay.build/Debug-watchos/AppKitFocusOverlay-t.build/Objects-normal/arm64_32/AppKitFocusOverlay-OutputFileMap.json (in target 'AppKitFocusOverlay' from project 'AppKitFocusOverlay')
cd /Users/admin/builder/spi-builder-workspace
write-file /Users/admin/builder/spi-builder-workspace/.derivedData/Build/Intermediates.noindex/AppKitFocusOverlay.build/Debug-watchos/AppKitFocusOverlay-t.build/Objects-normal/arm64_32/AppKitFocusOverlay-OutputFileMap.json
WriteAuxiliaryFile /Users/admin/builder/spi-builder-workspace/.derivedData/Build/Intermediates.noindex/AppKitFocusOverlay.build/Debug-watchos/AppKitFocusOverlay-t.build/Objects-normal/arm64/AppKitFocusOverlay_const_extract_protocols.json (in target 'AppKitFocusOverlay' from project 'AppKitFocusOverlay')
cd /Users/admin/builder/spi-builder-workspace
write-file /Users/admin/builder/spi-builder-workspace/.derivedData/Build/Intermediates.noindex/AppKitFocusOverlay.build/Debug-watchos/AppKitFocusOverlay-t.build/Objects-normal/arm64/AppKitFocusOverlay_const_extract_protocols.json
WriteAuxiliaryFile /Users/admin/builder/spi-builder-workspace/.derivedData/Build/Intermediates.noindex/AppKitFocusOverlay.build/Debug-watchos/AppKitFocusOverlay-t.build/Objects-normal/arm64/AppKitFocusOverlay.SwiftFileList (in target 'AppKitFocusOverlay' from project 'AppKitFocusOverlay')
cd /Users/admin/builder/spi-builder-workspace
write-file /Users/admin/builder/spi-builder-workspace/.derivedData/Build/Intermediates.noindex/AppKitFocusOverlay.build/Debug-watchos/AppKitFocusOverlay-t.build/Objects-normal/arm64/AppKitFocusOverlay.SwiftFileList
WriteAuxiliaryFile /Users/admin/builder/spi-builder-workspace/.derivedData/Build/Intermediates.noindex/AppKitFocusOverlay.build/Debug-watchos/AppKitFocusOverlay-t.build/Objects-normal/arm64/AppKitFocusOverlay.SwiftConstValuesFileList (in target 'AppKitFocusOverlay' from project 'AppKitFocusOverlay')
cd /Users/admin/builder/spi-builder-workspace
write-file /Users/admin/builder/spi-builder-workspace/.derivedData/Build/Intermediates.noindex/AppKitFocusOverlay.build/Debug-watchos/AppKitFocusOverlay-t.build/Objects-normal/arm64/AppKitFocusOverlay.SwiftConstValuesFileList
Copy /Users/admin/builder/spi-builder-workspace/.derivedData/Build/Intermediates.noindex/GeneratedModuleMaps-watchos/HotKey.modulemap /Users/admin/builder/spi-builder-workspace/.derivedData/Build/Intermediates.noindex/HotKey.build/Debug-watchos/HotKey-t.build/HotKey.modulemap (in target 'HotKey' from project 'HotKey')
cd /Users/admin/builder/spi-builder-workspace/.dependencies/checkouts/HotKey
builtin-copy -exclude .DS_Store -exclude CVS -exclude .svn -exclude .git -exclude .hg -resolve-src-symlinks /Users/admin/builder/spi-builder-workspace/.derivedData/Build/Intermediates.noindex/HotKey.build/Debug-watchos/HotKey-t.build/HotKey.modulemap /Users/admin/builder/spi-builder-workspace/.derivedData/Build/Intermediates.noindex/GeneratedModuleMaps-watchos
WriteAuxiliaryFile /Users/admin/builder/spi-builder-workspace/.derivedData/Build/Intermediates.noindex/AppKitFocusOverlay.build/Debug-watchos/AppKitFocusOverlay-t.build/Objects-normal/arm64/AppKitFocusOverlay.LinkFileList (in target 'AppKitFocusOverlay' from project 'AppKitFocusOverlay')
cd /Users/admin/builder/spi-builder-workspace
write-file /Users/admin/builder/spi-builder-workspace/.derivedData/Build/Intermediates.noindex/AppKitFocusOverlay.build/Debug-watchos/AppKitFocusOverlay-t.build/Objects-normal/arm64/AppKitFocusOverlay.LinkFileList
WriteAuxiliaryFile /Users/admin/builder/spi-builder-workspace/.derivedData/Build/Intermediates.noindex/AppKitFocusOverlay.build/Debug-watchos/AppKitFocusOverlay-t.build/Objects-normal/arm64/AppKitFocusOverlay-OutputFileMap.json (in target 'AppKitFocusOverlay' from project 'AppKitFocusOverlay')
cd /Users/admin/builder/spi-builder-workspace
write-file /Users/admin/builder/spi-builder-workspace/.derivedData/Build/Intermediates.noindex/AppKitFocusOverlay.build/Debug-watchos/AppKitFocusOverlay-t.build/Objects-normal/arm64/AppKitFocusOverlay-OutputFileMap.json
WriteAuxiliaryFile /Users/admin/builder/spi-builder-workspace/.derivedData/Build/Intermediates.noindex/AppKitFocusOverlay.build/Debug-watchos/AppKitFocusOverlay-t.build/AppKitFocusOverlay.modulemap (in target 'AppKitFocusOverlay' from project 'AppKitFocusOverlay')
cd /Users/admin/builder/spi-builder-workspace
write-file /Users/admin/builder/spi-builder-workspace/.derivedData/Build/Intermediates.noindex/AppKitFocusOverlay.build/Debug-watchos/AppKitFocusOverlay-t.build/AppKitFocusOverlay.modulemap
WriteAuxiliaryFile /Users/admin/builder/spi-builder-workspace/.derivedData/Build/Intermediates.noindex/AppKitFocusOverlay.build/Debug-watchos/AppKitFocusOverlay-t.build/AppKitFocusOverlay.DependencyStaticMetadataFileList (in target 'AppKitFocusOverlay' from project 'AppKitFocusOverlay')
cd /Users/admin/builder/spi-builder-workspace
write-file /Users/admin/builder/spi-builder-workspace/.derivedData/Build/Intermediates.noindex/AppKitFocusOverlay.build/Debug-watchos/AppKitFocusOverlay-t.build/AppKitFocusOverlay.DependencyStaticMetadataFileList
WriteAuxiliaryFile /Users/admin/builder/spi-builder-workspace/.derivedData/Build/Intermediates.noindex/AppKitFocusOverlay.build/Debug-watchos/AppKitFocusOverlay-t.build/AppKitFocusOverlay.DependencyMetadataFileList (in target 'AppKitFocusOverlay' from project 'AppKitFocusOverlay')
cd /Users/admin/builder/spi-builder-workspace
write-file /Users/admin/builder/spi-builder-workspace/.derivedData/Build/Intermediates.noindex/AppKitFocusOverlay.build/Debug-watchos/AppKitFocusOverlay-t.build/AppKitFocusOverlay.DependencyMetadataFileList
Copy /Users/admin/builder/spi-builder-workspace/.derivedData/Build/Intermediates.noindex/GeneratedModuleMaps-watchos/AppKitFocusOverlay.modulemap /Users/admin/builder/spi-builder-workspace/.derivedData/Build/Intermediates.noindex/AppKitFocusOverlay.build/Debug-watchos/AppKitFocusOverlay-t.build/AppKitFocusOverlay.modulemap (in target 'AppKitFocusOverlay' from project 'AppKitFocusOverlay')
cd /Users/admin/builder/spi-builder-workspace
builtin-copy -exclude .DS_Store -exclude CVS -exclude .svn -exclude .git -exclude .hg -resolve-src-symlinks /Users/admin/builder/spi-builder-workspace/.derivedData/Build/Intermediates.noindex/AppKitFocusOverlay.build/Debug-watchos/AppKitFocusOverlay-t.build/AppKitFocusOverlay.modulemap /Users/admin/builder/spi-builder-workspace/.derivedData/Build/Intermediates.noindex/GeneratedModuleMaps-watchos
SwiftDriver HotKey normal arm64 com.apple.xcode.tools.swift.compiler (in target 'HotKey' from project 'HotKey')
cd /Users/admin/builder/spi-builder-workspace/.swiftpm/xcode
builtin-SwiftDriver -- /Applications/Xcode-27.0.0-Release.Candidate.app/Contents/Developer/Toolchains/XcodeDefault.xctoolchain/usr/bin/swiftc -parse-as-library -module-name HotKey -Onone @/Users/admin/builder/spi-builder-workspace/.derivedData/Build/Intermediates.noindex/HotKey.build/Debug-watchos/HotKey-t.build/Objects-normal/arm64/HotKey.SwiftFileList -DSWIFT_PACKAGE -DDEBUG -DSWIFT_MODULE_RESOURCE_BUNDLE_UNAVAILABLE -DXcode -plugin-path /Applications/Xcode-27.0.0-Release.Candidate.app/Contents/Developer/Toolchains/XcodeDefault.xctoolchain/usr/lib/swift/host/plugins/testing -enable-experimental-feature DebugDescriptionMacro -sdk /Applications/Xcode-27.0.0-Release.Candidate.app/Contents/Developer/Platforms/WatchOS.platform/Developer/SDKs/WatchOS27.0.sdk -target arm64-apple-watchos9.0 -g -module-cache-path /Users/admin/builder/spi-builder-workspace/.derivedData/ModuleCache.noindex -Xfrontend -serialize-debugging-options -enable-testing -suppress-warnings -index-store-path /Users/admin/builder/spi-builder-workspace/.derivedData/Index.noindex/DataStore -Xcc -D_LIBCPP_HARDENING_MODE\=_LIBCPP_HARDENING_MODE_DEBUG -swift-version 5 -I /Users/admin/builder/spi-builder-workspace/.derivedData/Build/Products/Debug-watchos -Isystem /Applications/Xcode-27.0.0-Release.Candidate.app/Contents/Developer/Platforms/WatchOS.platform/Developer/usr/lib -F /Users/admin/builder/spi-builder-workspace/.derivedData/Build/Products/Debug-watchos -F /Applications/Xcode-27.0.0-Release.Candidate.app/Contents/Developer/Platforms/WatchOS.platform/Developer/Library/Frameworks -F /Applications/Xcode-27.0.0-Release.Candidate.app/Contents/Developer/Platforms/WatchOS.platform/Developer/SDKs/WatchOS27.0.sdk/Developer/Library/Frameworks -c -j10 -enable-batch-mode -incremental -Xcc -ivfsstatcache -Xcc /Users/admin/builder/spi-builder-workspace/.derivedData/SDKStatCaches.noindex/watchos27.0-24R360-e829b21a6f8c9b70876ba0858053c04477534ef55a1706bf4c1112bbb242f0a2.sdkstatcache -output-file-map /Users/admin/builder/spi-builder-workspace/.derivedData/Build/Intermediates.noindex/HotKey.build/Debug-watchos/HotKey-t.build/Objects-normal/arm64/HotKey-OutputFileMap.json -save-temps -no-color-diagnostics -explicit-module-build -module-cache-path /Users/admin/builder/spi-builder-workspace/.derivedData/Build/Intermediates.noindex/SwiftExplicitPrecompiledModules -clang-scanner-module-cache-path /Users/admin/builder/spi-builder-workspace/.derivedData/ModuleCache.noindex -sdk-module-cache-path /Users/admin/builder/spi-builder-workspace/.derivedData/SDKExplicitPrecompiledModules -emit-dependencies -emit-module -emit-module-path /Users/admin/builder/spi-builder-workspace/.derivedData/Build/Intermediates.noindex/HotKey.build/Debug-watchos/HotKey-t.build/Objects-normal/arm64/HotKey.swiftmodule -serialize-diagnostics -dependency-scan-serialize-diagnostics-path /Users/admin/builder/spi-builder-workspace/.derivedData/Build/Intermediates.noindex/HotKey.build/Debug-watchos/HotKey-t.build/Objects-normal/arm64/HotKey-dependency-scan.dia -validate-clang-modules-once -clang-build-session-file /Users/admin/builder/spi-builder-workspace/.derivedData/ModuleCache.noindex/Session.modulevalidation -Xcc -fmodules-prune-interval\=86400 -Xcc -fmodules-prune-after\=345600 -emit-const-values -const-gather-protocols-list /Users/admin/builder/spi-builder-workspace/.derivedData/Build/Intermediates.noindex/HotKey.build/Debug-watchos/HotKey-t.build/Objects-normal/arm64/HotKey_const_extract_protocols.json -Xcc -I/Users/admin/builder/spi-builder-workspace/.derivedData/Build/Products/Debug-watchos/include -Xcc -I/Users/admin/builder/spi-builder-workspace/.derivedData/Build/Intermediates.noindex/HotKey.build/Debug-watchos/HotKey-t.build/DerivedSources-normal/arm64 -Xcc -I/Users/admin/builder/spi-builder-workspace/.derivedData/Build/Intermediates.noindex/HotKey.build/Debug-watchos/HotKey-t.build/DerivedSources/arm64 -Xcc -I/Users/admin/builder/spi-builder-workspace/.derivedData/Build/Intermediates.noindex/HotKey.build/Debug-watchos/HotKey-t.build/DerivedSources -Xcc -DSWIFT_PACKAGE -Xcc -DDEBUG\=1 -emit-objc-header -emit-objc-header-path /Users/admin/builder/spi-builder-workspace/.derivedData/Build/Intermediates.noindex/HotKey.build/Debug-watchos/HotKey-t.build/Objects-normal/arm64/HotKey-Swift.h -working-directory /Users/admin/builder/spi-builder-workspace/.swiftpm/xcode -experimental-emit-module-separately -disable-cmo
SwiftDriver HotKey normal arm64_32 com.apple.xcode.tools.swift.compiler (in target 'HotKey' from project 'HotKey')
cd /Users/admin/builder/spi-builder-workspace/.swiftpm/xcode
builtin-SwiftDriver -- /Applications/Xcode-27.0.0-Release.Candidate.app/Contents/Developer/Toolchains/XcodeDefault.xctoolchain/usr/bin/swiftc -parse-as-library -module-name HotKey -Onone @/Users/admin/builder/spi-builder-workspace/.derivedData/Build/Intermediates.noindex/HotKey.build/Debug-watchos/HotKey-t.build/Objects-normal/arm64_32/HotKey.SwiftFileList -DSWIFT_PACKAGE -DDEBUG -DSWIFT_MODULE_RESOURCE_BUNDLE_UNAVAILABLE -DXcode -plugin-path /Applications/Xcode-27.0.0-Release.Candidate.app/Contents/Developer/Toolchains/XcodeDefault.xctoolchain/usr/lib/swift/host/plugins/testing -enable-experimental-feature DebugDescriptionMacro -sdk /Applications/Xcode-27.0.0-Release.Candidate.app/Contents/Developer/Platforms/WatchOS.platform/Developer/SDKs/WatchOS27.0.sdk -target arm64_32-apple-watchos9.0 -g -module-cache-path /Users/admin/builder/spi-builder-workspace/.derivedData/ModuleCache.noindex -Xfrontend -serialize-debugging-options -enable-testing -suppress-warnings -index-store-path /Users/admin/builder/spi-builder-workspace/.derivedData/Index.noindex/DataStore -Xcc -D_LIBCPP_HARDENING_MODE\=_LIBCPP_HARDENING_MODE_DEBUG -swift-version 5 -I /Users/admin/builder/spi-builder-workspace/.derivedData/Build/Products/Debug-watchos -Isystem /Applications/Xcode-27.0.0-Release.Candidate.app/Contents/Developer/Platforms/WatchOS.platform/Developer/usr/lib -F /Users/admin/builder/spi-builder-workspace/.derivedData/Build/Products/Debug-watchos -F /Applications/Xcode-27.0.0-Release.Candidate.app/Contents/Developer/Platforms/WatchOS.platform/Developer/Library/Frameworks -F /Applications/Xcode-27.0.0-Release.Candidate.app/Contents/Developer/Platforms/WatchOS.platform/Developer/SDKs/WatchOS27.0.sdk/Developer/Library/Frameworks -c -j10 -enable-batch-mode -incremental -Xcc -ivfsstatcache -Xcc /Users/admin/builder/spi-builder-workspace/.derivedData/SDKStatCaches.noindex/watchos27.0-24R360-e829b21a6f8c9b70876ba0858053c04477534ef55a1706bf4c1112bbb242f0a2.sdkstatcache -output-file-map /Users/admin/builder/spi-builder-workspace/.derivedData/Build/Intermediates.noindex/HotKey.build/Debug-watchos/HotKey-t.build/Objects-normal/arm64_32/HotKey-OutputFileMap.json -save-temps -no-color-diagnostics -explicit-module-build -module-cache-path /Users/admin/builder/spi-builder-workspace/.derivedData/Build/Intermediates.noindex/SwiftExplicitPrecompiledModules -clang-scanner-module-cache-path /Users/admin/builder/spi-builder-workspace/.derivedData/ModuleCache.noindex -sdk-module-cache-path /Users/admin/builder/spi-builder-workspace/.derivedData/SDKExplicitPrecompiledModules -emit-dependencies -emit-module -emit-module-path /Users/admin/builder/spi-builder-workspace/.derivedData/Build/Intermediates.noindex/HotKey.build/Debug-watchos/HotKey-t.build/Objects-normal/arm64_32/HotKey.swiftmodule -serialize-diagnostics -dependency-scan-serialize-diagnostics-path /Users/admin/builder/spi-builder-workspace/.derivedData/Build/Intermediates.noindex/HotKey.build/Debug-watchos/HotKey-t.build/Objects-normal/arm64_32/HotKey-dependency-scan.dia -validate-clang-modules-once -clang-build-session-file /Users/admin/builder/spi-builder-workspace/.derivedData/ModuleCache.noindex/Session.modulevalidation -Xcc -fmodules-prune-interval\=86400 -Xcc -fmodules-prune-after\=345600 -emit-const-values -const-gather-protocols-list /Users/admin/builder/spi-builder-workspace/.derivedData/Build/Intermediates.noindex/HotKey.build/Debug-watchos/HotKey-t.build/Objects-normal/arm64_32/HotKey_const_extract_protocols.json -Xcc -I/Users/admin/builder/spi-builder-workspace/.derivedData/Build/Products/Debug-watchos/include -Xcc -I/Users/admin/builder/spi-builder-workspace/.derivedData/Build/Intermediates.noindex/HotKey.build/Debug-watchos/HotKey-t.build/DerivedSources-normal/arm64_32 -Xcc -I/Users/admin/builder/spi-builder-workspace/.derivedData/Build/Intermediates.noindex/HotKey.build/Debug-watchos/HotKey-t.build/DerivedSources/arm64_32 -Xcc -I/Users/admin/builder/spi-builder-workspace/.derivedData/Build/Intermediates.noindex/HotKey.build/Debug-watchos/HotKey-t.build/DerivedSources -Xcc -DSWIFT_PACKAGE -Xcc -DDEBUG\=1 -emit-objc-header -emit-objc-header-path /Users/admin/builder/spi-builder-workspace/.derivedData/Build/Intermediates.noindex/HotKey.build/Debug-watchos/HotKey-t.build/Objects-normal/arm64_32/HotKey-Swift.h -working-directory /Users/admin/builder/spi-builder-workspace/.swiftpm/xcode -experimental-emit-module-separately -disable-cmo
SwiftExplicitDependencyGeneratePcm arm64_32 /Users/admin/builder/spi-builder-workspace/.derivedData/SDKExplicitPrecompiledModules/SwiftShims-9CQQGWTSNTN9EB5NSHDWUJICH.pcm
SwiftExplicitDependencyGeneratePcm arm64 /Users/admin/builder/spi-builder-workspace/.derivedData/SDKExplicitPrecompiledModules/SwiftShims-4MXFZPV6FEB0XBYXCGPWAMQGL.pcm
SwiftExplicitDependencyGeneratePcm arm64_32 /Users/admin/builder/spi-builder-workspace/.derivedData/SDKExplicitPrecompiledModules/_SwiftConcurrencyShims-6RTBPQ03V7BM9SPRK8SUE055H.pcm
SwiftExplicitDependencyGeneratePcm arm64 /Users/admin/builder/spi-builder-workspace/.derivedData/SDKExplicitPrecompiledModules/_SwiftConcurrencyShims-659N52XSKR5F0QSB880BH2FJR.pcm
SwiftEmitModule normal arm64 Emitting\ module\ for\ HotKey (in target 'HotKey' from project 'HotKey')
SwiftCompile normal arm64 (in target 'HotKey' from project 'HotKey')
cd /Users/admin/builder/spi-builder-workspace/.swiftpm/xcode
SwiftCompile normal arm64 Compiling\ Key.swift /Users/admin/builder/spi-builder-workspace/.dependencies/checkouts/HotKey/Sources/HotKey/Key.swift (in target 'HotKey' from project 'HotKey')
SwiftCompile normal arm64 /Users/admin/builder/spi-builder-workspace/.dependencies/checkouts/HotKey/Sources/HotKey/Key.swift (in target 'HotKey' from project 'HotKey')
cd /Users/admin/builder/spi-builder-workspace/.swiftpm/xcode
builtin-SwiftPerFileCompile Key.swift
SwiftCompile normal arm64 Compiling\ KeyCombo.swift /Users/admin/builder/spi-builder-workspace/.dependencies/checkouts/HotKey/Sources/HotKey/KeyCombo.swift (in target 'HotKey' from project 'HotKey')
SwiftCompile normal arm64 /Users/admin/builder/spi-builder-workspace/.dependencies/checkouts/HotKey/Sources/HotKey/KeyCombo.swift (in target 'HotKey' from project 'HotKey')
cd /Users/admin/builder/spi-builder-workspace/.swiftpm/xcode
builtin-SwiftPerFileCompile KeyCombo.swift
SwiftCompile normal arm64 Compiling\ HotKeysController.swift /Users/admin/builder/spi-builder-workspace/.dependencies/checkouts/HotKey/Sources/HotKey/HotKeysController.swift (in target 'HotKey' from project 'HotKey')
SwiftCompile normal arm64 /Users/admin/builder/spi-builder-workspace/.dependencies/checkouts/HotKey/Sources/HotKey/HotKeysController.swift (in target 'HotKey' from project 'HotKey')
cd /Users/admin/builder/spi-builder-workspace/.swiftpm/xcode
builtin-SwiftPerFileCompile HotKeysController.swift
SwiftCompile normal arm64 Compiling\ KeyCombo+System.swift /Users/admin/builder/spi-builder-workspace/.dependencies/checkouts/HotKey/Sources/HotKey/KeyCombo+System.swift (in target 'HotKey' from project 'HotKey')
SwiftCompile normal arm64 /Users/admin/builder/spi-builder-workspace/.dependencies/checkouts/HotKey/Sources/HotKey/KeyCombo+System.swift (in target 'HotKey' from project 'HotKey')
cd /Users/admin/builder/spi-builder-workspace/.swiftpm/xcode
builtin-SwiftPerFileCompile KeyCombo+System.swift
SwiftCompile normal arm64 Compiling\ HotKey.swift /Users/admin/builder/spi-builder-workspace/.dependencies/checkouts/HotKey/Sources/HotKey/HotKey.swift (in target 'HotKey' from project 'HotKey')
SwiftCompile normal arm64 /Users/admin/builder/spi-builder-workspace/.dependencies/checkouts/HotKey/Sources/HotKey/HotKey.swift (in target 'HotKey' from project 'HotKey')
cd /Users/admin/builder/spi-builder-workspace/.swiftpm/xcode
builtin-SwiftPerFileCompile HotKey.swift
SwiftCompile normal arm64 Compiling\ NSEventModifierFlags+HotKey.swift /Users/admin/builder/spi-builder-workspace/.dependencies/checkouts/HotKey/Sources/HotKey/NSEventModifierFlags+HotKey.swift (in target 'HotKey' from project 'HotKey')
SwiftCompile normal arm64 /Users/admin/builder/spi-builder-workspace/.dependencies/checkouts/HotKey/Sources/HotKey/NSEventModifierFlags+HotKey.swift (in target 'HotKey' from project 'HotKey')
cd /Users/admin/builder/spi-builder-workspace/.swiftpm/xcode
builtin-SwiftPerFileCompile NSEventModifierFlags+HotKey.swift
SwiftEmitModule normal arm64_32 Emitting\ module\ for\ HotKey (in target 'HotKey' from project 'HotKey')
SwiftCompile normal arm64_32 (in target 'HotKey' from project 'HotKey')
cd /Users/admin/builder/spi-builder-workspace/.swiftpm/xcode
SwiftCompile normal arm64_32 Compiling\ NSEventModifierFlags+HotKey.swift /Users/admin/builder/spi-builder-workspace/.dependencies/checkouts/HotKey/Sources/HotKey/NSEventModifierFlags+HotKey.swift (in target 'HotKey' from project 'HotKey')
SwiftCompile normal arm64_32 /Users/admin/builder/spi-builder-workspace/.dependencies/checkouts/HotKey/Sources/HotKey/NSEventModifierFlags+HotKey.swift (in target 'HotKey' from project 'HotKey')
cd /Users/admin/builder/spi-builder-workspace/.swiftpm/xcode
builtin-SwiftPerFileCompile NSEventModifierFlags+HotKey.swift
SwiftCompile normal arm64_32 Compiling\ HotKeysController.swift /Users/admin/builder/spi-builder-workspace/.dependencies/checkouts/HotKey/Sources/HotKey/HotKeysController.swift (in target 'HotKey' from project 'HotKey')
SwiftCompile normal arm64_32 /Users/admin/builder/spi-builder-workspace/.dependencies/checkouts/HotKey/Sources/HotKey/HotKeysController.swift (in target 'HotKey' from project 'HotKey')
cd /Users/admin/builder/spi-builder-workspace/.swiftpm/xcode
builtin-SwiftPerFileCompile HotKeysController.swift
SwiftCompile normal arm64_32 Compiling\ HotKey.swift /Users/admin/builder/spi-builder-workspace/.dependencies/checkouts/HotKey/Sources/HotKey/HotKey.swift (in target 'HotKey' from project 'HotKey')
SwiftCompile normal arm64_32 /Users/admin/builder/spi-builder-workspace/.dependencies/checkouts/HotKey/Sources/HotKey/HotKey.swift (in target 'HotKey' from project 'HotKey')
cd /Users/admin/builder/spi-builder-workspace/.swiftpm/xcode
builtin-SwiftPerFileCompile HotKey.swift
SwiftDriverJobDiscovery normal arm64 Emitting module for HotKey (in target 'HotKey' from project 'HotKey')
SwiftDriver\ Compilation\ Requirements HotKey normal arm64 com.apple.xcode.tools.swift.compiler (in target 'HotKey' from project 'HotKey')
cd /Users/admin/builder/spi-builder-workspace/.swiftpm/xcode
builtin-Swift-Compilation-Requirements -- /Applications/Xcode-27.0.0-Release.Candidate.app/Contents/Developer/Toolchains/XcodeDefault.xctoolchain/usr/bin/swiftc -parse-as-library -module-name HotKey -Onone @/Users/admin/builder/spi-builder-workspace/.derivedData/Build/Intermediates.noindex/HotKey.build/Debug-watchos/HotKey-t.build/Objects-normal/arm64/HotKey.SwiftFileList -DSWIFT_PACKAGE -DDEBUG -DSWIFT_MODULE_RESOURCE_BUNDLE_UNAVAILABLE -DXcode -plugin-path /Applications/Xcode-27.0.0-Release.Candidate.app/Contents/Developer/Toolchains/XcodeDefault.xctoolchain/usr/lib/swift/host/plugins/testing -enable-experimental-feature DebugDescriptionMacro -sdk /Applications/Xcode-27.0.0-Release.Candidate.app/Contents/Developer/Platforms/WatchOS.platform/Developer/SDKs/WatchOS27.0.sdk -target arm64-apple-watchos9.0 -g -module-cache-path /Users/admin/builder/spi-builder-workspace/.derivedData/ModuleCache.noindex -Xfrontend -serialize-debugging-options -enable-testing -suppress-warnings -index-store-path /Users/admin/builder/spi-builder-workspace/.derivedData/Index.noindex/DataStore -Xcc -D_LIBCPP_HARDENING_MODE\=_LIBCPP_HARDENING_MODE_DEBUG -swift-version 5 -I /Users/admin/builder/spi-builder-workspace/.derivedData/Build/Products/Debug-watchos -Isystem /Applications/Xcode-27.0.0-Release.Candidate.app/Contents/Developer/Platforms/WatchOS.platform/Developer/usr/lib -F /Users/admin/builder/spi-builder-workspace/.derivedData/Build/Products/Debug-watchos -F /Applications/Xcode-27.0.0-Release.Candidate.app/Contents/Developer/Platforms/WatchOS.platform/Developer/Library/Frameworks -F /Applications/Xcode-27.0.0-Release.Candidate.app/Contents/Developer/Platforms/WatchOS.platform/Developer/SDKs/WatchOS27.0.sdk/Developer/Library/Frameworks -c -j10 -enable-batch-mode -incremental -Xcc -ivfsstatcache -Xcc /Users/admin/builder/spi-builder-workspace/.derivedData/SDKStatCaches.noindex/watchos27.0-24R360-e829b21a6f8c9b70876ba0858053c04477534ef55a1706bf4c1112bbb242f0a2.sdkstatcache -output-file-map /Users/admin/builder/spi-builder-workspace/.derivedData/Build/Intermediates.noindex/HotKey.build/Debug-watchos/HotKey-t.build/Objects-normal/arm64/HotKey-OutputFileMap.json -save-temps -no-color-diagnostics -explicit-module-build -module-cache-path /Users/admin/builder/spi-builder-workspace/.derivedData/Build/Intermediates.noindex/SwiftExplicitPrecompiledModules -clang-scanner-module-cache-path /Users/admin/builder/spi-builder-workspace/.derivedData/ModuleCache.noindex -sdk-module-cache-path /Users/admin/builder/spi-builder-workspace/.derivedData/SDKExplicitPrecompiledModules -emit-dependencies -emit-module -emit-module-path /Users/admin/builder/spi-builder-workspace/.derivedData/Build/Intermediates.noindex/HotKey.build/Debug-watchos/HotKey-t.build/Objects-normal/arm64/HotKey.swiftmodule -serialize-diagnostics -dependency-scan-serialize-diagnostics-path /Users/admin/builder/spi-builder-workspace/.derivedData/Build/Intermediates.noindex/HotKey.build/Debug-watchos/HotKey-t.build/Objects-normal/arm64/HotKey-dependency-scan.dia -validate-clang-modules-once -clang-build-session-file /Users/admin/builder/spi-builder-workspace/.derivedData/ModuleCache.noindex/Session.modulevalidation -Xcc -fmodules-prune-interval\=86400 -Xcc -fmodules-prune-after\=345600 -emit-const-values -const-gather-protocols-list /Users/admin/builder/spi-builder-workspace/.derivedData/Build/Intermediates.noindex/HotKey.build/Debug-watchos/HotKey-t.build/Objects-normal/arm64/HotKey_const_extract_protocols.json -Xcc -I/Users/admin/builder/spi-builder-workspace/.derivedData/Build/Products/Debug-watchos/include -Xcc -I/Users/admin/builder/spi-builder-workspace/.derivedData/Build/Intermediates.noindex/HotKey.build/Debug-watchos/HotKey-t.build/DerivedSources-normal/arm64 -Xcc -I/Users/admin/builder/spi-builder-workspace/.derivedData/Build/Intermediates.noindex/HotKey.build/Debug-watchos/HotKey-t.build/DerivedSources/arm64 -Xcc -I/Users/admin/builder/spi-builder-workspace/.derivedData/Build/Intermediates.noindex/HotKey.build/Debug-watchos/HotKey-t.build/DerivedSources -Xcc -DSWIFT_PACKAGE -Xcc -DDEBUG\=1 -emit-objc-header -emit-objc-header-path /Users/admin/builder/spi-builder-workspace/.derivedData/Build/Intermediates.noindex/HotKey.build/Debug-watchos/HotKey-t.build/Objects-normal/arm64/HotKey-Swift.h -working-directory /Users/admin/builder/spi-builder-workspace/.swiftpm/xcode -experimental-emit-module-separately -disable-cmo
SwiftDriverJobDiscovery normal arm64_32 Emitting module for HotKey (in target 'HotKey' from project 'HotKey')
SwiftDriver\ Compilation\ Requirements HotKey normal arm64_32 com.apple.xcode.tools.swift.compiler (in target 'HotKey' from project 'HotKey')
cd /Users/admin/builder/spi-builder-workspace/.swiftpm/xcode
builtin-Swift-Compilation-Requirements -- /Applications/Xcode-27.0.0-Release.Candidate.app/Contents/Developer/Toolchains/XcodeDefault.xctoolchain/usr/bin/swiftc -parse-as-library -module-name HotKey -Onone @/Users/admin/builder/spi-builder-workspace/.derivedData/Build/Intermediates.noindex/HotKey.build/Debug-watchos/HotKey-t.build/Objects-normal/arm64_32/HotKey.SwiftFileList -DSWIFT_PACKAGE -DDEBUG -DSWIFT_MODULE_RESOURCE_BUNDLE_UNAVAILABLE -DXcode -plugin-path /Applications/Xcode-27.0.0-Release.Candidate.app/Contents/Developer/Toolchains/XcodeDefault.xctoolchain/usr/lib/swift/host/plugins/testing -enable-experimental-feature DebugDescriptionMacro -sdk /Applications/Xcode-27.0.0-Release.Candidate.app/Contents/Developer/Platforms/WatchOS.platform/Developer/SDKs/WatchOS27.0.sdk -target arm64_32-apple-watchos9.0 -g -module-cache-path /Users/admin/builder/spi-builder-workspace/.derivedData/ModuleCache.noindex -Xfrontend -serialize-debugging-options -enable-testing -suppress-warnings -index-store-path /Users/admin/builder/spi-builder-workspace/.derivedData/Index.noindex/DataStore -Xcc -D_LIBCPP_HARDENING_MODE\=_LIBCPP_HARDENING_MODE_DEBUG -swift-version 5 -I /Users/admin/builder/spi-builder-workspace/.derivedData/Build/Products/Debug-watchos -Isystem /Applications/Xcode-27.0.0-Release.Candidate.app/Contents/Developer/Platforms/WatchOS.platform/Developer/usr/lib -F /Users/admin/builder/spi-builder-workspace/.derivedData/Build/Products/Debug-watchos -F /Applications/Xcode-27.0.0-Release.Candidate.app/Contents/Developer/Platforms/WatchOS.platform/Developer/Library/Frameworks -F /Applications/Xcode-27.0.0-Release.Candidate.app/Contents/Developer/Platforms/WatchOS.platform/Developer/SDKs/WatchOS27.0.sdk/Developer/Library/Frameworks -c -j10 -enable-batch-mode -incremental -Xcc -ivfsstatcache -Xcc /Users/admin/builder/spi-builder-workspace/.derivedData/SDKStatCaches.noindex/watchos27.0-24R360-e829b21a6f8c9b70876ba0858053c04477534ef55a1706bf4c1112bbb242f0a2.sdkstatcache -output-file-map /Users/admin/builder/spi-builder-workspace/.derivedData/Build/Intermediates.noindex/HotKey.build/Debug-watchos/HotKey-t.build/Objects-normal/arm64_32/HotKey-OutputFileMap.json -save-temps -no-color-diagnostics -explicit-module-build -module-cache-path /Users/admin/builder/spi-builder-workspace/.derivedData/Build/Intermediates.noindex/SwiftExplicitPrecompiledModules -clang-scanner-module-cache-path /Users/admin/builder/spi-builder-workspace/.derivedData/ModuleCache.noindex -sdk-module-cache-path /Users/admin/builder/spi-builder-workspace/.derivedData/SDKExplicitPrecompiledModules -emit-dependencies -emit-module -emit-module-path /Users/admin/builder/spi-builder-workspace/.derivedData/Build/Intermediates.noindex/HotKey.build/Debug-watchos/HotKey-t.build/Objects-normal/arm64_32/HotKey.swiftmodule -serialize-diagnostics -dependency-scan-serialize-diagnostics-path /Users/admin/builder/spi-builder-workspace/.derivedData/Build/Intermediates.noindex/HotKey.build/Debug-watchos/HotKey-t.build/Objects-normal/arm64_32/HotKey-dependency-scan.dia -validate-clang-modules-once -clang-build-session-file /Users/admin/builder/spi-builder-workspace/.derivedData/ModuleCache.noindex/Session.modulevalidation -Xcc -fmodules-prune-interval\=86400 -Xcc -fmodules-prune-after\=345600 -emit-const-values -const-gather-protocols-list /Users/admin/builder/spi-builder-workspace/.derivedData/Build/Intermediates.noindex/HotKey.build/Debug-watchos/HotKey-t.build/Objects-normal/arm64_32/HotKey_const_extract_protocols.json -Xcc -I/Users/admin/builder/spi-builder-workspace/.derivedData/Build/Products/Debug-watchos/include -Xcc -I/Users/admin/builder/spi-builder-workspace/.derivedData/Build/Intermediates.noindex/HotKey.build/Debug-watchos/HotKey-t.build/DerivedSources-normal/arm64_32 -Xcc -I/Users/admin/builder/spi-builder-workspace/.derivedData/Build/Intermediates.noindex/HotKey.build/Debug-watchos/HotKey-t.build/DerivedSources/arm64_32 -Xcc -I/Users/admin/builder/spi-builder-workspace/.derivedData/Build/Intermediates.noindex/HotKey.build/Debug-watchos/HotKey-t.build/DerivedSources -Xcc -DSWIFT_PACKAGE -Xcc -DDEBUG\=1 -emit-objc-header -emit-objc-header-path /Users/admin/builder/spi-builder-workspace/.derivedData/Build/Intermediates.noindex/HotKey.build/Debug-watchos/HotKey-t.build/Objects-normal/arm64_32/HotKey-Swift.h -working-directory /Users/admin/builder/spi-builder-workspace/.swiftpm/xcode -experimental-emit-module-separately -disable-cmo
Copy /Users/admin/builder/spi-builder-workspace/.derivedData/Build/Products/Debug-watchos/HotKey.swiftmodule/arm64-apple-watchos.swiftmodule /Users/admin/builder/spi-builder-workspace/.derivedData/Build/Intermediates.noindex/HotKey.build/Debug-watchos/HotKey-t.build/Objects-normal/arm64/HotKey.swiftmodule (in target 'HotKey' from project 'HotKey')
cd /Users/admin/builder/spi-builder-workspace/.dependencies/checkouts/HotKey
builtin-copy -exclude .DS_Store -exclude CVS -exclude .svn -exclude .git -exclude .hg -resolve-src-symlinks -rename /Users/admin/builder/spi-builder-workspace/.derivedData/Build/Intermediates.noindex/HotKey.build/Debug-watchos/HotKey-t.build/Objects-normal/arm64/HotKey.swiftmodule /Users/admin/builder/spi-builder-workspace/.derivedData/Build/Products/Debug-watchos/HotKey.swiftmodule/arm64-apple-watchos.swiftmodule
SwiftMergeGeneratedHeaders /Users/admin/builder/spi-builder-workspace/.derivedData/Build/Intermediates.noindex/GeneratedModuleMaps-watchos/HotKey-Swift.h /Users/admin/builder/spi-builder-workspace/.derivedData/Build/Intermediates.noindex/HotKey.build/Debug-watchos/HotKey-t.build/Objects-normal/arm64/HotKey-Swift.h /Users/admin/builder/spi-builder-workspace/.derivedData/Build/Intermediates.noindex/HotKey.build/Debug-watchos/HotKey-t.build/Objects-normal/arm64_32/HotKey-Swift.h (in target 'HotKey' from project 'HotKey')
cd /Users/admin/builder/spi-builder-workspace/.dependencies/checkouts/HotKey
builtin-swiftHeaderTool -arch arm64 /Users/admin/builder/spi-builder-workspace/.derivedData/Build/Intermediates.noindex/HotKey.build/Debug-watchos/HotKey-t.build/Objects-normal/arm64/HotKey-Swift.h -arch arm64_32 /Users/admin/builder/spi-builder-workspace/.derivedData/Build/Intermediates.noindex/HotKey.build/Debug-watchos/HotKey-t.build/Objects-normal/arm64_32/HotKey-Swift.h -o /Users/admin/builder/spi-builder-workspace/.derivedData/Build/Intermediates.noindex/GeneratedModuleMaps-watchos/HotKey-Swift.h
Copy /Users/admin/builder/spi-builder-workspace/.derivedData/Build/Products/Debug-watchos/HotKey.swiftmodule/arm64_32-apple-watchos.swiftmodule /Users/admin/builder/spi-builder-workspace/.derivedData/Build/Intermediates.noindex/HotKey.build/Debug-watchos/HotKey-t.build/Objects-normal/arm64_32/HotKey.swiftmodule (in target 'HotKey' from project 'HotKey')
cd /Users/admin/builder/spi-builder-workspace/.dependencies/checkouts/HotKey
builtin-copy -exclude .DS_Store -exclude CVS -exclude .svn -exclude .git -exclude .hg -resolve-src-symlinks -rename /Users/admin/builder/spi-builder-workspace/.derivedData/Build/Intermediates.noindex/HotKey.build/Debug-watchos/HotKey-t.build/Objects-normal/arm64_32/HotKey.swiftmodule /Users/admin/builder/spi-builder-workspace/.derivedData/Build/Products/Debug-watchos/HotKey.swiftmodule/arm64_32-apple-watchos.swiftmodule
Copy /Users/admin/builder/spi-builder-workspace/.derivedData/Build/Products/Debug-watchos/HotKey.swiftmodule/arm64_32-apple-watchos.swiftdoc /Users/admin/builder/spi-builder-workspace/.derivedData/Build/Intermediates.noindex/HotKey.build/Debug-watchos/HotKey-t.build/Objects-normal/arm64_32/HotKey.swiftdoc (in target 'HotKey' from project 'HotKey')
cd /Users/admin/builder/spi-builder-workspace/.dependencies/checkouts/HotKey
builtin-copy -exclude .DS_Store -exclude CVS -exclude .svn -exclude .git -exclude .hg -resolve-src-symlinks -rename /Users/admin/builder/spi-builder-workspace/.derivedData/Build/Intermediates.noindex/HotKey.build/Debug-watchos/HotKey-t.build/Objects-normal/arm64_32/HotKey.swiftdoc /Users/admin/builder/spi-builder-workspace/.derivedData/Build/Products/Debug-watchos/HotKey.swiftmodule/arm64_32-apple-watchos.swiftdoc
Copy /Users/admin/builder/spi-builder-workspace/.derivedData/Build/Products/Debug-watchos/HotKey.swiftmodule/arm64_32-apple-watchos.abi.json /Users/admin/builder/spi-builder-workspace/.derivedData/Build/Intermediates.noindex/HotKey.build/Debug-watchos/HotKey-t.build/Objects-normal/arm64_32/HotKey.abi.json (in target 'HotKey' from project 'HotKey')
cd /Users/admin/builder/spi-builder-workspace/.dependencies/checkouts/HotKey
builtin-copy -exclude .DS_Store -exclude CVS -exclude .svn -exclude .git -exclude .hg -resolve-src-symlinks -rename /Users/admin/builder/spi-builder-workspace/.derivedData/Build/Intermediates.noindex/HotKey.build/Debug-watchos/HotKey-t.build/Objects-normal/arm64_32/HotKey.abi.json /Users/admin/builder/spi-builder-workspace/.derivedData/Build/Products/Debug-watchos/HotKey.swiftmodule/arm64_32-apple-watchos.abi.json
Copy /Users/admin/builder/spi-builder-workspace/.derivedData/Build/Products/Debug-watchos/HotKey.swiftmodule/arm64-apple-watchos.swiftdoc /Users/admin/builder/spi-builder-workspace/.derivedData/Build/Intermediates.noindex/HotKey.build/Debug-watchos/HotKey-t.build/Objects-normal/arm64/HotKey.swiftdoc (in target 'HotKey' from project 'HotKey')
cd /Users/admin/builder/spi-builder-workspace/.dependencies/checkouts/HotKey
builtin-copy -exclude .DS_Store -exclude CVS -exclude .svn -exclude .git -exclude .hg -resolve-src-symlinks -rename /Users/admin/builder/spi-builder-workspace/.derivedData/Build/Intermediates.noindex/HotKey.build/Debug-watchos/HotKey-t.build/Objects-normal/arm64/HotKey.swiftdoc /Users/admin/builder/spi-builder-workspace/.derivedData/Build/Products/Debug-watchos/HotKey.swiftmodule/arm64-apple-watchos.swiftdoc
Copy /Users/admin/builder/spi-builder-workspace/.derivedData/Build/Products/Debug-watchos/HotKey.swiftmodule/arm64-apple-watchos.abi.json /Users/admin/builder/spi-builder-workspace/.derivedData/Build/Intermediates.noindex/HotKey.build/Debug-watchos/HotKey-t.build/Objects-normal/arm64/HotKey.abi.json (in target 'HotKey' from project 'HotKey')
cd /Users/admin/builder/spi-builder-workspace/.dependencies/checkouts/HotKey
builtin-copy -exclude .DS_Store -exclude CVS -exclude .svn -exclude .git -exclude .hg -resolve-src-symlinks -rename /Users/admin/builder/spi-builder-workspace/.derivedData/Build/Intermediates.noindex/HotKey.build/Debug-watchos/HotKey-t.build/Objects-normal/arm64/HotKey.abi.json /Users/admin/builder/spi-builder-workspace/.derivedData/Build/Products/Debug-watchos/HotKey.swiftmodule/arm64-apple-watchos.abi.json
Copy /Users/admin/builder/spi-builder-workspace/.derivedData/Build/Products/Debug-watchos/HotKey.swiftmodule/Project/arm64_32-apple-watchos.swiftsourceinfo /Users/admin/builder/spi-builder-workspace/.derivedData/Build/Intermediates.noindex/HotKey.build/Debug-watchos/HotKey-t.build/Objects-normal/arm64_32/HotKey.swiftsourceinfo (in target 'HotKey' from project 'HotKey')
cd /Users/admin/builder/spi-builder-workspace/.dependencies/checkouts/HotKey
builtin-copy -exclude .DS_Store -exclude CVS -exclude .svn -exclude .git -exclude .hg -resolve-src-symlinks -rename /Users/admin/builder/spi-builder-workspace/.derivedData/Build/Intermediates.noindex/HotKey.build/Debug-watchos/HotKey-t.build/Objects-normal/arm64_32/HotKey.swiftsourceinfo /Users/admin/builder/spi-builder-workspace/.derivedData/Build/Products/Debug-watchos/HotKey.swiftmodule/Project/arm64_32-apple-watchos.swiftsourceinfo
Copy /Users/admin/builder/spi-builder-workspace/.derivedData/Build/Products/Debug-watchos/HotKey.swiftmodule/Project/arm64-apple-watchos.swiftsourceinfo /Users/admin/builder/spi-builder-workspace/.derivedData/Build/Intermediates.noindex/HotKey.build/Debug-watchos/HotKey-t.build/Objects-normal/arm64/HotKey.swiftsourceinfo (in target 'HotKey' from project 'HotKey')
cd /Users/admin/builder/spi-builder-workspace/.dependencies/checkouts/HotKey
builtin-copy -exclude .DS_Store -exclude CVS -exclude .svn -exclude .git -exclude .hg -resolve-src-symlinks -rename /Users/admin/builder/spi-builder-workspace/.derivedData/Build/Intermediates.noindex/HotKey.build/Debug-watchos/HotKey-t.build/Objects-normal/arm64/HotKey.swiftsourceinfo /Users/admin/builder/spi-builder-workspace/.derivedData/Build/Products/Debug-watchos/HotKey.swiftmodule/Project/arm64-apple-watchos.swiftsourceinfo
SwiftCompile normal arm64_32 Compiling\ KeyCombo.swift /Users/admin/builder/spi-builder-workspace/.dependencies/checkouts/HotKey/Sources/HotKey/KeyCombo.swift (in target 'HotKey' from project 'HotKey')
SwiftCompile normal arm64_32 /Users/admin/builder/spi-builder-workspace/.dependencies/checkouts/HotKey/Sources/HotKey/KeyCombo.swift (in target 'HotKey' from project 'HotKey')
cd /Users/admin/builder/spi-builder-workspace/.swiftpm/xcode
builtin-SwiftPerFileCompile KeyCombo.swift
SwiftDriverJobDiscovery normal arm64 Compiling KeyCombo.swift (in target 'HotKey' from project 'HotKey')
SwiftCompile normal arm64_32 Compiling\ Key.swift /Users/admin/builder/spi-builder-workspace/.dependencies/checkouts/HotKey/Sources/HotKey/Key.swift (in target 'HotKey' from project 'HotKey')
SwiftCompile normal arm64_32 /Users/admin/builder/spi-builder-workspace/.dependencies/checkouts/HotKey/Sources/HotKey/Key.swift (in target 'HotKey' from project 'HotKey')
cd /Users/admin/builder/spi-builder-workspace/.swiftpm/xcode
builtin-SwiftPerFileCompile Key.swift
SwiftCompile normal arm64_32 Compiling\ KeyCombo+System.swift /Users/admin/builder/spi-builder-workspace/.dependencies/checkouts/HotKey/Sources/HotKey/KeyCombo+System.swift (in target 'HotKey' from project 'HotKey')
SwiftCompile normal arm64_32 /Users/admin/builder/spi-builder-workspace/.dependencies/checkouts/HotKey/Sources/HotKey/KeyCombo+System.swift (in target 'HotKey' from project 'HotKey')
cd /Users/admin/builder/spi-builder-workspace/.swiftpm/xcode
builtin-SwiftPerFileCompile KeyCombo+System.swift
SwiftDriverJobDiscovery normal arm64 Compiling Key.swift (in target 'HotKey' from project 'HotKey')
SwiftDriverJobDiscovery normal arm64 Compiling NSEventModifierFlags+HotKey.swift (in target 'HotKey' from project 'HotKey')
SwiftDriverJobDiscovery normal arm64 Compiling KeyCombo+System.swift (in target 'HotKey' from project 'HotKey')
SwiftDriverJobDiscovery normal arm64 Compiling HotKeysController.swift (in target 'HotKey' from project 'HotKey')
SwiftDriverJobDiscovery normal arm64_32 Compiling NSEventModifierFlags+HotKey.swift (in target 'HotKey' from project 'HotKey')
SwiftDriverJobDiscovery normal arm64_32 Compiling HotKeysController.swift (in target 'HotKey' from project 'HotKey')
SwiftDriverJobDiscovery normal arm64 Compiling HotKey.swift (in target 'HotKey' from project 'HotKey')
SwiftDriver\ Compilation HotKey normal arm64 com.apple.xcode.tools.swift.compiler (in target 'HotKey' from project 'HotKey')
cd /Users/admin/builder/spi-builder-workspace/.swiftpm/xcode
builtin-Swift-Compilation -- /Applications/Xcode-27.0.0-Release.Candidate.app/Contents/Developer/Toolchains/XcodeDefault.xctoolchain/usr/bin/swiftc -parse-as-library -module-name HotKey -Onone @/Users/admin/builder/spi-builder-workspace/.derivedData/Build/Intermediates.noindex/HotKey.build/Debug-watchos/HotKey-t.build/Objects-normal/arm64/HotKey.SwiftFileList -DSWIFT_PACKAGE -DDEBUG -DSWIFT_MODULE_RESOURCE_BUNDLE_UNAVAILABLE -DXcode -plugin-path /Applications/Xcode-27.0.0-Release.Candidate.app/Contents/Developer/Toolchains/XcodeDefault.xctoolchain/usr/lib/swift/host/plugins/testing -enable-experimental-feature DebugDescriptionMacro -sdk /Applications/Xcode-27.0.0-Release.Candidate.app/Contents/Developer/Platforms/WatchOS.platform/Developer/SDKs/WatchOS27.0.sdk -target arm64-apple-watchos9.0 -g -module-cache-path /Users/admin/builder/spi-builder-workspace/.derivedData/ModuleCache.noindex -Xfrontend -serialize-debugging-options -enable-testing -suppress-warnings -index-store-path /Users/admin/builder/spi-builder-workspace/.derivedData/Index.noindex/DataStore -Xcc -D_LIBCPP_HARDENING_MODE\=_LIBCPP_HARDENING_MODE_DEBUG -swift-version 5 -I /Users/admin/builder/spi-builder-workspace/.derivedData/Build/Products/Debug-watchos -Isystem /Applications/Xcode-27.0.0-Release.Candidate.app/Contents/Developer/Platforms/WatchOS.platform/Developer/usr/lib -F /Users/admin/builder/spi-builder-workspace/.derivedData/Build/Products/Debug-watchos -F /Applications/Xcode-27.0.0-Release.Candidate.app/Contents/Developer/Platforms/WatchOS.platform/Developer/Library/Frameworks -F /Applications/Xcode-27.0.0-Release.Candidate.app/Contents/Developer/Platforms/WatchOS.platform/Developer/SDKs/WatchOS27.0.sdk/Developer/Library/Frameworks -c -j10 -enable-batch-mode -incremental -Xcc -ivfsstatcache -Xcc /Users/admin/builder/spi-builder-workspace/.derivedData/SDKStatCaches.noindex/watchos27.0-24R360-e829b21a6f8c9b70876ba0858053c04477534ef55a1706bf4c1112bbb242f0a2.sdkstatcache -output-file-map /Users/admin/builder/spi-builder-workspace/.derivedData/Build/Intermediates.noindex/HotKey.build/Debug-watchos/HotKey-t.build/Objects-normal/arm64/HotKey-OutputFileMap.json -save-temps -no-color-diagnostics -explicit-module-build -module-cache-path /Users/admin/builder/spi-builder-workspace/.derivedData/Build/Intermediates.noindex/SwiftExplicitPrecompiledModules -clang-scanner-module-cache-path /Users/admin/builder/spi-builder-workspace/.derivedData/ModuleCache.noindex -sdk-module-cache-path /Users/admin/builder/spi-builder-workspace/.derivedData/SDKExplicitPrecompiledModules -emit-dependencies -emit-module -emit-module-path /Users/admin/builder/spi-builder-workspace/.derivedData/Build/Intermediates.noindex/HotKey.build/Debug-watchos/HotKey-t.build/Objects-normal/arm64/HotKey.swiftmodule -serialize-diagnostics -dependency-scan-serialize-diagnostics-path /Users/admin/builder/spi-builder-workspace/.derivedData/Build/Intermediates.noindex/HotKey.build/Debug-watchos/HotKey-t.build/Objects-normal/arm64/HotKey-dependency-scan.dia -validate-clang-modules-once -clang-build-session-file /Users/admin/builder/spi-builder-workspace/.derivedData/ModuleCache.noindex/Session.modulevalidation -Xcc -fmodules-prune-interval\=86400 -Xcc -fmodules-prune-after\=345600 -emit-const-values -const-gather-protocols-list /Users/admin/builder/spi-builder-workspace/.derivedData/Build/Intermediates.noindex/HotKey.build/Debug-watchos/HotKey-t.build/Objects-normal/arm64/HotKey_const_extract_protocols.json -Xcc -I/Users/admin/builder/spi-builder-workspace/.derivedData/Build/Products/Debug-watchos/include -Xcc -I/Users/admin/builder/spi-builder-workspace/.derivedData/Build/Intermediates.noindex/HotKey.build/Debug-watchos/HotKey-t.build/DerivedSources-normal/arm64 -Xcc -I/Users/admin/builder/spi-builder-workspace/.derivedData/Build/Intermediates.noindex/HotKey.build/Debug-watchos/HotKey-t.build/DerivedSources/arm64 -Xcc -I/Users/admin/builder/spi-builder-workspace/.derivedData/Build/Intermediates.noindex/HotKey.build/Debug-watchos/HotKey-t.build/DerivedSources -Xcc -DSWIFT_PACKAGE -Xcc -DDEBUG\=1 -emit-objc-header -emit-objc-header-path /Users/admin/builder/spi-builder-workspace/.derivedData/Build/Intermediates.noindex/HotKey.build/Debug-watchos/HotKey-t.build/Objects-normal/arm64/HotKey-Swift.h -working-directory /Users/admin/builder/spi-builder-workspace/.swiftpm/xcode -experimental-emit-module-separately -disable-cmo
Ld /Users/admin/builder/spi-builder-workspace/.derivedData/Build/Intermediates.noindex/HotKey.build/Debug-watchos/HotKey-t.build/Objects-normal/arm64/Binary/HotKey.o normal arm64 (in target 'HotKey' from project 'HotKey')
cd /Users/admin/builder/spi-builder-workspace/.dependencies/checkouts/HotKey
/Applications/Xcode-27.0.0-Release.Candidate.app/Contents/Developer/Toolchains/XcodeDefault.xctoolchain/usr/bin/clang -Xlinker -reproducible -target arm64-apple-watchos9.0 -r -isysroot /Applications/Xcode-27.0.0-Release.Candidate.app/Contents/Developer/Platforms/WatchOS.platform/Developer/SDKs/WatchOS27.0.sdk -O0 -w -Xlinker -no_warn_duplicate_libraries -F/Users/admin/builder/spi-builder-workspace/.derivedData/Build/Intermediates.noindex/EagerLinkingTBDs/Debug-watchos -F/Users/admin/builder/spi-builder-workspace/.derivedData/Build/Products/Debug-watchos -iframework /Applications/Xcode-27.0.0-Release.Candidate.app/Contents/Developer/Platforms/WatchOS.platform/Developer/Library/Frameworks -iframework /Applications/Xcode-27.0.0-Release.Candidate.app/Contents/Developer/Platforms/WatchOS.platform/Developer/SDKs/WatchOS27.0.sdk/Developer/Library/Frameworks -filelist /Users/admin/builder/spi-builder-workspace/.derivedData/Build/Intermediates.noindex/HotKey.build/Debug-watchos/HotKey-t.build/Objects-normal/arm64/HotKey.LinkFileList -nostdlib -Xlinker -object_path_lto -Xlinker /Users/admin/builder/spi-builder-workspace/.derivedData/Build/Intermediates.noindex/HotKey.build/Debug-watchos/HotKey-t.build/Objects-normal/arm64/HotKey_lto.o -Xlinker -no_deduplicate -Xlinker -dependency_info -Xlinker /Users/admin/builder/spi-builder-workspace/.derivedData/Build/Intermediates.noindex/HotKey.build/Debug-watchos/HotKey-t.build/Objects-normal/arm64/HotKey_dependency_info.dat -fobjc-link-runtime -L/Applications/Xcode-27.0.0-Release.Candidate.app/Contents/Developer/Toolchains/XcodeDefault.xctoolchain/usr/lib/swift/watchos -L/usr/lib/swift -Xlinker -add_ast_path -Xlinker /Users/admin/builder/spi-builder-workspace/.derivedData/Build/Intermediates.noindex/HotKey.build/Debug-watchos/HotKey-t.build/Objects-normal/arm64/HotKey.swiftmodule -o /Users/admin/builder/spi-builder-workspace/.derivedData/Build/Intermediates.noindex/HotKey.build/Debug-watchos/HotKey-t.build/Objects-normal/arm64/Binary/HotKey.o
SwiftDriver AppKitFocusOverlay normal arm64_32 com.apple.xcode.tools.swift.compiler (in target 'AppKitFocusOverlay' from project 'AppKitFocusOverlay')
cd /Users/admin/builder/spi-builder-workspace/.swiftpm/xcode
builtin-SwiftDriver -- /Applications/Xcode-27.0.0-Release.Candidate.app/Contents/Developer/Toolchains/XcodeDefault.xctoolchain/usr/bin/swiftc -parse-as-library -module-name AppKitFocusOverlay -Onone @/Users/admin/builder/spi-builder-workspace/.derivedData/Build/Intermediates.noindex/AppKitFocusOverlay.build/Debug-watchos/AppKitFocusOverlay-t.build/Objects-normal/arm64_32/AppKitFocusOverlay.SwiftFileList -DSWIFT_PACKAGE -DDEBUG -DSWIFT_MODULE_RESOURCE_BUNDLE_UNAVAILABLE -DXcode -plugin-path /Applications/Xcode-27.0.0-Release.Candidate.app/Contents/Developer/Toolchains/XcodeDefault.xctoolchain/usr/lib/swift/host/plugins/testing -enable-experimental-feature DebugDescriptionMacro -sdk /Applications/Xcode-27.0.0-Release.Candidate.app/Contents/Developer/Platforms/WatchOS.platform/Developer/SDKs/WatchOS27.0.sdk -target arm64_32-apple-watchos9.0 -g -module-cache-path /Users/admin/builder/spi-builder-workspace/.derivedData/ModuleCache.noindex -Xfrontend -serialize-debugging-options -enable-testing -index-store-path /Users/admin/builder/spi-builder-workspace/.derivedData/Index.noindex/DataStore -Xcc -D_LIBCPP_HARDENING_MODE\=_LIBCPP_HARDENING_MODE_DEBUG -swift-version 5 -I /Users/admin/builder/spi-builder-workspace/.derivedData/Build/Products/Debug-watchos -Isystem /Applications/Xcode-27.0.0-Release.Candidate.app/Contents/Developer/Platforms/WatchOS.platform/Developer/usr/lib -F /Users/admin/builder/spi-builder-workspace/.derivedData/Build/Products/Debug-watchos/PackageFrameworks -F /Users/admin/builder/spi-builder-workspace/.derivedData/Build/Products/Debug-watchos -F /Applications/Xcode-27.0.0-Release.Candidate.app/Contents/Developer/Platforms/WatchOS.platform/Developer/Library/Frameworks -F /Applications/Xcode-27.0.0-Release.Candidate.app/Contents/Developer/Platforms/WatchOS.platform/Developer/SDKs/WatchOS27.0.sdk/Developer/Library/Frameworks -c -j10 -enable-batch-mode -incremental -Xcc -ivfsstatcache -Xcc /Users/admin/builder/spi-builder-workspace/.derivedData/SDKStatCaches.noindex/watchos27.0-24R360-e829b21a6f8c9b70876ba0858053c04477534ef55a1706bf4c1112bbb242f0a2.sdkstatcache -output-file-map /Users/admin/builder/spi-builder-workspace/.derivedData/Build/Intermediates.noindex/AppKitFocusOverlay.build/Debug-watchos/AppKitFocusOverlay-t.build/Objects-normal/arm64_32/AppKitFocusOverlay-OutputFileMap.json -save-temps -no-color-diagnostics -explicit-module-build -module-cache-path /Users/admin/builder/spi-builder-workspace/.derivedData/Build/Intermediates.noindex/SwiftExplicitPrecompiledModules -clang-scanner-module-cache-path /Users/admin/builder/spi-builder-workspace/.derivedData/ModuleCache.noindex -sdk-module-cache-path /Users/admin/builder/spi-builder-workspace/.derivedData/SDKExplicitPrecompiledModules -emit-dependencies -emit-module -emit-module-path /Users/admin/builder/spi-builder-workspace/.derivedData/Build/Intermediates.noindex/AppKitFocusOverlay.build/Debug-watchos/AppKitFocusOverlay-t.build/Objects-normal/arm64_32/AppKitFocusOverlay.swiftmodule -serialize-diagnostics -dependency-scan-serialize-diagnostics-path /Users/admin/builder/spi-builder-workspace/.derivedData/Build/Intermediates.noindex/AppKitFocusOverlay.build/Debug-watchos/AppKitFocusOverlay-t.build/Objects-normal/arm64_32/AppKitFocusOverlay-dependency-scan.dia -validate-clang-modules-once -clang-build-session-file /Users/admin/builder/spi-builder-workspace/.derivedData/ModuleCache.noindex/Session.modulevalidation -Xcc -fmodules-prune-interval\=86400 -Xcc -fmodules-prune-after\=345600 -emit-const-values -const-gather-protocols-list /Users/admin/builder/spi-builder-workspace/.derivedData/Build/Intermediates.noindex/AppKitFocusOverlay.build/Debug-watchos/AppKitFocusOverlay-t.build/Objects-normal/arm64_32/AppKitFocusOverlay_const_extract_protocols.json -Xcc -I/Users/admin/builder/spi-builder-workspace/.derivedData/Build/Products/Debug-watchos/include -Xcc -I/Users/admin/builder/spi-builder-workspace/.derivedData/Build/Intermediates.noindex/AppKitFocusOverlay.build/Debug-watchos/AppKitFocusOverlay-t.build/DerivedSources-normal/arm64_32 -Xcc -I/Users/admin/builder/spi-builder-workspace/.derivedData/Build/Intermediates.noindex/AppKitFocusOverlay.build/Debug-watchos/AppKitFocusOverlay-t.build/DerivedSources/arm64_32 -Xcc -I/Users/admin/builder/spi-builder-workspace/.derivedData/Build/Intermediates.noindex/AppKitFocusOverlay.build/Debug-watchos/AppKitFocusOverlay-t.build/DerivedSources -Xcc -DSWIFT_PACKAGE -Xcc -DDEBUG\=1 -emit-objc-header -emit-objc-header-path /Users/admin/builder/spi-builder-workspace/.derivedData/Build/Intermediates.noindex/AppKitFocusOverlay.build/Debug-watchos/AppKitFocusOverlay-t.build/Objects-normal/arm64_32/AppKitFocusOverlay-Swift.h -working-directory /Users/admin/builder/spi-builder-workspace/.swiftpm/xcode -experimental-emit-module-separately -disable-cmo
error: Clang dependency scanning failure: (in target 'AppKitFocusOverlay' from project 'AppKitFocusOverlay')
/Users/admin/builder/spi-builder-workspace/Sources/AppKitFocusOverlay/AppKitFocusOverlay.swift:20:8: error: Unable to resolve module dependency: 'AppKit' (in target 'AppKitFocusOverlay' from project 'AppKitFocusOverlay')
note: A dependency of main module 'AppKitFocusOverlay'
/Users/admin/builder/spi-builder-workspace/Sources/AppKitFocusOverlay/private/Palette.swift:20:8: note: Also imported here
/Users/admin/builder/spi-builder-workspace/Sources/AppKitFocusOverlay/AppKitFocusOverlay.swift:20:8: note: A dependency of main module 'AppKitFocusOverlay'
import AppKit
^ (in target 'AppKitFocusOverlay' from project 'AppKitFocusOverlay')
/Users/admin/builder/spi-builder-workspace/Sources/AppKitFocusOverlay/private/Palette.swift:20:8: note: Also imported here
import AppKit
^ (in target 'AppKitFocusOverlay' from project 'AppKitFocusOverlay')
SwiftDriver AppKitFocusOverlay normal arm64 com.apple.xcode.tools.swift.compiler (in target 'AppKitFocusOverlay' from project 'AppKitFocusOverlay')
cd /Users/admin/builder/spi-builder-workspace/.swiftpm/xcode
builtin-SwiftDriver -- /Applications/Xcode-27.0.0-Release.Candidate.app/Contents/Developer/Toolchains/XcodeDefault.xctoolchain/usr/bin/swiftc -parse-as-library -module-name AppKitFocusOverlay -Onone @/Users/admin/builder/spi-builder-workspace/.derivedData/Build/Intermediates.noindex/AppKitFocusOverlay.build/Debug-watchos/AppKitFocusOverlay-t.build/Objects-normal/arm64/AppKitFocusOverlay.SwiftFileList -DSWIFT_PACKAGE -DDEBUG -DSWIFT_MODULE_RESOURCE_BUNDLE_UNAVAILABLE -DXcode -plugin-path /Applications/Xcode-27.0.0-Release.Candidate.app/Contents/Developer/Toolchains/XcodeDefault.xctoolchain/usr/lib/swift/host/plugins/testing -enable-experimental-feature DebugDescriptionMacro -sdk /Applications/Xcode-27.0.0-Release.Candidate.app/Contents/Developer/Platforms/WatchOS.platform/Developer/SDKs/WatchOS27.0.sdk -target arm64-apple-watchos9.0 -g -module-cache-path /Users/admin/builder/spi-builder-workspace/.derivedData/ModuleCache.noindex -Xfrontend -serialize-debugging-options -enable-testing -index-store-path /Users/admin/builder/spi-builder-workspace/.derivedData/Index.noindex/DataStore -Xcc -D_LIBCPP_HARDENING_MODE\=_LIBCPP_HARDENING_MODE_DEBUG -swift-version 5 -I /Users/admin/builder/spi-builder-workspace/.derivedData/Build/Products/Debug-watchos -Isystem /Applications/Xcode-27.0.0-Release.Candidate.app/Contents/Developer/Platforms/WatchOS.platform/Developer/usr/lib -F /Users/admin/builder/spi-builder-workspace/.derivedData/Build/Products/Debug-watchos/PackageFrameworks -F /Users/admin/builder/spi-builder-workspace/.derivedData/Build/Products/Debug-watchos -F /Applications/Xcode-27.0.0-Release.Candidate.app/Contents/Developer/Platforms/WatchOS.platform/Developer/Library/Frameworks -F /Applications/Xcode-27.0.0-Release.Candidate.app/Contents/Developer/Platforms/WatchOS.platform/Developer/SDKs/WatchOS27.0.sdk/Developer/Library/Frameworks -c -j10 -enable-batch-mode -incremental -Xcc -ivfsstatcache -Xcc /Users/admin/builder/spi-builder-workspace/.derivedData/SDKStatCaches.noindex/watchos27.0-24R360-e829b21a6f8c9b70876ba0858053c04477534ef55a1706bf4c1112bbb242f0a2.sdkstatcache -output-file-map /Users/admin/builder/spi-builder-workspace/.derivedData/Build/Intermediates.noindex/AppKitFocusOverlay.build/Debug-watchos/AppKitFocusOverlay-t.build/Objects-normal/arm64/AppKitFocusOverlay-OutputFileMap.json -save-temps -no-color-diagnostics -explicit-module-build -module-cache-path /Users/admin/builder/spi-builder-workspace/.derivedData/Build/Intermediates.noindex/SwiftExplicitPrecompiledModules -clang-scanner-module-cache-path /Users/admin/builder/spi-builder-workspace/.derivedData/ModuleCache.noindex -sdk-module-cache-path /Users/admin/builder/spi-builder-workspace/.derivedData/SDKExplicitPrecompiledModules -emit-dependencies -emit-module -emit-module-path /Users/admin/builder/spi-builder-workspace/.derivedData/Build/Intermediates.noindex/AppKitFocusOverlay.build/Debug-watchos/AppKitFocusOverlay-t.build/Objects-normal/arm64/AppKitFocusOverlay.swiftmodule -serialize-diagnostics -dependency-scan-serialize-diagnostics-path /Users/admin/builder/spi-builder-workspace/.derivedData/Build/Intermediates.noindex/AppKitFocusOverlay.build/Debug-watchos/AppKitFocusOverlay-t.build/Objects-normal/arm64/AppKitFocusOverlay-dependency-scan.dia -validate-clang-modules-once -clang-build-session-file /Users/admin/builder/spi-builder-workspace/.derivedData/ModuleCache.noindex/Session.modulevalidation -Xcc -fmodules-prune-interval\=86400 -Xcc -fmodules-prune-after\=345600 -emit-const-values -const-gather-protocols-list /Users/admin/builder/spi-builder-workspace/.derivedData/Build/Intermediates.noindex/AppKitFocusOverlay.build/Debug-watchos/AppKitFocusOverlay-t.build/Objects-normal/arm64/AppKitFocusOverlay_const_extract_protocols.json -Xcc -I/Users/admin/builder/spi-builder-workspace/.derivedData/Build/Products/Debug-watchos/include -Xcc -I/Users/admin/builder/spi-builder-workspace/.derivedData/Build/Intermediates.noindex/AppKitFocusOverlay.build/Debug-watchos/AppKitFocusOverlay-t.build/DerivedSources-normal/arm64 -Xcc -I/Users/admin/builder/spi-builder-workspace/.derivedData/Build/Intermediates.noindex/AppKitFocusOverlay.build/Debug-watchos/AppKitFocusOverlay-t.build/DerivedSources/arm64 -Xcc -I/Users/admin/builder/spi-builder-workspace/.derivedData/Build/Intermediates.noindex/AppKitFocusOverlay.build/Debug-watchos/AppKitFocusOverlay-t.build/DerivedSources -Xcc -DSWIFT_PACKAGE -Xcc -DDEBUG\=1 -emit-objc-header -emit-objc-header-path /Users/admin/builder/spi-builder-workspace/.derivedData/Build/Intermediates.noindex/AppKitFocusOverlay.build/Debug-watchos/AppKitFocusOverlay-t.build/Objects-normal/arm64/AppKitFocusOverlay-Swift.h -working-directory /Users/admin/builder/spi-builder-workspace/.swiftpm/xcode -experimental-emit-module-separately -disable-cmo
error: Clang dependency scanning failure: (in target 'AppKitFocusOverlay' from project 'AppKitFocusOverlay')
/Users/admin/builder/spi-builder-workspace/Sources/AppKitFocusOverlay/AppKitFocusOverlay.swift:20:8: error: Unable to resolve module dependency: 'AppKit' (in target 'AppKitFocusOverlay' from project 'AppKitFocusOverlay')
note: A dependency of main module 'AppKitFocusOverlay'
/Users/admin/builder/spi-builder-workspace/Sources/AppKitFocusOverlay/private/Palette.swift:20:8: note: Also imported here
/Users/admin/builder/spi-builder-workspace/Sources/AppKitFocusOverlay/AppKitFocusOverlay.swift:20:8: note: A dependency of main module 'AppKitFocusOverlay'
import AppKit
^ (in target 'AppKitFocusOverlay' from project 'AppKitFocusOverlay')
/Users/admin/builder/spi-builder-workspace/Sources/AppKitFocusOverlay/private/Palette.swift:20:8: note: Also imported here
import AppKit
^ (in target 'AppKitFocusOverlay' from project 'AppKitFocusOverlay')
SwiftDriverJobDiscovery normal arm64_32 Compiling KeyCombo.swift (in target 'HotKey' from project 'HotKey')
SwiftDriverJobDiscovery normal arm64_32 Compiling HotKey.swift (in target 'HotKey' from project 'HotKey')
SwiftDriverJobDiscovery normal arm64_32 Compiling KeyCombo+System.swift (in target 'HotKey' from project 'HotKey')
SwiftDriverJobDiscovery normal arm64_32 Compiling Key.swift (in target 'HotKey' from project 'HotKey')
SwiftDriver\ Compilation HotKey normal arm64_32 com.apple.xcode.tools.swift.compiler (in target 'HotKey' from project 'HotKey')
cd /Users/admin/builder/spi-builder-workspace/.swiftpm/xcode
builtin-Swift-Compilation -- /Applications/Xcode-27.0.0-Release.Candidate.app/Contents/Developer/Toolchains/XcodeDefault.xctoolchain/usr/bin/swiftc -parse-as-library -module-name HotKey -Onone @/Users/admin/builder/spi-builder-workspace/.derivedData/Build/Intermediates.noindex/HotKey.build/Debug-watchos/HotKey-t.build/Objects-normal/arm64_32/HotKey.SwiftFileList -DSWIFT_PACKAGE -DDEBUG -DSWIFT_MODULE_RESOURCE_BUNDLE_UNAVAILABLE -DXcode -plugin-path /Applications/Xcode-27.0.0-Release.Candidate.app/Contents/Developer/Toolchains/XcodeDefault.xctoolchain/usr/lib/swift/host/plugins/testing -enable-experimental-feature DebugDescriptionMacro -sdk /Applications/Xcode-27.0.0-Release.Candidate.app/Contents/Developer/Platforms/WatchOS.platform/Developer/SDKs/WatchOS27.0.sdk -target arm64_32-apple-watchos9.0 -g -module-cache-path /Users/admin/builder/spi-builder-workspace/.derivedData/ModuleCache.noindex -Xfrontend -serialize-debugging-options -enable-testing -suppress-warnings -index-store-path /Users/admin/builder/spi-builder-workspace/.derivedData/Index.noindex/DataStore -Xcc -D_LIBCPP_HARDENING_MODE\=_LIBCPP_HARDENING_MODE_DEBUG -swift-version 5 -I /Users/admin/builder/spi-builder-workspace/.derivedData/Build/Products/Debug-watchos -Isystem /Applications/Xcode-27.0.0-Release.Candidate.app/Contents/Developer/Platforms/WatchOS.platform/Developer/usr/lib -F /Users/admin/builder/spi-builder-workspace/.derivedData/Build/Products/Debug-watchos -F /Applications/Xcode-27.0.0-Release.Candidate.app/Contents/Developer/Platforms/WatchOS.platform/Developer/Library/Frameworks -F /Applications/Xcode-27.0.0-Release.Candidate.app/Contents/Developer/Platforms/WatchOS.platform/Developer/SDKs/WatchOS27.0.sdk/Developer/Library/Frameworks -c -j10 -enable-batch-mode -incremental -Xcc -ivfsstatcache -Xcc /Users/admin/builder/spi-builder-workspace/.derivedData/SDKStatCaches.noindex/watchos27.0-24R360-e829b21a6f8c9b70876ba0858053c04477534ef55a1706bf4c1112bbb242f0a2.sdkstatcache -output-file-map /Users/admin/builder/spi-builder-workspace/.derivedData/Build/Intermediates.noindex/HotKey.build/Debug-watchos/HotKey-t.build/Objects-normal/arm64_32/HotKey-OutputFileMap.json -save-temps -no-color-diagnostics -explicit-module-build -module-cache-path /Users/admin/builder/spi-builder-workspace/.derivedData/Build/Intermediates.noindex/SwiftExplicitPrecompiledModules -clang-scanner-module-cache-path /Users/admin/builder/spi-builder-workspace/.derivedData/ModuleCache.noindex -sdk-module-cache-path /Users/admin/builder/spi-builder-workspace/.derivedData/SDKExplicitPrecompiledModules -emit-dependencies -emit-module -emit-module-path /Users/admin/builder/spi-builder-workspace/.derivedData/Build/Intermediates.noindex/HotKey.build/Debug-watchos/HotKey-t.build/Objects-normal/arm64_32/HotKey.swiftmodule -serialize-diagnostics -dependency-scan-serialize-diagnostics-path /Users/admin/builder/spi-builder-workspace/.derivedData/Build/Intermediates.noindex/HotKey.build/Debug-watchos/HotKey-t.build/Objects-normal/arm64_32/HotKey-dependency-scan.dia -validate-clang-modules-once -clang-build-session-file /Users/admin/builder/spi-builder-workspace/.derivedData/ModuleCache.noindex/Session.modulevalidation -Xcc -fmodules-prune-interval\=86400 -Xcc -fmodules-prune-after\=345600 -emit-const-values -const-gather-protocols-list /Users/admin/builder/spi-builder-workspace/.derivedData/Build/Intermediates.noindex/HotKey.build/Debug-watchos/HotKey-t.build/Objects-normal/arm64_32/HotKey_const_extract_protocols.json -Xcc -I/Users/admin/builder/spi-builder-workspace/.derivedData/Build/Products/Debug-watchos/include -Xcc -I/Users/admin/builder/spi-builder-workspace/.derivedData/Build/Intermediates.noindex/HotKey.build/Debug-watchos/HotKey-t.build/DerivedSources-normal/arm64_32 -Xcc -I/Users/admin/builder/spi-builder-workspace/.derivedData/Build/Intermediates.noindex/HotKey.build/Debug-watchos/HotKey-t.build/DerivedSources/arm64_32 -Xcc -I/Users/admin/builder/spi-builder-workspace/.derivedData/Build/Intermediates.noindex/HotKey.build/Debug-watchos/HotKey-t.build/DerivedSources -Xcc -DSWIFT_PACKAGE -Xcc -DDEBUG\=1 -emit-objc-header -emit-objc-header-path /Users/admin/builder/spi-builder-workspace/.derivedData/Build/Intermediates.noindex/HotKey.build/Debug-watchos/HotKey-t.build/Objects-normal/arm64_32/HotKey-Swift.h -working-directory /Users/admin/builder/spi-builder-workspace/.swiftpm/xcode -experimental-emit-module-separately -disable-cmo
Ld /Users/admin/builder/spi-builder-workspace/.derivedData/Build/Intermediates.noindex/HotKey.build/Debug-watchos/HotKey-t.build/Objects-normal/arm64_32/Binary/HotKey.o normal arm64_32 (in target 'HotKey' from project 'HotKey')
cd /Users/admin/builder/spi-builder-workspace/.dependencies/checkouts/HotKey
/Applications/Xcode-27.0.0-Release.Candidate.app/Contents/Developer/Toolchains/XcodeDefault.xctoolchain/usr/bin/clang -Xlinker -reproducible -target arm64_32-apple-watchos9.0 -r -isysroot /Applications/Xcode-27.0.0-Release.Candidate.app/Contents/Developer/Platforms/WatchOS.platform/Developer/SDKs/WatchOS27.0.sdk -O0 -w -Xlinker -no_warn_duplicate_libraries -F/Users/admin/builder/spi-builder-workspace/.derivedData/Build/Intermediates.noindex/EagerLinkingTBDs/Debug-watchos -F/Users/admin/builder/spi-builder-workspace/.derivedData/Build/Products/Debug-watchos -iframework /Applications/Xcode-27.0.0-Release.Candidate.app/Contents/Developer/Platforms/WatchOS.platform/Developer/Library/Frameworks -iframework /Applications/Xcode-27.0.0-Release.Candidate.app/Contents/Developer/Platforms/WatchOS.platform/Developer/SDKs/WatchOS27.0.sdk/Developer/Library/Frameworks -filelist /Users/admin/builder/spi-builder-workspace/.derivedData/Build/Intermediates.noindex/HotKey.build/Debug-watchos/HotKey-t.build/Objects-normal/arm64_32/HotKey.LinkFileList -nostdlib -Xlinker -object_path_lto -Xlinker /Users/admin/builder/spi-builder-workspace/.derivedData/Build/Intermediates.noindex/HotKey.build/Debug-watchos/HotKey-t.build/Objects-normal/arm64_32/HotKey_lto.o -Xlinker -no_deduplicate -Xlinker -dependency_info -Xlinker /Users/admin/builder/spi-builder-workspace/.derivedData/Build/Intermediates.noindex/HotKey.build/Debug-watchos/HotKey-t.build/Objects-normal/arm64_32/HotKey_dependency_info.dat -fobjc-link-runtime -L/Applications/Xcode-27.0.0-Release.Candidate.app/Contents/Developer/Toolchains/XcodeDefault.xctoolchain/usr/lib/swift/watchos -L/usr/lib/swift -Xlinker -add_ast_path -Xlinker /Users/admin/builder/spi-builder-workspace/.derivedData/Build/Intermediates.noindex/HotKey.build/Debug-watchos/HotKey-t.build/Objects-normal/arm64_32/HotKey.swiftmodule -o /Users/admin/builder/spi-builder-workspace/.derivedData/Build/Intermediates.noindex/HotKey.build/Debug-watchos/HotKey-t.build/Objects-normal/arm64_32/Binary/HotKey.o
CreateUniversalBinary /Users/admin/builder/spi-builder-workspace/.derivedData/Build/Products/Debug-watchos/HotKey.o normal arm64\ arm64_32 (in target 'HotKey' from project 'HotKey')
cd /Users/admin/builder/spi-builder-workspace/.dependencies/checkouts/HotKey
/Applications/Xcode-27.0.0-Release.Candidate.app/Contents/Developer/Toolchains/XcodeDefault.xctoolchain/usr/bin/lipo -create /Users/admin/builder/spi-builder-workspace/.derivedData/Build/Intermediates.noindex/HotKey.build/Debug-watchos/HotKey-t.build/Objects-normal/arm64/Binary/HotKey.o /Users/admin/builder/spi-builder-workspace/.derivedData/Build/Intermediates.noindex/HotKey.build/Debug-watchos/HotKey-t.build/Objects-normal/arm64_32/Binary/HotKey.o -output /Users/admin/builder/spi-builder-workspace/.derivedData/Build/Products/Debug-watchos/HotKey.o
ExtractAppIntentsMetadata (in target 'HotKey' from project 'HotKey')
cd /Users/admin/builder/spi-builder-workspace/.dependencies/checkouts/HotKey
/Applications/Xcode-27.0.0-Release.Candidate.app/Contents/Developer/Toolchains/XcodeDefault.xctoolchain/usr/bin/appintentsmetadataprocessor --toolchain-dir /var/run/com.apple.security.cryptexd/mnt/com.apple.MobileAsset.MetalToolchain-v27.1.266.1.HqAswL/Metal.xctoolchain --module-name HotKey --sdk-root /Applications/Xcode-27.0.0-Release.Candidate.app/Contents/Developer/Platforms/WatchOS.platform/Developer/SDKs/WatchOS27.0.sdk --xcode-version 27A266a --platform-family watchOS --deployment-target 9.0 --bundle-identifier hotkey.HotKey --output /Users/admin/builder/spi-builder-workspace/.derivedData/Build/Products/Debug-watchos/HotKey.appintents --target-triple arm64-apple-watchos9.0 --target-triple arm64_32-apple-watchos9.0 --binary-file /Users/admin/builder/spi-builder-workspace/.derivedData/Build/Products/Debug-watchos/HotKey.o --dependency-file /Users/admin/builder/spi-builder-workspace/.derivedData/Build/Intermediates.noindex/HotKey.build/Debug-watchos/HotKey-t.build/Objects-normal/arm64/HotKey_dependency_info.dat --dependency-file /Users/admin/builder/spi-builder-workspace/.derivedData/Build/Intermediates.noindex/HotKey.build/Debug-watchos/HotKey-t.build/Objects-normal/arm64_32/HotKey_dependency_info.dat --stringsdata-file /Users/admin/builder/spi-builder-workspace/.derivedData/Build/Intermediates.noindex/HotKey.build/Debug-watchos/HotKey-t.build/Objects-normal/arm64/ExtractedAppShortcutsMetadata.stringsdata --stringsdata-file /Users/admin/builder/spi-builder-workspace/.derivedData/Build/Intermediates.noindex/HotKey.build/Debug-watchos/HotKey-t.build/Objects-normal/arm64_32/ExtractedAppShortcutsMetadata.stringsdata --source-file-list /Users/admin/builder/spi-builder-workspace/.derivedData/Build/Intermediates.noindex/HotKey.build/Debug-watchos/HotKey-t.build/Objects-normal/arm64/HotKey.SwiftFileList --source-file-list /Users/admin/builder/spi-builder-workspace/.derivedData/Build/Intermediates.noindex/HotKey.build/Debug-watchos/HotKey-t.build/Objects-normal/arm64_32/HotKey.SwiftFileList --metadata-file-list /Users/admin/builder/spi-builder-workspace/.derivedData/Build/Intermediates.noindex/HotKey.build/Debug-watchos/HotKey-t.build/HotKey.DependencyMetadataFileList --static-metadata-file-list /Users/admin/builder/spi-builder-workspace/.derivedData/Build/Intermediates.noindex/HotKey.build/Debug-watchos/HotKey-t.build/HotKey.DependencyStaticMetadataFileList --swift-const-vals-list /Users/admin/builder/spi-builder-workspace/.derivedData/Build/Intermediates.noindex/HotKey.build/Debug-watchos/HotKey-t.build/Objects-normal/arm64/HotKey.SwiftConstValuesFileList --swift-const-vals-list /Users/admin/builder/spi-builder-workspace/.derivedData/Build/Intermediates.noindex/HotKey.build/Debug-watchos/HotKey-t.build/Objects-normal/arm64_32/HotKey.SwiftConstValuesFileList --force --compile-time-extraction --deployment-aware-processing --no-app-shortcuts-localization
2026-09-21 03:04:30.687 appintentsmetadataprocessor[770:4700] Starting appintentsmetadataprocessor export
2026-09-21 03:04:30.785 appintentsmetadataprocessor[770:4700] Extracted no relevant App Intents symbols, skipping writing output
PruneExplicitPrecompiledModules /Users/admin/builder/spi-builder-workspace/.derivedData/Build/Intermediates.noindex/SwiftExplicitPrecompiledModules
PruneExplicitPrecompiledModules /Users/admin/builder/spi-builder-workspace/.derivedData/SDKExplicitPrecompiledModules
PruneExplicitPrecompiledModules /Users/admin/builder/spi-builder-workspace/.derivedData/Build/Intermediates.noindex/ExplicitPrecompiledModules
2026-09-21 03:04:26.957 xcodebuild[724:4445] [MT] IDERunDestination: Supported platforms for the buildables in the current scheme is empty.
2026-09-21 03:04:27.061 xcodebuild[724:4445] [MT] IDERunDestination: Supported platforms for the buildables in the current scheme is empty.
** BUILD FAILED **
The following build commands failed:
SwiftDriver AppKitFocusOverlay normal arm64_32 com.apple.xcode.tools.swift.compiler (in target 'AppKitFocusOverlay' from project 'AppKitFocusOverlay')
SwiftDriver AppKitFocusOverlay normal arm64 com.apple.xcode.tools.swift.compiler (in target 'AppKitFocusOverlay' from project 'AppKitFocusOverlay')
Building workspace AppKitFocusOverlay with scheme AppKitFocusOverlay
(3 failures)
Command line invocation:
/Applications/Xcode-27.0.0-Release.Candidate.app/Contents/Developer/usr/bin/xcodebuild -IDEClonedSourcePackagesDirPathOverride=/Users/admin/builder/spi-builder-workspace/.dependencies -resolvePackageDependencies
Resolve Package Graph
Resolved source packages:
AppKitFocusOverlay: /Users/admin/builder/spi-builder-workspace
HotKey: https://github.com/dagronf/HotKey @ 0.2.0
resolved source packages: AppKitFocusOverlay, HotKey
2026-09-21 03:04:31.761 xcodebuild[771:4762] [MT] IDERunDestination: Supported platforms for the buildables in the current scheme is empty.
2026-09-21 03:04:31.902 xcodebuild[771:4762] [MT] IDERunDestination: Supported platforms for the buildables in the current scheme is empty.
{
"dependencies" : [
{
"identity" : "hotkey",
"requirement" : {
"range" : [
{
"lower_bound" : "0.2.0",
"upper_bound" : "1.0.0"
}
]
},
"type" : "sourceControl",
"url" : "https://github.com/dagronf/HotKey"
}
],
"manifest_display_name" : "AppKitFocusOverlay",
"name" : "AppKitFocusOverlay",
"path" : "/Users/admin/builder/spi-builder-workspace",
"platforms" : [
{
"name" : "macos",
"version" : "10.13"
}
],
"products" : [
{
"name" : "AppKitFocusOverlay",
"targets" : [
"AppKitFocusOverlay"
],
"type" : {
"library" : [
"automatic"
]
}
}
],
"targets" : [
{
"c99name" : "AppKitFocusOverlayTests",
"module_type" : "SwiftTarget",
"name" : "AppKitFocusOverlayTests",
"path" : "Tests/AppKitFocusOverlayTests",
"sources" : [
"AppKitFocusOverlayTests.swift"
],
"target_dependencies" : [
"AppKitFocusOverlay"
],
"type" : "test"
},
{
"c99name" : "AppKitFocusOverlay",
"module_type" : "SwiftTarget",
"name" : "AppKitFocusOverlay",
"path" : "Sources/AppKitFocusOverlay",
"product_dependencies" : [
"HotKey"
],
"product_memberships" : [
"AppKitFocusOverlay"
],
"sources" : [
"AppKitFocusOverlay.swift",
"private/CGContext+extensions.swift",
"private/CGPath+arrow.swift",
"private/Palette.swift"
],
"type" : "library"
}
],
"tools_version" : "5.4"
}
{
"workspace" : {
"name" : "AppKitFocusOverlay",
"schemes" : [
"AppKitFocusOverlay"
]
}
}
2026-09-21 03:04:33.004 xcodebuild[779:4823] [MT] IDERunDestination: Supported platforms for the buildables in the current scheme is empty.
2026-09-21 03:04:33.148 xcodebuild[779:4823] [MT] IDERunDestination: Supported platforms for the buildables in the current scheme is empty.
Running build ...
env DEVELOPER_DIR=/Applications/Xcode-27.0.0-Release.Candidate.app xcrun xcodebuild -IDEClonedSourcePackagesDirPathOverride=$PWD/.dependencies -skipMacroValidation -skipPackagePluginValidation -derivedDataPath $PWD/.derivedData build -scheme AppKitFocusOverlay -destination generic/platform=watchOS
Command line invocation:
/Applications/Xcode-27.0.0-Release.Candidate.app/Contents/Developer/usr/bin/xcodebuild -IDEClonedSourcePackagesDirPathOverride=/Users/admin/builder/spi-builder-workspace/.dependencies -skipMacroValidation -skipPackagePluginValidation -derivedDataPath /Users/admin/builder/spi-builder-workspace/.derivedData build -scheme AppKitFocusOverlay -destination generic/platform=watchOS
Resolve Package Graph
Resolved source packages:
AppKitFocusOverlay: /Users/admin/builder/spi-builder-workspace
HotKey: https://github.com/dagronf/HotKey @ 0.2.0
ComputePackagePrebuildTargetDependencyGraph
Prepare packages
CreateBuildRequest
SendProjectDescription
CreateBuildOperation
ComputeTargetDependencyGraph
note: Building targets in dependency order
note: Target dependency graph (4 targets)
Target 'AppKitFocusOverlay-product' in project 'AppKitFocusOverlay'
➜ Explicit dependency on target 'AppKitFocusOverlay' in project 'AppKitFocusOverlay'
➜ Explicit dependency on target 'HotKey-product' in project 'HotKey'
Target 'AppKitFocusOverlay' in project 'AppKitFocusOverlay'
➜ Explicit dependency on target 'HotKey-product' in project 'HotKey'
Target 'HotKey-product' in project 'HotKey'
➜ Explicit dependency on target 'HotKey' in project 'HotKey'
Target 'HotKey' in project 'HotKey' (no dependencies)
GatherProvisioningInputs
CreateBuildDescription
ClangStatCache /Applications/Xcode-27.0.0-Release.Candidate.app/Contents/Developer/Toolchains/XcodeDefault.xctoolchain/usr/bin/clang-stat-cache /Applications/Xcode-27.0.0-Release.Candidate.app/Contents/Developer/Platforms/WatchOS.platform/Developer/SDKs/WatchOS27.0.sdk /Users/admin/builder/spi-builder-workspace/.derivedData/SDKStatCaches.noindex/watchos27.0-24R360-e829b21a6f8c9b70876ba0858053c04477534ef55a1706bf4c1112bbb242f0a2.sdkstatcache
cd /Users/admin/builder/spi-builder-workspace/.swiftpm/xcode
/Applications/Xcode-27.0.0-Release.Candidate.app/Contents/Developer/Toolchains/XcodeDefault.xctoolchain/usr/bin/clang-stat-cache /Applications/Xcode-27.0.0-Release.Candidate.app/Contents/Developer/Platforms/WatchOS.platform/Developer/SDKs/WatchOS27.0.sdk -o /Users/admin/builder/spi-builder-workspace/.derivedData/SDKStatCaches.noindex/watchos27.0-24R360-e829b21a6f8c9b70876ba0858053c04477534ef55a1706bf4c1112bbb242f0a2.sdkstatcache
SwiftDriver AppKitFocusOverlay normal arm64 com.apple.xcode.tools.swift.compiler (in target 'AppKitFocusOverlay' from project 'AppKitFocusOverlay')
cd /Users/admin/builder/spi-builder-workspace/.swiftpm/xcode
builtin-SwiftDriver -- /Applications/Xcode-27.0.0-Release.Candidate.app/Contents/Developer/Toolchains/XcodeDefault.xctoolchain/usr/bin/swiftc -parse-as-library -module-name AppKitFocusOverlay -Onone @/Users/admin/builder/spi-builder-workspace/.derivedData/Build/Intermediates.noindex/AppKitFocusOverlay.build/Debug-watchos/AppKitFocusOverlay-t.build/Objects-normal/arm64/AppKitFocusOverlay.SwiftFileList -DSWIFT_PACKAGE -DDEBUG -DSWIFT_MODULE_RESOURCE_BUNDLE_UNAVAILABLE -DXcode -plugin-path /Applications/Xcode-27.0.0-Release.Candidate.app/Contents/Developer/Toolchains/XcodeDefault.xctoolchain/usr/lib/swift/host/plugins/testing -enable-experimental-feature DebugDescriptionMacro -sdk /Applications/Xcode-27.0.0-Release.Candidate.app/Contents/Developer/Platforms/WatchOS.platform/Developer/SDKs/WatchOS27.0.sdk -target arm64-apple-watchos9.0 -g -module-cache-path /Users/admin/builder/spi-builder-workspace/.derivedData/ModuleCache.noindex -Xfrontend -serialize-debugging-options -enable-testing -index-store-path /Users/admin/builder/spi-builder-workspace/.derivedData/Index.noindex/DataStore -Xcc -D_LIBCPP_HARDENING_MODE\=_LIBCPP_HARDENING_MODE_DEBUG -swift-version 5 -I /Users/admin/builder/spi-builder-workspace/.derivedData/Build/Products/Debug-watchos -Isystem /Applications/Xcode-27.0.0-Release.Candidate.app/Contents/Developer/Platforms/WatchOS.platform/Developer/usr/lib -F /Users/admin/builder/spi-builder-workspace/.derivedData/Build/Products/Debug-watchos/PackageFrameworks -F /Users/admin/builder/spi-builder-workspace/.derivedData/Build/Products/Debug-watchos -F /Applications/Xcode-27.0.0-Release.Candidate.app/Contents/Developer/Platforms/WatchOS.platform/Developer/Library/Frameworks -F /Applications/Xcode-27.0.0-Release.Candidate.app/Contents/Developer/Platforms/WatchOS.platform/Developer/SDKs/WatchOS27.0.sdk/Developer/Library/Frameworks -c -j10 -enable-batch-mode -incremental -Xcc -ivfsstatcache -Xcc /Users/admin/builder/spi-builder-workspace/.derivedData/SDKStatCaches.noindex/watchos27.0-24R360-e829b21a6f8c9b70876ba0858053c04477534ef55a1706bf4c1112bbb242f0a2.sdkstatcache -output-file-map /Users/admin/builder/spi-builder-workspace/.derivedData/Build/Intermediates.noindex/AppKitFocusOverlay.build/Debug-watchos/AppKitFocusOverlay-t.build/Objects-normal/arm64/AppKitFocusOverlay-OutputFileMap.json -save-temps -no-color-diagnostics -explicit-module-build -module-cache-path /Users/admin/builder/spi-builder-workspace/.derivedData/Build/Intermediates.noindex/SwiftExplicitPrecompiledModules -clang-scanner-module-cache-path /Users/admin/builder/spi-builder-workspace/.derivedData/ModuleCache.noindex -sdk-module-cache-path /Users/admin/builder/spi-builder-workspace/.derivedData/SDKExplicitPrecompiledModules -emit-dependencies -emit-module -emit-module-path /Users/admin/builder/spi-builder-workspace/.derivedData/Build/Intermediates.noindex/AppKitFocusOverlay.build/Debug-watchos/AppKitFocusOverlay-t.build/Objects-normal/arm64/AppKitFocusOverlay.swiftmodule -serialize-diagnostics -dependency-scan-serialize-diagnostics-path /Users/admin/builder/spi-builder-workspace/.derivedData/Build/Intermediates.noindex/AppKitFocusOverlay.build/Debug-watchos/AppKitFocusOverlay-t.build/Objects-normal/arm64/AppKitFocusOverlay-dependency-scan.dia -validate-clang-modules-once -clang-build-session-file /Users/admin/builder/spi-builder-workspace/.derivedData/ModuleCache.noindex/Session.modulevalidation -Xcc -fmodules-prune-interval\=86400 -Xcc -fmodules-prune-after\=345600 -emit-const-values -const-gather-protocols-list /Users/admin/builder/spi-builder-workspace/.derivedData/Build/Intermediates.noindex/AppKitFocusOverlay.build/Debug-watchos/AppKitFocusOverlay-t.build/Objects-normal/arm64/AppKitFocusOverlay_const_extract_protocols.json -Xcc -I/Users/admin/builder/spi-builder-workspace/.derivedData/Build/Products/Debug-watchos/include -Xcc -I/Users/admin/builder/spi-builder-workspace/.derivedData/Build/Intermediates.noindex/AppKitFocusOverlay.build/Debug-watchos/AppKitFocusOverlay-t.build/DerivedSources-normal/arm64 -Xcc -I/Users/admin/builder/spi-builder-workspace/.derivedData/Build/Intermediates.noindex/AppKitFocusOverlay.build/Debug-watchos/AppKitFocusOverlay-t.build/DerivedSources/arm64 -Xcc -I/Users/admin/builder/spi-builder-workspace/.derivedData/Build/Intermediates.noindex/AppKitFocusOverlay.build/Debug-watchos/AppKitFocusOverlay-t.build/DerivedSources -Xcc -DSWIFT_PACKAGE -Xcc -DDEBUG\=1 -emit-objc-header -emit-objc-header-path /Users/admin/builder/spi-builder-workspace/.derivedData/Build/Intermediates.noindex/AppKitFocusOverlay.build/Debug-watchos/AppKitFocusOverlay-t.build/Objects-normal/arm64/AppKitFocusOverlay-Swift.h -working-directory /Users/admin/builder/spi-builder-workspace/.swiftpm/xcode -experimental-emit-module-separately -disable-cmo
error: Clang dependency scanning failure: (in target 'AppKitFocusOverlay' from project 'AppKitFocusOverlay')
/Users/admin/builder/spi-builder-workspace/Sources/AppKitFocusOverlay/AppKitFocusOverlay.swift:20:8: error: Unable to resolve module dependency: 'AppKit' (in target 'AppKitFocusOverlay' from project 'AppKitFocusOverlay')
note: A dependency of main module 'AppKitFocusOverlay'
/Users/admin/builder/spi-builder-workspace/Sources/AppKitFocusOverlay/private/Palette.swift:20:8: note: Also imported here
/Users/admin/builder/spi-builder-workspace/Sources/AppKitFocusOverlay/AppKitFocusOverlay.swift:20:8: note: A dependency of main module 'AppKitFocusOverlay'
import AppKit
^ (in target 'AppKitFocusOverlay' from project 'AppKitFocusOverlay')
/Users/admin/builder/spi-builder-workspace/Sources/AppKitFocusOverlay/private/Palette.swift:20:8: note: Also imported here
import AppKit
^ (in target 'AppKitFocusOverlay' from project 'AppKitFocusOverlay')
SwiftDriver AppKitFocusOverlay normal arm64_32 com.apple.xcode.tools.swift.compiler (in target 'AppKitFocusOverlay' from project 'AppKitFocusOverlay')
cd /Users/admin/builder/spi-builder-workspace/.swiftpm/xcode
builtin-SwiftDriver -- /Applications/Xcode-27.0.0-Release.Candidate.app/Contents/Developer/Toolchains/XcodeDefault.xctoolchain/usr/bin/swiftc -parse-as-library -module-name AppKitFocusOverlay -Onone @/Users/admin/builder/spi-builder-workspace/.derivedData/Build/Intermediates.noindex/AppKitFocusOverlay.build/Debug-watchos/AppKitFocusOverlay-t.build/Objects-normal/arm64_32/AppKitFocusOverlay.SwiftFileList -DSWIFT_PACKAGE -DDEBUG -DSWIFT_MODULE_RESOURCE_BUNDLE_UNAVAILABLE -DXcode -plugin-path /Applications/Xcode-27.0.0-Release.Candidate.app/Contents/Developer/Toolchains/XcodeDefault.xctoolchain/usr/lib/swift/host/plugins/testing -enable-experimental-feature DebugDescriptionMacro -sdk /Applications/Xcode-27.0.0-Release.Candidate.app/Contents/Developer/Platforms/WatchOS.platform/Developer/SDKs/WatchOS27.0.sdk -target arm64_32-apple-watchos9.0 -g -module-cache-path /Users/admin/builder/spi-builder-workspace/.derivedData/ModuleCache.noindex -Xfrontend -serialize-debugging-options -enable-testing -index-store-path /Users/admin/builder/spi-builder-workspace/.derivedData/Index.noindex/DataStore -Xcc -D_LIBCPP_HARDENING_MODE\=_LIBCPP_HARDENING_MODE_DEBUG -swift-version 5 -I /Users/admin/builder/spi-builder-workspace/.derivedData/Build/Products/Debug-watchos -Isystem /Applications/Xcode-27.0.0-Release.Candidate.app/Contents/Developer/Platforms/WatchOS.platform/Developer/usr/lib -F /Users/admin/builder/spi-builder-workspace/.derivedData/Build/Products/Debug-watchos/PackageFrameworks -F /Users/admin/builder/spi-builder-workspace/.derivedData/Build/Products/Debug-watchos -F /Applications/Xcode-27.0.0-Release.Candidate.app/Contents/Developer/Platforms/WatchOS.platform/Developer/Library/Frameworks -F /Applications/Xcode-27.0.0-Release.Candidate.app/Contents/Developer/Platforms/WatchOS.platform/Developer/SDKs/WatchOS27.0.sdk/Developer/Library/Frameworks -c -j10 -enable-batch-mode -incremental -Xcc -ivfsstatcache -Xcc /Users/admin/builder/spi-builder-workspace/.derivedData/SDKStatCaches.noindex/watchos27.0-24R360-e829b21a6f8c9b70876ba0858053c04477534ef55a1706bf4c1112bbb242f0a2.sdkstatcache -output-file-map /Users/admin/builder/spi-builder-workspace/.derivedData/Build/Intermediates.noindex/AppKitFocusOverlay.build/Debug-watchos/AppKitFocusOverlay-t.build/Objects-normal/arm64_32/AppKitFocusOverlay-OutputFileMap.json -save-temps -no-color-diagnostics -explicit-module-build -module-cache-path /Users/admin/builder/spi-builder-workspace/.derivedData/Build/Intermediates.noindex/SwiftExplicitPrecompiledModules -clang-scanner-module-cache-path /Users/admin/builder/spi-builder-workspace/.derivedData/ModuleCache.noindex -sdk-module-cache-path /Users/admin/builder/spi-builder-workspace/.derivedData/SDKExplicitPrecompiledModules -emit-dependencies -emit-module -emit-module-path /Users/admin/builder/spi-builder-workspace/.derivedData/Build/Intermediates.noindex/AppKitFocusOverlay.build/Debug-watchos/AppKitFocusOverlay-t.build/Objects-normal/arm64_32/AppKitFocusOverlay.swiftmodule -serialize-diagnostics -dependency-scan-serialize-diagnostics-path /Users/admin/builder/spi-builder-workspace/.derivedData/Build/Intermediates.noindex/AppKitFocusOverlay.build/Debug-watchos/AppKitFocusOverlay-t.build/Objects-normal/arm64_32/AppKitFocusOverlay-dependency-scan.dia -validate-clang-modules-once -clang-build-session-file /Users/admin/builder/spi-builder-workspace/.derivedData/ModuleCache.noindex/Session.modulevalidation -Xcc -fmodules-prune-interval\=86400 -Xcc -fmodules-prune-after\=345600 -emit-const-values -const-gather-protocols-list /Users/admin/builder/spi-builder-workspace/.derivedData/Build/Intermediates.noindex/AppKitFocusOverlay.build/Debug-watchos/AppKitFocusOverlay-t.build/Objects-normal/arm64_32/AppKitFocusOverlay_const_extract_protocols.json -Xcc -I/Users/admin/builder/spi-builder-workspace/.derivedData/Build/Products/Debug-watchos/include -Xcc -I/Users/admin/builder/spi-builder-workspace/.derivedData/Build/Intermediates.noindex/AppKitFocusOverlay.build/Debug-watchos/AppKitFocusOverlay-t.build/DerivedSources-normal/arm64_32 -Xcc -I/Users/admin/builder/spi-builder-workspace/.derivedData/Build/Intermediates.noindex/AppKitFocusOverlay.build/Debug-watchos/AppKitFocusOverlay-t.build/DerivedSources/arm64_32 -Xcc -I/Users/admin/builder/spi-builder-workspace/.derivedData/Build/Intermediates.noindex/AppKitFocusOverlay.build/Debug-watchos/AppKitFocusOverlay-t.build/DerivedSources -Xcc -DSWIFT_PACKAGE -Xcc -DDEBUG\=1 -emit-objc-header -emit-objc-header-path /Users/admin/builder/spi-builder-workspace/.derivedData/Build/Intermediates.noindex/AppKitFocusOverlay.build/Debug-watchos/AppKitFocusOverlay-t.build/Objects-normal/arm64_32/AppKitFocusOverlay-Swift.h -working-directory /Users/admin/builder/spi-builder-workspace/.swiftpm/xcode -experimental-emit-module-separately -disable-cmo
error: Clang dependency scanning failure: (in target 'AppKitFocusOverlay' from project 'AppKitFocusOverlay')
/Users/admin/builder/spi-builder-workspace/Sources/AppKitFocusOverlay/AppKitFocusOverlay.swift:20:8: error: Unable to resolve module dependency: 'AppKit' (in target 'AppKitFocusOverlay' from project 'AppKitFocusOverlay')
note: A dependency of main module 'AppKitFocusOverlay'
/Users/admin/builder/spi-builder-workspace/Sources/AppKitFocusOverlay/private/Palette.swift:20:8: note: Also imported here
/Users/admin/builder/spi-builder-workspace/Sources/AppKitFocusOverlay/AppKitFocusOverlay.swift:20:8: note: A dependency of main module 'AppKitFocusOverlay'
import AppKit
^ (in target 'AppKitFocusOverlay' from project 'AppKitFocusOverlay')
/Users/admin/builder/spi-builder-workspace/Sources/AppKitFocusOverlay/private/Palette.swift:20:8: note: Also imported here
import AppKit
^ (in target 'AppKitFocusOverlay' from project 'AppKitFocusOverlay')
PruneExplicitPrecompiledModules /Users/admin/builder/spi-builder-workspace/.derivedData/Build/Intermediates.noindex/ExplicitPrecompiledModules
PruneExplicitPrecompiledModules /Users/admin/builder/spi-builder-workspace/.derivedData/Build/Intermediates.noindex/SwiftExplicitPrecompiledModules
PruneExplicitPrecompiledModules /Users/admin/builder/spi-builder-workspace/.derivedData/SDKExplicitPrecompiledModules
2026-09-21 03:04:33.995 xcodebuild[780:4848] [MT] IDERunDestination: Supported platforms for the buildables in the current scheme is empty.
2026-09-21 03:04:34.099 xcodebuild[780:4848] [MT] IDERunDestination: Supported platforms for the buildables in the current scheme is empty.
** BUILD FAILED **
The following build commands failed:
SwiftDriver AppKitFocusOverlay normal arm64 com.apple.xcode.tools.swift.compiler (in target 'AppKitFocusOverlay' from project 'AppKitFocusOverlay')
SwiftDriver AppKitFocusOverlay normal arm64_32 com.apple.xcode.tools.swift.compiler (in target 'AppKitFocusOverlay' from project 'AppKitFocusOverlay')
Building workspace AppKitFocusOverlay with scheme AppKitFocusOverlay
(3 failures)
BUILD FAILURE 6.4 watchOS