Build Information
Failed to build ChromaSwift, reference v1.2.0 (457063), with Swift 6.4 for watchOS using Xcode 27.0 on 21 Sep 2026 06:35:46 UTC.
Build Command
env DEVELOPER_DIR=/Applications/Xcode-27.0.0-Release.Candidate.app xcrun xcodebuild -IDEClonedSourcePackagesDirPathOverride=$PWD/.dependencies -skipMacroValidation -skipPackagePluginValidation -derivedDataPath $PWD/.derivedData build -scheme ChromaSwift -destination generic/platform=watchOSBuild Log
SwiftDriver ChromaSwift normal arm64 com.apple.xcode.tools.swift.compiler (in target 'ChromaSwift' from project 'ChromaSwift')
cd /Users/admin/builder/spi-builder-workspace/.swiftpm/xcode
builtin-SwiftDriver -- /Applications/Xcode-27.0.0-Release.Candidate.app/Contents/Developer/Toolchains/XcodeDefault.xctoolchain/usr/bin/swiftc -parse-as-library -module-name ChromaSwift -Onone @/Users/admin/builder/spi-builder-workspace/.derivedData/Build/Intermediates.noindex/ChromaSwift.build/Debug-watchos/ChromaSwift-t.build/Objects-normal/arm64/ChromaSwift.SwiftFileList -DSWIFT_PACKAGE -DDEBUG -DSWIFT_MODULE_RESOURCE_BUNDLE_UNAVAILABLE -Xcc -fmodule-map-file\=/Users/admin/builder/spi-builder-workspace/.derivedData/Build/Intermediates.noindex/GeneratedModuleMaps-watchos/CChromaprint.modulemap -DXcode -plugin-path /Applications/Xcode-27.0.0-Release.Candidate.app/Contents/Developer/Toolchains/XcodeDefault.xctoolchain/usr/lib/swift/host/plugins/testing -enable-experimental-feature DebugDescriptionMacro -sdk /Applications/Xcode-27.0.0-Release.Candidate.app/Contents/Developer/Platforms/WatchOS.platform/Developer/SDKs/WatchOS27.0.sdk -target arm64-apple-watchos9.0 -g -module-cache-path /Users/admin/builder/spi-builder-workspace/.derivedData/ModuleCache.noindex -Xfrontend -serialize-debugging-options -profile-coverage-mapping -profile-generate -enable-testing -index-store-path /Users/admin/builder/spi-builder-workspace/.derivedData/Index.noindex/DataStore -Xcc -D_LIBCPP_HARDENING_MODE\=_LIBCPP_HARDENING_MODE_DEBUG -swift-version 6 -I /Users/admin/builder/spi-builder-workspace/.derivedData/Build/Products/Debug-watchos -Isystem /Applications/Xcode-27.0.0-Release.Candidate.app/Contents/Developer/Platforms/WatchOS.platform/Developer/usr/lib -F /Users/admin/builder/spi-builder-workspace/.derivedData/Build/Products/Debug-watchos/PackageFrameworks -F /Users/admin/builder/spi-builder-workspace/.derivedData/Build/Products/Debug-watchos -F /Applications/Xcode-27.0.0-Release.Candidate.app/Contents/Developer/Platforms/WatchOS.platform/Developer/Library/Frameworks -F /Applications/Xcode-27.0.0-Release.Candidate.app/Contents/Developer/Platforms/WatchOS.platform/Developer/SDKs/WatchOS27.0.sdk/Developer/Library/Frameworks -c -j10 -enable-batch-mode -incremental -Xcc -ivfsstatcache -Xcc /Users/admin/builder/spi-builder-workspace/.derivedData/SDKStatCaches.noindex/watchos27.0-24R360-e829b21a6f8c9b70876ba0858053c04477534ef55a1706bf4c1112bbb242f0a2.sdkstatcache -output-file-map /Users/admin/builder/spi-builder-workspace/.derivedData/Build/Intermediates.noindex/ChromaSwift.build/Debug-watchos/ChromaSwift-t.build/Objects-normal/arm64/ChromaSwift-OutputFileMap.json -save-temps -no-color-diagnostics -explicit-module-build -module-cache-path /Users/admin/builder/spi-builder-workspace/.derivedData/Build/Intermediates.noindex/SwiftExplicitPrecompiledModules -clang-scanner-module-cache-path /Users/admin/builder/spi-builder-workspace/.derivedData/ModuleCache.noindex -sdk-module-cache-path /Users/admin/builder/spi-builder-workspace/.derivedData/SDKExplicitPrecompiledModules -emit-dependencies -emit-module -emit-module-path /Users/admin/builder/spi-builder-workspace/.derivedData/Build/Intermediates.noindex/ChromaSwift.build/Debug-watchos/ChromaSwift-t.build/Objects-normal/arm64/ChromaSwift.swiftmodule -serialize-diagnostics -dependency-scan-serialize-diagnostics-path /Users/admin/builder/spi-builder-workspace/.derivedData/Build/Intermediates.noindex/ChromaSwift.build/Debug-watchos/ChromaSwift-t.build/Objects-normal/arm64/ChromaSwift-dependency-scan.dia -validate-clang-modules-once -clang-build-session-file /Users/admin/builder/spi-builder-workspace/.derivedData/ModuleCache.noindex/Session.modulevalidation -Xcc -fmodules-prune-interval\=86400 -Xcc -fmodules-prune-after\=345600 -package-name spi_builder_workspace -emit-const-values -const-gather-protocols-list /Users/admin/builder/spi-builder-workspace/.derivedData/Build/Intermediates.noindex/ChromaSwift.build/Debug-watchos/ChromaSwift-t.build/Objects-normal/arm64/ChromaSwift_const_extract_protocols.json -Xcc -I/Users/admin/builder/spi-builder-workspace/Sources/CChromaprint/include -Xcc -I/Users/admin/builder/spi-builder-workspace/.derivedData/Build/Products/Debug-watchos/include -Xcc -I/Users/admin/builder/spi-builder-workspace/.derivedData/Build/Intermediates.noindex/ChromaSwift.build/Debug-watchos/ChromaSwift-t.build/DerivedSources-normal/arm64 -Xcc -I/Users/admin/builder/spi-builder-workspace/.derivedData/Build/Intermediates.noindex/ChromaSwift.build/Debug-watchos/ChromaSwift-t.build/DerivedSources/arm64 -Xcc -I/Users/admin/builder/spi-builder-workspace/.derivedData/Build/Intermediates.noindex/ChromaSwift.build/Debug-watchos/ChromaSwift-t.build/DerivedSources -Xcc -DSWIFT_PACKAGE -Xcc -DDEBUG\=1 -emit-objc-header -emit-objc-header-path /Users/admin/builder/spi-builder-workspace/.derivedData/Build/Intermediates.noindex/ChromaSwift.build/Debug-watchos/ChromaSwift-t.build/Objects-normal/arm64/ChromaSwift-Swift.h -working-directory /Users/admin/builder/spi-builder-workspace/.swiftpm/xcode -experimental-emit-module-separately -disable-cmo
CompileC /Users/admin/builder/spi-builder-workspace/.derivedData/Build/Intermediates.noindex/ChromaSwift.build/Debug-watchos/CChromaprint-t.build/Objects-normal/arm64_32/chroma_filter.o /Users/admin/builder/spi-builder-workspace/chromaprint/src/chroma_filter.cpp normal arm64_32 c++ com.apple.compilers.llvm.clang.1_0.compiler (in target 'CChromaprint' from project 'ChromaSwift')
cd /Users/admin/builder/spi-builder-workspace/.swiftpm/xcode
Using response file: /Users/admin/builder/spi-builder-workspace/.derivedData/Build/Intermediates.noindex/ChromaSwift.build/Debug-watchos/CChromaprint-t.build/Objects-normal/arm64_32/82b82416624d2658e5098eb0a28c15c5-common-args.resp
/Applications/Xcode-27.0.0-Release.Candidate.app/Contents/Developer/Toolchains/XcodeDefault.xctoolchain/usr/bin/clang -x c++ -ivfsstatcache /Users/admin/builder/spi-builder-workspace/.derivedData/SDKStatCaches.noindex/watchos27.0-24R360-e829b21a6f8c9b70876ba0858053c04477534ef55a1706bf4c1112bbb242f0a2.sdkstatcache -target arm64_32-apple-watchos9.0 -fmessage-length\=0 -fdiagnostics-show-note-include-stack -fmacro-backtrace-limit\=0 -fno-color-diagnostics -fmodules-prune-interval\=86400 -fmodules-prune-after\=345600 -fbuild-session-file\=/Users/admin/builder/spi-builder-workspace/.derivedData/ModuleCache.noindex/Session.modulevalidation -fmodules-validate-once-per-build-session -Wnon-modular-include-in-framework-module -Werror\=non-modular-include-in-framework-module -Wno-trigraphs -Wno-missing-field-initializers -Wno-missing-prototypes -Wno-return-type -Wno-non-virtual-dtor -Wno-overloaded-virtual -Wno-exit-time-destructors -Wno-missing-braces -Wparentheses -Wswitch -Wno-unused-function -Wno-unused-label -Wno-unused-parameter -Wno-unused-variable -Wunused-value -Wno-empty-body -Wno-uninitialized -Wno-unknown-pragmas -Wno-shadow -Wno-four-char-constants -Wno-conversion -Wno-constant-conversion -Wno-int-conversion -Wno-bool-conversion -Wno-enum-conversion -Wno-float-conversion -Wno-non-literal-null-conversion -Wno-objc-literal-conversion -Wno-shorten-64-to-32 -Wno-newline-eof -Wno-c++11-extensions -Wno-implicit-fallthrough -isysroot /Applications/Xcode-27.0.0-Release.Candidate.app/Contents/Developer/Platforms/WatchOS.platform/Developer/SDKs/WatchOS27.0.sdk -fstrict-aliasing -Wdeprecated-declarations -Winvalid-offsetof -Wno-sign-conversion -Wno-infinite-recursion -Wno-move -Wno-comma -Wno-block-capture-autoreleasing -Wno-strict-prototypes -Wno-range-loop-analysis -Wno-semicolon-before-method-body -index-store-path /Users/admin/builder/spi-builder-workspace/.derivedData/Index.noindex/DataStore @/Users/admin/builder/spi-builder-workspace/.derivedData/Build/Intermediates.noindex/ChromaSwift.build/Debug-watchos/CChromaprint-t.build/Objects-normal/arm64_32/82b82416624d2658e5098eb0a28c15c5-common-args.resp -MMD -MT dependencies -MF /Users/admin/builder/spi-builder-workspace/.derivedData/Build/Intermediates.noindex/ChromaSwift.build/Debug-watchos/CChromaprint-t.build/Objects-normal/arm64_32/chroma_filter.d --serialize-diagnostics /Users/admin/builder/spi-builder-workspace/.derivedData/Build/Intermediates.noindex/ChromaSwift.build/Debug-watchos/CChromaprint-t.build/Objects-normal/arm64_32/chroma_filter.dia -c /Users/admin/builder/spi-builder-workspace/chromaprint/src/chroma_filter.cpp -o /Users/admin/builder/spi-builder-workspace/.derivedData/Build/Intermediates.noindex/ChromaSwift.build/Debug-watchos/CChromaprint-t.build/Objects-normal/arm64_32/chroma_filter.o -index-unit-output-path /ChromaSwift.build/Debug-watchos/CChromaprint-t.build/Objects-normal/arm64_32/chroma_filter.o
CompileC /Users/admin/builder/spi-builder-workspace/.derivedData/Build/Intermediates.noindex/ChromaSwift.build/Debug-watchos/CChromaprint-t.build/Objects-normal/arm64_32/chroma.o /Users/admin/builder/spi-builder-workspace/chromaprint/src/chroma.cpp normal arm64_32 c++ com.apple.compilers.llvm.clang.1_0.compiler (in target 'CChromaprint' from project 'ChromaSwift')
cd /Users/admin/builder/spi-builder-workspace/.swiftpm/xcode
Using response file: /Users/admin/builder/spi-builder-workspace/.derivedData/Build/Intermediates.noindex/ChromaSwift.build/Debug-watchos/CChromaprint-t.build/Objects-normal/arm64_32/82b82416624d2658e5098eb0a28c15c5-common-args.resp
/Applications/Xcode-27.0.0-Release.Candidate.app/Contents/Developer/Toolchains/XcodeDefault.xctoolchain/usr/bin/clang -x c++ -ivfsstatcache /Users/admin/builder/spi-builder-workspace/.derivedData/SDKStatCaches.noindex/watchos27.0-24R360-e829b21a6f8c9b70876ba0858053c04477534ef55a1706bf4c1112bbb242f0a2.sdkstatcache -target arm64_32-apple-watchos9.0 -fmessage-length\=0 -fdiagnostics-show-note-include-stack -fmacro-backtrace-limit\=0 -fno-color-diagnostics -fmodules-prune-interval\=86400 -fmodules-prune-after\=345600 -fbuild-session-file\=/Users/admin/builder/spi-builder-workspace/.derivedData/ModuleCache.noindex/Session.modulevalidation -fmodules-validate-once-per-build-session -Wnon-modular-include-in-framework-module -Werror\=non-modular-include-in-framework-module -Wno-trigraphs -Wno-missing-field-initializers -Wno-missing-prototypes -Wno-return-type -Wno-non-virtual-dtor -Wno-overloaded-virtual -Wno-exit-time-destructors -Wno-missing-braces -Wparentheses -Wswitch -Wno-unused-function -Wno-unused-label -Wno-unused-parameter -Wno-unused-variable -Wunused-value -Wno-empty-body -Wno-uninitialized -Wno-unknown-pragmas -Wno-shadow -Wno-four-char-constants -Wno-conversion -Wno-constant-conversion -Wno-int-conversion -Wno-bool-conversion -Wno-enum-conversion -Wno-float-conversion -Wno-non-literal-null-conversion -Wno-objc-literal-conversion -Wno-shorten-64-to-32 -Wno-newline-eof -Wno-c++11-extensions -Wno-implicit-fallthrough -isysroot /Applications/Xcode-27.0.0-Release.Candidate.app/Contents/Developer/Platforms/WatchOS.platform/Developer/SDKs/WatchOS27.0.sdk -fstrict-aliasing -Wdeprecated-declarations -Winvalid-offsetof -Wno-sign-conversion -Wno-infinite-recursion -Wno-move -Wno-comma -Wno-block-capture-autoreleasing -Wno-strict-prototypes -Wno-range-loop-analysis -Wno-semicolon-before-method-body -index-store-path /Users/admin/builder/spi-builder-workspace/.derivedData/Index.noindex/DataStore @/Users/admin/builder/spi-builder-workspace/.derivedData/Build/Intermediates.noindex/ChromaSwift.build/Debug-watchos/CChromaprint-t.build/Objects-normal/arm64_32/82b82416624d2658e5098eb0a28c15c5-common-args.resp -MMD -MT dependencies -MF /Users/admin/builder/spi-builder-workspace/.derivedData/Build/Intermediates.noindex/ChromaSwift.build/Debug-watchos/CChromaprint-t.build/Objects-normal/arm64_32/chroma.d --serialize-diagnostics /Users/admin/builder/spi-builder-workspace/.derivedData/Build/Intermediates.noindex/ChromaSwift.build/Debug-watchos/CChromaprint-t.build/Objects-normal/arm64_32/chroma.dia -c /Users/admin/builder/spi-builder-workspace/chromaprint/src/chroma.cpp -o /Users/admin/builder/spi-builder-workspace/.derivedData/Build/Intermediates.noindex/ChromaSwift.build/Debug-watchos/CChromaprint-t.build/Objects-normal/arm64_32/chroma.o -index-unit-output-path /ChromaSwift.build/Debug-watchos/CChromaprint-t.build/Objects-normal/arm64_32/chroma.o
CompileC /Users/admin/builder/spi-builder-workspace/.derivedData/Build/Intermediates.noindex/ChromaSwift.build/Debug-watchos/CChromaprint-t.build/Objects-normal/arm64_32/base64.o /Users/admin/builder/spi-builder-workspace/chromaprint/src/utils/base64.cpp normal arm64_32 c++ com.apple.compilers.llvm.clang.1_0.compiler (in target 'CChromaprint' from project 'ChromaSwift')
cd /Users/admin/builder/spi-builder-workspace/.swiftpm/xcode
Using response file: /Users/admin/builder/spi-builder-workspace/.derivedData/Build/Intermediates.noindex/ChromaSwift.build/Debug-watchos/CChromaprint-t.build/Objects-normal/arm64_32/82b82416624d2658e5098eb0a28c15c5-common-args.resp
/Applications/Xcode-27.0.0-Release.Candidate.app/Contents/Developer/Toolchains/XcodeDefault.xctoolchain/usr/bin/clang -x c++ -ivfsstatcache /Users/admin/builder/spi-builder-workspace/.derivedData/SDKStatCaches.noindex/watchos27.0-24R360-e829b21a6f8c9b70876ba0858053c04477534ef55a1706bf4c1112bbb242f0a2.sdkstatcache -target arm64_32-apple-watchos9.0 -fmessage-length\=0 -fdiagnostics-show-note-include-stack -fmacro-backtrace-limit\=0 -fno-color-diagnostics -fmodules-prune-interval\=86400 -fmodules-prune-after\=345600 -fbuild-session-file\=/Users/admin/builder/spi-builder-workspace/.derivedData/ModuleCache.noindex/Session.modulevalidation -fmodules-validate-once-per-build-session -Wnon-modular-include-in-framework-module -Werror\=non-modular-include-in-framework-module -Wno-trigraphs -Wno-missing-field-initializers -Wno-missing-prototypes -Wno-return-type -Wno-non-virtual-dtor -Wno-overloaded-virtual -Wno-exit-time-destructors -Wno-missing-braces -Wparentheses -Wswitch -Wno-unused-function -Wno-unused-label -Wno-unused-parameter -Wno-unused-variable -Wunused-value -Wno-empty-body -Wno-uninitialized -Wno-unknown-pragmas -Wno-shadow -Wno-four-char-constants -Wno-conversion -Wno-constant-conversion -Wno-int-conversion -Wno-bool-conversion -Wno-enum-conversion -Wno-float-conversion -Wno-non-literal-null-conversion -Wno-objc-literal-conversion -Wno-shorten-64-to-32 -Wno-newline-eof -Wno-c++11-extensions -Wno-implicit-fallthrough -isysroot /Applications/Xcode-27.0.0-Release.Candidate.app/Contents/Developer/Platforms/WatchOS.platform/Developer/SDKs/WatchOS27.0.sdk -fstrict-aliasing -Wdeprecated-declarations -Winvalid-offsetof -Wno-sign-conversion -Wno-infinite-recursion -Wno-move -Wno-comma -Wno-block-capture-autoreleasing -Wno-strict-prototypes -Wno-range-loop-analysis -Wno-semicolon-before-method-body -index-store-path /Users/admin/builder/spi-builder-workspace/.derivedData/Index.noindex/DataStore @/Users/admin/builder/spi-builder-workspace/.derivedData/Build/Intermediates.noindex/ChromaSwift.build/Debug-watchos/CChromaprint-t.build/Objects-normal/arm64_32/82b82416624d2658e5098eb0a28c15c5-common-args.resp -MMD -MT dependencies -MF /Users/admin/builder/spi-builder-workspace/.derivedData/Build/Intermediates.noindex/ChromaSwift.build/Debug-watchos/CChromaprint-t.build/Objects-normal/arm64_32/base64.d --serialize-diagnostics /Users/admin/builder/spi-builder-workspace/.derivedData/Build/Intermediates.noindex/ChromaSwift.build/Debug-watchos/CChromaprint-t.build/Objects-normal/arm64_32/base64.dia -c /Users/admin/builder/spi-builder-workspace/chromaprint/src/utils/base64.cpp -o /Users/admin/builder/spi-builder-workspace/.derivedData/Build/Intermediates.noindex/ChromaSwift.build/Debug-watchos/CChromaprint-t.build/Objects-normal/arm64_32/base64.o -index-unit-output-path /ChromaSwift.build/Debug-watchos/CChromaprint-t.build/Objects-normal/arm64_32/base64.o
CompileC /Users/admin/builder/spi-builder-workspace/.derivedData/Build/Intermediates.noindex/ChromaSwift.build/Debug-watchos/CChromaprint-t.build/Objects-normal/arm64_32/audio_processor.o /Users/admin/builder/spi-builder-workspace/chromaprint/src/audio_processor.cpp normal arm64_32 c++ com.apple.compilers.llvm.clang.1_0.compiler (in target 'CChromaprint' from project 'ChromaSwift')
cd /Users/admin/builder/spi-builder-workspace/.swiftpm/xcode
Using response file: /Users/admin/builder/spi-builder-workspace/.derivedData/Build/Intermediates.noindex/ChromaSwift.build/Debug-watchos/CChromaprint-t.build/Objects-normal/arm64_32/82b82416624d2658e5098eb0a28c15c5-common-args.resp
/Applications/Xcode-27.0.0-Release.Candidate.app/Contents/Developer/Toolchains/XcodeDefault.xctoolchain/usr/bin/clang -x c++ -ivfsstatcache /Users/admin/builder/spi-builder-workspace/.derivedData/SDKStatCaches.noindex/watchos27.0-24R360-e829b21a6f8c9b70876ba0858053c04477534ef55a1706bf4c1112bbb242f0a2.sdkstatcache -target arm64_32-apple-watchos9.0 -fmessage-length\=0 -fdiagnostics-show-note-include-stack -fmacro-backtrace-limit\=0 -fno-color-diagnostics -fmodules-prune-interval\=86400 -fmodules-prune-after\=345600 -fbuild-session-file\=/Users/admin/builder/spi-builder-workspace/.derivedData/ModuleCache.noindex/Session.modulevalidation -fmodules-validate-once-per-build-session -Wnon-modular-include-in-framework-module -Werror\=non-modular-include-in-framework-module -Wno-trigraphs -Wno-missing-field-initializers -Wno-missing-prototypes -Wno-return-type -Wno-non-virtual-dtor -Wno-overloaded-virtual -Wno-exit-time-destructors -Wno-missing-braces -Wparentheses -Wswitch -Wno-unused-function -Wno-unused-label -Wno-unused-parameter -Wno-unused-variable -Wunused-value -Wno-empty-body -Wno-uninitialized -Wno-unknown-pragmas -Wno-shadow -Wno-four-char-constants -Wno-conversion -Wno-constant-conversion -Wno-int-conversion -Wno-bool-conversion -Wno-enum-conversion -Wno-float-conversion -Wno-non-literal-null-conversion -Wno-objc-literal-conversion -Wno-shorten-64-to-32 -Wno-newline-eof -Wno-c++11-extensions -Wno-implicit-fallthrough -isysroot /Applications/Xcode-27.0.0-Release.Candidate.app/Contents/Developer/Platforms/WatchOS.platform/Developer/SDKs/WatchOS27.0.sdk -fstrict-aliasing -Wdeprecated-declarations -Winvalid-offsetof -Wno-sign-conversion -Wno-infinite-recursion -Wno-move -Wno-comma -Wno-block-capture-autoreleasing -Wno-strict-prototypes -Wno-range-loop-analysis -Wno-semicolon-before-method-body -index-store-path /Users/admin/builder/spi-builder-workspace/.derivedData/Index.noindex/DataStore @/Users/admin/builder/spi-builder-workspace/.derivedData/Build/Intermediates.noindex/ChromaSwift.build/Debug-watchos/CChromaprint-t.build/Objects-normal/arm64_32/82b82416624d2658e5098eb0a28c15c5-common-args.resp -MMD -MT dependencies -MF /Users/admin/builder/spi-builder-workspace/.derivedData/Build/Intermediates.noindex/ChromaSwift.build/Debug-watchos/CChromaprint-t.build/Objects-normal/arm64_32/audio_processor.d --serialize-diagnostics /Users/admin/builder/spi-builder-workspace/.derivedData/Build/Intermediates.noindex/ChromaSwift.build/Debug-watchos/CChromaprint-t.build/Objects-normal/arm64_32/audio_processor.dia -c /Users/admin/builder/spi-builder-workspace/chromaprint/src/audio_processor.cpp -o /Users/admin/builder/spi-builder-workspace/.derivedData/Build/Intermediates.noindex/ChromaSwift.build/Debug-watchos/CChromaprint-t.build/Objects-normal/arm64_32/audio_processor.o -index-unit-output-path /ChromaSwift.build/Debug-watchos/CChromaprint-t.build/Objects-normal/arm64_32/audio_processor.o
CompileC /Users/admin/builder/spi-builder-workspace/.derivedData/Build/Intermediates.noindex/ChromaSwift.build/Debug-watchos/CChromaprint-t.build/Objects-normal/arm64/simhash.o /Users/admin/builder/spi-builder-workspace/chromaprint/src/simhash.cpp normal arm64 c++ com.apple.compilers.llvm.clang.1_0.compiler (in target 'CChromaprint' from project 'ChromaSwift')
cd /Users/admin/builder/spi-builder-workspace/.swiftpm/xcode
Using response file: /Users/admin/builder/spi-builder-workspace/.derivedData/Build/Intermediates.noindex/ChromaSwift.build/Debug-watchos/CChromaprint-t.build/Objects-normal/arm64/82b82416624d2658e5098eb0a28c15c5-common-args.resp
/Applications/Xcode-27.0.0-Release.Candidate.app/Contents/Developer/Toolchains/XcodeDefault.xctoolchain/usr/bin/clang -x c++ -ivfsstatcache /Users/admin/builder/spi-builder-workspace/.derivedData/SDKStatCaches.noindex/watchos27.0-24R360-e829b21a6f8c9b70876ba0858053c04477534ef55a1706bf4c1112bbb242f0a2.sdkstatcache -target arm64-apple-watchos9.0 -fmessage-length\=0 -fdiagnostics-show-note-include-stack -fmacro-backtrace-limit\=0 -fno-color-diagnostics -fmodules-prune-interval\=86400 -fmodules-prune-after\=345600 -fbuild-session-file\=/Users/admin/builder/spi-builder-workspace/.derivedData/ModuleCache.noindex/Session.modulevalidation -fmodules-validate-once-per-build-session -Wnon-modular-include-in-framework-module -Werror\=non-modular-include-in-framework-module -Wno-trigraphs -Wno-missing-field-initializers -Wno-missing-prototypes -Wno-return-type -Wno-non-virtual-dtor -Wno-overloaded-virtual -Wno-exit-time-destructors -Wno-missing-braces -Wparentheses -Wswitch -Wno-unused-function -Wno-unused-label -Wno-unused-parameter -Wno-unused-variable -Wunused-value -Wno-empty-body -Wno-uninitialized -Wno-unknown-pragmas -Wno-shadow -Wno-four-char-constants -Wno-conversion -Wno-constant-conversion -Wno-int-conversion -Wno-bool-conversion -Wno-enum-conversion -Wno-float-conversion -Wno-non-literal-null-conversion -Wno-objc-literal-conversion -Wshorten-64-to-32 -Wno-newline-eof -Wno-c++11-extensions -Wno-implicit-fallthrough -isysroot /Applications/Xcode-27.0.0-Release.Candidate.app/Contents/Developer/Platforms/WatchOS.platform/Developer/SDKs/WatchOS27.0.sdk -fstrict-aliasing -Wdeprecated-declarations -Winvalid-offsetof -Wno-sign-conversion -Wno-infinite-recursion -Wno-move -Wno-comma -Wno-block-capture-autoreleasing -Wno-strict-prototypes -Wno-range-loop-analysis -Wno-semicolon-before-method-body -index-store-path /Users/admin/builder/spi-builder-workspace/.derivedData/Index.noindex/DataStore @/Users/admin/builder/spi-builder-workspace/.derivedData/Build/Intermediates.noindex/ChromaSwift.build/Debug-watchos/CChromaprint-t.build/Objects-normal/arm64/82b82416624d2658e5098eb0a28c15c5-common-args.resp -MMD -MT dependencies -MF /Users/admin/builder/spi-builder-workspace/.derivedData/Build/Intermediates.noindex/ChromaSwift.build/Debug-watchos/CChromaprint-t.build/Objects-normal/arm64/simhash.d --serialize-diagnostics /Users/admin/builder/spi-builder-workspace/.derivedData/Build/Intermediates.noindex/ChromaSwift.build/Debug-watchos/CChromaprint-t.build/Objects-normal/arm64/simhash.dia -c /Users/admin/builder/spi-builder-workspace/chromaprint/src/simhash.cpp -o /Users/admin/builder/spi-builder-workspace/.derivedData/Build/Intermediates.noindex/ChromaSwift.build/Debug-watchos/CChromaprint-t.build/Objects-normal/arm64/simhash.o -index-unit-output-path /ChromaSwift.build/Debug-watchos/CChromaprint-t.build/Objects-normal/arm64/simhash.o
CompileC /Users/admin/builder/spi-builder-workspace/.derivedData/Build/Intermediates.noindex/ChromaSwift.build/Debug-watchos/CChromaprint-t.build/Objects-normal/arm64/silence_remover.o /Users/admin/builder/spi-builder-workspace/chromaprint/src/silence_remover.cpp normal arm64 c++ com.apple.compilers.llvm.clang.1_0.compiler (in target 'CChromaprint' from project 'ChromaSwift')
cd /Users/admin/builder/spi-builder-workspace/.swiftpm/xcode
Using response file: /Users/admin/builder/spi-builder-workspace/.derivedData/Build/Intermediates.noindex/ChromaSwift.build/Debug-watchos/CChromaprint-t.build/Objects-normal/arm64/82b82416624d2658e5098eb0a28c15c5-common-args.resp
/Applications/Xcode-27.0.0-Release.Candidate.app/Contents/Developer/Toolchains/XcodeDefault.xctoolchain/usr/bin/clang -x c++ -ivfsstatcache /Users/admin/builder/spi-builder-workspace/.derivedData/SDKStatCaches.noindex/watchos27.0-24R360-e829b21a6f8c9b70876ba0858053c04477534ef55a1706bf4c1112bbb242f0a2.sdkstatcache -target arm64-apple-watchos9.0 -fmessage-length\=0 -fdiagnostics-show-note-include-stack -fmacro-backtrace-limit\=0 -fno-color-diagnostics -fmodules-prune-interval\=86400 -fmodules-prune-after\=345600 -fbuild-session-file\=/Users/admin/builder/spi-builder-workspace/.derivedData/ModuleCache.noindex/Session.modulevalidation -fmodules-validate-once-per-build-session -Wnon-modular-include-in-framework-module -Werror\=non-modular-include-in-framework-module -Wno-trigraphs -Wno-missing-field-initializers -Wno-missing-prototypes -Wno-return-type -Wno-non-virtual-dtor -Wno-overloaded-virtual -Wno-exit-time-destructors -Wno-missing-braces -Wparentheses -Wswitch -Wno-unused-function -Wno-unused-label -Wno-unused-parameter -Wno-unused-variable -Wunused-value -Wno-empty-body -Wno-uninitialized -Wno-unknown-pragmas -Wno-shadow -Wno-four-char-constants -Wno-conversion -Wno-constant-conversion -Wno-int-conversion -Wno-bool-conversion -Wno-enum-conversion -Wno-float-conversion -Wno-non-literal-null-conversion -Wno-objc-literal-conversion -Wshorten-64-to-32 -Wno-newline-eof -Wno-c++11-extensions -Wno-implicit-fallthrough -isysroot /Applications/Xcode-27.0.0-Release.Candidate.app/Contents/Developer/Platforms/WatchOS.platform/Developer/SDKs/WatchOS27.0.sdk -fstrict-aliasing -Wdeprecated-declarations -Winvalid-offsetof -Wno-sign-conversion -Wno-infinite-recursion -Wno-move -Wno-comma -Wno-block-capture-autoreleasing -Wno-strict-prototypes -Wno-range-loop-analysis -Wno-semicolon-before-method-body -index-store-path /Users/admin/builder/spi-builder-workspace/.derivedData/Index.noindex/DataStore @/Users/admin/builder/spi-builder-workspace/.derivedData/Build/Intermediates.noindex/ChromaSwift.build/Debug-watchos/CChromaprint-t.build/Objects-normal/arm64/82b82416624d2658e5098eb0a28c15c5-common-args.resp -MMD -MT dependencies -MF /Users/admin/builder/spi-builder-workspace/.derivedData/Build/Intermediates.noindex/ChromaSwift.build/Debug-watchos/CChromaprint-t.build/Objects-normal/arm64/silence_remover.d --serialize-diagnostics /Users/admin/builder/spi-builder-workspace/.derivedData/Build/Intermediates.noindex/ChromaSwift.build/Debug-watchos/CChromaprint-t.build/Objects-normal/arm64/silence_remover.dia -c /Users/admin/builder/spi-builder-workspace/chromaprint/src/silence_remover.cpp -o /Users/admin/builder/spi-builder-workspace/.derivedData/Build/Intermediates.noindex/ChromaSwift.build/Debug-watchos/CChromaprint-t.build/Objects-normal/arm64/silence_remover.o -index-unit-output-path /ChromaSwift.build/Debug-watchos/CChromaprint-t.build/Objects-normal/arm64/silence_remover.o
CompileC /Users/admin/builder/spi-builder-workspace/.derivedData/Build/Intermediates.noindex/ChromaSwift.build/Debug-watchos/CChromaprint-t.build/Objects-normal/arm64/fingerprinter_configuration.o /Users/admin/builder/spi-builder-workspace/chromaprint/src/fingerprinter_configuration.cpp normal arm64 c++ com.apple.compilers.llvm.clang.1_0.compiler (in target 'CChromaprint' from project 'ChromaSwift')
cd /Users/admin/builder/spi-builder-workspace/.swiftpm/xcode
Using response file: /Users/admin/builder/spi-builder-workspace/.derivedData/Build/Intermediates.noindex/ChromaSwift.build/Debug-watchos/CChromaprint-t.build/Objects-normal/arm64/82b82416624d2658e5098eb0a28c15c5-common-args.resp
/Applications/Xcode-27.0.0-Release.Candidate.app/Contents/Developer/Toolchains/XcodeDefault.xctoolchain/usr/bin/clang -x c++ -ivfsstatcache /Users/admin/builder/spi-builder-workspace/.derivedData/SDKStatCaches.noindex/watchos27.0-24R360-e829b21a6f8c9b70876ba0858053c04477534ef55a1706bf4c1112bbb242f0a2.sdkstatcache -target arm64-apple-watchos9.0 -fmessage-length\=0 -fdiagnostics-show-note-include-stack -fmacro-backtrace-limit\=0 -fno-color-diagnostics -fmodules-prune-interval\=86400 -fmodules-prune-after\=345600 -fbuild-session-file\=/Users/admin/builder/spi-builder-workspace/.derivedData/ModuleCache.noindex/Session.modulevalidation -fmodules-validate-once-per-build-session -Wnon-modular-include-in-framework-module -Werror\=non-modular-include-in-framework-module -Wno-trigraphs -Wno-missing-field-initializers -Wno-missing-prototypes -Wno-return-type -Wno-non-virtual-dtor -Wno-overloaded-virtual -Wno-exit-time-destructors -Wno-missing-braces -Wparentheses -Wswitch -Wno-unused-function -Wno-unused-label -Wno-unused-parameter -Wno-unused-variable -Wunused-value -Wno-empty-body -Wno-uninitialized -Wno-unknown-pragmas -Wno-shadow -Wno-four-char-constants -Wno-conversion -Wno-constant-conversion -Wno-int-conversion -Wno-bool-conversion -Wno-enum-conversion -Wno-float-conversion -Wno-non-literal-null-conversion -Wno-objc-literal-conversion -Wshorten-64-to-32 -Wno-newline-eof -Wno-c++11-extensions -Wno-implicit-fallthrough -isysroot /Applications/Xcode-27.0.0-Release.Candidate.app/Contents/Developer/Platforms/WatchOS.platform/Developer/SDKs/WatchOS27.0.sdk -fstrict-aliasing -Wdeprecated-declarations -Winvalid-offsetof -Wno-sign-conversion -Wno-infinite-recursion -Wno-move -Wno-comma -Wno-block-capture-autoreleasing -Wno-strict-prototypes -Wno-range-loop-analysis -Wno-semicolon-before-method-body -index-store-path /Users/admin/builder/spi-builder-workspace/.derivedData/Index.noindex/DataStore @/Users/admin/builder/spi-builder-workspace/.derivedData/Build/Intermediates.noindex/ChromaSwift.build/Debug-watchos/CChromaprint-t.build/Objects-normal/arm64/82b82416624d2658e5098eb0a28c15c5-common-args.resp -MMD -MT dependencies -MF /Users/admin/builder/spi-builder-workspace/.derivedData/Build/Intermediates.noindex/ChromaSwift.build/Debug-watchos/CChromaprint-t.build/Objects-normal/arm64/fingerprinter_configuration.d --serialize-diagnostics /Users/admin/builder/spi-builder-workspace/.derivedData/Build/Intermediates.noindex/ChromaSwift.build/Debug-watchos/CChromaprint-t.build/Objects-normal/arm64/fingerprinter_configuration.dia -c /Users/admin/builder/spi-builder-workspace/chromaprint/src/fingerprinter_configuration.cpp -o /Users/admin/builder/spi-builder-workspace/.derivedData/Build/Intermediates.noindex/ChromaSwift.build/Debug-watchos/CChromaprint-t.build/Objects-normal/arm64/fingerprinter_configuration.o -index-unit-output-path /ChromaSwift.build/Debug-watchos/CChromaprint-t.build/Objects-normal/arm64/fingerprinter_configuration.o
CompileC /Users/admin/builder/spi-builder-workspace/.derivedData/Build/Intermediates.noindex/ChromaSwift.build/Debug-watchos/CChromaprint-t.build/Objects-normal/arm64/fingerprinter.o /Users/admin/builder/spi-builder-workspace/chromaprint/src/fingerprinter.cpp normal arm64 c++ com.apple.compilers.llvm.clang.1_0.compiler (in target 'CChromaprint' from project 'ChromaSwift')
cd /Users/admin/builder/spi-builder-workspace/.swiftpm/xcode
Using response file: /Users/admin/builder/spi-builder-workspace/.derivedData/Build/Intermediates.noindex/ChromaSwift.build/Debug-watchos/CChromaprint-t.build/Objects-normal/arm64/82b82416624d2658e5098eb0a28c15c5-common-args.resp
/Applications/Xcode-27.0.0-Release.Candidate.app/Contents/Developer/Toolchains/XcodeDefault.xctoolchain/usr/bin/clang -x c++ -ivfsstatcache /Users/admin/builder/spi-builder-workspace/.derivedData/SDKStatCaches.noindex/watchos27.0-24R360-e829b21a6f8c9b70876ba0858053c04477534ef55a1706bf4c1112bbb242f0a2.sdkstatcache -target arm64-apple-watchos9.0 -fmessage-length\=0 -fdiagnostics-show-note-include-stack -fmacro-backtrace-limit\=0 -fno-color-diagnostics -fmodules-prune-interval\=86400 -fmodules-prune-after\=345600 -fbuild-session-file\=/Users/admin/builder/spi-builder-workspace/.derivedData/ModuleCache.noindex/Session.modulevalidation -fmodules-validate-once-per-build-session -Wnon-modular-include-in-framework-module -Werror\=non-modular-include-in-framework-module -Wno-trigraphs -Wno-missing-field-initializers -Wno-missing-prototypes -Wno-return-type -Wno-non-virtual-dtor -Wno-overloaded-virtual -Wno-exit-time-destructors -Wno-missing-braces -Wparentheses -Wswitch -Wno-unused-function -Wno-unused-label -Wno-unused-parameter -Wno-unused-variable -Wunused-value -Wno-empty-body -Wno-uninitialized -Wno-unknown-pragmas -Wno-shadow -Wno-four-char-constants -Wno-conversion -Wno-constant-conversion -Wno-int-conversion -Wno-bool-conversion -Wno-enum-conversion -Wno-float-conversion -Wno-non-literal-null-conversion -Wno-objc-literal-conversion -Wshorten-64-to-32 -Wno-newline-eof -Wno-c++11-extensions -Wno-implicit-fallthrough -isysroot /Applications/Xcode-27.0.0-Release.Candidate.app/Contents/Developer/Platforms/WatchOS.platform/Developer/SDKs/WatchOS27.0.sdk -fstrict-aliasing -Wdeprecated-declarations -Winvalid-offsetof -Wno-sign-conversion -Wno-infinite-recursion -Wno-move -Wno-comma -Wno-block-capture-autoreleasing -Wno-strict-prototypes -Wno-range-loop-analysis -Wno-semicolon-before-method-body -index-store-path /Users/admin/builder/spi-builder-workspace/.derivedData/Index.noindex/DataStore @/Users/admin/builder/spi-builder-workspace/.derivedData/Build/Intermediates.noindex/ChromaSwift.build/Debug-watchos/CChromaprint-t.build/Objects-normal/arm64/82b82416624d2658e5098eb0a28c15c5-common-args.resp -MMD -MT dependencies -MF /Users/admin/builder/spi-builder-workspace/.derivedData/Build/Intermediates.noindex/ChromaSwift.build/Debug-watchos/CChromaprint-t.build/Objects-normal/arm64/fingerprinter.d --serialize-diagnostics /Users/admin/builder/spi-builder-workspace/.derivedData/Build/Intermediates.noindex/ChromaSwift.build/Debug-watchos/CChromaprint-t.build/Objects-normal/arm64/fingerprinter.dia -c /Users/admin/builder/spi-builder-workspace/chromaprint/src/fingerprinter.cpp -o /Users/admin/builder/spi-builder-workspace/.derivedData/Build/Intermediates.noindex/ChromaSwift.build/Debug-watchos/CChromaprint-t.build/Objects-normal/arm64/fingerprinter.o -index-unit-output-path /ChromaSwift.build/Debug-watchos/CChromaprint-t.build/Objects-normal/arm64/fingerprinter.o
CompileC /Users/admin/builder/spi-builder-workspace/.derivedData/Build/Intermediates.noindex/ChromaSwift.build/Debug-watchos/CChromaprint-t.build/Objects-normal/arm64/fingerprint_decompressor.o /Users/admin/builder/spi-builder-workspace/chromaprint/src/fingerprint_decompressor.cpp normal arm64 c++ com.apple.compilers.llvm.clang.1_0.compiler (in target 'CChromaprint' from project 'ChromaSwift')
cd /Users/admin/builder/spi-builder-workspace/.swiftpm/xcode
Using response file: /Users/admin/builder/spi-builder-workspace/.derivedData/Build/Intermediates.noindex/ChromaSwift.build/Debug-watchos/CChromaprint-t.build/Objects-normal/arm64/82b82416624d2658e5098eb0a28c15c5-common-args.resp
/Applications/Xcode-27.0.0-Release.Candidate.app/Contents/Developer/Toolchains/XcodeDefault.xctoolchain/usr/bin/clang -x c++ -ivfsstatcache /Users/admin/builder/spi-builder-workspace/.derivedData/SDKStatCaches.noindex/watchos27.0-24R360-e829b21a6f8c9b70876ba0858053c04477534ef55a1706bf4c1112bbb242f0a2.sdkstatcache -target arm64-apple-watchos9.0 -fmessage-length\=0 -fdiagnostics-show-note-include-stack -fmacro-backtrace-limit\=0 -fno-color-diagnostics -fmodules-prune-interval\=86400 -fmodules-prune-after\=345600 -fbuild-session-file\=/Users/admin/builder/spi-builder-workspace/.derivedData/ModuleCache.noindex/Session.modulevalidation -fmodules-validate-once-per-build-session -Wnon-modular-include-in-framework-module -Werror\=non-modular-include-in-framework-module -Wno-trigraphs -Wno-missing-field-initializers -Wno-missing-prototypes -Wno-return-type -Wno-non-virtual-dtor -Wno-overloaded-virtual -Wno-exit-time-destructors -Wno-missing-braces -Wparentheses -Wswitch -Wno-unused-function -Wno-unused-label -Wno-unused-parameter -Wno-unused-variable -Wunused-value -Wno-empty-body -Wno-uninitialized -Wno-unknown-pragmas -Wno-shadow -Wno-four-char-constants -Wno-conversion -Wno-constant-conversion -Wno-int-conversion -Wno-bool-conversion -Wno-enum-conversion -Wno-float-conversion -Wno-non-literal-null-conversion -Wno-objc-literal-conversion -Wshorten-64-to-32 -Wno-newline-eof -Wno-c++11-extensions -Wno-implicit-fallthrough -isysroot /Applications/Xcode-27.0.0-Release.Candidate.app/Contents/Developer/Platforms/WatchOS.platform/Developer/SDKs/WatchOS27.0.sdk -fstrict-aliasing -Wdeprecated-declarations -Winvalid-offsetof -Wno-sign-conversion -Wno-infinite-recursion -Wno-move -Wno-comma -Wno-block-capture-autoreleasing -Wno-strict-prototypes -Wno-range-loop-analysis -Wno-semicolon-before-method-body -index-store-path /Users/admin/builder/spi-builder-workspace/.derivedData/Index.noindex/DataStore @/Users/admin/builder/spi-builder-workspace/.derivedData/Build/Intermediates.noindex/ChromaSwift.build/Debug-watchos/CChromaprint-t.build/Objects-normal/arm64/82b82416624d2658e5098eb0a28c15c5-common-args.resp -MMD -MT dependencies -MF /Users/admin/builder/spi-builder-workspace/.derivedData/Build/Intermediates.noindex/ChromaSwift.build/Debug-watchos/CChromaprint-t.build/Objects-normal/arm64/fingerprint_decompressor.d --serialize-diagnostics /Users/admin/builder/spi-builder-workspace/.derivedData/Build/Intermediates.noindex/ChromaSwift.build/Debug-watchos/CChromaprint-t.build/Objects-normal/arm64/fingerprint_decompressor.dia -c /Users/admin/builder/spi-builder-workspace/chromaprint/src/fingerprint_decompressor.cpp -o /Users/admin/builder/spi-builder-workspace/.derivedData/Build/Intermediates.noindex/ChromaSwift.build/Debug-watchos/CChromaprint-t.build/Objects-normal/arm64/fingerprint_decompressor.o -index-unit-output-path /ChromaSwift.build/Debug-watchos/CChromaprint-t.build/Objects-normal/arm64/fingerprint_decompressor.o
CompileC /Users/admin/builder/spi-builder-workspace/.derivedData/Build/Intermediates.noindex/ChromaSwift.build/Debug-watchos/CChromaprint-t.build/Objects-normal/arm64/fingerprint_compressor.o /Users/admin/builder/spi-builder-workspace/chromaprint/src/fingerprint_compressor.cpp normal arm64 c++ com.apple.compilers.llvm.clang.1_0.compiler (in target 'CChromaprint' from project 'ChromaSwift')
cd /Users/admin/builder/spi-builder-workspace/.swiftpm/xcode
Using response file: /Users/admin/builder/spi-builder-workspace/.derivedData/Build/Intermediates.noindex/ChromaSwift.build/Debug-watchos/CChromaprint-t.build/Objects-normal/arm64/82b82416624d2658e5098eb0a28c15c5-common-args.resp
/Applications/Xcode-27.0.0-Release.Candidate.app/Contents/Developer/Toolchains/XcodeDefault.xctoolchain/usr/bin/clang -x c++ -ivfsstatcache /Users/admin/builder/spi-builder-workspace/.derivedData/SDKStatCaches.noindex/watchos27.0-24R360-e829b21a6f8c9b70876ba0858053c04477534ef55a1706bf4c1112bbb242f0a2.sdkstatcache -target arm64-apple-watchos9.0 -fmessage-length\=0 -fdiagnostics-show-note-include-stack -fmacro-backtrace-limit\=0 -fno-color-diagnostics -fmodules-prune-interval\=86400 -fmodules-prune-after\=345600 -fbuild-session-file\=/Users/admin/builder/spi-builder-workspace/.derivedData/ModuleCache.noindex/Session.modulevalidation -fmodules-validate-once-per-build-session -Wnon-modular-include-in-framework-module -Werror\=non-modular-include-in-framework-module -Wno-trigraphs -Wno-missing-field-initializers -Wno-missing-prototypes -Wno-return-type -Wno-non-virtual-dtor -Wno-overloaded-virtual -Wno-exit-time-destructors -Wno-missing-braces -Wparentheses -Wswitch -Wno-unused-function -Wno-unused-label -Wno-unused-parameter -Wno-unused-variable -Wunused-value -Wno-empty-body -Wno-uninitialized -Wno-unknown-pragmas -Wno-shadow -Wno-four-char-constants -Wno-conversion -Wno-constant-conversion -Wno-int-conversion -Wno-bool-conversion -Wno-enum-conversion -Wno-float-conversion -Wno-non-literal-null-conversion -Wno-objc-literal-conversion -Wshorten-64-to-32 -Wno-newline-eof -Wno-c++11-extensions -Wno-implicit-fallthrough -isysroot /Applications/Xcode-27.0.0-Release.Candidate.app/Contents/Developer/Platforms/WatchOS.platform/Developer/SDKs/WatchOS27.0.sdk -fstrict-aliasing -Wdeprecated-declarations -Winvalid-offsetof -Wno-sign-conversion -Wno-infinite-recursion -Wno-move -Wno-comma -Wno-block-capture-autoreleasing -Wno-strict-prototypes -Wno-range-loop-analysis -Wno-semicolon-before-method-body -index-store-path /Users/admin/builder/spi-builder-workspace/.derivedData/Index.noindex/DataStore @/Users/admin/builder/spi-builder-workspace/.derivedData/Build/Intermediates.noindex/ChromaSwift.build/Debug-watchos/CChromaprint-t.build/Objects-normal/arm64/82b82416624d2658e5098eb0a28c15c5-common-args.resp -MMD -MT dependencies -MF /Users/admin/builder/spi-builder-workspace/.derivedData/Build/Intermediates.noindex/ChromaSwift.build/Debug-watchos/CChromaprint-t.build/Objects-normal/arm64/fingerprint_compressor.d --serialize-diagnostics /Users/admin/builder/spi-builder-workspace/.derivedData/Build/Intermediates.noindex/ChromaSwift.build/Debug-watchos/CChromaprint-t.build/Objects-normal/arm64/fingerprint_compressor.dia -c /Users/admin/builder/spi-builder-workspace/chromaprint/src/fingerprint_compressor.cpp -o /Users/admin/builder/spi-builder-workspace/.derivedData/Build/Intermediates.noindex/ChromaSwift.build/Debug-watchos/CChromaprint-t.build/Objects-normal/arm64/fingerprint_compressor.o -index-unit-output-path /ChromaSwift.build/Debug-watchos/CChromaprint-t.build/Objects-normal/arm64/fingerprint_compressor.o
CompileC /Users/admin/builder/spi-builder-workspace/.derivedData/Build/Intermediates.noindex/ChromaSwift.build/Debug-watchos/CChromaprint-t.build/Objects-normal/arm64/fingerprint_calculator.o /Users/admin/builder/spi-builder-workspace/chromaprint/src/fingerprint_calculator.cpp normal arm64 c++ com.apple.compilers.llvm.clang.1_0.compiler (in target 'CChromaprint' from project 'ChromaSwift')
cd /Users/admin/builder/spi-builder-workspace/.swiftpm/xcode
Using response file: /Users/admin/builder/spi-builder-workspace/.derivedData/Build/Intermediates.noindex/ChromaSwift.build/Debug-watchos/CChromaprint-t.build/Objects-normal/arm64/82b82416624d2658e5098eb0a28c15c5-common-args.resp
/Applications/Xcode-27.0.0-Release.Candidate.app/Contents/Developer/Toolchains/XcodeDefault.xctoolchain/usr/bin/clang -x c++ -ivfsstatcache /Users/admin/builder/spi-builder-workspace/.derivedData/SDKStatCaches.noindex/watchos27.0-24R360-e829b21a6f8c9b70876ba0858053c04477534ef55a1706bf4c1112bbb242f0a2.sdkstatcache -target arm64-apple-watchos9.0 -fmessage-length\=0 -fdiagnostics-show-note-include-stack -fmacro-backtrace-limit\=0 -fno-color-diagnostics -fmodules-prune-interval\=86400 -fmodules-prune-after\=345600 -fbuild-session-file\=/Users/admin/builder/spi-builder-workspace/.derivedData/ModuleCache.noindex/Session.modulevalidation -fmodules-validate-once-per-build-session -Wnon-modular-include-in-framework-module -Werror\=non-modular-include-in-framework-module -Wno-trigraphs -Wno-missing-field-initializers -Wno-missing-prototypes -Wno-return-type -Wno-non-virtual-dtor -Wno-overloaded-virtual -Wno-exit-time-destructors -Wno-missing-braces -Wparentheses -Wswitch -Wno-unused-function -Wno-unused-label -Wno-unused-parameter -Wno-unused-variable -Wunused-value -Wno-empty-body -Wno-uninitialized -Wno-unknown-pragmas -Wno-shadow -Wno-four-char-constants -Wno-conversion -Wno-constant-conversion -Wno-int-conversion -Wno-bool-conversion -Wno-enum-conversion -Wno-float-conversion -Wno-non-literal-null-conversion -Wno-objc-literal-conversion -Wshorten-64-to-32 -Wno-newline-eof -Wno-c++11-extensions -Wno-implicit-fallthrough -isysroot /Applications/Xcode-27.0.0-Release.Candidate.app/Contents/Developer/Platforms/WatchOS.platform/Developer/SDKs/WatchOS27.0.sdk -fstrict-aliasing -Wdeprecated-declarations -Winvalid-offsetof -Wno-sign-conversion -Wno-infinite-recursion -Wno-move -Wno-comma -Wno-block-capture-autoreleasing -Wno-strict-prototypes -Wno-range-loop-analysis -Wno-semicolon-before-method-body -index-store-path /Users/admin/builder/spi-builder-workspace/.derivedData/Index.noindex/DataStore @/Users/admin/builder/spi-builder-workspace/.derivedData/Build/Intermediates.noindex/ChromaSwift.build/Debug-watchos/CChromaprint-t.build/Objects-normal/arm64/82b82416624d2658e5098eb0a28c15c5-common-args.resp -MMD -MT dependencies -MF /Users/admin/builder/spi-builder-workspace/.derivedData/Build/Intermediates.noindex/ChromaSwift.build/Debug-watchos/CChromaprint-t.build/Objects-normal/arm64/fingerprint_calculator.d --serialize-diagnostics /Users/admin/builder/spi-builder-workspace/.derivedData/Build/Intermediates.noindex/ChromaSwift.build/Debug-watchos/CChromaprint-t.build/Objects-normal/arm64/fingerprint_calculator.dia -c /Users/admin/builder/spi-builder-workspace/chromaprint/src/fingerprint_calculator.cpp -o /Users/admin/builder/spi-builder-workspace/.derivedData/Build/Intermediates.noindex/ChromaSwift.build/Debug-watchos/CChromaprint-t.build/Objects-normal/arm64/fingerprint_calculator.o -index-unit-output-path /ChromaSwift.build/Debug-watchos/CChromaprint-t.build/Objects-normal/arm64/fingerprint_calculator.o
CompileC /Users/admin/builder/spi-builder-workspace/.derivedData/Build/Intermediates.noindex/ChromaSwift.build/Debug-watchos/CChromaprint-t.build/Objects-normal/arm64/fft_lib_vdsp.o /Users/admin/builder/spi-builder-workspace/chromaprint/src/fft_lib_vdsp.cpp normal arm64 c++ com.apple.compilers.llvm.clang.1_0.compiler (in target 'CChromaprint' from project 'ChromaSwift')
cd /Users/admin/builder/spi-builder-workspace/.swiftpm/xcode
Using response file: /Users/admin/builder/spi-builder-workspace/.derivedData/Build/Intermediates.noindex/ChromaSwift.build/Debug-watchos/CChromaprint-t.build/Objects-normal/arm64/82b82416624d2658e5098eb0a28c15c5-common-args.resp
/Applications/Xcode-27.0.0-Release.Candidate.app/Contents/Developer/Toolchains/XcodeDefault.xctoolchain/usr/bin/clang -x c++ -ivfsstatcache /Users/admin/builder/spi-builder-workspace/.derivedData/SDKStatCaches.noindex/watchos27.0-24R360-e829b21a6f8c9b70876ba0858053c04477534ef55a1706bf4c1112bbb242f0a2.sdkstatcache -target arm64-apple-watchos9.0 -fmessage-length\=0 -fdiagnostics-show-note-include-stack -fmacro-backtrace-limit\=0 -fno-color-diagnostics -fmodules-prune-interval\=86400 -fmodules-prune-after\=345600 -fbuild-session-file\=/Users/admin/builder/spi-builder-workspace/.derivedData/ModuleCache.noindex/Session.modulevalidation -fmodules-validate-once-per-build-session -Wnon-modular-include-in-framework-module -Werror\=non-modular-include-in-framework-module -Wno-trigraphs -Wno-missing-field-initializers -Wno-missing-prototypes -Wno-return-type -Wno-non-virtual-dtor -Wno-overloaded-virtual -Wno-exit-time-destructors -Wno-missing-braces -Wparentheses -Wswitch -Wno-unused-function -Wno-unused-label -Wno-unused-parameter -Wno-unused-variable -Wunused-value -Wno-empty-body -Wno-uninitialized -Wno-unknown-pragmas -Wno-shadow -Wno-four-char-constants -Wno-conversion -Wno-constant-conversion -Wno-int-conversion -Wno-bool-conversion -Wno-enum-conversion -Wno-float-conversion -Wno-non-literal-null-conversion -Wno-objc-literal-conversion -Wshorten-64-to-32 -Wno-newline-eof -Wno-c++11-extensions -Wno-implicit-fallthrough -isysroot /Applications/Xcode-27.0.0-Release.Candidate.app/Contents/Developer/Platforms/WatchOS.platform/Developer/SDKs/WatchOS27.0.sdk -fstrict-aliasing -Wdeprecated-declarations -Winvalid-offsetof -Wno-sign-conversion -Wno-infinite-recursion -Wno-move -Wno-comma -Wno-block-capture-autoreleasing -Wno-strict-prototypes -Wno-range-loop-analysis -Wno-semicolon-before-method-body -index-store-path /Users/admin/builder/spi-builder-workspace/.derivedData/Index.noindex/DataStore @/Users/admin/builder/spi-builder-workspace/.derivedData/Build/Intermediates.noindex/ChromaSwift.build/Debug-watchos/CChromaprint-t.build/Objects-normal/arm64/82b82416624d2658e5098eb0a28c15c5-common-args.resp -MMD -MT dependencies -MF /Users/admin/builder/spi-builder-workspace/.derivedData/Build/Intermediates.noindex/ChromaSwift.build/Debug-watchos/CChromaprint-t.build/Objects-normal/arm64/fft_lib_vdsp.d --serialize-diagnostics /Users/admin/builder/spi-builder-workspace/.derivedData/Build/Intermediates.noindex/ChromaSwift.build/Debug-watchos/CChromaprint-t.build/Objects-normal/arm64/fft_lib_vdsp.dia -c /Users/admin/builder/spi-builder-workspace/chromaprint/src/fft_lib_vdsp.cpp -o /Users/admin/builder/spi-builder-workspace/.derivedData/Build/Intermediates.noindex/ChromaSwift.build/Debug-watchos/CChromaprint-t.build/Objects-normal/arm64/fft_lib_vdsp.o -index-unit-output-path /ChromaSwift.build/Debug-watchos/CChromaprint-t.build/Objects-normal/arm64/fft_lib_vdsp.o
CompileC /Users/admin/builder/spi-builder-workspace/.derivedData/Build/Intermediates.noindex/ChromaSwift.build/Debug-watchos/CChromaprint-t.build/Objects-normal/arm64/fft.o /Users/admin/builder/spi-builder-workspace/chromaprint/src/fft.cpp normal arm64 c++ com.apple.compilers.llvm.clang.1_0.compiler (in target 'CChromaprint' from project 'ChromaSwift')
cd /Users/admin/builder/spi-builder-workspace/.swiftpm/xcode
Using response file: /Users/admin/builder/spi-builder-workspace/.derivedData/Build/Intermediates.noindex/ChromaSwift.build/Debug-watchos/CChromaprint-t.build/Objects-normal/arm64/82b82416624d2658e5098eb0a28c15c5-common-args.resp
/Applications/Xcode-27.0.0-Release.Candidate.app/Contents/Developer/Toolchains/XcodeDefault.xctoolchain/usr/bin/clang -x c++ -ivfsstatcache /Users/admin/builder/spi-builder-workspace/.derivedData/SDKStatCaches.noindex/watchos27.0-24R360-e829b21a6f8c9b70876ba0858053c04477534ef55a1706bf4c1112bbb242f0a2.sdkstatcache -target arm64-apple-watchos9.0 -fmessage-length\=0 -fdiagnostics-show-note-include-stack -fmacro-backtrace-limit\=0 -fno-color-diagnostics -fmodules-prune-interval\=86400 -fmodules-prune-after\=345600 -fbuild-session-file\=/Users/admin/builder/spi-builder-workspace/.derivedData/ModuleCache.noindex/Session.modulevalidation -fmodules-validate-once-per-build-session -Wnon-modular-include-in-framework-module -Werror\=non-modular-include-in-framework-module -Wno-trigraphs -Wno-missing-field-initializers -Wno-missing-prototypes -Wno-return-type -Wno-non-virtual-dtor -Wno-overloaded-virtual -Wno-exit-time-destructors -Wno-missing-braces -Wparentheses -Wswitch -Wno-unused-function -Wno-unused-label -Wno-unused-parameter -Wno-unused-variable -Wunused-value -Wno-empty-body -Wno-uninitialized -Wno-unknown-pragmas -Wno-shadow -Wno-four-char-constants -Wno-conversion -Wno-constant-conversion -Wno-int-conversion -Wno-bool-conversion -Wno-enum-conversion -Wno-float-conversion -Wno-non-literal-null-conversion -Wno-objc-literal-conversion -Wshorten-64-to-32 -Wno-newline-eof -Wno-c++11-extensions -Wno-implicit-fallthrough -isysroot /Applications/Xcode-27.0.0-Release.Candidate.app/Contents/Developer/Platforms/WatchOS.platform/Developer/SDKs/WatchOS27.0.sdk -fstrict-aliasing -Wdeprecated-declarations -Winvalid-offsetof -Wno-sign-conversion -Wno-infinite-recursion -Wno-move -Wno-comma -Wno-block-capture-autoreleasing -Wno-strict-prototypes -Wno-range-loop-analysis -Wno-semicolon-before-method-body -index-store-path /Users/admin/builder/spi-builder-workspace/.derivedData/Index.noindex/DataStore @/Users/admin/builder/spi-builder-workspace/.derivedData/Build/Intermediates.noindex/ChromaSwift.build/Debug-watchos/CChromaprint-t.build/Objects-normal/arm64/82b82416624d2658e5098eb0a28c15c5-common-args.resp -MMD -MT dependencies -MF /Users/admin/builder/spi-builder-workspace/.derivedData/Build/Intermediates.noindex/ChromaSwift.build/Debug-watchos/CChromaprint-t.build/Objects-normal/arm64/fft.d --serialize-diagnostics /Users/admin/builder/spi-builder-workspace/.derivedData/Build/Intermediates.noindex/ChromaSwift.build/Debug-watchos/CChromaprint-t.build/Objects-normal/arm64/fft.dia -c /Users/admin/builder/spi-builder-workspace/chromaprint/src/fft.cpp -o /Users/admin/builder/spi-builder-workspace/.derivedData/Build/Intermediates.noindex/ChromaSwift.build/Debug-watchos/CChromaprint-t.build/Objects-normal/arm64/fft.o -index-unit-output-path /ChromaSwift.build/Debug-watchos/CChromaprint-t.build/Objects-normal/arm64/fft.o
CompileC /Users/admin/builder/spi-builder-workspace/.derivedData/Build/Intermediates.noindex/ChromaSwift.build/Debug-watchos/CChromaprint-t.build/Objects-normal/arm64/chromaprint.o /Users/admin/builder/spi-builder-workspace/chromaprint/src/chromaprint.cpp normal arm64 c++ com.apple.compilers.llvm.clang.1_0.compiler (in target 'CChromaprint' from project 'ChromaSwift')
cd /Users/admin/builder/spi-builder-workspace/.swiftpm/xcode
Using response file: /Users/admin/builder/spi-builder-workspace/.derivedData/Build/Intermediates.noindex/ChromaSwift.build/Debug-watchos/CChromaprint-t.build/Objects-normal/arm64/82b82416624d2658e5098eb0a28c15c5-common-args.resp
/Applications/Xcode-27.0.0-Release.Candidate.app/Contents/Developer/Toolchains/XcodeDefault.xctoolchain/usr/bin/clang -x c++ -ivfsstatcache /Users/admin/builder/spi-builder-workspace/.derivedData/SDKStatCaches.noindex/watchos27.0-24R360-e829b21a6f8c9b70876ba0858053c04477534ef55a1706bf4c1112bbb242f0a2.sdkstatcache -target arm64-apple-watchos9.0 -fmessage-length\=0 -fdiagnostics-show-note-include-stack -fmacro-backtrace-limit\=0 -fno-color-diagnostics -fmodules-prune-interval\=86400 -fmodules-prune-after\=345600 -fbuild-session-file\=/Users/admin/builder/spi-builder-workspace/.derivedData/ModuleCache.noindex/Session.modulevalidation -fmodules-validate-once-per-build-session -Wnon-modular-include-in-framework-module -Werror\=non-modular-include-in-framework-module -Wno-trigraphs -Wno-missing-field-initializers -Wno-missing-prototypes -Wno-return-type -Wno-non-virtual-dtor -Wno-overloaded-virtual -Wno-exit-time-destructors -Wno-missing-braces -Wparentheses -Wswitch -Wno-unused-function -Wno-unused-label -Wno-unused-parameter -Wno-unused-variable -Wunused-value -Wno-empty-body -Wno-uninitialized -Wno-unknown-pragmas -Wno-shadow -Wno-four-char-constants -Wno-conversion -Wno-constant-conversion -Wno-int-conversion -Wno-bool-conversion -Wno-enum-conversion -Wno-float-conversion -Wno-non-literal-null-conversion -Wno-objc-literal-conversion -Wshorten-64-to-32 -Wno-newline-eof -Wno-c++11-extensions -Wno-implicit-fallthrough -isysroot /Applications/Xcode-27.0.0-Release.Candidate.app/Contents/Developer/Platforms/WatchOS.platform/Developer/SDKs/WatchOS27.0.sdk -fstrict-aliasing -Wdeprecated-declarations -Winvalid-offsetof -Wno-sign-conversion -Wno-infinite-recursion -Wno-move -Wno-comma -Wno-block-capture-autoreleasing -Wno-strict-prototypes -Wno-range-loop-analysis -Wno-semicolon-before-method-body -index-store-path /Users/admin/builder/spi-builder-workspace/.derivedData/Index.noindex/DataStore @/Users/admin/builder/spi-builder-workspace/.derivedData/Build/Intermediates.noindex/ChromaSwift.build/Debug-watchos/CChromaprint-t.build/Objects-normal/arm64/82b82416624d2658e5098eb0a28c15c5-common-args.resp -MMD -MT dependencies -MF /Users/admin/builder/spi-builder-workspace/.derivedData/Build/Intermediates.noindex/ChromaSwift.build/Debug-watchos/CChromaprint-t.build/Objects-normal/arm64/chromaprint.d --serialize-diagnostics /Users/admin/builder/spi-builder-workspace/.derivedData/Build/Intermediates.noindex/ChromaSwift.build/Debug-watchos/CChromaprint-t.build/Objects-normal/arm64/chromaprint.dia -c /Users/admin/builder/spi-builder-workspace/chromaprint/src/chromaprint.cpp -o /Users/admin/builder/spi-builder-workspace/.derivedData/Build/Intermediates.noindex/ChromaSwift.build/Debug-watchos/CChromaprint-t.build/Objects-normal/arm64/chromaprint.o -index-unit-output-path /ChromaSwift.build/Debug-watchos/CChromaprint-t.build/Objects-normal/arm64/chromaprint.o
Ld /Users/admin/builder/spi-builder-workspace/.derivedData/Build/Intermediates.noindex/ChromaSwift.build/Debug-watchos/CChromaprint-t.build/Objects-normal/arm64_32/Binary/CChromaprint.o normal arm64_32 (in target 'CChromaprint' from project 'ChromaSwift')
cd /Users/admin/builder/spi-builder-workspace
/Applications/Xcode-27.0.0-Release.Candidate.app/Contents/Developer/Toolchains/XcodeDefault.xctoolchain/usr/bin/clang++ -Xlinker -reproducible -target arm64_32-apple-watchos9.0 -r -isysroot /Applications/Xcode-27.0.0-Release.Candidate.app/Contents/Developer/Platforms/WatchOS.platform/Developer/SDKs/WatchOS27.0.sdk -O0 -Xlinker -no_warn_duplicate_libraries -F/Users/admin/builder/spi-builder-workspace/.derivedData/Build/Intermediates.noindex/EagerLinkingTBDs/Debug-watchos -F/Users/admin/builder/spi-builder-workspace/.derivedData/Build/Products/Debug-watchos -iframework /Applications/Xcode-27.0.0-Release.Candidate.app/Contents/Developer/Platforms/WatchOS.platform/Developer/Library/Frameworks -iframework /Applications/Xcode-27.0.0-Release.Candidate.app/Contents/Developer/Platforms/WatchOS.platform/Developer/SDKs/WatchOS27.0.sdk/Developer/Library/Frameworks -filelist /Users/admin/builder/spi-builder-workspace/.derivedData/Build/Intermediates.noindex/ChromaSwift.build/Debug-watchos/CChromaprint-t.build/Objects-normal/arm64_32/CChromaprint.LinkFileList -nostdlib -Xlinker -object_path_lto -Xlinker /Users/admin/builder/spi-builder-workspace/.derivedData/Build/Intermediates.noindex/ChromaSwift.build/Debug-watchos/CChromaprint-t.build/Objects-normal/arm64_32/CChromaprint_lto.o -Xlinker -no_deduplicate -Xlinker -debug_variant -Xlinker -dependency_info -Xlinker /Users/admin/builder/spi-builder-workspace/.derivedData/Build/Intermediates.noindex/ChromaSwift.build/Debug-watchos/CChromaprint-t.build/Objects-normal/arm64_32/CChromaprint_dependency_info.dat -o /Users/admin/builder/spi-builder-workspace/.derivedData/Build/Intermediates.noindex/ChromaSwift.build/Debug-watchos/CChromaprint-t.build/Objects-normal/arm64_32/Binary/CChromaprint.o
CompileC /Users/admin/builder/spi-builder-workspace/.derivedData/Build/Intermediates.noindex/ChromaSwift.build/Debug-watchos/CChromaprint-t.build/Objects-normal/arm64/chroma_filter.o /Users/admin/builder/spi-builder-workspace/chromaprint/src/chroma_filter.cpp normal arm64 c++ com.apple.compilers.llvm.clang.1_0.compiler (in target 'CChromaprint' from project 'ChromaSwift')
cd /Users/admin/builder/spi-builder-workspace/.swiftpm/xcode
Using response file: /Users/admin/builder/spi-builder-workspace/.derivedData/Build/Intermediates.noindex/ChromaSwift.build/Debug-watchos/CChromaprint-t.build/Objects-normal/arm64/82b82416624d2658e5098eb0a28c15c5-common-args.resp
/Applications/Xcode-27.0.0-Release.Candidate.app/Contents/Developer/Toolchains/XcodeDefault.xctoolchain/usr/bin/clang -x c++ -ivfsstatcache /Users/admin/builder/spi-builder-workspace/.derivedData/SDKStatCaches.noindex/watchos27.0-24R360-e829b21a6f8c9b70876ba0858053c04477534ef55a1706bf4c1112bbb242f0a2.sdkstatcache -target arm64-apple-watchos9.0 -fmessage-length\=0 -fdiagnostics-show-note-include-stack -fmacro-backtrace-limit\=0 -fno-color-diagnostics -fmodules-prune-interval\=86400 -fmodules-prune-after\=345600 -fbuild-session-file\=/Users/admin/builder/spi-builder-workspace/.derivedData/ModuleCache.noindex/Session.modulevalidation -fmodules-validate-once-per-build-session -Wnon-modular-include-in-framework-module -Werror\=non-modular-include-in-framework-module -Wno-trigraphs -Wno-missing-field-initializers -Wno-missing-prototypes -Wno-return-type -Wno-non-virtual-dtor -Wno-overloaded-virtual -Wno-exit-time-destructors -Wno-missing-braces -Wparentheses -Wswitch -Wno-unused-function -Wno-unused-label -Wno-unused-parameter -Wno-unused-variable -Wunused-value -Wno-empty-body -Wno-uninitialized -Wno-unknown-pragmas -Wno-shadow -Wno-four-char-constants -Wno-conversion -Wno-constant-conversion -Wno-int-conversion -Wno-bool-conversion -Wno-enum-conversion -Wno-float-conversion -Wno-non-literal-null-conversion -Wno-objc-literal-conversion -Wshorten-64-to-32 -Wno-newline-eof -Wno-c++11-extensions -Wno-implicit-fallthrough -isysroot /Applications/Xcode-27.0.0-Release.Candidate.app/Contents/Developer/Platforms/WatchOS.platform/Developer/SDKs/WatchOS27.0.sdk -fstrict-aliasing -Wdeprecated-declarations -Winvalid-offsetof -Wno-sign-conversion -Wno-infinite-recursion -Wno-move -Wno-comma -Wno-block-capture-autoreleasing -Wno-strict-prototypes -Wno-range-loop-analysis -Wno-semicolon-before-method-body -index-store-path /Users/admin/builder/spi-builder-workspace/.derivedData/Index.noindex/DataStore @/Users/admin/builder/spi-builder-workspace/.derivedData/Build/Intermediates.noindex/ChromaSwift.build/Debug-watchos/CChromaprint-t.build/Objects-normal/arm64/82b82416624d2658e5098eb0a28c15c5-common-args.resp -MMD -MT dependencies -MF /Users/admin/builder/spi-builder-workspace/.derivedData/Build/Intermediates.noindex/ChromaSwift.build/Debug-watchos/CChromaprint-t.build/Objects-normal/arm64/chroma_filter.d --serialize-diagnostics /Users/admin/builder/spi-builder-workspace/.derivedData/Build/Intermediates.noindex/ChromaSwift.build/Debug-watchos/CChromaprint-t.build/Objects-normal/arm64/chroma_filter.dia -c /Users/admin/builder/spi-builder-workspace/chromaprint/src/chroma_filter.cpp -o /Users/admin/builder/spi-builder-workspace/.derivedData/Build/Intermediates.noindex/ChromaSwift.build/Debug-watchos/CChromaprint-t.build/Objects-normal/arm64/chroma_filter.o -index-unit-output-path /ChromaSwift.build/Debug-watchos/CChromaprint-t.build/Objects-normal/arm64/chroma_filter.o
CompileC /Users/admin/builder/spi-builder-workspace/.derivedData/Build/Intermediates.noindex/ChromaSwift.build/Debug-watchos/CChromaprint-t.build/Objects-normal/arm64/chroma.o /Users/admin/builder/spi-builder-workspace/chromaprint/src/chroma.cpp normal arm64 c++ com.apple.compilers.llvm.clang.1_0.compiler (in target 'CChromaprint' from project 'ChromaSwift')
cd /Users/admin/builder/spi-builder-workspace/.swiftpm/xcode
Using response file: /Users/admin/builder/spi-builder-workspace/.derivedData/Build/Intermediates.noindex/ChromaSwift.build/Debug-watchos/CChromaprint-t.build/Objects-normal/arm64/82b82416624d2658e5098eb0a28c15c5-common-args.resp
/Applications/Xcode-27.0.0-Release.Candidate.app/Contents/Developer/Toolchains/XcodeDefault.xctoolchain/usr/bin/clang -x c++ -ivfsstatcache /Users/admin/builder/spi-builder-workspace/.derivedData/SDKStatCaches.noindex/watchos27.0-24R360-e829b21a6f8c9b70876ba0858053c04477534ef55a1706bf4c1112bbb242f0a2.sdkstatcache -target arm64-apple-watchos9.0 -fmessage-length\=0 -fdiagnostics-show-note-include-stack -fmacro-backtrace-limit\=0 -fno-color-diagnostics -fmodules-prune-interval\=86400 -fmodules-prune-after\=345600 -fbuild-session-file\=/Users/admin/builder/spi-builder-workspace/.derivedData/ModuleCache.noindex/Session.modulevalidation -fmodules-validate-once-per-build-session -Wnon-modular-include-in-framework-module -Werror\=non-modular-include-in-framework-module -Wno-trigraphs -Wno-missing-field-initializers -Wno-missing-prototypes -Wno-return-type -Wno-non-virtual-dtor -Wno-overloaded-virtual -Wno-exit-time-destructors -Wno-missing-braces -Wparentheses -Wswitch -Wno-unused-function -Wno-unused-label -Wno-unused-parameter -Wno-unused-variable -Wunused-value -Wno-empty-body -Wno-uninitialized -Wno-unknown-pragmas -Wno-shadow -Wno-four-char-constants -Wno-conversion -Wno-constant-conversion -Wno-int-conversion -Wno-bool-conversion -Wno-enum-conversion -Wno-float-conversion -Wno-non-literal-null-conversion -Wno-objc-literal-conversion -Wshorten-64-to-32 -Wno-newline-eof -Wno-c++11-extensions -Wno-implicit-fallthrough -isysroot /Applications/Xcode-27.0.0-Release.Candidate.app/Contents/Developer/Platforms/WatchOS.platform/Developer/SDKs/WatchOS27.0.sdk -fstrict-aliasing -Wdeprecated-declarations -Winvalid-offsetof -Wno-sign-conversion -Wno-infinite-recursion -Wno-move -Wno-comma -Wno-block-capture-autoreleasing -Wno-strict-prototypes -Wno-range-loop-analysis -Wno-semicolon-before-method-body -index-store-path /Users/admin/builder/spi-builder-workspace/.derivedData/Index.noindex/DataStore @/Users/admin/builder/spi-builder-workspace/.derivedData/Build/Intermediates.noindex/ChromaSwift.build/Debug-watchos/CChromaprint-t.build/Objects-normal/arm64/82b82416624d2658e5098eb0a28c15c5-common-args.resp -MMD -MT dependencies -MF /Users/admin/builder/spi-builder-workspace/.derivedData/Build/Intermediates.noindex/ChromaSwift.build/Debug-watchos/CChromaprint-t.build/Objects-normal/arm64/chroma.d --serialize-diagnostics /Users/admin/builder/spi-builder-workspace/.derivedData/Build/Intermediates.noindex/ChromaSwift.build/Debug-watchos/CChromaprint-t.build/Objects-normal/arm64/chroma.dia -c /Users/admin/builder/spi-builder-workspace/chromaprint/src/chroma.cpp -o /Users/admin/builder/spi-builder-workspace/.derivedData/Build/Intermediates.noindex/ChromaSwift.build/Debug-watchos/CChromaprint-t.build/Objects-normal/arm64/chroma.o -index-unit-output-path /ChromaSwift.build/Debug-watchos/CChromaprint-t.build/Objects-normal/arm64/chroma.o
SwiftExplicitDependencyGeneratePcm arm64 /Users/admin/builder/spi-builder-workspace/.derivedData/SDKExplicitPrecompiledModules/_Builtin_float-E4M4A8689VXF1T7P7BV56IKBT.pcm
SwiftExplicitDependencyGeneratePcm arm64 /Users/admin/builder/spi-builder-workspace/.derivedData/SDKExplicitPrecompiledModules/ptrcheck-8K07997SIHO7YGY7UQ3LOQ3TJ.pcm
SwiftExplicitDependencyGeneratePcm arm64 /Users/admin/builder/spi-builder-workspace/.derivedData/SDKExplicitPrecompiledModules/_Builtin_stdarg-3X4KLXUYEI0UGBILP4X7D0CYW.pcm
SwiftExplicitDependencyGeneratePcm arm64_32 /Users/admin/builder/spi-builder-workspace/.derivedData/SDKExplicitPrecompiledModules/_SwiftConcurrencyShims-58G4ISYSYDV3AT1DDGEE0QCUF.pcm
SwiftExplicitDependencyGeneratePcm arm64_32 /Users/admin/builder/spi-builder-workspace/.derivedData/SDKExplicitPrecompiledModules/_Builtin_stdarg-EYJP6DFYQL9GJLH1TJ84A8MHV.pcm
SwiftExplicitDependencyGeneratePcm arm64 /Users/admin/builder/spi-builder-workspace/.derivedData/SDKExplicitPrecompiledModules/_SwiftConcurrencyShims-CTPSFSTDCBVSSQFHL6I305U72.pcm
SwiftExplicitDependencyGeneratePcm arm64_32 /Users/admin/builder/spi-builder-workspace/.derivedData/SDKExplicitPrecompiledModules/_Builtin_stddef-2F9BFIPBQ5EWNSK5G7G7V4EKL.pcm
SwiftExplicitDependencyGeneratePcm arm64_32 /Users/admin/builder/spi-builder-workspace/.derivedData/SDKExplicitPrecompiledModules/_AvailabilityInternal-22ZP1ILSQW16KHXZS5GBZHOCS.pcm
SwiftExplicitDependencyGeneratePcm arm64_32 /Users/admin/builder/spi-builder-workspace/.derivedData/SDKExplicitPrecompiledModules/_Builtin_stdbool-84ZA1VDW90AGWZ2LF5KOCM8DZ.pcm
SwiftExplicitDependencyGeneratePcm arm64_32 /Users/admin/builder/spi-builder-workspace/.derivedData/SDKExplicitPrecompiledModules/ptrauth-EW7YZZ7LEZE1QZF2T8148IPSA.pcm
SwiftExplicitDependencyGeneratePcm arm64_32 /Users/admin/builder/spi-builder-workspace/.derivedData/SDKExplicitPrecompiledModules/_Builtin_float-372PLGDQ1U3B6Z5EA5DJMDORJ.pcm
SwiftExplicitDependencyGeneratePcm arm64_32 /Users/admin/builder/spi-builder-workspace/.derivedData/SDKExplicitPrecompiledModules/ptrcheck-EAZ3I917ZFA9H6ZCL6PGLG4TR.pcm
SwiftExplicitDependencyGeneratePcm arm64 /Users/admin/builder/spi-builder-workspace/.derivedData/SDKExplicitPrecompiledModules/SwiftShims-AJ4AZYHQNC33R5RLN7AGEIOMP.pcm
SwiftExplicitDependencyGeneratePcm arm64 /Users/admin/builder/spi-builder-workspace/.derivedData/SDKExplicitPrecompiledModules/_AvailabilityInternal-42EVAC8Q6P1ZT6G3A168N97G4.pcm
SwiftExplicitDependencyGeneratePcm arm64_32 /Users/admin/builder/spi-builder-workspace/.derivedData/SDKExplicitPrecompiledModules/SwiftShims-D9VBB138U50XYYGW2C2V21N3L.pcm
SwiftExplicitDependencyGeneratePcm arm64 /Users/admin/builder/spi-builder-workspace/.derivedData/SDKExplicitPrecompiledModules/_Builtin_stddef-5OH846KKUPSJJT7GCX9XU1TKG.pcm
SwiftExplicitDependencyGeneratePcm arm64 /Users/admin/builder/spi-builder-workspace/.derivedData/SDKExplicitPrecompiledModules/ptrauth-C7VQASAJ967Q4Q6SRD4I3CFWZ.pcm
SwiftExplicitDependencyGeneratePcm arm64 /Users/admin/builder/spi-builder-workspace/.derivedData/SDKExplicitPrecompiledModules/_Builtin_stdbool-B692L2PMR118794VVYBG37897.pcm
SwiftExplicitDependencyGeneratePcm arm64_32 /Users/admin/builder/spi-builder-workspace/.derivedData/SDKExplicitPrecompiledModules/_DarwinFoundation1-5SNIO0SFHX9KJZTLQGIPAPXUZ.pcm
CompileC /Users/admin/builder/spi-builder-workspace/.derivedData/Build/Intermediates.noindex/ChromaSwift.build/Debug-watchos/CChromaprint-t.build/Objects-normal/arm64/base64.o /Users/admin/builder/spi-builder-workspace/chromaprint/src/utils/base64.cpp normal arm64 c++ com.apple.compilers.llvm.clang.1_0.compiler (in target 'CChromaprint' from project 'ChromaSwift')
cd /Users/admin/builder/spi-builder-workspace/.swiftpm/xcode
Using response file: /Users/admin/builder/spi-builder-workspace/.derivedData/Build/Intermediates.noindex/ChromaSwift.build/Debug-watchos/CChromaprint-t.build/Objects-normal/arm64/82b82416624d2658e5098eb0a28c15c5-common-args.resp
/Applications/Xcode-27.0.0-Release.Candidate.app/Contents/Developer/Toolchains/XcodeDefault.xctoolchain/usr/bin/clang -x c++ -ivfsstatcache /Users/admin/builder/spi-builder-workspace/.derivedData/SDKStatCaches.noindex/watchos27.0-24R360-e829b21a6f8c9b70876ba0858053c04477534ef55a1706bf4c1112bbb242f0a2.sdkstatcache -target arm64-apple-watchos9.0 -fmessage-length\=0 -fdiagnostics-show-note-include-stack -fmacro-backtrace-limit\=0 -fno-color-diagnostics -fmodules-prune-interval\=86400 -fmodules-prune-after\=345600 -fbuild-session-file\=/Users/admin/builder/spi-builder-workspace/.derivedData/ModuleCache.noindex/Session.modulevalidation -fmodules-validate-once-per-build-session -Wnon-modular-include-in-framework-module -Werror\=non-modular-include-in-framework-module -Wno-trigraphs -Wno-missing-field-initializers -Wno-missing-prototypes -Wno-return-type -Wno-non-virtual-dtor -Wno-overloaded-virtual -Wno-exit-time-destructors -Wno-missing-braces -Wparentheses -Wswitch -Wno-unused-function -Wno-unused-label -Wno-unused-parameter -Wno-unused-variable -Wunused-value -Wno-empty-body -Wno-uninitialized -Wno-unknown-pragmas -Wno-shadow -Wno-four-char-constants -Wno-conversion -Wno-constant-conversion -Wno-int-conversion -Wno-bool-conversion -Wno-enum-conversion -Wno-float-conversion -Wno-non-literal-null-conversion -Wno-objc-literal-conversion -Wshorten-64-to-32 -Wno-newline-eof -Wno-c++11-extensions -Wno-implicit-fallthrough -isysroot /Applications/Xcode-27.0.0-Release.Candidate.app/Contents/Developer/Platforms/WatchOS.platform/Developer/SDKs/WatchOS27.0.sdk -fstrict-aliasing -Wdeprecated-declarations -Winvalid-offsetof -Wno-sign-conversion -Wno-infinite-recursion -Wno-move -Wno-comma -Wno-block-capture-autoreleasing -Wno-strict-prototypes -Wno-range-loop-analysis -Wno-semicolon-before-method-body -index-store-path /Users/admin/builder/spi-builder-workspace/.derivedData/Index.noindex/DataStore @/Users/admin/builder/spi-builder-workspace/.derivedData/Build/Intermediates.noindex/ChromaSwift.build/Debug-watchos/CChromaprint-t.build/Objects-normal/arm64/82b82416624d2658e5098eb0a28c15c5-common-args.resp -MMD -MT dependencies -MF /Users/admin/builder/spi-builder-workspace/.derivedData/Build/Intermediates.noindex/ChromaSwift.build/Debug-watchos/CChromaprint-t.build/Objects-normal/arm64/base64.d --serialize-diagnostics /Users/admin/builder/spi-builder-workspace/.derivedData/Build/Intermediates.noindex/ChromaSwift.build/Debug-watchos/CChromaprint-t.build/Objects-normal/arm64/base64.dia -c /Users/admin/builder/spi-builder-workspace/chromaprint/src/utils/base64.cpp -o /Users/admin/builder/spi-builder-workspace/.derivedData/Build/Intermediates.noindex/ChromaSwift.build/Debug-watchos/CChromaprint-t.build/Objects-normal/arm64/base64.o -index-unit-output-path /ChromaSwift.build/Debug-watchos/CChromaprint-t.build/Objects-normal/arm64/base64.o
CompileC /Users/admin/builder/spi-builder-workspace/.derivedData/Build/Intermediates.noindex/ChromaSwift.build/Debug-watchos/CChromaprint-t.build/Objects-normal/arm64/audio_processor.o /Users/admin/builder/spi-builder-workspace/chromaprint/src/audio_processor.cpp normal arm64 c++ com.apple.compilers.llvm.clang.1_0.compiler (in target 'CChromaprint' from project 'ChromaSwift')
cd /Users/admin/builder/spi-builder-workspace/.swiftpm/xcode
Using response file: /Users/admin/builder/spi-builder-workspace/.derivedData/Build/Intermediates.noindex/ChromaSwift.build/Debug-watchos/CChromaprint-t.build/Objects-normal/arm64/82b82416624d2658e5098eb0a28c15c5-common-args.resp
/Applications/Xcode-27.0.0-Release.Candidate.app/Contents/Developer/Toolchains/XcodeDefault.xctoolchain/usr/bin/clang -x c++ -ivfsstatcache /Users/admin/builder/spi-builder-workspace/.derivedData/SDKStatCaches.noindex/watchos27.0-24R360-e829b21a6f8c9b70876ba0858053c04477534ef55a1706bf4c1112bbb242f0a2.sdkstatcache -target arm64-apple-watchos9.0 -fmessage-length\=0 -fdiagnostics-show-note-include-stack -fmacro-backtrace-limit\=0 -fno-color-diagnostics -fmodules-prune-interval\=86400 -fmodules-prune-after\=345600 -fbuild-session-file\=/Users/admin/builder/spi-builder-workspace/.derivedData/ModuleCache.noindex/Session.modulevalidation -fmodules-validate-once-per-build-session -Wnon-modular-include-in-framework-module -Werror\=non-modular-include-in-framework-module -Wno-trigraphs -Wno-missing-field-initializers -Wno-missing-prototypes -Wno-return-type -Wno-non-virtual-dtor -Wno-overloaded-virtual -Wno-exit-time-destructors -Wno-missing-braces -Wparentheses -Wswitch -Wno-unused-function -Wno-unused-label -Wno-unused-parameter -Wno-unused-variable -Wunused-value -Wno-empty-body -Wno-uninitialized -Wno-unknown-pragmas -Wno-shadow -Wno-four-char-constants -Wno-conversion -Wno-constant-conversion -Wno-int-conversion -Wno-bool-conversion -Wno-enum-conversion -Wno-float-conversion -Wno-non-literal-null-conversion -Wno-objc-literal-conversion -Wshorten-64-to-32 -Wno-newline-eof -Wno-c++11-extensions -Wno-implicit-fallthrough -isysroot /Applications/Xcode-27.0.0-Release.Candidate.app/Contents/Developer/Platforms/WatchOS.platform/Developer/SDKs/WatchOS27.0.sdk -fstrict-aliasing -Wdeprecated-declarations -Winvalid-offsetof -Wno-sign-conversion -Wno-infinite-recursion -Wno-move -Wno-comma -Wno-block-capture-autoreleasing -Wno-strict-prototypes -Wno-range-loop-analysis -Wno-semicolon-before-method-body -index-store-path /Users/admin/builder/spi-builder-workspace/.derivedData/Index.noindex/DataStore @/Users/admin/builder/spi-builder-workspace/.derivedData/Build/Intermediates.noindex/ChromaSwift.build/Debug-watchos/CChromaprint-t.build/Objects-normal/arm64/82b82416624d2658e5098eb0a28c15c5-common-args.resp -MMD -MT dependencies -MF /Users/admin/builder/spi-builder-workspace/.derivedData/Build/Intermediates.noindex/ChromaSwift.build/Debug-watchos/CChromaprint-t.build/Objects-normal/arm64/audio_processor.d --serialize-diagnostics /Users/admin/builder/spi-builder-workspace/.derivedData/Build/Intermediates.noindex/ChromaSwift.build/Debug-watchos/CChromaprint-t.build/Objects-normal/arm64/audio_processor.dia -c /Users/admin/builder/spi-builder-workspace/chromaprint/src/audio_processor.cpp -o /Users/admin/builder/spi-builder-workspace/.derivedData/Build/Intermediates.noindex/ChromaSwift.build/Debug-watchos/CChromaprint-t.build/Objects-normal/arm64/audio_processor.o -index-unit-output-path /ChromaSwift.build/Debug-watchos/CChromaprint-t.build/Objects-normal/arm64/audio_processor.o
SwiftExplicitDependencyGeneratePcm arm64 /Users/admin/builder/spi-builder-workspace/.derivedData/SDKExplicitPrecompiledModules/_DarwinFoundation1-7YQ9TVI7XTOGQU9OADRXP33D1.pcm
SwiftExplicitDependencyGeneratePcm arm64_32 /Users/admin/builder/spi-builder-workspace/.derivedData/SDKExplicitPrecompiledModules/_Builtin_limits-AQMEC9CLG0FZQN6TLGDQ6WF78.pcm
SwiftExplicitDependencyGeneratePcm arm64_32 /Users/admin/builder/spi-builder-workspace/.derivedData/SDKExplicitPrecompiledModules/_DarwinFoundation2-FP2Q8F1Q2HR151SBYKTU6Q8B.pcm
SwiftExplicitDependencyGeneratePcm arm64 /Users/admin/builder/spi-builder-workspace/.derivedData/SDKExplicitPrecompiledModules/_Builtin_limits-75TRA1C7IHYOFCG3KJXQVTHJ4.pcm
SwiftExplicitDependencyGeneratePcm arm64 /Users/admin/builder/spi-builder-workspace/.derivedData/SDKExplicitPrecompiledModules/_DarwinFoundation2-CUPL4FH2SA95GMALQP4M6O8UA.pcm
SwiftExplicitDependencyGeneratePcm arm64_32 /Users/admin/builder/spi-builder-workspace/.derivedData/SDKExplicitPrecompiledModules/string_h-8QY7P4ZQXQAF14WVDITTM4R70.pcm
SwiftExplicitDependencyGeneratePcm arm64_32 /Users/admin/builder/spi-builder-workspace/.derivedData/SDKExplicitPrecompiledModules/_Builtin_stdint-6IWJLTRH2WB6RCG4THPA65RDS.pcm
SwiftExplicitDependencyGeneratePcm arm64_32 /Users/admin/builder/spi-builder-workspace/.derivedData/SDKExplicitPrecompiledModules/_Builtin_tgmath-414CVW1GW3IL0HRLCNNCS6Q0U.pcm
SwiftExplicitDependencyGeneratePcm arm64_32 /Users/admin/builder/spi-builder-workspace/.derivedData/SDKExplicitPrecompiledModules/sys_types-65NN51P1G7GN2GUAUPC53JJ7N.pcm
SwiftExplicitDependencyGeneratePcm arm64 /Users/admin/builder/spi-builder-workspace/.derivedData/SDKExplicitPrecompiledModules/string_h-4N9Z22C0HUO8GV7GFPCLZRZA2.pcm
SwiftExplicitDependencyGeneratePcm arm64 /Users/admin/builder/spi-builder-workspace/.derivedData/SDKExplicitPrecompiledModules/sys_types-9KPVYINL86WUSHF45TU8PWZZ1.pcm
SwiftExplicitDependencyGeneratePcm arm64 /Users/admin/builder/spi-builder-workspace/.derivedData/SDKExplicitPrecompiledModules/_Builtin_tgmath-7JP2AE1NQHA1DV5JYP2OHQ3BF.pcm
SwiftExplicitDependencyGeneratePcm arm64 /Users/admin/builder/spi-builder-workspace/.derivedData/SDKExplicitPrecompiledModules/_Builtin_stdint-6TUACK4YPMARFT56PLIO388SJ.pcm
SwiftExplicitDependencyGeneratePcm arm64_32 /Users/admin/builder/spi-builder-workspace/.derivedData/Build/Intermediates.noindex/SwiftExplicitPrecompiledModules/CChromaprint-78D0MUGDKWFERH6NRJD6790MV.pcm
SwiftExplicitDependencyGeneratePcm arm64_32 /Users/admin/builder/spi-builder-workspace/.derivedData/SDKExplicitPrecompiledModules/_Builtin_intrinsics-2K07JIG9ZANIKHSNPO3O6L1K6.pcm
SwiftExplicitDependencyGeneratePcm arm64_32 /Users/admin/builder/spi-builder-workspace/.derivedData/SDKExplicitPrecompiledModules/_DarwinFoundation3-3YOBOPIW2MF1LRNQH7JBUBY4G.pcm
SwiftExplicitDependencyGeneratePcm arm64 /Users/admin/builder/spi-builder-workspace/.derivedData/Build/Intermediates.noindex/SwiftExplicitPrecompiledModules/CChromaprint-EAQJAPH7MWVIA68RZRRZ4XWMA.pcm
SwiftExplicitDependencyGeneratePcm arm64 /Users/admin/builder/spi-builder-workspace/.derivedData/SDKExplicitPrecompiledModules/_DarwinFoundation3-EJXZKD8LN9EYM9OWP9VLJ49PK.pcm
SwiftExplicitDependencyGeneratePcm arm64 /Users/admin/builder/spi-builder-workspace/.derivedData/SDKExplicitPrecompiledModules/_Builtin_intrinsics-SQV576LJA0QE7RW5HF7CQ1BX.pcm
SwiftExplicitDependencyGeneratePcm arm64_32 /Users/admin/builder/spi-builder-workspace/.derivedData/SDKExplicitPrecompiledModules/_Builtin_inttypes-BPZJ68HW1IMYWSHROAZ0IMUJP.pcm
SwiftExplicitDependencyGeneratePcm arm64 /Users/admin/builder/spi-builder-workspace/.derivedData/SDKExplicitPrecompiledModules/_Builtin_inttypes-86YTNV5YADPJXFMJ82N3R4GWQ.pcm
SwiftExplicitDependencyGeneratePcm arm64_32 /Users/admin/builder/spi-builder-workspace/.derivedData/SDKExplicitPrecompiledModules/Darwin-10D35ZJWCWG7LJAF579U7I5V7.pcm
SwiftExplicitDependencyGeneratePcm arm64 /Users/admin/builder/spi-builder-workspace/.derivedData/SDKExplicitPrecompiledModules/Darwin-CSB8C43KELVSFIQVR0803IZPN.pcm
SwiftExplicitDependencyGeneratePcm arm64_32 /Users/admin/builder/spi-builder-workspace/.derivedData/SDKExplicitPrecompiledModules/simd-1W6O8NR1QUSWJGAN44DNNWVHX.pcm
Ld /Users/admin/builder/spi-builder-workspace/.derivedData/Build/Intermediates.noindex/ChromaSwift.build/Debug-watchos/CChromaprint-t.build/Objects-normal/arm64/Binary/CChromaprint.o normal arm64 (in target 'CChromaprint' from project 'ChromaSwift')
cd /Users/admin/builder/spi-builder-workspace
/Applications/Xcode-27.0.0-Release.Candidate.app/Contents/Developer/Toolchains/XcodeDefault.xctoolchain/usr/bin/clang++ -Xlinker -reproducible -target arm64-apple-watchos9.0 -r -isysroot /Applications/Xcode-27.0.0-Release.Candidate.app/Contents/Developer/Platforms/WatchOS.platform/Developer/SDKs/WatchOS27.0.sdk -O0 -Xlinker -no_warn_duplicate_libraries -F/Users/admin/builder/spi-builder-workspace/.derivedData/Build/Intermediates.noindex/EagerLinkingTBDs/Debug-watchos -F/Users/admin/builder/spi-builder-workspace/.derivedData/Build/Products/Debug-watchos -iframework /Applications/Xcode-27.0.0-Release.Candidate.app/Contents/Developer/Platforms/WatchOS.platform/Developer/Library/Frameworks -iframework /Applications/Xcode-27.0.0-Release.Candidate.app/Contents/Developer/Platforms/WatchOS.platform/Developer/SDKs/WatchOS27.0.sdk/Developer/Library/Frameworks -filelist /Users/admin/builder/spi-builder-workspace/.derivedData/Build/Intermediates.noindex/ChromaSwift.build/Debug-watchos/CChromaprint-t.build/Objects-normal/arm64/CChromaprint.LinkFileList -nostdlib -Xlinker -object_path_lto -Xlinker /Users/admin/builder/spi-builder-workspace/.derivedData/Build/Intermediates.noindex/ChromaSwift.build/Debug-watchos/CChromaprint-t.build/Objects-normal/arm64/CChromaprint_lto.o -Xlinker -no_deduplicate -Xlinker -debug_variant -Xlinker -dependency_info -Xlinker /Users/admin/builder/spi-builder-workspace/.derivedData/Build/Intermediates.noindex/ChromaSwift.build/Debug-watchos/CChromaprint-t.build/Objects-normal/arm64/CChromaprint_dependency_info.dat -o /Users/admin/builder/spi-builder-workspace/.derivedData/Build/Intermediates.noindex/ChromaSwift.build/Debug-watchos/CChromaprint-t.build/Objects-normal/arm64/Binary/CChromaprint.o
SwiftExplicitDependencyGeneratePcm arm64 /Users/admin/builder/spi-builder-workspace/.derivedData/SDKExplicitPrecompiledModules/simd-2C11HKTI5TJB05T724EWNFZXD.pcm
CreateUniversalBinary /Users/admin/builder/spi-builder-workspace/.derivedData/Build/Products/Debug-watchos/CChromaprint.o normal arm64\ arm64_32 (in target 'CChromaprint' from project 'ChromaSwift')
cd /Users/admin/builder/spi-builder-workspace
/Applications/Xcode-27.0.0-Release.Candidate.app/Contents/Developer/Toolchains/XcodeDefault.xctoolchain/usr/bin/lipo -create /Users/admin/builder/spi-builder-workspace/.derivedData/Build/Intermediates.noindex/ChromaSwift.build/Debug-watchos/CChromaprint-t.build/Objects-normal/arm64/Binary/CChromaprint.o /Users/admin/builder/spi-builder-workspace/.derivedData/Build/Intermediates.noindex/ChromaSwift.build/Debug-watchos/CChromaprint-t.build/Objects-normal/arm64_32/Binary/CChromaprint.o -output /Users/admin/builder/spi-builder-workspace/.derivedData/Build/Products/Debug-watchos/CChromaprint.o
SwiftExplicitDependencyGeneratePcm arm64_32 /Users/admin/builder/spi-builder-workspace/.derivedData/SDKExplicitPrecompiledModules/ObjectiveC-71AGZNHLBMR2QK817EJNUN54E.pcm
SwiftExplicitDependencyGeneratePcm arm64 /Users/admin/builder/spi-builder-workspace/.derivedData/SDKExplicitPrecompiledModules/ObjectiveC-22CZPC4WYQC9G8T393WT2KKLW.pcm
SwiftExplicitDependencyGeneratePcm arm64_32 /Users/admin/builder/spi-builder-workspace/.derivedData/SDKExplicitPrecompiledModules/os_object-CTXVQBCWDOH6JHUXIFDUOWFRL.pcm
SwiftExplicitDependencyGeneratePcm arm64 /Users/admin/builder/spi-builder-workspace/.derivedData/SDKExplicitPrecompiledModules/os_object-6KYGGZ4DPVZ3BBAZ6QICZN8LI.pcm
SwiftExplicitDependencyGeneratePcm arm64_32 /Users/admin/builder/spi-builder-workspace/.derivedData/SDKExplicitPrecompiledModules/os_workgroup-9L9R05BT5LTFRZ2NM68BZTVV2.pcm
SwiftExplicitDependencyGeneratePcm arm64 /Users/admin/builder/spi-builder-workspace/.derivedData/SDKExplicitPrecompiledModules/os_workgroup-AHE7ULDQBKER38CYPIKDTZF4M.pcm
SwiftExplicitDependencyGeneratePcm arm64_32 /Users/admin/builder/spi-builder-workspace/.derivedData/SDKExplicitPrecompiledModules/Dispatch-CGIMI9KQKHNRQHR2IECIPRG14.pcm
SwiftExplicitDependencyGeneratePcm arm64 /Users/admin/builder/spi-builder-workspace/.derivedData/SDKExplicitPrecompiledModules/Dispatch-39VR0G01IUJ09PQKMFGOHXZ4L.pcm
SwiftExplicitDependencyGeneratePcm arm64_32 /Users/admin/builder/spi-builder-workspace/.derivedData/SDKExplicitPrecompiledModules/CoreFoundation-76B9WJP9MDYT33HZQVSNNZQZD.pcm
SwiftExplicitDependencyGeneratePcm arm64_32 /Users/admin/builder/spi-builder-workspace/.derivedData/SDKExplicitPrecompiledModules/XPC-7SLKI45KYLKXH9QET2WYS3UZ4.pcm
SwiftExplicitDependencyGeneratePcm arm64 /Users/admin/builder/spi-builder-workspace/.derivedData/SDKExplicitPrecompiledModules/XPC-650JAZBTM6I0OMHYO6CKM0CWJ.pcm
SwiftExplicitDependencyGeneratePcm arm64 /Users/admin/builder/spi-builder-workspace/.derivedData/SDKExplicitPrecompiledModules/CoreFoundation-59XKO8YNRGGYNC5U5LK8B4EM.pcm
SwiftExplicitDependencyGeneratePcm arm64 /Users/admin/builder/spi-builder-workspace/.derivedData/SDKExplicitPrecompiledModules/Security-69WNGEAVQP55EDBQHP3BLE8QU.pcm
SwiftExplicitDependencyGeneratePcm arm64 /Users/admin/builder/spi-builder-workspace/.derivedData/SDKExplicitPrecompiledModules/CoreGraphics-5488DA9QVJJ7QOFXPYOYIYFUX.pcm
SwiftExplicitDependencyGeneratePcm arm64 /Users/admin/builder/spi-builder-workspace/.derivedData/SDKExplicitPrecompiledModules/CoreAudioTypes-51SR7UBHOMSGMEPVFS6PLSR4M.pcm
SwiftExplicitDependencyGeneratePcm arm64_32 /Users/admin/builder/spi-builder-workspace/.derivedData/SDKExplicitPrecompiledModules/CoreGraphics-A4WOQTM8SYZAQP223LI6RRPEK.pcm
SwiftExplicitDependencyGeneratePcm arm64_32 /Users/admin/builder/spi-builder-workspace/.derivedData/SDKExplicitPrecompiledModules/CoreAudioTypes-AY6JAXDJMW2FLVG4UD79375PW.pcm
SwiftExplicitDependencyGeneratePcm arm64_32 /Users/admin/builder/spi-builder-workspace/.derivedData/SDKExplicitPrecompiledModules/Security-1W411BS4UH2UNMNII2341429S.pcm
SwiftExplicitDependencyGeneratePcm arm64_32 /Users/admin/builder/spi-builder-workspace/.derivedData/SDKExplicitPrecompiledModules/CoreAudio-1FTJGW5ZM9ZN5IKPBE4A9LGNF.pcm
SwiftExplicitDependencyGeneratePcm arm64 /Users/admin/builder/spi-builder-workspace/.derivedData/SDKExplicitPrecompiledModules/CoreAudio-368NRGVYQ33J8K75Y2DSNU06Y.pcm
SwiftExplicitDependencyGeneratePcm arm64_32 /Users/admin/builder/spi-builder-workspace/.derivedData/SDKExplicitPrecompiledModules/Foundation-AIQ30TCDC2B0LBUU6FPQZ0HWI.pcm
SwiftExplicitDependencyGeneratePcm arm64 /Users/admin/builder/spi-builder-workspace/.derivedData/SDKExplicitPrecompiledModules/Foundation-B3IXODHI7VO4VRX2RWRXLVJZT.pcm
SwiftExplicitDependencyGeneratePcm arm64_32 /Users/admin/builder/spi-builder-workspace/.derivedData/SDKExplicitPrecompiledModules/CoreVideo-BX0NALWCB2F1YOTF0NZGV9FWU.pcm
SwiftExplicitDependencyGeneratePcm arm64_32 /Users/admin/builder/spi-builder-workspace/.derivedData/SDKExplicitPrecompiledModules/ImageIO-1Y1Q4PQ9AWXOU9XVEVXMK77JZ.pcm
SwiftExplicitDependencyGeneratePcm arm64 /Users/admin/builder/spi-builder-workspace/.derivedData/SDKExplicitPrecompiledModules/ImageIO-EE4TF8Z36B37IKXD8A42499DY.pcm
SwiftExplicitDependencyGeneratePcm arm64 /Users/admin/builder/spi-builder-workspace/.derivedData/SDKExplicitPrecompiledModules/CoreVideo-2YRZ292TS6QDW2V2V92NZMPWM.pcm
SwiftExplicitDependencyGeneratePcm arm64_32 /Users/admin/builder/spi-builder-workspace/.derivedData/SDKExplicitPrecompiledModules/CoreMedia-CU8J9TNJY5EX43FQOPTAAHU29.pcm
SwiftExplicitDependencyGeneratePcm arm64 /Users/admin/builder/spi-builder-workspace/.derivedData/SDKExplicitPrecompiledModules/CoreMedia-EO02G285WTXB0RPNG3DP9O9VN.pcm
SwiftExplicitDependencyGeneratePcm arm64 /Users/admin/builder/spi-builder-workspace/.derivedData/SDKExplicitPrecompiledModules/UniformTypeIdentifiers-47SS6PHE8KOUZX5UOQUNKH397.pcm
SwiftExplicitDependencyGeneratePcm arm64 /Users/admin/builder/spi-builder-workspace/.derivedData/SDKExplicitPrecompiledModules/QuartzCore-BRDP6VIMJ6A6HG4W4NYXZ8BI3.pcm
SwiftExplicitDependencyGeneratePcm arm64 /Users/admin/builder/spi-builder-workspace/.derivedData/SDKExplicitPrecompiledModules/CoreMIDI-2253LWFBCQZGF62PYV28E5GFO.pcm
SwiftExplicitDependencyGeneratePcm arm64_32 /Users/admin/builder/spi-builder-workspace/.derivedData/SDKExplicitPrecompiledModules/UniformTypeIdentifiers-EH256724QTCKT0XATY095QHVP.pcm
SwiftExplicitDependencyGeneratePcm arm64_32 /Users/admin/builder/spi-builder-workspace/.derivedData/SDKExplicitPrecompiledModules/CoreMIDI-352814J85R0WDQ78WJP6QLDO.pcm
SwiftExplicitDependencyGeneratePcm arm64_32 /Users/admin/builder/spi-builder-workspace/.derivedData/SDKExplicitPrecompiledModules/QuartzCore-72UYR37X0O2APTD1XMSJ20X5X.pcm
SwiftExplicitDependencyGeneratePcm arm64 /Users/admin/builder/spi-builder-workspace/.derivedData/SDKExplicitPrecompiledModules/AVFAudio-BA4WIFZN581O9QI29PYOFBJ2E.pcm
SwiftExplicitDependencyGeneratePcm arm64_32 /Users/admin/builder/spi-builder-workspace/.derivedData/SDKExplicitPrecompiledModules/AVFAudio-EU9TH46FEJU07INHQE6SLRBUF.pcm
SwiftExplicitDependencyGeneratePcm arm64_32 /Users/admin/builder/spi-builder-workspace/.derivedData/SDKExplicitPrecompiledModules/AVFoundation-DGVZBD2RNUVMB0GE8UDPQ4WF6.pcm
SwiftExplicitDependencyGeneratePcm arm64 /Users/admin/builder/spi-builder-workspace/.derivedData/SDKExplicitPrecompiledModules/AVFoundation-6GJRX1H5DTZ8YXNV0KHD7S0LY.pcm
SwiftCompile normal arm64_32 Compiling\ AcoustID.swift /Users/admin/builder/spi-builder-workspace/Sources/ChromaSwift/AcoustID.swift (in target 'ChromaSwift' from project 'ChromaSwift')
SwiftCompile normal arm64_32 /Users/admin/builder/spi-builder-workspace/Sources/ChromaSwift/AcoustID.swift (in target 'ChromaSwift' from project 'ChromaSwift')
cd /Users/admin/builder/spi-builder-workspace/.swiftpm/xcode
builtin-SwiftPerFileCompile AcoustID.swift
SwiftEmitModule normal arm64_32 Emitting\ module\ for\ ChromaSwift (in target 'ChromaSwift' from project 'ChromaSwift')
SwiftCompile normal arm64_32 (in target 'ChromaSwift' from project 'ChromaSwift')
cd /Users/admin/builder/spi-builder-workspace/.swiftpm/xcode
SwiftCompile normal arm64_32 Compiling\ AudioDecoder.swift /Users/admin/builder/spi-builder-workspace/Sources/ChromaSwift/AudioDecoder.swift (in target 'ChromaSwift' from project 'ChromaSwift')
/Users/admin/builder/spi-builder-workspace/Sources/ChromaSwift/AudioDecoder.swift:19:21: error: 'AVAssetReader' is unavailable in watchOS
17 | static func feed(into context: OpaquePointer, from url: URL, maxSampleDuration: Double?) throws -> Double {
18 | let asset = AVURLAsset(url: url)
19 | let reader: AVAssetReader
| `- error: 'AVAssetReader' is unavailable in watchOS
20 |
21 | do {
/Applications/Xcode-27.0.0-Release.Candidate.app/Contents/Developer/Platforms/WatchOS.platform/Developer/SDKs/WatchOS27.0.sdk/System/Library/Frameworks/AVFoundation.framework/Headers/AVAssetReader.h:63:12: note: 'AVAssetReader' has been explicitly marked unavailable here
61 | NS_SWIFT_NONSENDABLE
62 | API_AVAILABLE(macos(10.7), ios(4.1), tvos(9.0), visionos(1.0)) API_UNAVAILABLE(watchos)
63 | @interface AVAssetReader : NSObject
| `- note: 'AVAssetReader' has been explicitly marked unavailable here
64 | {
65 | @private
/Users/admin/builder/spi-builder-workspace/Sources/ChromaSwift/AudioDecoder.swift:22:26: error: 'AVAssetReader' is unavailable in watchOS
20 |
21 | do {
22 | reader = try AVAssetReader(asset: asset)
| `- error: 'AVAssetReader' is unavailable in watchOS
23 | } catch {
24 | throw Error.invalidFile
/Applications/Xcode-27.0.0-Release.Candidate.app/Contents/Developer/Platforms/WatchOS.platform/Developer/SDKs/WatchOS27.0.sdk/System/Library/Frameworks/AVFoundation.framework/Headers/AVAssetReader.h:63:12: note: 'AVAssetReader' has been explicitly marked unavailable here
61 | NS_SWIFT_NONSENDABLE
62 | API_AVAILABLE(macos(10.7), ios(4.1), tvos(9.0), visionos(1.0)) API_UNAVAILABLE(watchos)
63 | @interface AVAssetReader : NSObject
| `- note: 'AVAssetReader' has been explicitly marked unavailable here
64 | {
65 | @private
/Users/admin/builder/spi-builder-workspace/Sources/ChromaSwift/AudioDecoder.swift:27:33: warning: 'tracks(withMediaType:)' was deprecated in watchOS 9.0: Use loadTracks(withMediaType:) instead [#DeprecatedDeclaration]
25 | }
26 |
27 | let audioTracks = asset.tracks(withMediaType: .audio)
| `- warning: 'tracks(withMediaType:)' was deprecated in watchOS 9.0: Use loadTracks(withMediaType:) instead [#DeprecatedDeclaration]
28 | if audioTracks.isEmpty {
29 | throw Error.noValidAudioTracks
/Users/admin/builder/spi-builder-workspace/Sources/ChromaSwift/AudioDecoder.swift:33:40: warning: 'timeRange' was deprecated in watchOS 9.0: Use load(.timeRange) instead [#DeprecatedDeclaration]
31 | let audioTrack = audioTracks.first!
32 |
33 | let totalDuration = audioTrack.timeRange.duration.seconds
| `- warning: 'timeRange' was deprecated in watchOS 9.0: Use load(.timeRange) instead [#DeprecatedDeclaration]
34 | reader.timeRange = audioTrack.timeRange
35 |
/Users/admin/builder/spi-builder-workspace/Sources/ChromaSwift/AudioDecoder.swift:34:39: warning: 'timeRange' was deprecated in watchOS 9.0: Use load(.timeRange) instead [#DeprecatedDeclaration]
32 |
33 | let totalDuration = audioTrack.timeRange.duration.seconds
34 | reader.timeRange = audioTrack.timeRange
| `- warning: 'timeRange' was deprecated in watchOS 9.0: Use load(.timeRange) instead [#DeprecatedDeclaration]
35 |
36 | if let maxSampleDuration = maxSampleDuration {
/Users/admin/builder/spi-builder-workspace/Sources/ChromaSwift/AudioDecoder.swift:41:102: warning: 'naturalTimeScale' was deprecated in watchOS 9.0: Use load(.naturalTimeScale) instead [#DeprecatedDeclaration]
39 | }
40 | if maxSampleDuration < totalDuration {
41 | let readDuration = CMTime(seconds: maxSampleDuration, preferredTimescale: audioTrack.naturalTimeScale)
| `- warning: 'naturalTimeScale' was deprecated in watchOS 9.0: Use load(.naturalTimeScale) instead [#DeprecatedDeclaration]
42 | reader.timeRange = CMTimeRange(start: audioTrack.timeRange.start, duration: readDuration)
43 | }
/Users/admin/builder/spi-builder-workspace/Sources/ChromaSwift/AudioDecoder.swift:42:66: warning: 'timeRange' was deprecated in watchOS 9.0: Use load(.timeRange) instead [#DeprecatedDeclaration]
40 | if maxSampleDuration < totalDuration {
41 | let readDuration = CMTime(seconds: maxSampleDuration, preferredTimescale: audioTrack.naturalTimeScale)
42 | reader.timeRange = CMTimeRange(start: audioTrack.timeRange.start, duration: readDuration)
| `- warning: 'timeRange' was deprecated in watchOS 9.0: Use load(.timeRange) instead [#DeprecatedDeclaration]
43 | }
44 | }
/Users/admin/builder/spi-builder-workspace/Sources/ChromaSwift/AudioDecoder.swift:57:27: error: 'AVAssetReaderTrackOutput' is unavailable in watchOS
55 | AVLinearPCMIsNonInterleaved: false
56 | ]
57 | let trackOutput = AVAssetReaderTrackOutput(track: audioTrack, outputSettings: outputSettings)
| `- error: 'AVAssetReaderTrackOutput' is unavailable in watchOS
58 |
59 | if chromaprint_start(context, sampleRate, channels) != 1 {
/Applications/Xcode-27.0.0-Release.Candidate.app/Contents/Developer/Platforms/WatchOS.platform/Developer/SDKs/WatchOS27.0.sdk/System/Library/Frameworks/AVFoundation.framework/Headers/AVAssetReaderOutput.h:203:12: note: 'AVAssetReaderTrackOutput' has been explicitly marked unavailable here
201 | */
202 | API_AVAILABLE(macos(10.7), ios(4.1), tvos(9.0), visionos(1.0)) API_UNAVAILABLE(watchos)
203 | @interface AVAssetReaderTrackOutput : AVAssetReaderOutput
| `- note: 'AVAssetReaderTrackOutput' has been explicitly marked unavailable here
204 | {
205 | @private
/Users/admin/builder/spi-builder-workspace/Sources/ChromaSwift/AudioDecoder.swift:63:16: error: 'add' is unavailable in watchOS
61 | }
62 |
63 | reader.add(trackOutput)
| `- error: 'add' is unavailable in watchOS
64 | if !reader.startReading() {
65 | throw Error.decodingFailed
/Applications/Xcode-27.0.0-Release.Candidate.app/Contents/Developer/Platforms/WatchOS.platform/Developer/SDKs/WatchOS27.0.sdk/System/Library/Frameworks/AVFoundation.framework/Headers/AVAssetReader.h:181:1: note: 'add' has been explicitly marked unavailable here
179 | This method throws an exception if the output has already been added to an AVAssetReader or if reading has started (`status` has progressed beyond AVAssetReaderStatusUnknown).
180 | */
181 | - (void)addOutput:(AVAssetReaderOutput *)output
| `- note: 'add' has been explicitly marked unavailable here
182 | #if __swift__
183 | API_DEPRECATED("Use the appropriate AVAssetReader.outputProvider(for:...) overload for your output and optional adaptor instead", macos(10.7, 27.0), ios(4.1, 27.0), tvos(9.0, 27.0), visionos(1.0, 27.0))
/Users/admin/builder/spi-builder-workspace/Sources/ChromaSwift/AudioDecoder.swift:64:20: error: 'startReading()' is unavailable in watchOS
62 |
63 | reader.add(trackOutput)
64 | if !reader.startReading() {
| `- error: 'startReading()' is unavailable in watchOS
65 | throw Error.decodingFailed
66 | }
/Applications/Xcode-27.0.0-Release.Candidate.app/Contents/Developer/Platforms/WatchOS.platform/Developer/SDKs/WatchOS27.0.sdk/System/Library/Frameworks/AVFoundation.framework/Headers/AVAssetReader.h:205:1: note: 'startReading()' has been explicitly marked unavailable here
203 | This method throws an exception if reading has already started (`status` has progressed beyond AVAssetReaderStatusUnknown).
204 | */
205 | - (BOOL)startReading
| `- note: 'startReading()' has been explicitly marked unavailable here
206 | #if __swift__
207 | API_DEPRECATED("Use start() instead", macos(10.7, 27.0), ios(4.1, 27.0), tvos(9.0, 27.0), visionos(1.0, 27.0))
/Users/admin/builder/spi-builder-workspace/Sources/ChromaSwift/AudioDecoder.swift:69:47: error: 'copyNextSampleBuffer()' is unavailable in watchOS
67 |
68 | while reader.status == .reading {
69 | if let sampleBuffer = trackOutput.copyNextSampleBuffer() {
| `- error: 'copyNextSampleBuffer()' is unavailable in watchOS
70 | if let blockBuffer = CMSampleBufferGetDataBuffer(sampleBuffer) {
71 | let bufferLength = CMBlockBufferGetDataLength(blockBuffer)
/Applications/Xcode-27.0.0-Release.Candidate.app/Contents/Developer/Platforms/WatchOS.platform/Developer/SDKs/WatchOS27.0.sdk/System/Library/Frameworks/AVFoundation.framework/Headers/AVAssetReaderOutput.h:97:1: note: 'copyNextSampleBuffer()' has been explicitly marked unavailable here
95 | This method throws an exception if this output is not added to an instance of AVAssetReader (using -addOutput:) and -startReading is not called on that asset reader.
96 | */
97 | - (nullable CMSampleBufferRef)copyNextSampleBuffer CF_RETURNS_RETAINED
| `- note: 'copyNextSampleBuffer()' has been explicitly marked unavailable here
98 | #if __swift__
99 | API_DEPRECATED("Use AVAssetReaderOutput.Provider.next() instead", macos(10.7, 27.0), ios(4.1, 27.0), tvos(9.0, 27.0), visionos(1.0, 27.0))
[#DeprecatedDeclaration]: <https://docs.swift.org/compiler/documentation/diagnostics/deprecated-declaration>
Failed frontend command:
SwiftCompile normal arm64_32 /Users/admin/builder/spi-builder-workspace/Sources/ChromaSwift/AudioDecoder.swift (in target 'ChromaSwift' from project 'ChromaSwift')
cd /Users/admin/builder/spi-builder-workspace/.swiftpm/xcode
builtin-SwiftPerFileCompile AudioDecoder.swift
/Applications/Xcode-27.0.0-Release.Candidate.app/Contents/Developer/Toolchains/XcodeDefault.xctoolchain/usr/bin/swift-frontend -frontend -c /Users/admin/builder/spi-builder-workspace/Sources/ChromaSwift/AcoustID.swift -primary-file /Users/admin/builder/spi-builder-workspace/Sources/ChromaSwift/AudioDecoder.swift /Users/admin/builder/spi-builder-workspace/Sources/ChromaSwift/AudioFingerprint.swift /Users/admin/builder/spi-builder-workspace/Sources/ChromaSwift/URLSessionProtocol.swift -emit-dependencies-path /Users/admin/builder/spi-builder-workspace/.derivedData/Build/Intermediates.noindex/ChromaSwift.build/Debug-watchos/ChromaSwift-t.build/Objects-normal/arm64_32/AudioDecoder.d -emit-const-values-path /Users/admin/builder/spi-builder-workspace/.derivedData/Build/Intermediates.noindex/ChromaSwift.build/Debug-watchos/ChromaSwift-t.build/Objects-normal/arm64_32/AudioDecoder.swiftconstvalues -emit-reference-dependencies-path /Users/admin/builder/spi-builder-workspace/.derivedData/Build/Intermediates.noindex/ChromaSwift.build/Debug-watchos/ChromaSwift-t.build/Objects-normal/arm64_32/AudioDecoder.swiftdeps -serialize-diagnostics-path /Users/admin/builder/spi-builder-workspace/.derivedData/Build/Intermediates.noindex/ChromaSwift.build/Debug-watchos/ChromaSwift-t.build/Objects-normal/arm64_32/AudioDecoder.dia -target arm64_32-apple-watchos9.0 -disable-cross-import-overlay-search -load-resolved-plugin /Applications/Xcode-27.0.0-Release.Candidate.app/Contents/Developer/Platforms/WatchOS.platform/Developer/usr/lib/swift/host/plugins/libFoundationMacros.dylib\#/Applications/Xcode-27.0.0-Release.Candidate.app/Contents/Developer/Platforms/WatchOS.platform/Developer/usr/bin/swift-plugin-server\#FoundationMacros -load-resolved-plugin /Applications/Xcode-27.0.0-Release.Candidate.app/Contents/Developer/Platforms/WatchOS.platform/Developer/usr/lib/swift/host/plugins/libObservationMacros.dylib\#/Applications/Xcode-27.0.0-Release.Candidate.app/Contents/Developer/Platforms/WatchOS.platform/Developer/usr/bin/swift-plugin-server\#ObservationMacros -load-resolved-plugin /Applications/Xcode-27.0.0-Release.Candidate.app/Contents/Developer/Platforms/WatchOS.platform/Developer/usr/lib/swift/host/plugins/libSwiftMacros.dylib\#/Applications/Xcode-27.0.0-Release.Candidate.app/Contents/Developer/Platforms/WatchOS.platform/Developer/usr/bin/swift-plugin-server\#SwiftMacros -disable-implicit-swift-modules -Xcc -fno-implicit-modules -Xcc -fno-implicit-module-maps -explicit-swift-module-map-file /Users/admin/builder/spi-builder-workspace/.derivedData/Build/Intermediates.noindex/ChromaSwift.build/Debug-watchos/ChromaSwift-t.build/Objects-normal/arm64_32/ChromaSwift-dependencies-2.json -enable-objc-interop -sdk /Applications/Xcode-27.0.0-Release.Candidate.app/Contents/Developer/Platforms/WatchOS.platform/Developer/SDKs/WatchOS27.0.sdk -I /Users/admin/builder/spi-builder-workspace/.derivedData/Build/Products/Debug-watchos -Isystem /Applications/Xcode-27.0.0-Release.Candidate.app/Contents/Developer/Platforms/WatchOS.platform/Developer/usr/lib -F /Users/admin/builder/spi-builder-workspace/.derivedData/Build/Products/Debug-watchos/PackageFrameworks -F /Users/admin/builder/spi-builder-workspace/.derivedData/Build/Products/Debug-watchos -F /Applications/Xcode-27.0.0-Release.Candidate.app/Contents/Developer/Platforms/WatchOS.platform/Developer/Library/Frameworks -F /Applications/Xcode-27.0.0-Release.Candidate.app/Contents/Developer/Platforms/WatchOS.platform/Developer/SDKs/WatchOS27.0.sdk/Developer/Library/Frameworks -module-cache-path /Users/admin/builder/spi-builder-workspace/.derivedData/Build/Intermediates.noindex/SwiftExplicitPrecompiledModules -no-color-diagnostics -Xcc -fno-color-diagnostics -enable-testing -g -debug-info-format\=dwarf -dwarf-version\=4 -profile-generate -profile-coverage-mapping -swift-version 6 -Onone -D SWIFT_PACKAGE -D DEBUG -D SWIFT_MODULE_RESOURCE_BUNDLE_UNAVAILABLE -D Xcode -serialize-debugging-options -enable-experimental-feature DebugDescriptionMacro -empty-abi-descriptor -validate-clang-modules-once -clang-build-session-file /Users/admin/builder/spi-builder-workspace/.derivedData/ModuleCache.noindex/Session.modulevalidation -Xcc -working-directory -Xcc /Users/admin/builder/spi-builder-workspace/.swiftpm/xcode -enable-anonymous-context-mangled-names -file-compilation-dir /Users/admin/builder/spi-builder-workspace/.swiftpm/xcode -Xcc -fmodule-map-file\=/Users/admin/builder/spi-builder-workspace/.derivedData/Build/Intermediates.noindex/GeneratedModuleMaps-watchos/CChromaprint.modulemap -Xcc -D_LIBCPP_HARDENING_MODE\=_LIBCPP_HARDENING_MODE_DEBUG -Xcc -ivfsstatcache -Xcc /Users/admin/builder/spi-builder-workspace/.derivedData/SDKStatCaches.noindex/watchos27.0-24R360-e829b21a6f8c9b70876ba0858053c04477534ef55a1706bf4c1112bbb242f0a2.sdkstatcache -Xcc -fmodules-prune-interval\=86400 -Xcc -fmodules-prune-after\=345600 -Xcc -I/Users/admin/builder/spi-builder-workspace/Sources/CChromaprint/include -Xcc -I/Users/admin/builder/spi-builder-workspace/.derivedData/Build/Products/Debug-watchos/include -Xcc -I/Users/admin/builder/spi-builder-workspace/.derivedData/Build/Intermediates.noindex/ChromaSwift.build/Debug-watchos/ChromaSwift-t.build/DerivedSources-normal/arm64_32 -Xcc -I/Users/admin/builder/spi-builder-workspace/.derivedData/Build/Intermediates.noindex/ChromaSwift.build/Debug-watchos/ChromaSwift-t.build/DerivedSources/arm64_32 -Xcc -I/Users/admin/builder/spi-builder-workspace/.derivedData/Build/Intermediates.noindex/ChromaSwift.build/Debug-watchos/ChromaSwift-t.build/DerivedSources -Xcc -DSWIFT_PACKAGE -Xcc -DDEBUG\=1 -no-auto-bridging-header-chaining -module-name ChromaSwift -package-name spi_builder_workspace -const-gather-protocols-file /Users/admin/builder/spi-builder-workspace/.derivedData/Build/Intermediates.noindex/ChromaSwift.build/Debug-watchos/ChromaSwift-t.build/Objects-normal/arm64_32/ChromaSwift_const_extract_protocols.json -disable-clang-spi -clang-target arm64_32-apple-watchos27.0 -target-sdk-version 27.0 -target-sdk-name watchos27.0 -in-process-plugin-server-path /Applications/Xcode-27.0.0-Release.Candidate.app/Contents/Developer/Toolchains/XcodeDefault.xctoolchain/usr/lib/swift/host/libSwiftInProcPluginServer.dylib -parse-as-library -o /Users/admin/builder/spi-builder-workspace/.derivedData/Build/Intermediates.noindex/ChromaSwift.build/Debug-watchos/ChromaSwift-t.build/Objects-normal/arm64_32/AudioDecoder.o -debug-module-path /Users/admin/builder/spi-builder-workspace/.derivedData/Build/Intermediates.noindex/ChromaSwift.build/Debug-watchos/ChromaSwift-t.build/Objects-normal/arm64_32/ChromaSwift.swiftmodule -index-unit-output-path /ChromaSwift.build/Debug-watchos/ChromaSwift-t.build/Objects-normal/arm64_32/AudioDecoder.o -index-store-path /Users/admin/builder/spi-builder-workspace/.derivedData/Index.noindex/DataStore -index-system-modules
SwiftCompile normal arm64_32 Compiling\ AudioFingerprint.swift /Users/admin/builder/spi-builder-workspace/Sources/ChromaSwift/AudioFingerprint.swift (in target 'ChromaSwift' from project 'ChromaSwift')
SwiftCompile normal arm64_32 /Users/admin/builder/spi-builder-workspace/Sources/ChromaSwift/AudioFingerprint.swift (in target 'ChromaSwift' from project 'ChromaSwift')
cd /Users/admin/builder/spi-builder-workspace/.swiftpm/xcode
builtin-SwiftPerFileCompile AudioFingerprint.swift
SwiftCompile normal arm64_32 Compiling\ URLSessionProtocol.swift /Users/admin/builder/spi-builder-workspace/Sources/ChromaSwift/URLSessionProtocol.swift (in target 'ChromaSwift' from project 'ChromaSwift')
SwiftCompile normal arm64_32 /Users/admin/builder/spi-builder-workspace/Sources/ChromaSwift/URLSessionProtocol.swift (in target 'ChromaSwift' from project 'ChromaSwift')
cd /Users/admin/builder/spi-builder-workspace/.swiftpm/xcode
builtin-SwiftPerFileCompile URLSessionProtocol.swift
SwiftEmitModule normal arm64 Emitting\ module\ for\ ChromaSwift (in target 'ChromaSwift' from project 'ChromaSwift')
SwiftCompile normal arm64 (in target 'ChromaSwift' from project 'ChromaSwift')
cd /Users/admin/builder/spi-builder-workspace/.swiftpm/xcode
SwiftCompile normal arm64 Compiling\ AudioDecoder.swift /Users/admin/builder/spi-builder-workspace/Sources/ChromaSwift/AudioDecoder.swift (in target 'ChromaSwift' from project 'ChromaSwift')
/Users/admin/builder/spi-builder-workspace/Sources/ChromaSwift/AudioDecoder.swift:19:21: error: 'AVAssetReader' is unavailable in watchOS
17 | static func feed(into context: OpaquePointer, from url: URL, maxSampleDuration: Double?) throws -> Double {
18 | let asset = AVURLAsset(url: url)
19 | let reader: AVAssetReader
| `- error: 'AVAssetReader' is unavailable in watchOS
20 |
21 | do {
/Applications/Xcode-27.0.0-Release.Candidate.app/Contents/Developer/Platforms/WatchOS.platform/Developer/SDKs/WatchOS27.0.sdk/System/Library/Frameworks/AVFoundation.framework/Headers/AVAssetReader.h:63:12: note: 'AVAssetReader' has been explicitly marked unavailable here
61 | NS_SWIFT_NONSENDABLE
62 | API_AVAILABLE(macos(10.7), ios(4.1), tvos(9.0), visionos(1.0)) API_UNAVAILABLE(watchos)
63 | @interface AVAssetReader : NSObject
| `- note: 'AVAssetReader' has been explicitly marked unavailable here
64 | {
65 | @private
/Users/admin/builder/spi-builder-workspace/Sources/ChromaSwift/AudioDecoder.swift:22:26: error: 'AVAssetReader' is unavailable in watchOS
20 |
21 | do {
22 | reader = try AVAssetReader(asset: asset)
| `- error: 'AVAssetReader' is unavailable in watchOS
23 | } catch {
24 | throw Error.invalidFile
/Applications/Xcode-27.0.0-Release.Candidate.app/Contents/Developer/Platforms/WatchOS.platform/Developer/SDKs/WatchOS27.0.sdk/System/Library/Frameworks/AVFoundation.framework/Headers/AVAssetReader.h:63:12: note: 'AVAssetReader' has been explicitly marked unavailable here
61 | NS_SWIFT_NONSENDABLE
62 | API_AVAILABLE(macos(10.7), ios(4.1), tvos(9.0), visionos(1.0)) API_UNAVAILABLE(watchos)
63 | @interface AVAssetReader : NSObject
| `- note: 'AVAssetReader' has been explicitly marked unavailable here
64 | {
65 | @private
/Users/admin/builder/spi-builder-workspace/Sources/ChromaSwift/AudioDecoder.swift:27:33: warning: 'tracks(withMediaType:)' was deprecated in watchOS 9.0: Use loadTracks(withMediaType:) instead [#DeprecatedDeclaration]
25 | }
26 |
27 | let audioTracks = asset.tracks(withMediaType: .audio)
| `- warning: 'tracks(withMediaType:)' was deprecated in watchOS 9.0: Use loadTracks(withMediaType:) instead [#DeprecatedDeclaration]
28 | if audioTracks.isEmpty {
29 | throw Error.noValidAudioTracks
/Users/admin/builder/spi-builder-workspace/Sources/ChromaSwift/AudioDecoder.swift:33:40: warning: 'timeRange' was deprecated in watchOS 9.0: Use load(.timeRange) instead [#DeprecatedDeclaration]
31 | let audioTrack = audioTracks.first!
32 |
33 | let totalDuration = audioTrack.timeRange.duration.seconds
| `- warning: 'timeRange' was deprecated in watchOS 9.0: Use load(.timeRange) instead [#DeprecatedDeclaration]
34 | reader.timeRange = audioTrack.timeRange
35 |
/Users/admin/builder/spi-builder-workspace/Sources/ChromaSwift/AudioDecoder.swift:34:39: warning: 'timeRange' was deprecated in watchOS 9.0: Use load(.timeRange) instead [#DeprecatedDeclaration]
32 |
33 | let totalDuration = audioTrack.timeRange.duration.seconds
34 | reader.timeRange = audioTrack.timeRange
| `- warning: 'timeRange' was deprecated in watchOS 9.0: Use load(.timeRange) instead [#DeprecatedDeclaration]
35 |
36 | if let maxSampleDuration = maxSampleDuration {
/Users/admin/builder/spi-builder-workspace/Sources/ChromaSwift/AudioDecoder.swift:41:102: warning: 'naturalTimeScale' was deprecated in watchOS 9.0: Use load(.naturalTimeScale) instead [#DeprecatedDeclaration]
39 | }
40 | if maxSampleDuration < totalDuration {
41 | let readDuration = CMTime(seconds: maxSampleDuration, preferredTimescale: audioTrack.naturalTimeScale)
| `- warning: 'naturalTimeScale' was deprecated in watchOS 9.0: Use load(.naturalTimeScale) instead [#DeprecatedDeclaration]
42 | reader.timeRange = CMTimeRange(start: audioTrack.timeRange.start, duration: readDuration)
43 | }
/Users/admin/builder/spi-builder-workspace/Sources/ChromaSwift/AudioDecoder.swift:42:66: warning: 'timeRange' was deprecated in watchOS 9.0: Use load(.timeRange) instead [#DeprecatedDeclaration]
40 | if maxSampleDuration < totalDuration {
41 | let readDuration = CMTime(seconds: maxSampleDuration, preferredTimescale: audioTrack.naturalTimeScale)
42 | reader.timeRange = CMTimeRange(start: audioTrack.timeRange.start, duration: readDuration)
| `- warning: 'timeRange' was deprecated in watchOS 9.0: Use load(.timeRange) instead [#DeprecatedDeclaration]
43 | }
44 | }
/Users/admin/builder/spi-builder-workspace/Sources/ChromaSwift/AudioDecoder.swift:57:27: error: 'AVAssetReaderTrackOutput' is unavailable in watchOS
55 | AVLinearPCMIsNonInterleaved: false
56 | ]
57 | let trackOutput = AVAssetReaderTrackOutput(track: audioTrack, outputSettings: outputSettings)
| `- error: 'AVAssetReaderTrackOutput' is unavailable in watchOS
58 |
59 | if chromaprint_start(context, sampleRate, channels) != 1 {
/Applications/Xcode-27.0.0-Release.Candidate.app/Contents/Developer/Platforms/WatchOS.platform/Developer/SDKs/WatchOS27.0.sdk/System/Library/Frameworks/AVFoundation.framework/Headers/AVAssetReaderOutput.h:203:12: note: 'AVAssetReaderTrackOutput' has been explicitly marked unavailable here
201 | */
202 | API_AVAILABLE(macos(10.7), ios(4.1), tvos(9.0), visionos(1.0)) API_UNAVAILABLE(watchos)
203 | @interface AVAssetReaderTrackOutput : AVAssetReaderOutput
| `- note: 'AVAssetReaderTrackOutput' has been explicitly marked unavailable here
204 | {
205 | @private
/Users/admin/builder/spi-builder-workspace/Sources/ChromaSwift/AudioDecoder.swift:63:16: error: 'add' is unavailable in watchOS
61 | }
62 |
63 | reader.add(trackOutput)
| `- error: 'add' is unavailable in watchOS
64 | if !reader.startReading() {
65 | throw Error.decodingFailed
/Applications/Xcode-27.0.0-Release.Candidate.app/Contents/Developer/Platforms/WatchOS.platform/Developer/SDKs/WatchOS27.0.sdk/System/Library/Frameworks/AVFoundation.framework/Headers/AVAssetReader.h:181:1: note: 'add' has been explicitly marked unavailable here
179 | This method throws an exception if the output has already been added to an AVAssetReader or if reading has started (`status` has progressed beyond AVAssetReaderStatusUnknown).
180 | */
181 | - (void)addOutput:(AVAssetReaderOutput *)output
| `- note: 'add' has been explicitly marked unavailable here
182 | #if __swift__
183 | API_DEPRECATED("Use the appropriate AVAssetReader.outputProvider(for:...) overload for your output and optional adaptor instead", macos(10.7, 27.0), ios(4.1, 27.0), tvos(9.0, 27.0), visionos(1.0, 27.0))
/Users/admin/builder/spi-builder-workspace/Sources/ChromaSwift/AudioDecoder.swift:64:20: error: 'startReading()' is unavailable in watchOS
62 |
63 | reader.add(trackOutput)
64 | if !reader.startReading() {
| `- error: 'startReading()' is unavailable in watchOS
65 | throw Error.decodingFailed
66 | }
/Applications/Xcode-27.0.0-Release.Candidate.app/Contents/Developer/Platforms/WatchOS.platform/Developer/SDKs/WatchOS27.0.sdk/System/Library/Frameworks/AVFoundation.framework/Headers/AVAssetReader.h:205:1: note: 'startReading()' has been explicitly marked unavailable here
203 | This method throws an exception if reading has already started (`status` has progressed beyond AVAssetReaderStatusUnknown).
204 | */
205 | - (BOOL)startReading
| `- note: 'startReading()' has been explicitly marked unavailable here
206 | #if __swift__
207 | API_DEPRECATED("Use start() instead", macos(10.7, 27.0), ios(4.1, 27.0), tvos(9.0, 27.0), visionos(1.0, 27.0))
/Users/admin/builder/spi-builder-workspace/Sources/ChromaSwift/AudioDecoder.swift:69:47: error: 'copyNextSampleBuffer()' is unavailable in watchOS
67 |
68 | while reader.status == .reading {
69 | if let sampleBuffer = trackOutput.copyNextSampleBuffer() {
| `- error: 'copyNextSampleBuffer()' is unavailable in watchOS
70 | if let blockBuffer = CMSampleBufferGetDataBuffer(sampleBuffer) {
71 | let bufferLength = CMBlockBufferGetDataLength(blockBuffer)
/Applications/Xcode-27.0.0-Release.Candidate.app/Contents/Developer/Platforms/WatchOS.platform/Developer/SDKs/WatchOS27.0.sdk/System/Library/Frameworks/AVFoundation.framework/Headers/AVAssetReaderOutput.h:97:1: note: 'copyNextSampleBuffer()' has been explicitly marked unavailable here
95 | This method throws an exception if this output is not added to an instance of AVAssetReader (using -addOutput:) and -startReading is not called on that asset reader.
96 | */
97 | - (nullable CMSampleBufferRef)copyNextSampleBuffer CF_RETURNS_RETAINED
| `- note: 'copyNextSampleBuffer()' has been explicitly marked unavailable here
98 | #if __swift__
99 | API_DEPRECATED("Use AVAssetReaderOutput.Provider.next() instead", macos(10.7, 27.0), ios(4.1, 27.0), tvos(9.0, 27.0), visionos(1.0, 27.0))
[#DeprecatedDeclaration]: <https://docs.swift.org/compiler/documentation/diagnostics/deprecated-declaration>
Failed frontend command:
/Applications/Xcode-27.0.0-Release.Candidate.app/Contents/Developer/Toolchains/XcodeDefault.xctoolchain/usr/bin/swift-frontend -frontend -c /Users/admin/builder/spi-builder-workspace/Sources/ChromaSwift/AcoustID.swift -primary-file /Users/admin/builder/spi-builder-workspace/Sources/ChromaSwift/AudioDecoder.swift /Users/admin/builder/spi-builder-workspace/Sources/ChromaSwift/AudioFingerprint.swift /Users/admin/builder/spi-builder-workspace/Sources/ChromaSwift/URLSessionProtocol.swift -emit-dependencies-path /Users/admin/builder/spi-builder-workspace/.derivedData/Build/Intermediates.noindex/ChromaSwift.build/Debug-watchos/ChromaSwift-t.build/Objects-normal/arm64/AudioDecoder.d -emit-const-values-path /Users/admin/builder/spi-builder-workspace/.derivedData/Build/Intermediates.noindex/ChromaSwift.build/Debug-watchos/ChromaSwift-t.build/Objects-normal/arm64/AudioDecoder.swiftconstvalues -emit-reference-dependencies-path /Users/admin/builder/spi-builder-workspace/.derivedData/Build/Intermediates.noindex/ChromaSwift.build/Debug-watchos/ChromaSwift-t.build/Objects-normal/arm64/AudioDecoder.swiftdeps -serialize-diagnostics-path /Users/admin/builder/spi-builder-workspace/.derivedData/Build/Intermediates.noindex/ChromaSwift.build/Debug-watchos/ChromaSwift-t.build/Objects-normal/arm64/AudioDecoder.dia -target arm64-apple-watchos9.0 -disable-cross-import-overlay-search -load-resolved-plugin /Applications/Xcode-27.0.0-Release.Candidate.app/Contents/Developer/Platforms/WatchOS.platform/Developer/usr/lib/swift/host/plugins/libFoundationMacros.dylib\#/Applications/Xcode-27.0.0-Release.Candidate.app/Contents/Developer/Platforms/WatchOS.platform/Developer/usr/bin/swift-plugin-server\#FoundationMacros -load-resolved-plugin /Applications/Xcode-27.0.0-Release.Candidate.app/Contents/Developer/Platforms/WatchOS.platform/Developer/usr/lib/swift/host/plugins/libObservationMacros.dylib\#/Applications/Xcode-27.0.0-Release.Candidate.app/Contents/Developer/Platforms/WatchOS.platform/Developer/usr/bin/swift-plugin-server\#ObservationMacros -load-resolved-plugin /Applications/Xcode-27.0.0-Release.Candidate.app/Contents/Developer/Platforms/WatchOS.platform/Developer/usr/lib/swift/host/plugins/libSwiftMacros.dylib\#/Applications/Xcode-27.0.0-Release.Candidate.app/Contents/Developer/Platforms/WatchOS.platform/Developer/usr/bin/swift-plugin-server\#SwiftMacros -disable-implicit-swift-modules -Xcc -fno-implicit-modules -Xcc -fno-implicit-module-maps -explicit-swift-module-map-file /Users/admin/builder/spi-builder-workspace/.derivedData/Build/Intermediates.noindex/ChromaSwift.build/Debug-watchos/ChromaSwift-t.build/Objects-normal/arm64/ChromaSwift-dependencies-1.json -Xllvm -aarch64-use-tbi -enable-objc-interop -stack-check -sdk /Applications/Xcode-27.0.0-Release.Candidate.app/Contents/Developer/Platforms/WatchOS.platform/Developer/SDKs/WatchOS27.0.sdk -I /Users/admin/builder/spi-builder-workspace/.derivedData/Build/Products/Debug-watchos -Isystem /Applications/Xcode-27.0.0-Release.Candidate.app/Contents/Developer/Platforms/WatchOS.platform/Developer/usr/lib -F /Users/admin/builder/spi-builder-workspace/.derivedData/Build/Products/Debug-watchos/PackageFrameworks -F /Users/admin/builder/spi-builder-workspace/.derivedData/Build/Products/Debug-watchos -F /Applications/Xcode-27.0.0-Release.Candidate.app/Contents/Developer/Platforms/WatchOS.platform/Developer/Library/Frameworks -F /Applications/Xcode-27.0.0-Release.Candidate.app/Contents/Developer/Platforms/WatchOS.platform/Developer/SDKs/WatchOS27.0.sdk/Developer/Library/Frameworks -module-cache-path /Users/admin/builder/spi-builder-workspace/.derivedData/Build/Intermediates.noindex/SwiftExplicitPrecompiledModules -no-color-diagnostics -Xcc -fno-color-diagnostics -enable-testing -g -debug-info-format\=dwarf -dwarf-version\=4 -profile-generate -profile-coverage-mapping -swift-version 6 -Onone -D SWIFT_PACKAGE -D DEBUG -D SWIFT_MODULE_RESOURCE_BUNDLE_UNAVAILABLE -D Xcode -serialize-debugging-options -enable-experimental-feature DebugDescriptionMacro -empty-abi-descriptor -validate-clang-modules-once -clang-build-session-file /Users/admin/builder/spi-builder-workspace/.derivedData/ModuleCache.noindex/Session.modulevalidation -Xcc -working-directory -Xcc /Users/admin/builder/spi-builder-workspace/.swiftpm/xcode -enable-anonymous-context-mangled-names -file-compilation-dir /Users/admin/builder/spi-builder-workspace/.swiftpm/xcode -Xcc -fmodule-map-file\=/Users/admin/builder/spi-builder-workspace/.derivedData/Build/Intermediates.noindex/GeneratedModuleMaps-watchos/CChromaprint.modulemap -Xcc -D_LIBCPP_HARDENING_MODE\=_LIBCPP_HARDENING_MODE_DEBUG -Xcc -ivfsstatcache -Xcc /Users/admin/builder/spi-builder-workspace/.derivedData/SDKStatCaches.noindex/watchos27.0-24R360-e829b21a6f8c9b70876ba0858053c04477534ef55a1706bf4c1112bbb242f0a2.sdkstatcache -Xcc -fmodules-prune-interval\=86400 -Xcc -fmodules-prune-after\=345600 -Xcc -I/Users/admin/builder/spi-builder-workspace/Sources/CChromaprint/include -Xcc -I/Users/admin/builder/spi-builder-workspace/.derivedData/Build/Products/Debug-watchos/include -Xcc -I/Users/admin/builder/spi-builder-workspace/.derivedData/Build/Intermediates.noindex/ChromaSwift.build/Debug-watchos/ChromaSwift-t.build/DerivedSources-normal/arm64 -Xcc -I/Users/admin/builder/spi-builder-workspace/.derivedData/Build/Intermediates.noindex/ChromaSwift.build/Debug-watchos/ChromaSwift-t.build/DerivedSources/arm64 -Xcc -I/Users/admin/builder/spi-builder-workspace/.derivedData/Build/Intermediates.noindex/ChromaSwift.build/Debug-watchos/ChromaSwift-t.build/DerivedSources -Xcc -DSWIFT_PACKAGE -Xcc -DDEBUG\=1 -no-auto-bridging-header-chaining -module-name ChromaSwift -package-name spi_builder_workspace -const-gather-protocols-file /Users/admin/builder/spi-builder-workspace/.derivedData/Build/Intermediates.noindex/ChromaSwift.build/Debug-watchos/ChromaSwift-t.build/Objects-normal/arm64/ChromaSwift_const_extract_protocols.json -disable-clang-spi -clang-target arm64-apple-watchos27.0 -target-sdk-version 27.0 -target-sdk-name watchos27.0 -in-process-plugin-server-path /Applications/Xcode-27.0.0-Release.Candidate.app/Contents/Developer/Toolchains/XcodeDefault.xctoolchain/usr/lib/swift/host/libSwiftInProcPluginServer.dylib -parse-as-library -o /Users/admin/builder/spi-builder-workspace/.derivedData/Build/Intermediates.noindex/ChromaSwift.build/Debug-watchos/ChromaSwift-t.build/Objects-normal/arm64/AudioDecoder.o -debug-module-path /Users/admin/builder/spi-builder-workspace/.derivedData/Build/Intermediates.noindex/ChromaSwift.build/Debug-watchos/ChromaSwift-t.build/Objects-normal/arm64/ChromaSwift.swiftmodule -index-unit-output-path /ChromaSwift.build/Debug-watchos/ChromaSwift-t.build/Objects-normal/arm64/AudioDecoder.o -index-store-path /Users/admin/builder/spi-builder-workspace/.derivedData/Index.noindex/DataStore -index-system-modules
SwiftCompile normal arm64 /Users/admin/builder/spi-builder-workspace/Sources/ChromaSwift/AudioDecoder.swift (in target 'ChromaSwift' from project 'ChromaSwift')
cd /Users/admin/builder/spi-builder-workspace/.swiftpm/xcode
builtin-SwiftPerFileCompile AudioDecoder.swift
SwiftCompile normal arm64 Compiling\ AudioFingerprint.swift /Users/admin/builder/spi-builder-workspace/Sources/ChromaSwift/AudioFingerprint.swift (in target 'ChromaSwift' from project 'ChromaSwift')
SwiftCompile normal arm64 /Users/admin/builder/spi-builder-workspace/Sources/ChromaSwift/AudioFingerprint.swift (in target 'ChromaSwift' from project 'ChromaSwift')
cd /Users/admin/builder/spi-builder-workspace/.swiftpm/xcode
builtin-SwiftPerFileCompile AudioFingerprint.swift
SwiftCompile normal arm64 Compiling\ AcoustID.swift /Users/admin/builder/spi-builder-workspace/Sources/ChromaSwift/AcoustID.swift (in target 'ChromaSwift' from project 'ChromaSwift')
SwiftCompile normal arm64 /Users/admin/builder/spi-builder-workspace/Sources/ChromaSwift/AcoustID.swift (in target 'ChromaSwift' from project 'ChromaSwift')
cd /Users/admin/builder/spi-builder-workspace/.swiftpm/xcode
builtin-SwiftPerFileCompile AcoustID.swift
SwiftCompile normal arm64 Compiling\ URLSessionProtocol.swift /Users/admin/builder/spi-builder-workspace/Sources/ChromaSwift/URLSessionProtocol.swift (in target 'ChromaSwift' from project 'ChromaSwift')
SwiftCompile normal arm64 /Users/admin/builder/spi-builder-workspace/Sources/ChromaSwift/URLSessionProtocol.swift (in target 'ChromaSwift' from project 'ChromaSwift')
cd /Users/admin/builder/spi-builder-workspace/.swiftpm/xcode
builtin-SwiftPerFileCompile URLSessionProtocol.swift
SwiftDriverJobDiscovery normal arm64_32 Emitting module for ChromaSwift (in target 'ChromaSwift' from project 'ChromaSwift')
SwiftDriver\ Compilation\ Requirements ChromaSwift normal arm64_32 com.apple.xcode.tools.swift.compiler (in target 'ChromaSwift' from project 'ChromaSwift')
cd /Users/admin/builder/spi-builder-workspace/.swiftpm/xcode
builtin-Swift-Compilation-Requirements -- /Applications/Xcode-27.0.0-Release.Candidate.app/Contents/Developer/Toolchains/XcodeDefault.xctoolchain/usr/bin/swiftc -parse-as-library -module-name ChromaSwift -Onone @/Users/admin/builder/spi-builder-workspace/.derivedData/Build/Intermediates.noindex/ChromaSwift.build/Debug-watchos/ChromaSwift-t.build/Objects-normal/arm64_32/ChromaSwift.SwiftFileList -DSWIFT_PACKAGE -DDEBUG -DSWIFT_MODULE_RESOURCE_BUNDLE_UNAVAILABLE -Xcc -fmodule-map-file\=/Users/admin/builder/spi-builder-workspace/.derivedData/Build/Intermediates.noindex/GeneratedModuleMaps-watchos/CChromaprint.modulemap -DXcode -plugin-path /Applications/Xcode-27.0.0-Release.Candidate.app/Contents/Developer/Toolchains/XcodeDefault.xctoolchain/usr/lib/swift/host/plugins/testing -enable-experimental-feature DebugDescriptionMacro -sdk /Applications/Xcode-27.0.0-Release.Candidate.app/Contents/Developer/Platforms/WatchOS.platform/Developer/SDKs/WatchOS27.0.sdk -target arm64_32-apple-watchos9.0 -g -module-cache-path /Users/admin/builder/spi-builder-workspace/.derivedData/ModuleCache.noindex -Xfrontend -serialize-debugging-options -profile-coverage-mapping -profile-generate -enable-testing -index-store-path /Users/admin/builder/spi-builder-workspace/.derivedData/Index.noindex/DataStore -Xcc -D_LIBCPP_HARDENING_MODE\=_LIBCPP_HARDENING_MODE_DEBUG -swift-version 6 -I /Users/admin/builder/spi-builder-workspace/.derivedData/Build/Products/Debug-watchos -Isystem /Applications/Xcode-27.0.0-Release.Candidate.app/Contents/Developer/Platforms/WatchOS.platform/Developer/usr/lib -F /Users/admin/builder/spi-builder-workspace/.derivedData/Build/Products/Debug-watchos/PackageFrameworks -F /Users/admin/builder/spi-builder-workspace/.derivedData/Build/Products/Debug-watchos -F /Applications/Xcode-27.0.0-Release.Candidate.app/Contents/Developer/Platforms/WatchOS.platform/Developer/Library/Frameworks -F /Applications/Xcode-27.0.0-Release.Candidate.app/Contents/Developer/Platforms/WatchOS.platform/Developer/SDKs/WatchOS27.0.sdk/Developer/Library/Frameworks -c -j10 -enable-batch-mode -incremental -Xcc -ivfsstatcache -Xcc /Users/admin/builder/spi-builder-workspace/.derivedData/SDKStatCaches.noindex/watchos27.0-24R360-e829b21a6f8c9b70876ba0858053c04477534ef55a1706bf4c1112bbb242f0a2.sdkstatcache -output-file-map /Users/admin/builder/spi-builder-workspace/.derivedData/Build/Intermediates.noindex/ChromaSwift.build/Debug-watchos/ChromaSwift-t.build/Objects-normal/arm64_32/ChromaSwift-OutputFileMap.json -save-temps -no-color-diagnostics -explicit-module-build -module-cache-path /Users/admin/builder/spi-builder-workspace/.derivedData/Build/Intermediates.noindex/SwiftExplicitPrecompiledModules -clang-scanner-module-cache-path /Users/admin/builder/spi-builder-workspace/.derivedData/ModuleCache.noindex -sdk-module-cache-path /Users/admin/builder/spi-builder-workspace/.derivedData/SDKExplicitPrecompiledModules -emit-dependencies -emit-module -emit-module-path /Users/admin/builder/spi-builder-workspace/.derivedData/Build/Intermediates.noindex/ChromaSwift.build/Debug-watchos/ChromaSwift-t.build/Objects-normal/arm64_32/ChromaSwift.swiftmodule -serialize-diagnostics -dependency-scan-serialize-diagnostics-path /Users/admin/builder/spi-builder-workspace/.derivedData/Build/Intermediates.noindex/ChromaSwift.build/Debug-watchos/ChromaSwift-t.build/Objects-normal/arm64_32/ChromaSwift-dependency-scan.dia -validate-clang-modules-once -clang-build-session-file /Users/admin/builder/spi-builder-workspace/.derivedData/ModuleCache.noindex/Session.modulevalidation -Xcc -fmodules-prune-interval\=86400 -Xcc -fmodules-prune-after\=345600 -package-name spi_builder_workspace -emit-const-values -const-gather-protocols-list /Users/admin/builder/spi-builder-workspace/.derivedData/Build/Intermediates.noindex/ChromaSwift.build/Debug-watchos/ChromaSwift-t.build/Objects-normal/arm64_32/ChromaSwift_const_extract_protocols.json -Xcc -I/Users/admin/builder/spi-builder-workspace/Sources/CChromaprint/include -Xcc -I/Users/admin/builder/spi-builder-workspace/.derivedData/Build/Products/Debug-watchos/include -Xcc -I/Users/admin/builder/spi-builder-workspace/.derivedData/Build/Intermediates.noindex/ChromaSwift.build/Debug-watchos/ChromaSwift-t.build/DerivedSources-normal/arm64_32 -Xcc -I/Users/admin/builder/spi-builder-workspace/.derivedData/Build/Intermediates.noindex/ChromaSwift.build/Debug-watchos/ChromaSwift-t.build/DerivedSources/arm64_32 -Xcc -I/Users/admin/builder/spi-builder-workspace/.derivedData/Build/Intermediates.noindex/ChromaSwift.build/Debug-watchos/ChromaSwift-t.build/DerivedSources -Xcc -DSWIFT_PACKAGE -Xcc -DDEBUG\=1 -emit-objc-header -emit-objc-header-path /Users/admin/builder/spi-builder-workspace/.derivedData/Build/Intermediates.noindex/ChromaSwift.build/Debug-watchos/ChromaSwift-t.build/Objects-normal/arm64_32/ChromaSwift-Swift.h -working-directory /Users/admin/builder/spi-builder-workspace/.swiftpm/xcode -experimental-emit-module-separately -disable-cmo
SwiftDriverJobDiscovery normal arm64 Emitting module for ChromaSwift (in target 'ChromaSwift' from project 'ChromaSwift')
SwiftDriver\ Compilation\ Requirements ChromaSwift normal arm64 com.apple.xcode.tools.swift.compiler (in target 'ChromaSwift' from project 'ChromaSwift')
cd /Users/admin/builder/spi-builder-workspace/.swiftpm/xcode
builtin-Swift-Compilation-Requirements -- /Applications/Xcode-27.0.0-Release.Candidate.app/Contents/Developer/Toolchains/XcodeDefault.xctoolchain/usr/bin/swiftc -parse-as-library -module-name ChromaSwift -Onone @/Users/admin/builder/spi-builder-workspace/.derivedData/Build/Intermediates.noindex/ChromaSwift.build/Debug-watchos/ChromaSwift-t.build/Objects-normal/arm64/ChromaSwift.SwiftFileList -DSWIFT_PACKAGE -DDEBUG -DSWIFT_MODULE_RESOURCE_BUNDLE_UNAVAILABLE -Xcc -fmodule-map-file\=/Users/admin/builder/spi-builder-workspace/.derivedData/Build/Intermediates.noindex/GeneratedModuleMaps-watchos/CChromaprint.modulemap -DXcode -plugin-path /Applications/Xcode-27.0.0-Release.Candidate.app/Contents/Developer/Toolchains/XcodeDefault.xctoolchain/usr/lib/swift/host/plugins/testing -enable-experimental-feature DebugDescriptionMacro -sdk /Applications/Xcode-27.0.0-Release.Candidate.app/Contents/Developer/Platforms/WatchOS.platform/Developer/SDKs/WatchOS27.0.sdk -target arm64-apple-watchos9.0 -g -module-cache-path /Users/admin/builder/spi-builder-workspace/.derivedData/ModuleCache.noindex -Xfrontend -serialize-debugging-options -profile-coverage-mapping -profile-generate -enable-testing -index-store-path /Users/admin/builder/spi-builder-workspace/.derivedData/Index.noindex/DataStore -Xcc -D_LIBCPP_HARDENING_MODE\=_LIBCPP_HARDENING_MODE_DEBUG -swift-version 6 -I /Users/admin/builder/spi-builder-workspace/.derivedData/Build/Products/Debug-watchos -Isystem /Applications/Xcode-27.0.0-Release.Candidate.app/Contents/Developer/Platforms/WatchOS.platform/Developer/usr/lib -F /Users/admin/builder/spi-builder-workspace/.derivedData/Build/Products/Debug-watchos/PackageFrameworks -F /Users/admin/builder/spi-builder-workspace/.derivedData/Build/Products/Debug-watchos -F /Applications/Xcode-27.0.0-Release.Candidate.app/Contents/Developer/Platforms/WatchOS.platform/Developer/Library/Frameworks -F /Applications/Xcode-27.0.0-Release.Candidate.app/Contents/Developer/Platforms/WatchOS.platform/Developer/SDKs/WatchOS27.0.sdk/Developer/Library/Frameworks -c -j10 -enable-batch-mode -incremental -Xcc -ivfsstatcache -Xcc /Users/admin/builder/spi-builder-workspace/.derivedData/SDKStatCaches.noindex/watchos27.0-24R360-e829b21a6f8c9b70876ba0858053c04477534ef55a1706bf4c1112bbb242f0a2.sdkstatcache -output-file-map /Users/admin/builder/spi-builder-workspace/.derivedData/Build/Intermediates.noindex/ChromaSwift.build/Debug-watchos/ChromaSwift-t.build/Objects-normal/arm64/ChromaSwift-OutputFileMap.json -save-temps -no-color-diagnostics -explicit-module-build -module-cache-path /Users/admin/builder/spi-builder-workspace/.derivedData/Build/Intermediates.noindex/SwiftExplicitPrecompiledModules -clang-scanner-module-cache-path /Users/admin/builder/spi-builder-workspace/.derivedData/ModuleCache.noindex -sdk-module-cache-path /Users/admin/builder/spi-builder-workspace/.derivedData/SDKExplicitPrecompiledModules -emit-dependencies -emit-module -emit-module-path /Users/admin/builder/spi-builder-workspace/.derivedData/Build/Intermediates.noindex/ChromaSwift.build/Debug-watchos/ChromaSwift-t.build/Objects-normal/arm64/ChromaSwift.swiftmodule -serialize-diagnostics -dependency-scan-serialize-diagnostics-path /Users/admin/builder/spi-builder-workspace/.derivedData/Build/Intermediates.noindex/ChromaSwift.build/Debug-watchos/ChromaSwift-t.build/Objects-normal/arm64/ChromaSwift-dependency-scan.dia -validate-clang-modules-once -clang-build-session-file /Users/admin/builder/spi-builder-workspace/.derivedData/ModuleCache.noindex/Session.modulevalidation -Xcc -fmodules-prune-interval\=86400 -Xcc -fmodules-prune-after\=345600 -package-name spi_builder_workspace -emit-const-values -const-gather-protocols-list /Users/admin/builder/spi-builder-workspace/.derivedData/Build/Intermediates.noindex/ChromaSwift.build/Debug-watchos/ChromaSwift-t.build/Objects-normal/arm64/ChromaSwift_const_extract_protocols.json -Xcc -I/Users/admin/builder/spi-builder-workspace/Sources/CChromaprint/include -Xcc -I/Users/admin/builder/spi-builder-workspace/.derivedData/Build/Products/Debug-watchos/include -Xcc -I/Users/admin/builder/spi-builder-workspace/.derivedData/Build/Intermediates.noindex/ChromaSwift.build/Debug-watchos/ChromaSwift-t.build/DerivedSources-normal/arm64 -Xcc -I/Users/admin/builder/spi-builder-workspace/.derivedData/Build/Intermediates.noindex/ChromaSwift.build/Debug-watchos/ChromaSwift-t.build/DerivedSources/arm64 -Xcc -I/Users/admin/builder/spi-builder-workspace/.derivedData/Build/Intermediates.noindex/ChromaSwift.build/Debug-watchos/ChromaSwift-t.build/DerivedSources -Xcc -DSWIFT_PACKAGE -Xcc -DDEBUG\=1 -emit-objc-header -emit-objc-header-path /Users/admin/builder/spi-builder-workspace/.derivedData/Build/Intermediates.noindex/ChromaSwift.build/Debug-watchos/ChromaSwift-t.build/Objects-normal/arm64/ChromaSwift-Swift.h -working-directory /Users/admin/builder/spi-builder-workspace/.swiftpm/xcode -experimental-emit-module-separately -disable-cmo
Copy /Users/admin/builder/spi-builder-workspace/.derivedData/Build/Products/Debug-watchos/ChromaSwift.swiftmodule/arm64_32-apple-watchos.swiftmodule /Users/admin/builder/spi-builder-workspace/.derivedData/Build/Intermediates.noindex/ChromaSwift.build/Debug-watchos/ChromaSwift-t.build/Objects-normal/arm64_32/ChromaSwift.swiftmodule (in target 'ChromaSwift' from project 'ChromaSwift')
cd /Users/admin/builder/spi-builder-workspace
builtin-copy -exclude .DS_Store -exclude CVS -exclude .svn -exclude .git -exclude .hg -resolve-src-symlinks -rename /Users/admin/builder/spi-builder-workspace/.derivedData/Build/Intermediates.noindex/ChromaSwift.build/Debug-watchos/ChromaSwift-t.build/Objects-normal/arm64_32/ChromaSwift.swiftmodule /Users/admin/builder/spi-builder-workspace/.derivedData/Build/Products/Debug-watchos/ChromaSwift.swiftmodule/arm64_32-apple-watchos.swiftmodule
Copy /Users/admin/builder/spi-builder-workspace/.derivedData/Build/Products/Debug-watchos/ChromaSwift.swiftmodule/arm64_32-apple-watchos.swiftdoc /Users/admin/builder/spi-builder-workspace/.derivedData/Build/Intermediates.noindex/ChromaSwift.build/Debug-watchos/ChromaSwift-t.build/Objects-normal/arm64_32/ChromaSwift.swiftdoc (in target 'ChromaSwift' from project 'ChromaSwift')
cd /Users/admin/builder/spi-builder-workspace
builtin-copy -exclude .DS_Store -exclude CVS -exclude .svn -exclude .git -exclude .hg -resolve-src-symlinks -rename /Users/admin/builder/spi-builder-workspace/.derivedData/Build/Intermediates.noindex/ChromaSwift.build/Debug-watchos/ChromaSwift-t.build/Objects-normal/arm64_32/ChromaSwift.swiftdoc /Users/admin/builder/spi-builder-workspace/.derivedData/Build/Products/Debug-watchos/ChromaSwift.swiftmodule/arm64_32-apple-watchos.swiftdoc
SwiftMergeGeneratedHeaders /Users/admin/builder/spi-builder-workspace/.derivedData/Build/Intermediates.noindex/GeneratedModuleMaps-watchos/ChromaSwift-Swift.h /Users/admin/builder/spi-builder-workspace/.derivedData/Build/Intermediates.noindex/ChromaSwift.build/Debug-watchos/ChromaSwift-t.build/Objects-normal/arm64/ChromaSwift-Swift.h /Users/admin/builder/spi-builder-workspace/.derivedData/Build/Intermediates.noindex/ChromaSwift.build/Debug-watchos/ChromaSwift-t.build/Objects-normal/arm64_32/ChromaSwift-Swift.h (in target 'ChromaSwift' from project 'ChromaSwift')
cd /Users/admin/builder/spi-builder-workspace
builtin-swiftHeaderTool -arch arm64 /Users/admin/builder/spi-builder-workspace/.derivedData/Build/Intermediates.noindex/ChromaSwift.build/Debug-watchos/ChromaSwift-t.build/Objects-normal/arm64/ChromaSwift-Swift.h -arch arm64_32 /Users/admin/builder/spi-builder-workspace/.derivedData/Build/Intermediates.noindex/ChromaSwift.build/Debug-watchos/ChromaSwift-t.build/Objects-normal/arm64_32/ChromaSwift-Swift.h -o /Users/admin/builder/spi-builder-workspace/.derivedData/Build/Intermediates.noindex/GeneratedModuleMaps-watchos/ChromaSwift-Swift.h
Copy /Users/admin/builder/spi-builder-workspace/.derivedData/Build/Products/Debug-watchos/ChromaSwift.swiftmodule/arm64_32-apple-watchos.abi.json /Users/admin/builder/spi-builder-workspace/.derivedData/Build/Intermediates.noindex/ChromaSwift.build/Debug-watchos/ChromaSwift-t.build/Objects-normal/arm64_32/ChromaSwift.abi.json (in target 'ChromaSwift' from project 'ChromaSwift')
cd /Users/admin/builder/spi-builder-workspace
builtin-copy -exclude .DS_Store -exclude CVS -exclude .svn -exclude .git -exclude .hg -resolve-src-symlinks -rename /Users/admin/builder/spi-builder-workspace/.derivedData/Build/Intermediates.noindex/ChromaSwift.build/Debug-watchos/ChromaSwift-t.build/Objects-normal/arm64_32/ChromaSwift.abi.json /Users/admin/builder/spi-builder-workspace/.derivedData/Build/Products/Debug-watchos/ChromaSwift.swiftmodule/arm64_32-apple-watchos.abi.json
Copy /Users/admin/builder/spi-builder-workspace/.derivedData/Build/Products/Debug-watchos/ChromaSwift.swiftmodule/arm64-apple-watchos.swiftmodule /Users/admin/builder/spi-builder-workspace/.derivedData/Build/Intermediates.noindex/ChromaSwift.build/Debug-watchos/ChromaSwift-t.build/Objects-normal/arm64/ChromaSwift.swiftmodule (in target 'ChromaSwift' from project 'ChromaSwift')
cd /Users/admin/builder/spi-builder-workspace
builtin-copy -exclude .DS_Store -exclude CVS -exclude .svn -exclude .git -exclude .hg -resolve-src-symlinks -rename /Users/admin/builder/spi-builder-workspace/.derivedData/Build/Intermediates.noindex/ChromaSwift.build/Debug-watchos/ChromaSwift-t.build/Objects-normal/arm64/ChromaSwift.swiftmodule /Users/admin/builder/spi-builder-workspace/.derivedData/Build/Products/Debug-watchos/ChromaSwift.swiftmodule/arm64-apple-watchos.swiftmodule
Copy /Users/admin/builder/spi-builder-workspace/.derivedData/Build/Products/Debug-watchos/ChromaSwift.swiftmodule/arm64-apple-watchos.swiftdoc /Users/admin/builder/spi-builder-workspace/.derivedData/Build/Intermediates.noindex/ChromaSwift.build/Debug-watchos/ChromaSwift-t.build/Objects-normal/arm64/ChromaSwift.swiftdoc (in target 'ChromaSwift' from project 'ChromaSwift')
cd /Users/admin/builder/spi-builder-workspace
builtin-copy -exclude .DS_Store -exclude CVS -exclude .svn -exclude .git -exclude .hg -resolve-src-symlinks -rename /Users/admin/builder/spi-builder-workspace/.derivedData/Build/Intermediates.noindex/ChromaSwift.build/Debug-watchos/ChromaSwift-t.build/Objects-normal/arm64/ChromaSwift.swiftdoc /Users/admin/builder/spi-builder-workspace/.derivedData/Build/Products/Debug-watchos/ChromaSwift.swiftmodule/arm64-apple-watchos.swiftdoc
Copy /Users/admin/builder/spi-builder-workspace/.derivedData/Build/Products/Debug-watchos/ChromaSwift.swiftmodule/arm64-apple-watchos.abi.json /Users/admin/builder/spi-builder-workspace/.derivedData/Build/Intermediates.noindex/ChromaSwift.build/Debug-watchos/ChromaSwift-t.build/Objects-normal/arm64/ChromaSwift.abi.json (in target 'ChromaSwift' from project 'ChromaSwift')
cd /Users/admin/builder/spi-builder-workspace
builtin-copy -exclude .DS_Store -exclude CVS -exclude .svn -exclude .git -exclude .hg -resolve-src-symlinks -rename /Users/admin/builder/spi-builder-workspace/.derivedData/Build/Intermediates.noindex/ChromaSwift.build/Debug-watchos/ChromaSwift-t.build/Objects-normal/arm64/ChromaSwift.abi.json /Users/admin/builder/spi-builder-workspace/.derivedData/Build/Products/Debug-watchos/ChromaSwift.swiftmodule/arm64-apple-watchos.abi.json
Copy /Users/admin/builder/spi-builder-workspace/.derivedData/Build/Products/Debug-watchos/ChromaSwift.swiftmodule/Project/arm64_32-apple-watchos.swiftsourceinfo /Users/admin/builder/spi-builder-workspace/.derivedData/Build/Intermediates.noindex/ChromaSwift.build/Debug-watchos/ChromaSwift-t.build/Objects-normal/arm64_32/ChromaSwift.swiftsourceinfo (in target 'ChromaSwift' from project 'ChromaSwift')
cd /Users/admin/builder/spi-builder-workspace
builtin-copy -exclude .DS_Store -exclude CVS -exclude .svn -exclude .git -exclude .hg -resolve-src-symlinks -rename /Users/admin/builder/spi-builder-workspace/.derivedData/Build/Intermediates.noindex/ChromaSwift.build/Debug-watchos/ChromaSwift-t.build/Objects-normal/arm64_32/ChromaSwift.swiftsourceinfo /Users/admin/builder/spi-builder-workspace/.derivedData/Build/Products/Debug-watchos/ChromaSwift.swiftmodule/Project/arm64_32-apple-watchos.swiftsourceinfo
Copy /Users/admin/builder/spi-builder-workspace/.derivedData/Build/Products/Debug-watchos/ChromaSwift.swiftmodule/Project/arm64-apple-watchos.swiftsourceinfo /Users/admin/builder/spi-builder-workspace/.derivedData/Build/Intermediates.noindex/ChromaSwift.build/Debug-watchos/ChromaSwift-t.build/Objects-normal/arm64/ChromaSwift.swiftsourceinfo (in target 'ChromaSwift' from project 'ChromaSwift')
cd /Users/admin/builder/spi-builder-workspace
builtin-copy -exclude .DS_Store -exclude CVS -exclude .svn -exclude .git -exclude .hg -resolve-src-symlinks -rename /Users/admin/builder/spi-builder-workspace/.derivedData/Build/Intermediates.noindex/ChromaSwift.build/Debug-watchos/ChromaSwift-t.build/Objects-normal/arm64/ChromaSwift.swiftsourceinfo /Users/admin/builder/spi-builder-workspace/.derivedData/Build/Products/Debug-watchos/ChromaSwift.swiftmodule/Project/arm64-apple-watchos.swiftsourceinfo
SwiftDriverJobDiscovery normal arm64 Compiling URLSessionProtocol.swift (in target 'ChromaSwift' from project 'ChromaSwift')
SwiftDriverJobDiscovery normal arm64_32 Compiling URLSessionProtocol.swift (in target 'ChromaSwift' from project 'ChromaSwift')
SwiftDriverJobDiscovery normal arm64 Compiling AudioFingerprint.swift (in target 'ChromaSwift' from project 'ChromaSwift')
SwiftDriverJobDiscovery normal arm64_32 Compiling AudioFingerprint.swift (in target 'ChromaSwift' from project 'ChromaSwift')
SwiftDriverJobDiscovery normal arm64 Compiling AcoustID.swift (in target 'ChromaSwift' from project 'ChromaSwift')
SwiftDriverJobDiscovery normal arm64_32 Compiling AcoustID.swift (in target 'ChromaSwift' from project 'ChromaSwift')
PruneExplicitPrecompiledModules /Users/admin/builder/spi-builder-workspace/.derivedData/Build/Intermediates.noindex/SwiftExplicitPrecompiledModules
PruneExplicitPrecompiledModules /Users/admin/builder/spi-builder-workspace/.derivedData/Build/Intermediates.noindex/ExplicitPrecompiledModules
PruneExplicitPrecompiledModules /Users/admin/builder/spi-builder-workspace/.derivedData/SDKExplicitPrecompiledModules
2026-09-21 02:35:34.761 xcodebuild[673:3960] [MT] IDERunDestination: Supported platforms for the buildables in the current scheme is empty.
** BUILD FAILED **
The following build commands failed:
SwiftCompile normal arm64_32 /Users/admin/builder/spi-builder-workspace/Sources/ChromaSwift/AudioDecoder.swift (in target 'ChromaSwift' from project 'ChromaSwift')
SwiftCompile normal arm64_32 Compiling\ AudioDecoder.swift /Users/admin/builder/spi-builder-workspace/Sources/ChromaSwift/AudioDecoder.swift (in target 'ChromaSwift' from project 'ChromaSwift')
SwiftCompile normal arm64 Compiling\ AudioDecoder.swift /Users/admin/builder/spi-builder-workspace/Sources/ChromaSwift/AudioDecoder.swift (in target 'ChromaSwift' from project 'ChromaSwift')
SwiftCompile normal arm64 /Users/admin/builder/spi-builder-workspace/Sources/ChromaSwift/AudioDecoder.swift (in target 'ChromaSwift' from project 'ChromaSwift')
Building workspace ChromaSwift with scheme ChromaSwift
(5 failures)
Command line invocation:
/Applications/Xcode-27.0.0-Release.Candidate.app/Contents/Developer/usr/bin/xcodebuild -IDEClonedSourcePackagesDirPathOverride=/Users/admin/builder/spi-builder-workspace/.dependencies -resolvePackageDependencies
Resolve Package Graph
Resolved source packages:
ChromaSwift: /Users/admin/builder/spi-builder-workspace
resolved source packages: ChromaSwift
2026-09-21 02:35:43.269 xcodebuild[889:4769] [MT] IDERunDestination: Supported platforms for the buildables in the current scheme is empty.
{
"cxx_language_standard" : "c++11",
"dependencies" : [
],
"manifest_display_name" : "ChromaSwift",
"name" : "ChromaSwift",
"path" : "/Users/admin/builder/spi-builder-workspace",
"platforms" : [
{
"name" : "macos",
"version" : "12.0"
},
{
"name" : "ios",
"version" : "15.0"
},
{
"name" : "tvos",
"version" : "15.0"
}
],
"products" : [
{
"name" : "ChromaSwift",
"targets" : [
"ChromaSwift"
],
"type" : {
"library" : [
"automatic"
]
}
}
],
"targets" : [
{
"c99name" : "ChromaSwiftTests",
"module_type" : "SwiftTarget",
"name" : "ChromaSwiftTests",
"path" : "Tests/ChromaSwiftTests",
"resources" : [
{
"path" : "/Users/admin/builder/spi-builder-workspace/Tests/ChromaSwiftTests/Audio",
"rule" : {
"copy" : {
}
}
}
],
"sources" : [
"ChromaSwiftTests.swift",
"URLSessionMock.swift"
],
"target_dependencies" : [
"ChromaSwift"
],
"type" : "test"
},
{
"c99name" : "ChromaSwift",
"module_type" : "SwiftTarget",
"name" : "ChromaSwift",
"path" : "Sources/ChromaSwift",
"product_memberships" : [
"ChromaSwift"
],
"sources" : [
"AcoustID.swift",
"AudioDecoder.swift",
"AudioFingerprint.swift",
"URLSessionProtocol.swift"
],
"target_dependencies" : [
"CChromaprint"
],
"type" : "library"
},
{
"c99name" : "CChromaprintTests",
"module_type" : "SwiftTarget",
"name" : "CChromaprintTests",
"path" : "Tests/CChromaprintTests",
"sources" : [
"CChromaprintTests.swift"
],
"target_dependencies" : [
"CChromaprint"
],
"type" : "test"
},
{
"c99name" : "CChromaprint",
"module_type" : "ClangTarget",
"name" : "CChromaprint",
"path" : "Sources/CChromaprint",
"product_memberships" : [
"ChromaSwift"
],
"sources" : [
"audio_processor.cpp",
"chroma.cpp",
"chroma_filter.cpp",
"chromaprint.cpp",
"fft.cpp",
"fft_lib_vdsp.cpp",
"fingerprint_calculator.cpp",
"fingerprint_compressor.cpp",
"fingerprint_decompressor.cpp",
"fingerprinter.cpp",
"fingerprinter_configuration.cpp",
"silence_remover.cpp",
"simhash.cpp",
"utils/base64.cpp"
],
"type" : "library"
}
],
"tools_version" : "6.0"
}
{
"workspace" : {
"name" : "ChromaSwift",
"schemes" : [
"ChromaSwift"
]
}
}
2026-09-21 02:35:44.534 xcodebuild[897:4841] [MT] IDERunDestination: Supported platforms for the buildables in the current scheme is empty.
Running build ...
env DEVELOPER_DIR=/Applications/Xcode-27.0.0-Release.Candidate.app xcrun xcodebuild -IDEClonedSourcePackagesDirPathOverride=$PWD/.dependencies -skipMacroValidation -skipPackagePluginValidation -derivedDataPath $PWD/.derivedData build -scheme ChromaSwift -destination generic/platform=watchOS
Command line invocation:
/Applications/Xcode-27.0.0-Release.Candidate.app/Contents/Developer/usr/bin/xcodebuild -IDEClonedSourcePackagesDirPathOverride=/Users/admin/builder/spi-builder-workspace/.dependencies -skipMacroValidation -skipPackagePluginValidation -derivedDataPath /Users/admin/builder/spi-builder-workspace/.derivedData build -scheme ChromaSwift -destination generic/platform=watchOS
Resolve Package Graph
Resolved source packages:
ChromaSwift: /Users/admin/builder/spi-builder-workspace
ComputePackagePrebuildTargetDependencyGraph
Prepare packages
CreateBuildRequest
SendProjectDescription
CreateBuildOperation
ComputeTargetDependencyGraph
note: Building targets in dependency order
note: Target dependency graph (3 targets)
Target 'ChromaSwift-product' in project 'ChromaSwift'
➜ Explicit dependency on target 'ChromaSwift' in project 'ChromaSwift'
➜ Explicit dependency on target 'CChromaprint' in project 'ChromaSwift'
Target 'ChromaSwift' in project 'ChromaSwift'
➜ Explicit dependency on target 'CChromaprint' in project 'ChromaSwift'
Target 'CChromaprint' in project 'ChromaSwift' (no dependencies)
GatherProvisioningInputs
CreateBuildDescription
ClangStatCache /Applications/Xcode-27.0.0-Release.Candidate.app/Contents/Developer/Toolchains/XcodeDefault.xctoolchain/usr/bin/clang-stat-cache /Applications/Xcode-27.0.0-Release.Candidate.app/Contents/Developer/Platforms/WatchOS.platform/Developer/SDKs/WatchOS27.0.sdk /Users/admin/builder/spi-builder-workspace/.derivedData/SDKStatCaches.noindex/watchos27.0-24R360-e829b21a6f8c9b70876ba0858053c04477534ef55a1706bf4c1112bbb242f0a2.sdkstatcache
cd /Users/admin/builder/spi-builder-workspace/.swiftpm/xcode
/Applications/Xcode-27.0.0-Release.Candidate.app/Contents/Developer/Toolchains/XcodeDefault.xctoolchain/usr/bin/clang-stat-cache /Applications/Xcode-27.0.0-Release.Candidate.app/Contents/Developer/Platforms/WatchOS.platform/Developer/SDKs/WatchOS27.0.sdk -o /Users/admin/builder/spi-builder-workspace/.derivedData/SDKStatCaches.noindex/watchos27.0-24R360-e829b21a6f8c9b70876ba0858053c04477534ef55a1706bf4c1112bbb242f0a2.sdkstatcache
SwiftDriver ChromaSwift normal arm64 com.apple.xcode.tools.swift.compiler (in target 'ChromaSwift' from project 'ChromaSwift')
cd /Users/admin/builder/spi-builder-workspace/.swiftpm/xcode
builtin-SwiftDriver -- /Applications/Xcode-27.0.0-Release.Candidate.app/Contents/Developer/Toolchains/XcodeDefault.xctoolchain/usr/bin/swiftc -parse-as-library -module-name ChromaSwift -Onone @/Users/admin/builder/spi-builder-workspace/.derivedData/Build/Intermediates.noindex/ChromaSwift.build/Debug-watchos/ChromaSwift-t.build/Objects-normal/arm64/ChromaSwift.SwiftFileList -DSWIFT_PACKAGE -DDEBUG -DSWIFT_MODULE_RESOURCE_BUNDLE_UNAVAILABLE -Xcc -fmodule-map-file\=/Users/admin/builder/spi-builder-workspace/.derivedData/Build/Intermediates.noindex/GeneratedModuleMaps-watchos/CChromaprint.modulemap -DXcode -plugin-path /Applications/Xcode-27.0.0-Release.Candidate.app/Contents/Developer/Toolchains/XcodeDefault.xctoolchain/usr/lib/swift/host/plugins/testing -enable-experimental-feature DebugDescriptionMacro -sdk /Applications/Xcode-27.0.0-Release.Candidate.app/Contents/Developer/Platforms/WatchOS.platform/Developer/SDKs/WatchOS27.0.sdk -target arm64-apple-watchos9.0 -g -module-cache-path /Users/admin/builder/spi-builder-workspace/.derivedData/ModuleCache.noindex -Xfrontend -serialize-debugging-options -profile-coverage-mapping -profile-generate -enable-testing -index-store-path /Users/admin/builder/spi-builder-workspace/.derivedData/Index.noindex/DataStore -Xcc -D_LIBCPP_HARDENING_MODE\=_LIBCPP_HARDENING_MODE_DEBUG -swift-version 6 -I /Users/admin/builder/spi-builder-workspace/.derivedData/Build/Products/Debug-watchos -Isystem /Applications/Xcode-27.0.0-Release.Candidate.app/Contents/Developer/Platforms/WatchOS.platform/Developer/usr/lib -F /Users/admin/builder/spi-builder-workspace/.derivedData/Build/Products/Debug-watchos/PackageFrameworks -F /Users/admin/builder/spi-builder-workspace/.derivedData/Build/Products/Debug-watchos -F /Applications/Xcode-27.0.0-Release.Candidate.app/Contents/Developer/Platforms/WatchOS.platform/Developer/Library/Frameworks -F /Applications/Xcode-27.0.0-Release.Candidate.app/Contents/Developer/Platforms/WatchOS.platform/Developer/SDKs/WatchOS27.0.sdk/Developer/Library/Frameworks -c -j10 -enable-batch-mode -incremental -Xcc -ivfsstatcache -Xcc /Users/admin/builder/spi-builder-workspace/.derivedData/SDKStatCaches.noindex/watchos27.0-24R360-e829b21a6f8c9b70876ba0858053c04477534ef55a1706bf4c1112bbb242f0a2.sdkstatcache -output-file-map /Users/admin/builder/spi-builder-workspace/.derivedData/Build/Intermediates.noindex/ChromaSwift.build/Debug-watchos/ChromaSwift-t.build/Objects-normal/arm64/ChromaSwift-OutputFileMap.json -save-temps -no-color-diagnostics -explicit-module-build -module-cache-path /Users/admin/builder/spi-builder-workspace/.derivedData/Build/Intermediates.noindex/SwiftExplicitPrecompiledModules -clang-scanner-module-cache-path /Users/admin/builder/spi-builder-workspace/.derivedData/ModuleCache.noindex -sdk-module-cache-path /Users/admin/builder/spi-builder-workspace/.derivedData/SDKExplicitPrecompiledModules -emit-dependencies -emit-module -emit-module-path /Users/admin/builder/spi-builder-workspace/.derivedData/Build/Intermediates.noindex/ChromaSwift.build/Debug-watchos/ChromaSwift-t.build/Objects-normal/arm64/ChromaSwift.swiftmodule -serialize-diagnostics -dependency-scan-serialize-diagnostics-path /Users/admin/builder/spi-builder-workspace/.derivedData/Build/Intermediates.noindex/ChromaSwift.build/Debug-watchos/ChromaSwift-t.build/Objects-normal/arm64/ChromaSwift-dependency-scan.dia -validate-clang-modules-once -clang-build-session-file /Users/admin/builder/spi-builder-workspace/.derivedData/ModuleCache.noindex/Session.modulevalidation -Xcc -fmodules-prune-interval\=86400 -Xcc -fmodules-prune-after\=345600 -package-name spi_builder_workspace -emit-const-values -const-gather-protocols-list /Users/admin/builder/spi-builder-workspace/.derivedData/Build/Intermediates.noindex/ChromaSwift.build/Debug-watchos/ChromaSwift-t.build/Objects-normal/arm64/ChromaSwift_const_extract_protocols.json -Xcc -I/Users/admin/builder/spi-builder-workspace/Sources/CChromaprint/include -Xcc -I/Users/admin/builder/spi-builder-workspace/.derivedData/Build/Products/Debug-watchos/include -Xcc -I/Users/admin/builder/spi-builder-workspace/.derivedData/Build/Intermediates.noindex/ChromaSwift.build/Debug-watchos/ChromaSwift-t.build/DerivedSources-normal/arm64 -Xcc -I/Users/admin/builder/spi-builder-workspace/.derivedData/Build/Intermediates.noindex/ChromaSwift.build/Debug-watchos/ChromaSwift-t.build/DerivedSources/arm64 -Xcc -I/Users/admin/builder/spi-builder-workspace/.derivedData/Build/Intermediates.noindex/ChromaSwift.build/Debug-watchos/ChromaSwift-t.build/DerivedSources -Xcc -DSWIFT_PACKAGE -Xcc -DDEBUG\=1 -emit-objc-header -emit-objc-header-path /Users/admin/builder/spi-builder-workspace/.derivedData/Build/Intermediates.noindex/ChromaSwift.build/Debug-watchos/ChromaSwift-t.build/Objects-normal/arm64/ChromaSwift-Swift.h -working-directory /Users/admin/builder/spi-builder-workspace/.swiftpm/xcode -experimental-emit-module-separately -disable-cmo
SwiftDriver ChromaSwift normal arm64_32 com.apple.xcode.tools.swift.compiler (in target 'ChromaSwift' from project 'ChromaSwift')
cd /Users/admin/builder/spi-builder-workspace/.swiftpm/xcode
builtin-SwiftDriver -- /Applications/Xcode-27.0.0-Release.Candidate.app/Contents/Developer/Toolchains/XcodeDefault.xctoolchain/usr/bin/swiftc -parse-as-library -module-name ChromaSwift -Onone @/Users/admin/builder/spi-builder-workspace/.derivedData/Build/Intermediates.noindex/ChromaSwift.build/Debug-watchos/ChromaSwift-t.build/Objects-normal/arm64_32/ChromaSwift.SwiftFileList -DSWIFT_PACKAGE -DDEBUG -DSWIFT_MODULE_RESOURCE_BUNDLE_UNAVAILABLE -Xcc -fmodule-map-file\=/Users/admin/builder/spi-builder-workspace/.derivedData/Build/Intermediates.noindex/GeneratedModuleMaps-watchos/CChromaprint.modulemap -DXcode -plugin-path /Applications/Xcode-27.0.0-Release.Candidate.app/Contents/Developer/Toolchains/XcodeDefault.xctoolchain/usr/lib/swift/host/plugins/testing -enable-experimental-feature DebugDescriptionMacro -sdk /Applications/Xcode-27.0.0-Release.Candidate.app/Contents/Developer/Platforms/WatchOS.platform/Developer/SDKs/WatchOS27.0.sdk -target arm64_32-apple-watchos9.0 -g -module-cache-path /Users/admin/builder/spi-builder-workspace/.derivedData/ModuleCache.noindex -Xfrontend -serialize-debugging-options -profile-coverage-mapping -profile-generate -enable-testing -index-store-path /Users/admin/builder/spi-builder-workspace/.derivedData/Index.noindex/DataStore -Xcc -D_LIBCPP_HARDENING_MODE\=_LIBCPP_HARDENING_MODE_DEBUG -swift-version 6 -I /Users/admin/builder/spi-builder-workspace/.derivedData/Build/Products/Debug-watchos -Isystem /Applications/Xcode-27.0.0-Release.Candidate.app/Contents/Developer/Platforms/WatchOS.platform/Developer/usr/lib -F /Users/admin/builder/spi-builder-workspace/.derivedData/Build/Products/Debug-watchos/PackageFrameworks -F /Users/admin/builder/spi-builder-workspace/.derivedData/Build/Products/Debug-watchos -F /Applications/Xcode-27.0.0-Release.Candidate.app/Contents/Developer/Platforms/WatchOS.platform/Developer/Library/Frameworks -F /Applications/Xcode-27.0.0-Release.Candidate.app/Contents/Developer/Platforms/WatchOS.platform/Developer/SDKs/WatchOS27.0.sdk/Developer/Library/Frameworks -c -j10 -enable-batch-mode -incremental -Xcc -ivfsstatcache -Xcc /Users/admin/builder/spi-builder-workspace/.derivedData/SDKStatCaches.noindex/watchos27.0-24R360-e829b21a6f8c9b70876ba0858053c04477534ef55a1706bf4c1112bbb242f0a2.sdkstatcache -output-file-map /Users/admin/builder/spi-builder-workspace/.derivedData/Build/Intermediates.noindex/ChromaSwift.build/Debug-watchos/ChromaSwift-t.build/Objects-normal/arm64_32/ChromaSwift-OutputFileMap.json -save-temps -no-color-diagnostics -explicit-module-build -module-cache-path /Users/admin/builder/spi-builder-workspace/.derivedData/Build/Intermediates.noindex/SwiftExplicitPrecompiledModules -clang-scanner-module-cache-path /Users/admin/builder/spi-builder-workspace/.derivedData/ModuleCache.noindex -sdk-module-cache-path /Users/admin/builder/spi-builder-workspace/.derivedData/SDKExplicitPrecompiledModules -emit-dependencies -emit-module -emit-module-path /Users/admin/builder/spi-builder-workspace/.derivedData/Build/Intermediates.noindex/ChromaSwift.build/Debug-watchos/ChromaSwift-t.build/Objects-normal/arm64_32/ChromaSwift.swiftmodule -serialize-diagnostics -dependency-scan-serialize-diagnostics-path /Users/admin/builder/spi-builder-workspace/.derivedData/Build/Intermediates.noindex/ChromaSwift.build/Debug-watchos/ChromaSwift-t.build/Objects-normal/arm64_32/ChromaSwift-dependency-scan.dia -validate-clang-modules-once -clang-build-session-file /Users/admin/builder/spi-builder-workspace/.derivedData/ModuleCache.noindex/Session.modulevalidation -Xcc -fmodules-prune-interval\=86400 -Xcc -fmodules-prune-after\=345600 -package-name spi_builder_workspace -emit-const-values -const-gather-protocols-list /Users/admin/builder/spi-builder-workspace/.derivedData/Build/Intermediates.noindex/ChromaSwift.build/Debug-watchos/ChromaSwift-t.build/Objects-normal/arm64_32/ChromaSwift_const_extract_protocols.json -Xcc -I/Users/admin/builder/spi-builder-workspace/Sources/CChromaprint/include -Xcc -I/Users/admin/builder/spi-builder-workspace/.derivedData/Build/Products/Debug-watchos/include -Xcc -I/Users/admin/builder/spi-builder-workspace/.derivedData/Build/Intermediates.noindex/ChromaSwift.build/Debug-watchos/ChromaSwift-t.build/DerivedSources-normal/arm64_32 -Xcc -I/Users/admin/builder/spi-builder-workspace/.derivedData/Build/Intermediates.noindex/ChromaSwift.build/Debug-watchos/ChromaSwift-t.build/DerivedSources/arm64_32 -Xcc -I/Users/admin/builder/spi-builder-workspace/.derivedData/Build/Intermediates.noindex/ChromaSwift.build/Debug-watchos/ChromaSwift-t.build/DerivedSources -Xcc -DSWIFT_PACKAGE -Xcc -DDEBUG\=1 -emit-objc-header -emit-objc-header-path /Users/admin/builder/spi-builder-workspace/.derivedData/Build/Intermediates.noindex/ChromaSwift.build/Debug-watchos/ChromaSwift-t.build/Objects-normal/arm64_32/ChromaSwift-Swift.h -working-directory /Users/admin/builder/spi-builder-workspace/.swiftpm/xcode -experimental-emit-module-separately -disable-cmo
SwiftCompile normal arm64_32 Compiling\ AudioDecoder.swift /Users/admin/builder/spi-builder-workspace/Sources/ChromaSwift/AudioDecoder.swift (in target 'ChromaSwift' from project 'ChromaSwift')
/Users/admin/builder/spi-builder-workspace/Sources/ChromaSwift/AudioDecoder.swift:19:21: error: 'AVAssetReader' is unavailable in watchOS
17 | static func feed(into context: OpaquePointer, from url: URL, maxSampleDuration: Double?) throws -> Double {
18 | let asset = AVURLAsset(url: url)
19 | let reader: AVAssetReader
| `- error: 'AVAssetReader' is unavailable in watchOS
20 |
21 | do {
/Applications/Xcode-27.0.0-Release.Candidate.app/Contents/Developer/Platforms/WatchOS.platform/Developer/SDKs/WatchOS27.0.sdk/System/Library/Frameworks/AVFoundation.framework/Headers/AVAssetReader.h:63:12: note: 'AVAssetReader' has been explicitly marked unavailable here
61 | NS_SWIFT_NONSENDABLE
62 | API_AVAILABLE(macos(10.7), ios(4.1), tvos(9.0), visionos(1.0)) API_UNAVAILABLE(watchos)
63 | @interface AVAssetReader : NSObject
| `- note: 'AVAssetReader' has been explicitly marked unavailable here
64 | {
65 | @private
/Users/admin/builder/spi-builder-workspace/Sources/ChromaSwift/AudioDecoder.swift:22:26: error: 'AVAssetReader' is unavailable in watchOS
20 |
21 | do {
22 | reader = try AVAssetReader(asset: asset)
| `- error: 'AVAssetReader' is unavailable in watchOS
23 | } catch {
24 | throw Error.invalidFile
/Applications/Xcode-27.0.0-Release.Candidate.app/Contents/Developer/Platforms/WatchOS.platform/Developer/SDKs/WatchOS27.0.sdk/System/Library/Frameworks/AVFoundation.framework/Headers/AVAssetReader.h:63:12: note: 'AVAssetReader' has been explicitly marked unavailable here
61 | NS_SWIFT_NONSENDABLE
62 | API_AVAILABLE(macos(10.7), ios(4.1), tvos(9.0), visionos(1.0)) API_UNAVAILABLE(watchos)
63 | @interface AVAssetReader : NSObject
| `- note: 'AVAssetReader' has been explicitly marked unavailable here
64 | {
65 | @private
/Users/admin/builder/spi-builder-workspace/Sources/ChromaSwift/AudioDecoder.swift:27:33: warning: 'tracks(withMediaType:)' was deprecated in watchOS 9.0: Use loadTracks(withMediaType:) instead [#DeprecatedDeclaration]
25 | }
26 |
27 | let audioTracks = asset.tracks(withMediaType: .audio)
| `- warning: 'tracks(withMediaType:)' was deprecated in watchOS 9.0: Use loadTracks(withMediaType:) instead [#DeprecatedDeclaration]
28 | if audioTracks.isEmpty {
29 | throw Error.noValidAudioTracks
/Users/admin/builder/spi-builder-workspace/Sources/ChromaSwift/AudioDecoder.swift:33:40: warning: 'timeRange' was deprecated in watchOS 9.0: Use load(.timeRange) instead [#DeprecatedDeclaration]
31 | let audioTrack = audioTracks.first!
32 |
33 | let totalDuration = audioTrack.timeRange.duration.seconds
| `- warning: 'timeRange' was deprecated in watchOS 9.0: Use load(.timeRange) instead [#DeprecatedDeclaration]
34 | reader.timeRange = audioTrack.timeRange
35 |
/Users/admin/builder/spi-builder-workspace/Sources/ChromaSwift/AudioDecoder.swift:34:39: warning: 'timeRange' was deprecated in watchOS 9.0: Use load(.timeRange) instead [#DeprecatedDeclaration]
32 |
33 | let totalDuration = audioTrack.timeRange.duration.seconds
34 | reader.timeRange = audioTrack.timeRange
| `- warning: 'timeRange' was deprecated in watchOS 9.0: Use load(.timeRange) instead [#DeprecatedDeclaration]
35 |
36 | if let maxSampleDuration = maxSampleDuration {
/Users/admin/builder/spi-builder-workspace/Sources/ChromaSwift/AudioDecoder.swift:41:102: warning: 'naturalTimeScale' was deprecated in watchOS 9.0: Use load(.naturalTimeScale) instead [#DeprecatedDeclaration]
39 | }
40 | if maxSampleDuration < totalDuration {
41 | let readDuration = CMTime(seconds: maxSampleDuration, preferredTimescale: audioTrack.naturalTimeScale)
| `- warning: 'naturalTimeScale' was deprecated in watchOS 9.0: Use load(.naturalTimeScale) instead [#DeprecatedDeclaration]
42 | reader.timeRange = CMTimeRange(start: audioTrack.timeRange.start, duration: readDuration)
43 | }
/Users/admin/builder/spi-builder-workspace/Sources/ChromaSwift/AudioDecoder.swift:42:66: warning: 'timeRange' was deprecated in watchOS 9.0: Use load(.timeRange) instead [#DeprecatedDeclaration]
40 | if maxSampleDuration < totalDuration {
41 | let readDuration = CMTime(seconds: maxSampleDuration, preferredTimescale: audioTrack.naturalTimeScale)
42 | reader.timeRange = CMTimeRange(start: audioTrack.timeRange.start, duration: readDuration)
| `- warning: 'timeRange' was deprecated in watchOS 9.0: Use load(.timeRange) instead [#DeprecatedDeclaration]
43 | }
44 | }
/Users/admin/builder/spi-builder-workspace/Sources/ChromaSwift/AudioDecoder.swift:57:27: error: 'AVAssetReaderTrackOutput' is unavailable in watchOS
55 | AVLinearPCMIsNonInterleaved: false
56 | ]
57 | let trackOutput = AVAssetReaderTrackOutput(track: audioTrack, outputSettings: outputSettings)
| `- error: 'AVAssetReaderTrackOutput' is unavailable in watchOS
58 |
59 | if chromaprint_start(context, sampleRate, channels) != 1 {
/Applications/Xcode-27.0.0-Release.Candidate.app/Contents/Developer/Platforms/WatchOS.platform/Developer/SDKs/WatchOS27.0.sdk/System/Library/Frameworks/AVFoundation.framework/Headers/AVAssetReaderOutput.h:203:12: note: 'AVAssetReaderTrackOutput' has been explicitly marked unavailable here
201 | */
202 | API_AVAILABLE(macos(10.7), ios(4.1), tvos(9.0), visionos(1.0)) API_UNAVAILABLE(watchos)
203 | @interface AVAssetReaderTrackOutput : AVAssetReaderOutput
| `- note: 'AVAssetReaderTrackOutput' has been explicitly marked unavailable here
204 | {
205 | @private
/Users/admin/builder/spi-builder-workspace/Sources/ChromaSwift/AudioDecoder.swift:63:16: error: 'add' is unavailable in watchOS
61 | }
62 |
63 | reader.add(trackOutput)
| `- error: 'add' is unavailable in watchOS
64 | if !reader.startReading() {
65 | throw Error.decodingFailed
/Applications/Xcode-27.0.0-Release.Candidate.app/Contents/Developer/Platforms/WatchOS.platform/Developer/SDKs/WatchOS27.0.sdk/System/Library/Frameworks/AVFoundation.framework/Headers/AVAssetReader.h:181:1: note: 'add' has been explicitly marked unavailable here
179 | This method throws an exception if the output has already been added to an AVAssetReader or if reading has started (`status` has progressed beyond AVAssetReaderStatusUnknown).
180 | */
181 | - (void)addOutput:(AVAssetReaderOutput *)output
| `- note: 'add' has been explicitly marked unavailable here
182 | #if __swift__
183 | API_DEPRECATED("Use the appropriate AVAssetReader.outputProvider(for:...) overload for your output and optional adaptor instead", macos(10.7, 27.0), ios(4.1, 27.0), tvos(9.0, 27.0), visionos(1.0, 27.0))
/Users/admin/builder/spi-builder-workspace/Sources/ChromaSwift/AudioDecoder.swift:64:20: error: 'startReading()' is unavailable in watchOS
62 |
63 | reader.add(trackOutput)
64 | if !reader.startReading() {
| `- error: 'startReading()' is unavailable in watchOS
65 | throw Error.decodingFailed
66 | }
/Applications/Xcode-27.0.0-Release.Candidate.app/Contents/Developer/Platforms/WatchOS.platform/Developer/SDKs/WatchOS27.0.sdk/System/Library/Frameworks/AVFoundation.framework/Headers/AVAssetReader.h:205:1: note: 'startReading()' has been explicitly marked unavailable here
203 | This method throws an exception if reading has already started (`status` has progressed beyond AVAssetReaderStatusUnknown).
204 | */
205 | - (BOOL)startReading
| `- note: 'startReading()' has been explicitly marked unavailable here
206 | #if __swift__
207 | API_DEPRECATED("Use start() instead", macos(10.7, 27.0), ios(4.1, 27.0), tvos(9.0, 27.0), visionos(1.0, 27.0))
/Users/admin/builder/spi-builder-workspace/Sources/ChromaSwift/AudioDecoder.swift:69:47: error: 'copyNextSampleBuffer()' is unavailable in watchOS
67 |
68 | while reader.status == .reading {
69 | if let sampleBuffer = trackOutput.copyNextSampleBuffer() {
| `- error: 'copyNextSampleBuffer()' is unavailable in watchOS
70 | if let blockBuffer = CMSampleBufferGetDataBuffer(sampleBuffer) {
71 | let bufferLength = CMBlockBufferGetDataLength(blockBuffer)
/Applications/Xcode-27.0.0-Release.Candidate.app/Contents/Developer/Platforms/WatchOS.platform/Developer/SDKs/WatchOS27.0.sdk/System/Library/Frameworks/AVFoundation.framework/Headers/AVAssetReaderOutput.h:97:1: note: 'copyNextSampleBuffer()' has been explicitly marked unavailable here
95 | This method throws an exception if this output is not added to an instance of AVAssetReader (using -addOutput:) and -startReading is not called on that asset reader.
96 | */
97 | - (nullable CMSampleBufferRef)copyNextSampleBuffer CF_RETURNS_RETAINED
| `- note: 'copyNextSampleBuffer()' has been explicitly marked unavailable here
98 | #if __swift__
99 | API_DEPRECATED("Use AVAssetReaderOutput.Provider.next() instead", macos(10.7, 27.0), ios(4.1, 27.0), tvos(9.0, 27.0), visionos(1.0, 27.0))
[#DeprecatedDeclaration]: <https://docs.swift.org/compiler/documentation/diagnostics/deprecated-declaration>
Failed frontend command:
SwiftCompile normal arm64_32 /Users/admin/builder/spi-builder-workspace/Sources/ChromaSwift/AudioDecoder.swift (in target 'ChromaSwift' from project 'ChromaSwift')
cd /Users/admin/builder/spi-builder-workspace/.swiftpm/xcode
builtin-SwiftPerFileCompile AudioDecoder.swift
/Applications/Xcode-27.0.0-Release.Candidate.app/Contents/Developer/Toolchains/XcodeDefault.xctoolchain/usr/bin/swift-frontend -frontend -c /Users/admin/builder/spi-builder-workspace/Sources/ChromaSwift/AcoustID.swift -primary-file /Users/admin/builder/spi-builder-workspace/Sources/ChromaSwift/AudioDecoder.swift /Users/admin/builder/spi-builder-workspace/Sources/ChromaSwift/AudioFingerprint.swift /Users/admin/builder/spi-builder-workspace/Sources/ChromaSwift/URLSessionProtocol.swift -emit-dependencies-path /Users/admin/builder/spi-builder-workspace/.derivedData/Build/Intermediates.noindex/ChromaSwift.build/Debug-watchos/ChromaSwift-t.build/Objects-normal/arm64_32/AudioDecoder.d -emit-const-values-path /Users/admin/builder/spi-builder-workspace/.derivedData/Build/Intermediates.noindex/ChromaSwift.build/Debug-watchos/ChromaSwift-t.build/Objects-normal/arm64_32/AudioDecoder.swiftconstvalues -emit-reference-dependencies-path /Users/admin/builder/spi-builder-workspace/.derivedData/Build/Intermediates.noindex/ChromaSwift.build/Debug-watchos/ChromaSwift-t.build/Objects-normal/arm64_32/AudioDecoder.swiftdeps -serialize-diagnostics-path /Users/admin/builder/spi-builder-workspace/.derivedData/Build/Intermediates.noindex/ChromaSwift.build/Debug-watchos/ChromaSwift-t.build/Objects-normal/arm64_32/AudioDecoder.dia -target arm64_32-apple-watchos9.0 -disable-cross-import-overlay-search -load-resolved-plugin /Applications/Xcode-27.0.0-Release.Candidate.app/Contents/Developer/Platforms/WatchOS.platform/Developer/usr/lib/swift/host/plugins/libFoundationMacros.dylib\#/Applications/Xcode-27.0.0-Release.Candidate.app/Contents/Developer/Platforms/WatchOS.platform/Developer/usr/bin/swift-plugin-server\#FoundationMacros -load-resolved-plugin /Applications/Xcode-27.0.0-Release.Candidate.app/Contents/Developer/Platforms/WatchOS.platform/Developer/usr/lib/swift/host/plugins/libObservationMacros.dylib\#/Applications/Xcode-27.0.0-Release.Candidate.app/Contents/Developer/Platforms/WatchOS.platform/Developer/usr/bin/swift-plugin-server\#ObservationMacros -load-resolved-plugin /Applications/Xcode-27.0.0-Release.Candidate.app/Contents/Developer/Platforms/WatchOS.platform/Developer/usr/lib/swift/host/plugins/libSwiftMacros.dylib\#/Applications/Xcode-27.0.0-Release.Candidate.app/Contents/Developer/Platforms/WatchOS.platform/Developer/usr/bin/swift-plugin-server\#SwiftMacros -disable-implicit-swift-modules -Xcc -fno-implicit-modules -Xcc -fno-implicit-module-maps -explicit-swift-module-map-file /Users/admin/builder/spi-builder-workspace/.derivedData/Build/Intermediates.noindex/ChromaSwift.build/Debug-watchos/ChromaSwift-t.build/Objects-normal/arm64_32/ChromaSwift-dependencies-1.json -enable-objc-interop -sdk /Applications/Xcode-27.0.0-Release.Candidate.app/Contents/Developer/Platforms/WatchOS.platform/Developer/SDKs/WatchOS27.0.sdk -I /Users/admin/builder/spi-builder-workspace/.derivedData/Build/Products/Debug-watchos -Isystem /Applications/Xcode-27.0.0-Release.Candidate.app/Contents/Developer/Platforms/WatchOS.platform/Developer/usr/lib -F /Users/admin/builder/spi-builder-workspace/.derivedData/Build/Products/Debug-watchos/PackageFrameworks -F /Users/admin/builder/spi-builder-workspace/.derivedData/Build/Products/Debug-watchos -F /Applications/Xcode-27.0.0-Release.Candidate.app/Contents/Developer/Platforms/WatchOS.platform/Developer/Library/Frameworks -F /Applications/Xcode-27.0.0-Release.Candidate.app/Contents/Developer/Platforms/WatchOS.platform/Developer/SDKs/WatchOS27.0.sdk/Developer/Library/Frameworks -module-cache-path /Users/admin/builder/spi-builder-workspace/.derivedData/Build/Intermediates.noindex/SwiftExplicitPrecompiledModules -no-color-diagnostics -Xcc -fno-color-diagnostics -enable-testing -g -debug-info-format\=dwarf -dwarf-version\=4 -profile-generate -profile-coverage-mapping -swift-version 6 -Onone -D SWIFT_PACKAGE -D DEBUG -D SWIFT_MODULE_RESOURCE_BUNDLE_UNAVAILABLE -D Xcode -serialize-debugging-options -enable-experimental-feature DebugDescriptionMacro -empty-abi-descriptor -validate-clang-modules-once -clang-build-session-file /Users/admin/builder/spi-builder-workspace/.derivedData/ModuleCache.noindex/Session.modulevalidation -Xcc -working-directory -Xcc /Users/admin/builder/spi-builder-workspace/.swiftpm/xcode -enable-anonymous-context-mangled-names -file-compilation-dir /Users/admin/builder/spi-builder-workspace/.swiftpm/xcode -Xcc -fmodule-map-file\=/Users/admin/builder/spi-builder-workspace/.derivedData/Build/Intermediates.noindex/GeneratedModuleMaps-watchos/CChromaprint.modulemap -Xcc -D_LIBCPP_HARDENING_MODE\=_LIBCPP_HARDENING_MODE_DEBUG -Xcc -ivfsstatcache -Xcc /Users/admin/builder/spi-builder-workspace/.derivedData/SDKStatCaches.noindex/watchos27.0-24R360-e829b21a6f8c9b70876ba0858053c04477534ef55a1706bf4c1112bbb242f0a2.sdkstatcache -Xcc -fmodules-prune-interval\=86400 -Xcc -fmodules-prune-after\=345600 -Xcc -I/Users/admin/builder/spi-builder-workspace/Sources/CChromaprint/include -Xcc -I/Users/admin/builder/spi-builder-workspace/.derivedData/Build/Products/Debug-watchos/include -Xcc -I/Users/admin/builder/spi-builder-workspace/.derivedData/Build/Intermediates.noindex/ChromaSwift.build/Debug-watchos/ChromaSwift-t.build/DerivedSources-normal/arm64_32 -Xcc -I/Users/admin/builder/spi-builder-workspace/.derivedData/Build/Intermediates.noindex/ChromaSwift.build/Debug-watchos/ChromaSwift-t.build/DerivedSources/arm64_32 -Xcc -I/Users/admin/builder/spi-builder-workspace/.derivedData/Build/Intermediates.noindex/ChromaSwift.build/Debug-watchos/ChromaSwift-t.build/DerivedSources -Xcc -DSWIFT_PACKAGE -Xcc -DDEBUG\=1 -no-auto-bridging-header-chaining -module-name ChromaSwift -package-name spi_builder_workspace -const-gather-protocols-file /Users/admin/builder/spi-builder-workspace/.derivedData/Build/Intermediates.noindex/ChromaSwift.build/Debug-watchos/ChromaSwift-t.build/Objects-normal/arm64_32/ChromaSwift_const_extract_protocols.json -disable-clang-spi -clang-target arm64_32-apple-watchos27.0 -target-sdk-version 27.0 -target-sdk-name watchos27.0 -in-process-plugin-server-path /Applications/Xcode-27.0.0-Release.Candidate.app/Contents/Developer/Toolchains/XcodeDefault.xctoolchain/usr/lib/swift/host/libSwiftInProcPluginServer.dylib -parse-as-library -o /Users/admin/builder/spi-builder-workspace/.derivedData/Build/Intermediates.noindex/ChromaSwift.build/Debug-watchos/ChromaSwift-t.build/Objects-normal/arm64_32/AudioDecoder.o -debug-module-path /Users/admin/builder/spi-builder-workspace/.derivedData/Build/Intermediates.noindex/ChromaSwift.build/Debug-watchos/ChromaSwift-t.build/Objects-normal/arm64_32/ChromaSwift.swiftmodule -index-unit-output-path /ChromaSwift.build/Debug-watchos/ChromaSwift-t.build/Objects-normal/arm64_32/AudioDecoder.o -index-store-path /Users/admin/builder/spi-builder-workspace/.derivedData/Index.noindex/DataStore -index-system-modules
SwiftEmitModule normal arm64_32 Emitting\ module\ for\ ChromaSwift (in target 'ChromaSwift' from project 'ChromaSwift')
SwiftCompile normal arm64_32 (in target 'ChromaSwift' from project 'ChromaSwift')
cd /Users/admin/builder/spi-builder-workspace/.swiftpm/xcode
SwiftEmitModule normal arm64 Emitting\ module\ for\ ChromaSwift (in target 'ChromaSwift' from project 'ChromaSwift')
SwiftCompile normal arm64 (in target 'ChromaSwift' from project 'ChromaSwift')
cd /Users/admin/builder/spi-builder-workspace/.swiftpm/xcode
SwiftCompile normal arm64 Compiling\ AudioDecoder.swift /Users/admin/builder/spi-builder-workspace/Sources/ChromaSwift/AudioDecoder.swift (in target 'ChromaSwift' from project 'ChromaSwift')
/Users/admin/builder/spi-builder-workspace/Sources/ChromaSwift/AudioDecoder.swift:19:21: error: 'AVAssetReader' is unavailable in watchOS
17 | static func feed(into context: OpaquePointer, from url: URL, maxSampleDuration: Double?) throws -> Double {
18 | let asset = AVURLAsset(url: url)
19 | let reader: AVAssetReader
| `- error: 'AVAssetReader' is unavailable in watchOS
20 |
21 | do {
/Applications/Xcode-27.0.0-Release.Candidate.app/Contents/Developer/Platforms/WatchOS.platform/Developer/SDKs/WatchOS27.0.sdk/System/Library/Frameworks/AVFoundation.framework/Headers/AVAssetReader.h:63:12: note: 'AVAssetReader' has been explicitly marked unavailable here
61 | NS_SWIFT_NONSENDABLE
62 | API_AVAILABLE(macos(10.7), ios(4.1), tvos(9.0), visionos(1.0)) API_UNAVAILABLE(watchos)
63 | @interface AVAssetReader : NSObject
| `- note: 'AVAssetReader' has been explicitly marked unavailable here
64 | {
65 | @private
/Users/admin/builder/spi-builder-workspace/Sources/ChromaSwift/AudioDecoder.swift:22:26: error: 'AVAssetReader' is unavailable in watchOS
20 |
21 | do {
22 | reader = try AVAssetReader(asset: asset)
| `- error: 'AVAssetReader' is unavailable in watchOS
23 | } catch {
24 | throw Error.invalidFile
/Applications/Xcode-27.0.0-Release.Candidate.app/Contents/Developer/Platforms/WatchOS.platform/Developer/SDKs/WatchOS27.0.sdk/System/Library/Frameworks/AVFoundation.framework/Headers/AVAssetReader.h:63:12: note: 'AVAssetReader' has been explicitly marked unavailable here
61 | NS_SWIFT_NONSENDABLE
62 | API_AVAILABLE(macos(10.7), ios(4.1), tvos(9.0), visionos(1.0)) API_UNAVAILABLE(watchos)
63 | @interface AVAssetReader : NSObject
| `- note: 'AVAssetReader' has been explicitly marked unavailable here
64 | {
65 | @private
/Users/admin/builder/spi-builder-workspace/Sources/ChromaSwift/AudioDecoder.swift:27:33: warning: 'tracks(withMediaType:)' was deprecated in watchOS 9.0: Use loadTracks(withMediaType:) instead [#DeprecatedDeclaration]
25 | }
26 |
27 | let audioTracks = asset.tracks(withMediaType: .audio)
| `- warning: 'tracks(withMediaType:)' was deprecated in watchOS 9.0: Use loadTracks(withMediaType:) instead [#DeprecatedDeclaration]
28 | if audioTracks.isEmpty {
29 | throw Error.noValidAudioTracks
/Users/admin/builder/spi-builder-workspace/Sources/ChromaSwift/AudioDecoder.swift:33:40: warning: 'timeRange' was deprecated in watchOS 9.0: Use load(.timeRange) instead [#DeprecatedDeclaration]
31 | let audioTrack = audioTracks.first!
32 |
33 | let totalDuration = audioTrack.timeRange.duration.seconds
| `- warning: 'timeRange' was deprecated in watchOS 9.0: Use load(.timeRange) instead [#DeprecatedDeclaration]
34 | reader.timeRange = audioTrack.timeRange
35 |
/Users/admin/builder/spi-builder-workspace/Sources/ChromaSwift/AudioDecoder.swift:34:39: warning: 'timeRange' was deprecated in watchOS 9.0: Use load(.timeRange) instead [#DeprecatedDeclaration]
32 |
33 | let totalDuration = audioTrack.timeRange.duration.seconds
34 | reader.timeRange = audioTrack.timeRange
| `- warning: 'timeRange' was deprecated in watchOS 9.0: Use load(.timeRange) instead [#DeprecatedDeclaration]
35 |
36 | if let maxSampleDuration = maxSampleDuration {
/Users/admin/builder/spi-builder-workspace/Sources/ChromaSwift/AudioDecoder.swift:41:102: warning: 'naturalTimeScale' was deprecated in watchOS 9.0: Use load(.naturalTimeScale) instead [#DeprecatedDeclaration]
39 | }
40 | if maxSampleDuration < totalDuration {
41 | let readDuration = CMTime(seconds: maxSampleDuration, preferredTimescale: audioTrack.naturalTimeScale)
| `- warning: 'naturalTimeScale' was deprecated in watchOS 9.0: Use load(.naturalTimeScale) instead [#DeprecatedDeclaration]
42 | reader.timeRange = CMTimeRange(start: audioTrack.timeRange.start, duration: readDuration)
43 | }
/Users/admin/builder/spi-builder-workspace/Sources/ChromaSwift/AudioDecoder.swift:42:66: warning: 'timeRange' was deprecated in watchOS 9.0: Use load(.timeRange) instead [#DeprecatedDeclaration]
40 | if maxSampleDuration < totalDuration {
41 | let readDuration = CMTime(seconds: maxSampleDuration, preferredTimescale: audioTrack.naturalTimeScale)
42 | reader.timeRange = CMTimeRange(start: audioTrack.timeRange.start, duration: readDuration)
| `- warning: 'timeRange' was deprecated in watchOS 9.0: Use load(.timeRange) instead [#DeprecatedDeclaration]
43 | }
44 | }
/Users/admin/builder/spi-builder-workspace/Sources/ChromaSwift/AudioDecoder.swift:57:27: error: 'AVAssetReaderTrackOutput' is unavailable in watchOS
55 | AVLinearPCMIsNonInterleaved: false
56 | ]
57 | let trackOutput = AVAssetReaderTrackOutput(track: audioTrack, outputSettings: outputSettings)
| `- error: 'AVAssetReaderTrackOutput' is unavailable in watchOS
58 |
59 | if chromaprint_start(context, sampleRate, channels) != 1 {
/Applications/Xcode-27.0.0-Release.Candidate.app/Contents/Developer/Platforms/WatchOS.platform/Developer/SDKs/WatchOS27.0.sdk/System/Library/Frameworks/AVFoundation.framework/Headers/AVAssetReaderOutput.h:203:12: note: 'AVAssetReaderTrackOutput' has been explicitly marked unavailable here
201 | */
202 | API_AVAILABLE(macos(10.7), ios(4.1), tvos(9.0), visionos(1.0)) API_UNAVAILABLE(watchos)
203 | @interface AVAssetReaderTrackOutput : AVAssetReaderOutput
| `- note: 'AVAssetReaderTrackOutput' has been explicitly marked unavailable here
204 | {
205 | @private
/Users/admin/builder/spi-builder-workspace/Sources/ChromaSwift/AudioDecoder.swift:63:16: error: 'add' is unavailable in watchOS
61 | }
62 |
63 | reader.add(trackOutput)
| `- error: 'add' is unavailable in watchOS
64 | if !reader.startReading() {
65 | throw Error.decodingFailed
/Applications/Xcode-27.0.0-Release.Candidate.app/Contents/Developer/Platforms/WatchOS.platform/Developer/SDKs/WatchOS27.0.sdk/System/Library/Frameworks/AVFoundation.framework/Headers/AVAssetReader.h:181:1: note: 'add' has been explicitly marked unavailable here
179 | This method throws an exception if the output has already been added to an AVAssetReader or if reading has started (`status` has progressed beyond AVAssetReaderStatusUnknown).
180 | */
181 | - (void)addOutput:(AVAssetReaderOutput *)output
| `- note: 'add' has been explicitly marked unavailable here
182 | #if __swift__
183 | API_DEPRECATED("Use the appropriate AVAssetReader.outputProvider(for:...) overload for your output and optional adaptor instead", macos(10.7, 27.0), ios(4.1, 27.0), tvos(9.0, 27.0), visionos(1.0, 27.0))
/Users/admin/builder/spi-builder-workspace/Sources/ChromaSwift/AudioDecoder.swift:64:20: error: 'startReading()' is unavailable in watchOS
62 |
63 | reader.add(trackOutput)
64 | if !reader.startReading() {
| `- error: 'startReading()' is unavailable in watchOS
65 | throw Error.decodingFailed
66 | }
/Applications/Xcode-27.0.0-Release.Candidate.app/Contents/Developer/Platforms/WatchOS.platform/Developer/SDKs/WatchOS27.0.sdk/System/Library/Frameworks/AVFoundation.framework/Headers/AVAssetReader.h:205:1: note: 'startReading()' has been explicitly marked unavailable here
203 | This method throws an exception if reading has already started (`status` has progressed beyond AVAssetReaderStatusUnknown).
204 | */
205 | - (BOOL)startReading
| `- note: 'startReading()' has been explicitly marked unavailable here
206 | #if __swift__
207 | API_DEPRECATED("Use start() instead", macos(10.7, 27.0), ios(4.1, 27.0), tvos(9.0, 27.0), visionos(1.0, 27.0))
/Users/admin/builder/spi-builder-workspace/Sources/ChromaSwift/AudioDecoder.swift:69:47: error: 'copyNextSampleBuffer()' is unavailable in watchOS
67 |
68 | while reader.status == .reading {
69 | if let sampleBuffer = trackOutput.copyNextSampleBuffer() {
| `- error: 'copyNextSampleBuffer()' is unavailable in watchOS
70 | if let blockBuffer = CMSampleBufferGetDataBuffer(sampleBuffer) {
71 | let bufferLength = CMBlockBufferGetDataLength(blockBuffer)
/Applications/Xcode-27.0.0-Release.Candidate.app/Contents/Developer/Platforms/WatchOS.platform/Developer/SDKs/WatchOS27.0.sdk/System/Library/Frameworks/AVFoundation.framework/Headers/AVAssetReaderOutput.h:97:1: note: 'copyNextSampleBuffer()' has been explicitly marked unavailable here
95 | This method throws an exception if this output is not added to an instance of AVAssetReader (using -addOutput:) and -startReading is not called on that asset reader.
96 | */
97 | - (nullable CMSampleBufferRef)copyNextSampleBuffer CF_RETURNS_RETAINED
| `- note: 'copyNextSampleBuffer()' has been explicitly marked unavailable here
98 | #if __swift__
99 | API_DEPRECATED("Use AVAssetReaderOutput.Provider.next() instead", macos(10.7, 27.0), ios(4.1, 27.0), tvos(9.0, 27.0), visionos(1.0, 27.0))
[#DeprecatedDeclaration]: <https://docs.swift.org/compiler/documentation/diagnostics/deprecated-declaration>
Failed frontend command:
/Applications/Xcode-27.0.0-Release.Candidate.app/Contents/Developer/Toolchains/XcodeDefault.xctoolchain/usr/bin/swift-frontend -frontend -c /Users/admin/builder/spi-builder-workspace/Sources/ChromaSwift/AcoustID.swift -primary-file /Users/admin/builder/spi-builder-workspace/Sources/ChromaSwift/AudioDecoder.swift /Users/admin/builder/spi-builder-workspace/Sources/ChromaSwift/AudioFingerprint.swift /Users/admin/builder/spi-builder-workspace/Sources/ChromaSwift/URLSessionProtocol.swift -emit-dependencies-path /Users/admin/builder/spi-builder-workspace/.derivedData/Build/Intermediates.noindex/ChromaSwift.build/Debug-watchos/ChromaSwift-t.build/Objects-normal/arm64/AudioDecoder.d -emit-const-values-path /Users/admin/builder/spi-builder-workspace/.derivedData/Build/Intermediates.noindex/ChromaSwift.build/Debug-watchos/ChromaSwift-t.build/Objects-normal/arm64/AudioDecoder.swiftconstvalues -emit-reference-dependencies-path /Users/admin/builder/spi-builder-workspace/.derivedData/Build/Intermediates.noindex/ChromaSwift.build/Debug-watchos/ChromaSwift-t.build/Objects-normal/arm64/AudioDecoder.swiftdeps -serialize-diagnostics-path /Users/admin/builder/spi-builder-workspace/.derivedData/Build/Intermediates.noindex/ChromaSwift.build/Debug-watchos/ChromaSwift-t.build/Objects-normal/arm64/AudioDecoder.dia -target arm64-apple-watchos9.0 -disable-cross-import-overlay-search -load-resolved-plugin /Applications/Xcode-27.0.0-Release.Candidate.app/Contents/Developer/Platforms/WatchOS.platform/Developer/usr/lib/swift/host/plugins/libFoundationMacros.dylib\#/Applications/Xcode-27.0.0-Release.Candidate.app/Contents/Developer/Platforms/WatchOS.platform/Developer/usr/bin/swift-plugin-server\#FoundationMacros -load-resolved-plugin /Applications/Xcode-27.0.0-Release.Candidate.app/Contents/Developer/Platforms/WatchOS.platform/Developer/usr/lib/swift/host/plugins/libObservationMacros.dylib\#/Applications/Xcode-27.0.0-Release.Candidate.app/Contents/Developer/Platforms/WatchOS.platform/Developer/usr/bin/swift-plugin-server\#ObservationMacros -load-resolved-plugin /Applications/Xcode-27.0.0-Release.Candidate.app/Contents/Developer/Platforms/WatchOS.platform/Developer/usr/lib/swift/host/plugins/libSwiftMacros.dylib\#/Applications/Xcode-27.0.0-Release.Candidate.app/Contents/Developer/Platforms/WatchOS.platform/Developer/usr/bin/swift-plugin-server\#SwiftMacros -disable-implicit-swift-modules -Xcc -fno-implicit-modules -Xcc -fno-implicit-module-maps -explicit-swift-module-map-file /Users/admin/builder/spi-builder-workspace/.derivedData/Build/Intermediates.noindex/ChromaSwift.build/Debug-watchos/ChromaSwift-t.build/Objects-normal/arm64/ChromaSwift-dependencies-2.json -Xllvm -aarch64-use-tbi -enable-objc-interop -stack-check -sdk /Applications/Xcode-27.0.0-Release.Candidate.app/Contents/Developer/Platforms/WatchOS.platform/Developer/SDKs/WatchOS27.0.sdk -I /Users/admin/builder/spi-builder-workspace/.derivedData/Build/Products/Debug-watchos -Isystem /Applications/Xcode-27.0.0-Release.Candidate.app/Contents/Developer/Platforms/WatchOS.platform/Developer/usr/lib -F /Users/admin/builder/spi-builder-workspace/.derivedData/Build/Products/Debug-watchos/PackageFrameworks -F /Users/admin/builder/spi-builder-workspace/.derivedData/Build/Products/Debug-watchos -F /Applications/Xcode-27.0.0-Release.Candidate.app/Contents/Developer/Platforms/WatchOS.platform/Developer/Library/Frameworks -F /Applications/Xcode-27.0.0-Release.Candidate.app/Contents/Developer/Platforms/WatchOS.platform/Developer/SDKs/WatchOS27.0.sdk/Developer/Library/Frameworks -module-cache-path /Users/admin/builder/spi-builder-workspace/.derivedData/Build/Intermediates.noindex/SwiftExplicitPrecompiledModules -no-color-diagnostics -Xcc -fno-color-diagnostics -enable-testing -g -debug-info-format\=dwarf -dwarf-version\=4 -profile-generate -profile-coverage-mapping -swift-version 6 -Onone -D SWIFT_PACKAGE -D DEBUG -D SWIFT_MODULE_RESOURCE_BUNDLE_UNAVAILABLE -D Xcode -serialize-debugging-options -enable-experimental-feature DebugDescriptionMacro -empty-abi-descriptor -validate-clang-modules-once -clang-build-session-file /Users/admin/builder/spi-builder-workspace/.derivedData/ModuleCache.noindex/Session.modulevalidation -Xcc -working-directory -Xcc /Users/admin/builder/spi-builder-workspace/.swiftpm/xcode -enable-anonymous-context-mangled-names -file-compilation-dir /Users/admin/builder/spi-builder-workspace/.swiftpm/xcode -Xcc -fmodule-map-file\=/Users/admin/builder/spi-builder-workspace/.derivedData/Build/Intermediates.noindex/GeneratedModuleMaps-watchos/CChromaprint.modulemap -Xcc -D_LIBCPP_HARDENING_MODE\=_LIBCPP_HARDENING_MODE_DEBUG -Xcc -ivfsstatcache -Xcc /Users/admin/builder/spi-builder-workspace/.derivedData/SDKStatCaches.noindex/watchos27.0-24R360-e829b21a6f8c9b70876ba0858053c04477534ef55a1706bf4c1112bbb242f0a2.sdkstatcache -Xcc -fmodules-prune-interval\=86400 -Xcc -fmodules-prune-after\=345600 -Xcc -I/Users/admin/builder/spi-builder-workspace/Sources/CChromaprint/include -Xcc -I/Users/admin/builder/spi-builder-workspace/.derivedData/Build/Products/Debug-watchos/include -Xcc -I/Users/admin/builder/spi-builder-workspace/.derivedData/Build/Intermediates.noindex/ChromaSwift.build/Debug-watchos/ChromaSwift-t.build/DerivedSources-normal/arm64 -Xcc -I/Users/admin/builder/spi-builder-workspace/.derivedData/Build/Intermediates.noindex/ChromaSwift.build/Debug-watchos/ChromaSwift-t.build/DerivedSources/arm64 -Xcc -I/Users/admin/builder/spi-builder-workspace/.derivedData/Build/Intermediates.noindex/ChromaSwift.build/Debug-watchos/ChromaSwift-t.build/DerivedSources -Xcc -DSWIFT_PACKAGE -Xcc -DDEBUG\=1 -no-auto-bridging-header-chaining -module-name ChromaSwift -package-name spi_builder_workspace -const-gather-protocols-file /Users/admin/builder/spi-builder-workspace/.derivedData/Build/Intermediates.noindex/ChromaSwift.build/Debug-watchos/ChromaSwift-t.build/Objects-normal/arm64/ChromaSwift_const_extract_protocols.json -disable-clang-spi -clang-target arm64-apple-watchos27.0 -target-sdk-version 27.0 -target-sdk-name watchos27.0 -in-process-plugin-server-path /Applications/Xcode-27.0.0-Release.Candidate.app/Contents/Developer/Toolchains/XcodeDefault.xctoolchain/usr/lib/swift/host/libSwiftInProcPluginServer.dylib -parse-as-library -o /Users/admin/builder/spi-builder-workspace/.derivedData/Build/Intermediates.noindex/ChromaSwift.build/Debug-watchos/ChromaSwift-t.build/Objects-normal/arm64/AudioDecoder.o -debug-module-path /Users/admin/builder/spi-builder-workspace/.derivedData/Build/Intermediates.noindex/ChromaSwift.build/Debug-watchos/ChromaSwift-t.build/Objects-normal/arm64/ChromaSwift.swiftmodule -index-unit-output-path /ChromaSwift.build/Debug-watchos/ChromaSwift-t.build/Objects-normal/arm64/AudioDecoder.o -index-store-path /Users/admin/builder/spi-builder-workspace/.derivedData/Index.noindex/DataStore -index-system-modules
SwiftCompile normal arm64 /Users/admin/builder/spi-builder-workspace/Sources/ChromaSwift/AudioDecoder.swift (in target 'ChromaSwift' from project 'ChromaSwift')
cd /Users/admin/builder/spi-builder-workspace/.swiftpm/xcode
builtin-SwiftPerFileCompile AudioDecoder.swift
PruneExplicitPrecompiledModules /Users/admin/builder/spi-builder-workspace/.derivedData/Build/Intermediates.noindex/ExplicitPrecompiledModules
PruneExplicitPrecompiledModules /Users/admin/builder/spi-builder-workspace/.derivedData/SDKExplicitPrecompiledModules
PruneExplicitPrecompiledModules /Users/admin/builder/spi-builder-workspace/.derivedData/Build/Intermediates.noindex/SwiftExplicitPrecompiledModules
2026-09-21 02:35:45.532 xcodebuild[898:4867] [MT] IDERunDestination: Supported platforms for the buildables in the current scheme is empty.
** BUILD FAILED **
The following build commands failed:
SwiftCompile normal arm64_32 /Users/admin/builder/spi-builder-workspace/Sources/ChromaSwift/AudioDecoder.swift (in target 'ChromaSwift' from project 'ChromaSwift')
SwiftCompile normal arm64_32 Compiling\ AudioDecoder.swift /Users/admin/builder/spi-builder-workspace/Sources/ChromaSwift/AudioDecoder.swift (in target 'ChromaSwift' from project 'ChromaSwift')
SwiftCompile normal arm64 Compiling\ AudioDecoder.swift /Users/admin/builder/spi-builder-workspace/Sources/ChromaSwift/AudioDecoder.swift (in target 'ChromaSwift' from project 'ChromaSwift')
SwiftCompile normal arm64 /Users/admin/builder/spi-builder-workspace/Sources/ChromaSwift/AudioDecoder.swift (in target 'ChromaSwift' from project 'ChromaSwift')
Building workspace ChromaSwift with scheme ChromaSwift
(5 failures)
BUILD FAILURE 6.4 watchOS