The Swift Package Index logo.Swift Package Index

Build Information

Failed to build swift-package-factory, reference master (babb16), with Swift 6.4 for watchOS using Xcode 27.0 on 19 Sep 2026 03:28:31 UTC.

Build Command

env DEVELOPER_DIR=/Applications/Xcode-27.0.0-Release.Candidate.app xcrun xcodebuild -IDEClonedSourcePackagesDirPathOverride=$PWD/.dependencies -skipMacroValidation -skipPackagePluginValidation -derivedDataPath $PWD/.derivedData build -scheme swift-package-factory-Package -destination generic/platform=watchOS

Build Log

SwiftDriverJobDiscovery normal arm64_32 Compiling SyntaxExpressibleByStringInterpolationConformances.swift (in target 'SwiftSyntaxBuilder' from project 'SwiftSyntax')
SwiftDriverJobDiscovery normal arm64 Compiling BuildableNodes.swift (in target 'SwiftSyntaxBuilder' from project 'SwiftSyntax')
SwiftDriverJobDiscovery normal arm64_32 Compiling Indenter.swift, ResultBuilderExtensions.swift (in target 'SwiftSyntaxBuilder' from project 'SwiftSyntax')
SwiftCompile normal arm64_32 Compiling\ Transformer.swift /Users/admin/builder/spi-builder-workspace/Sources/Factory/Transformer.swift (in target 'Factory' from project 'swift-package-factory')
SwiftCompile normal arm64_32 /Users/admin/builder/spi-builder-workspace/Sources/Factory/Transformer.swift (in target 'Factory' from project 'swift-package-factory')
    cd /Users/admin/builder/spi-builder-workspace/.swiftpm/xcode
    builtin-SwiftPerFileCompile Transformer.swift
SwiftEmitModule normal arm64_32 Emitting\ module\ for\ Factory (in target 'Factory' from project 'swift-package-factory')
SwiftCompile normal arm64_32 (in target 'Factory' from project 'swift-package-factory')
    cd /Users/admin/builder/spi-builder-workspace/.swiftpm/xcode

SwiftCompile normal arm64_32 Compiling\ Loop.swift /Users/admin/builder/spi-builder-workspace/Sources/Factory/Loop.swift (in target 'Factory' from project 'swift-package-factory')
SwiftCompile normal arm64_32 /Users/admin/builder/spi-builder-workspace/Sources/Factory/Loop.swift (in target 'Factory' from project 'swift-package-factory')
    cd /Users/admin/builder/spi-builder-workspace/.swiftpm/xcode
    builtin-SwiftPerFileCompile Loop.swift
SwiftCompile normal arm64_32 Compiling\ Instantiator.swift /Users/admin/builder/spi-builder-workspace/Sources/Factory/Instantiator.swift (in target 'Factory' from project 'swift-package-factory')
SwiftCompile normal arm64_32 /Users/admin/builder/spi-builder-workspace/Sources/Factory/Instantiator.swift (in target 'Factory' from project 'swift-package-factory')
    cd /Users/admin/builder/spi-builder-workspace/.swiftpm/xcode
    builtin-SwiftPerFileCompile Instantiator.swift
SwiftEmitModule normal arm64 Emitting\ module\ for\ Factory (in target 'Factory' from project 'swift-package-factory')
SwiftCompile normal arm64 (in target 'Factory' from project 'swift-package-factory')
    cd /Users/admin/builder/spi-builder-workspace/.swiftpm/xcode

SwiftDriverJobDiscovery normal arm64 Compiling ResultBuilders.swift (in target 'SwiftSyntaxBuilder' from project 'SwiftSyntax')
SwiftCompile normal arm64 Compiling\ Loop.swift /Users/admin/builder/spi-builder-workspace/Sources/Factory/Loop.swift (in target 'Factory' from project 'swift-package-factory')
SwiftCompile normal arm64 /Users/admin/builder/spi-builder-workspace/Sources/Factory/Loop.swift (in target 'Factory' from project 'swift-package-factory')
    cd /Users/admin/builder/spi-builder-workspace/.swiftpm/xcode
    builtin-SwiftPerFileCompile Loop.swift
SwiftDriverJobDiscovery normal arm64_32 Compiling Loop.swift (in target 'Factory' from project 'swift-package-factory')
SwiftCompile normal arm64 Compiling\ Error.swift /Users/admin/builder/spi-builder-workspace/Sources/Factory/Error.swift (in target 'Factory' from project 'swift-package-factory')
SwiftCompile normal arm64 /Users/admin/builder/spi-builder-workspace/Sources/Factory/Error.swift (in target 'Factory' from project 'swift-package-factory')
    cd /Users/admin/builder/spi-builder-workspace/.swiftpm/xcode
    builtin-SwiftPerFileCompile Error.swift
SwiftCompile normal arm64 Compiling\ LexicalScope.swift /Users/admin/builder/spi-builder-workspace/Sources/Factory/LexicalScope.swift (in target 'Factory' from project 'swift-package-factory')
SwiftCompile normal arm64 /Users/admin/builder/spi-builder-workspace/Sources/Factory/LexicalScope.swift (in target 'Factory' from project 'swift-package-factory')
    cd /Users/admin/builder/spi-builder-workspace/.swiftpm/xcode
    builtin-SwiftPerFileCompile LexicalScope.swift
SwiftDriverJobDiscovery normal arm64_32 Emitting module for Factory (in target 'Factory' from project 'swift-package-factory')
SwiftDriverJobDiscovery normal arm64_32 Compiling ResultBuilders.swift (in target 'SwiftSyntaxBuilder' from project 'SwiftSyntax')
SwiftDriver\ Compilation\ Requirements Factory normal arm64_32 com.apple.xcode.tools.swift.compiler (in target 'Factory' from project 'swift-package-factory')
    cd /Users/admin/builder/spi-builder-workspace/.swiftpm/xcode
    builtin-Swift-Compilation-Requirements -- /Applications/Xcode-27.0.0-Release.Candidate.app/Contents/Developer/Toolchains/XcodeDefault.xctoolchain/usr/bin/swiftc -parse-as-library -module-name Factory -Onone @/Users/admin/builder/spi-builder-workspace/.derivedData/Build/Intermediates.noindex/swift-package-factory.build/Debug-watchos/Factory-t.build/Objects-normal/arm64_32/Factory.SwiftFileList -DSWIFT_PACKAGE -DDEBUG -DSWIFT_MODULE_RESOURCE_BUNDLE_UNAVAILABLE -Xcc -fmodule-map-file\=/Users/admin/builder/spi-builder-workspace/.dependencies/checkouts/swift-system/Sources/CSystem/include/module.modulemap -DXcode -plugin-path /Applications/Xcode-27.0.0-Release.Candidate.app/Contents/Developer/Toolchains/XcodeDefault.xctoolchain/usr/lib/swift/host/plugins/testing -enable-experimental-feature DebugDescriptionMacro -sdk /Applications/Xcode-27.0.0-Release.Candidate.app/Contents/Developer/Platforms/WatchOS.platform/Developer/SDKs/WatchOS27.0.sdk -target arm64_32-apple-watchos9.0 -g -module-cache-path /Users/admin/builder/spi-builder-workspace/.derivedData/ModuleCache.noindex -Xfrontend -serialize-debugging-options -enable-testing -index-store-path /Users/admin/builder/spi-builder-workspace/.derivedData/Index.noindex/DataStore -Xcc -D_LIBCPP_HARDENING_MODE\=_LIBCPP_HARDENING_MODE_DEBUG -swift-version 5 -I /Users/admin/builder/spi-builder-workspace/.derivedData/Build/Products/Debug-watchos -Isystem /Applications/Xcode-27.0.0-Release.Candidate.app/Contents/Developer/Platforms/WatchOS.platform/Developer/usr/lib -F /Users/admin/builder/spi-builder-workspace/.derivedData/Build/Products/Debug-watchos/PackageFrameworks -F /Users/admin/builder/spi-builder-workspace/.derivedData/Build/Products/Debug-watchos -F /Applications/Xcode-27.0.0-Release.Candidate.app/Contents/Developer/Platforms/WatchOS.platform/Developer/Library/Frameworks -F /Applications/Xcode-27.0.0-Release.Candidate.app/Contents/Developer/Platforms/WatchOS.platform/Developer/SDKs/WatchOS27.0.sdk/Developer/Library/Frameworks -c -j10 -enable-batch-mode -incremental -Xcc -ivfsstatcache -Xcc /Users/admin/builder/spi-builder-workspace/.derivedData/SDKStatCaches.noindex/watchos27.0-24R360-e829b21a6f8c9b70876ba0858053c04477534ef55a1706bf4c1112bbb242f0a2.sdkstatcache -output-file-map /Users/admin/builder/spi-builder-workspace/.derivedData/Build/Intermediates.noindex/swift-package-factory.build/Debug-watchos/Factory-t.build/Objects-normal/arm64_32/Factory-OutputFileMap.json -save-temps -no-color-diagnostics -explicit-module-build -module-cache-path /Users/admin/builder/spi-builder-workspace/.derivedData/Build/Intermediates.noindex/SwiftExplicitPrecompiledModules -clang-scanner-module-cache-path /Users/admin/builder/spi-builder-workspace/.derivedData/ModuleCache.noindex -sdk-module-cache-path /Users/admin/builder/spi-builder-workspace/.derivedData/SDKExplicitPrecompiledModules -emit-dependencies -emit-module -emit-module-path /Users/admin/builder/spi-builder-workspace/.derivedData/Build/Intermediates.noindex/swift-package-factory.build/Debug-watchos/Factory-t.build/Objects-normal/arm64_32/Factory.swiftmodule -serialize-diagnostics -dependency-scan-serialize-diagnostics-path /Users/admin/builder/spi-builder-workspace/.derivedData/Build/Intermediates.noindex/swift-package-factory.build/Debug-watchos/Factory-t.build/Objects-normal/arm64_32/Factory-dependency-scan.dia -validate-clang-modules-once -clang-build-session-file /Users/admin/builder/spi-builder-workspace/.derivedData/ModuleCache.noindex/Session.modulevalidation -Xcc -fmodules-prune-interval\=86400 -Xcc -fmodules-prune-after\=345600 -emit-const-values -const-gather-protocols-list /Users/admin/builder/spi-builder-workspace/.derivedData/Build/Intermediates.noindex/swift-package-factory.build/Debug-watchos/Factory-t.build/Objects-normal/arm64_32/Factory_const_extract_protocols.json -Xcc -I/Users/admin/builder/spi-builder-workspace/.dependencies/checkouts/swift-system/Sources/CSystem/include -Xcc -I/Users/admin/builder/spi-builder-workspace/.derivedData/Build/Products/Debug-watchos/include -Xcc -I/Users/admin/builder/spi-builder-workspace/.derivedData/Build/Intermediates.noindex/swift-package-factory.build/Debug-watchos/Factory-t.build/DerivedSources-normal/arm64_32 -Xcc -I/Users/admin/builder/spi-builder-workspace/.derivedData/Build/Intermediates.noindex/swift-package-factory.build/Debug-watchos/Factory-t.build/DerivedSources/arm64_32 -Xcc -I/Users/admin/builder/spi-builder-workspace/.derivedData/Build/Intermediates.noindex/swift-package-factory.build/Debug-watchos/Factory-t.build/DerivedSources -Xcc -DSWIFT_PACKAGE -Xcc -DDEBUG\=1 -emit-objc-header -emit-objc-header-path /Users/admin/builder/spi-builder-workspace/.derivedData/Build/Intermediates.noindex/swift-package-factory.build/Debug-watchos/Factory-t.build/Objects-normal/arm64_32/Factory-Swift.h -working-directory /Users/admin/builder/spi-builder-workspace/.swiftpm/xcode -experimental-emit-module-separately -disable-cmo
SwiftDriverJobDiscovery normal arm64_32 Compiling Transformer.swift (in target 'Factory' from project 'swift-package-factory')
SwiftCompile normal arm64 Compiling\ MatrixElement.swift /Users/admin/builder/spi-builder-workspace/Sources/Factory/MatrixElement.swift (in target 'Factory' from project 'swift-package-factory')
/Users/admin/builder/spi-builder-workspace/Sources/Factory/MatrixElement.swift:218:40: error: value of optional type '(ExprSyntaxProtocol)?' must be unwrapped to a value of type 'ExprSyntaxProtocol'
216 |                     trailingTrivia: .spaces(1)),
217 |                 condition: .init(FunctionCallExprSyntax.init(
218 |                     calledExpression: .init(IdentifierExprSyntax.init(
    |                                        |- error: value of optional type '(ExprSyntaxProtocol)?' must be unwrapped to a value of type 'ExprSyntaxProtocol'
    |                                        |- note: coalesce using '??' to provide a default when the optional value contains 'nil'
    |                                        `- note: force-unwrap using '!' to abort execution if the optional value contains 'nil'
219 |                         identifier: .identifier("swift"),
220 |                         declNameArguments: nil)),
/Users/admin/builder/spi-builder-workspace/Sources/Factory/MatrixElement.swift:218:40: error: type 'ExprSyntaxProtocol' cannot be instantiated
216 |                     trailingTrivia: .spaces(1)),
217 |                 condition: .init(FunctionCallExprSyntax.init(
218 |                     calledExpression: .init(IdentifierExprSyntax.init(
    |                                        `- error: type 'ExprSyntaxProtocol' cannot be instantiated
219 |                         identifier: .identifier("swift"),
220 |                         declNameArguments: nil)),
/Users/admin/builder/spi-builder-workspace/Sources/Factory/MatrixElement.swift:225:42: error: value of optional type '(ExprSyntaxProtocol)?' must be unwrapped to a value of type 'ExprSyntaxProtocol'
223 |                     [
224 |                         .init(label: nil, colon: nil,
225 |                             expression: .init(PrefixOperatorExprSyntax.init(
    |                                          |- error: value of optional type '(ExprSyntaxProtocol)?' must be unwrapped to a value of type 'ExprSyntaxProtocol'
    |                                          |- note: coalesce using '??' to provide a default when the optional value contains 'nil'
    |                                          `- note: force-unwrap using '!' to abort execution if the optional value contains 'nil'
226 |                                 operatorToken: .prefixOperator(">="),
227 |                                 postfixExpression: .init(FloatLiteralExprSyntax.init(
/Users/admin/builder/spi-builder-workspace/Sources/Factory/MatrixElement.swift:225:42: error: type 'ExprSyntaxProtocol' cannot be instantiated
223 |                     [
224 |                         .init(label: nil, colon: nil,
225 |                             expression: .init(PrefixOperatorExprSyntax.init(
    |                                          `- error: type 'ExprSyntaxProtocol' cannot be instantiated
226 |                                 operatorToken: .prefixOperator(">="),
227 |                                 postfixExpression: .init(FloatLiteralExprSyntax.init(
/Users/admin/builder/spi-builder-workspace/Sources/Factory/MatrixElement.swift:227:53: error: value of optional type '(ExprSyntaxProtocol)?' must be unwrapped to a value of type 'ExprSyntaxProtocol'
225 |                             expression: .init(PrefixOperatorExprSyntax.init(
226 |                                 operatorToken: .prefixOperator(">="),
227 |                                 postfixExpression: .init(FloatLiteralExprSyntax.init(
    |                                                     |- error: value of optional type '(ExprSyntaxProtocol)?' must be unwrapped to a value of type 'ExprSyntaxProtocol'
    |                                                     |- note: coalesce using '??' to provide a default when the optional value contains 'nil'
    |                                                     `- note: force-unwrap using '!' to abort execution if the optional value contains 'nil'
228 |                                     floatingDigits: .floatingLiteral("5.7"))))),
229 |                             trailingComma: nil)
/Users/admin/builder/spi-builder-workspace/Sources/Factory/MatrixElement.swift:227:53: error: type 'ExprSyntaxProtocol' cannot be instantiated
225 |                             expression: .init(PrefixOperatorExprSyntax.init(
226 |                                 operatorToken: .prefixOperator(">="),
227 |                                 postfixExpression: .init(FloatLiteralExprSyntax.init(
    |                                                     `- error: type 'ExprSyntaxProtocol' cannot be instantiated
228 |                                     floatingDigits: .floatingLiteral("5.7"))))),
229 |                             trailingComma: nil)
Failed frontend command:
/Applications/Xcode-27.0.0-Release.Candidate.app/Contents/Developer/Toolchains/XcodeDefault.xctoolchain/usr/bin/swift-frontend -frontend -c /Users/admin/builder/spi-builder-workspace/Sources/Factory/Error.swift /Users/admin/builder/spi-builder-workspace/Sources/Factory/Factory.swift /Users/admin/builder/spi-builder-workspace/Sources/Factory/Instantiator.swift /Users/admin/builder/spi-builder-workspace/Sources/Factory/LexicalScope.swift /Users/admin/builder/spi-builder-workspace/Sources/Factory/Loop.swift -primary-file /Users/admin/builder/spi-builder-workspace/Sources/Factory/MatrixElement.swift /Users/admin/builder/spi-builder-workspace/Sources/Factory/Transformer.swift -emit-dependencies-path /Users/admin/builder/spi-builder-workspace/.derivedData/Build/Intermediates.noindex/swift-package-factory.build/Debug-watchos/Factory-t.build/Objects-normal/arm64/MatrixElement.d -emit-const-values-path /Users/admin/builder/spi-builder-workspace/.derivedData/Build/Intermediates.noindex/swift-package-factory.build/Debug-watchos/Factory-t.build/Objects-normal/arm64/MatrixElement.swiftconstvalues -emit-reference-dependencies-path /Users/admin/builder/spi-builder-workspace/.derivedData/Build/Intermediates.noindex/swift-package-factory.build/Debug-watchos/Factory-t.build/Objects-normal/arm64/MatrixElement.swiftdeps -serialize-diagnostics-path /Users/admin/builder/spi-builder-workspace/.derivedData/Build/Intermediates.noindex/swift-package-factory.build/Debug-watchos/Factory-t.build/Objects-normal/arm64/MatrixElement.dia -target arm64-apple-watchos9.0 -disable-cross-import-overlay-search -load-resolved-plugin /Applications/Xcode-27.0.0-Release.Candidate.app/Contents/Developer/Platforms/WatchOS.platform/Developer/usr/lib/swift/host/plugins/libFoundationMacros.dylib\#/Applications/Xcode-27.0.0-Release.Candidate.app/Contents/Developer/Platforms/WatchOS.platform/Developer/usr/bin/swift-plugin-server\#FoundationMacros -load-resolved-plugin /Applications/Xcode-27.0.0-Release.Candidate.app/Contents/Developer/Platforms/WatchOS.platform/Developer/usr/lib/swift/host/plugins/libObservationMacros.dylib\#/Applications/Xcode-27.0.0-Release.Candidate.app/Contents/Developer/Platforms/WatchOS.platform/Developer/usr/bin/swift-plugin-server\#ObservationMacros -load-resolved-plugin /Applications/Xcode-27.0.0-Release.Candidate.app/Contents/Developer/Platforms/WatchOS.platform/Developer/usr/lib/swift/host/plugins/libSwiftMacros.dylib\#/Applications/Xcode-27.0.0-Release.Candidate.app/Contents/Developer/Platforms/WatchOS.platform/Developer/usr/bin/swift-plugin-server\#SwiftMacros -disable-implicit-swift-modules -Xcc -fno-implicit-modules -Xcc -fno-implicit-module-maps -explicit-swift-module-map-file /Users/admin/builder/spi-builder-workspace/.derivedData/Build/Intermediates.noindex/swift-package-factory.build/Debug-watchos/Factory-t.build/Objects-normal/arm64/Factory-dependencies-2.json -Xllvm -aarch64-use-tbi -enable-objc-interop -stack-check -sdk /Applications/Xcode-27.0.0-Release.Candidate.app/Contents/Developer/Platforms/WatchOS.platform/Developer/SDKs/WatchOS27.0.sdk -I /Users/admin/builder/spi-builder-workspace/.derivedData/Build/Products/Debug-watchos -Isystem /Applications/Xcode-27.0.0-Release.Candidate.app/Contents/Developer/Platforms/WatchOS.platform/Developer/usr/lib -F /Users/admin/builder/spi-builder-workspace/.derivedData/Build/Products/Debug-watchos/PackageFrameworks -F /Users/admin/builder/spi-builder-workspace/.derivedData/Build/Products/Debug-watchos -F /Applications/Xcode-27.0.0-Release.Candidate.app/Contents/Developer/Platforms/WatchOS.platform/Developer/Library/Frameworks -F /Applications/Xcode-27.0.0-Release.Candidate.app/Contents/Developer/Platforms/WatchOS.platform/Developer/SDKs/WatchOS27.0.sdk/Developer/Library/Frameworks -module-cache-path /Users/admin/builder/spi-builder-workspace/.derivedData/Build/Intermediates.noindex/SwiftExplicitPrecompiledModules -no-color-diagnostics -Xcc -fno-color-diagnostics -enable-testing -g -debug-info-format\=dwarf -dwarf-version\=4 -swift-version 5 -Onone -D SWIFT_PACKAGE -D DEBUG -D SWIFT_MODULE_RESOURCE_BUNDLE_UNAVAILABLE -D Xcode -serialize-debugging-options -enable-experimental-feature DebugDescriptionMacro -empty-abi-descriptor -validate-clang-modules-once -clang-build-session-file /Users/admin/builder/spi-builder-workspace/.derivedData/ModuleCache.noindex/Session.modulevalidation -Xcc -working-directory -Xcc /Users/admin/builder/spi-builder-workspace/.swiftpm/xcode -enable-anonymous-context-mangled-names -file-compilation-dir /Users/admin/builder/spi-builder-workspace/.swiftpm/xcode -Xcc -fmodule-map-file\=/Users/admin/builder/spi-builder-workspace/.dependencies/checkouts/swift-system/Sources/CSystem/include/module.modulemap -Xcc -D_LIBCPP_HARDENING_MODE\=_LIBCPP_HARDENING_MODE_DEBUG -Xcc -ivfsstatcache -Xcc /Users/admin/builder/spi-builder-workspace/.derivedData/SDKStatCaches.noindex/watchos27.0-24R360-e829b21a6f8c9b70876ba0858053c04477534ef55a1706bf4c1112bbb242f0a2.sdkstatcache -Xcc -fmodules-prune-interval\=86400 -Xcc -fmodules-prune-after\=345600 -Xcc -I/Users/admin/builder/spi-builder-workspace/.dependencies/checkouts/swift-system/Sources/CSystem/include -Xcc -I/Users/admin/builder/spi-builder-workspace/.derivedData/Build/Products/Debug-watchos/include -Xcc -I/Users/admin/builder/spi-builder-workspace/.derivedData/Build/Intermediates.noindex/swift-package-factory.build/Debug-watchos/Factory-t.build/DerivedSources-normal/arm64 -Xcc -I/Users/admin/builder/spi-builder-workspace/.derivedData/Build/Intermediates.noindex/swift-package-factory.build/Debug-watchos/Factory-t.build/DerivedSources/arm64 -Xcc -I/Users/admin/builder/spi-builder-workspace/.derivedData/Build/Intermediates.noindex/swift-package-factory.build/Debug-watchos/Factory-t.build/DerivedSources -Xcc -DSWIFT_PACKAGE -Xcc -DDEBUG\=1 -no-auto-bridging-header-chaining -module-name Factory -const-gather-protocols-file /Users/admin/builder/spi-builder-workspace/.derivedData/Build/Intermediates.noindex/swift-package-factory.build/Debug-watchos/Factory-t.build/Objects-normal/arm64/Factory_const_extract_protocols.json -disable-clang-spi -clang-target arm64-apple-watchos27.0 -target-sdk-version 27.0 -target-sdk-name watchos27.0 -in-process-plugin-server-path /Applications/Xcode-27.0.0-Release.Candidate.app/Contents/Developer/Toolchains/XcodeDefault.xctoolchain/usr/lib/swift/host/libSwiftInProcPluginServer.dylib -parse-as-library -o /Users/admin/builder/spi-builder-workspace/.derivedData/Build/Intermediates.noindex/swift-package-factory.build/Debug-watchos/Factory-t.build/Objects-normal/arm64/MatrixElement.o -debug-module-path /Users/admin/builder/spi-builder-workspace/.derivedData/Build/Intermediates.noindex/swift-package-factory.build/Debug-watchos/Factory-t.build/Objects-normal/arm64/Factory.swiftmodule -index-unit-output-path /swift-package-factory.build/Debug-watchos/Factory-t.build/Objects-normal/arm64/MatrixElement.o -index-store-path /Users/admin/builder/spi-builder-workspace/.derivedData/Index.noindex/DataStore -index-system-modules
SwiftCompile normal arm64 /Users/admin/builder/spi-builder-workspace/Sources/Factory/MatrixElement.swift (in target 'Factory' from project 'swift-package-factory')
    cd /Users/admin/builder/spi-builder-workspace/.swiftpm/xcode
    builtin-SwiftPerFileCompile MatrixElement.swift
Copy /Users/admin/builder/spi-builder-workspace/.derivedData/Build/Products/Debug-watchos/Factory.swiftmodule/arm64_32-apple-watchos.swiftmodule /Users/admin/builder/spi-builder-workspace/.derivedData/Build/Intermediates.noindex/swift-package-factory.build/Debug-watchos/Factory-t.build/Objects-normal/arm64_32/Factory.swiftmodule (in target 'Factory' from project 'swift-package-factory')
    cd /Users/admin/builder/spi-builder-workspace
    builtin-copy -exclude .DS_Store -exclude CVS -exclude .svn -exclude .git -exclude .hg -resolve-src-symlinks -rename /Users/admin/builder/spi-builder-workspace/.derivedData/Build/Intermediates.noindex/swift-package-factory.build/Debug-watchos/Factory-t.build/Objects-normal/arm64_32/Factory.swiftmodule /Users/admin/builder/spi-builder-workspace/.derivedData/Build/Products/Debug-watchos/Factory.swiftmodule/arm64_32-apple-watchos.swiftmodule
SwiftDriverJobDiscovery normal arm64 Compiling SyntaxExpressibleByStringInterpolationConformances.swift (in target 'SwiftSyntaxBuilder' from project 'SwiftSyntax')
Copy /Users/admin/builder/spi-builder-workspace/.derivedData/Build/Products/Debug-watchos/Factory.swiftmodule/arm64_32-apple-watchos.swiftdoc /Users/admin/builder/spi-builder-workspace/.derivedData/Build/Intermediates.noindex/swift-package-factory.build/Debug-watchos/Factory-t.build/Objects-normal/arm64_32/Factory.swiftdoc (in target 'Factory' from project 'swift-package-factory')
    cd /Users/admin/builder/spi-builder-workspace
    builtin-copy -exclude .DS_Store -exclude CVS -exclude .svn -exclude .git -exclude .hg -resolve-src-symlinks -rename /Users/admin/builder/spi-builder-workspace/.derivedData/Build/Intermediates.noindex/swift-package-factory.build/Debug-watchos/Factory-t.build/Objects-normal/arm64_32/Factory.swiftdoc /Users/admin/builder/spi-builder-workspace/.derivedData/Build/Products/Debug-watchos/Factory.swiftmodule/arm64_32-apple-watchos.swiftdoc
Copy /Users/admin/builder/spi-builder-workspace/.derivedData/Build/Products/Debug-watchos/Factory.swiftmodule/arm64_32-apple-watchos.abi.json /Users/admin/builder/spi-builder-workspace/.derivedData/Build/Intermediates.noindex/swift-package-factory.build/Debug-watchos/Factory-t.build/Objects-normal/arm64_32/Factory.abi.json (in target 'Factory' from project 'swift-package-factory')
    cd /Users/admin/builder/spi-builder-workspace
    builtin-copy -exclude .DS_Store -exclude CVS -exclude .svn -exclude .git -exclude .hg -resolve-src-symlinks -rename /Users/admin/builder/spi-builder-workspace/.derivedData/Build/Intermediates.noindex/swift-package-factory.build/Debug-watchos/Factory-t.build/Objects-normal/arm64_32/Factory.abi.json /Users/admin/builder/spi-builder-workspace/.derivedData/Build/Products/Debug-watchos/Factory.swiftmodule/arm64_32-apple-watchos.abi.json
Copy /Users/admin/builder/spi-builder-workspace/.derivedData/Build/Products/Debug-watchos/Factory.swiftmodule/Project/arm64_32-apple-watchos.swiftsourceinfo /Users/admin/builder/spi-builder-workspace/.derivedData/Build/Intermediates.noindex/swift-package-factory.build/Debug-watchos/Factory-t.build/Objects-normal/arm64_32/Factory.swiftsourceinfo (in target 'Factory' from project 'swift-package-factory')
    cd /Users/admin/builder/spi-builder-workspace
    builtin-copy -exclude .DS_Store -exclude CVS -exclude .svn -exclude .git -exclude .hg -resolve-src-symlinks -rename /Users/admin/builder/spi-builder-workspace/.derivedData/Build/Intermediates.noindex/swift-package-factory.build/Debug-watchos/Factory-t.build/Objects-normal/arm64_32/Factory.swiftsourceinfo /Users/admin/builder/spi-builder-workspace/.derivedData/Build/Products/Debug-watchos/Factory.swiftmodule/Project/arm64_32-apple-watchos.swiftsourceinfo
SwiftDriverJobDiscovery normal arm64 Compiling LexicalScope.swift (in target 'Factory' from project 'swift-package-factory')
SwiftDriver\ Compilation SwiftSyntaxBuilder normal arm64 com.apple.xcode.tools.swift.compiler (in target 'SwiftSyntaxBuilder' from project 'SwiftSyntax')
    cd /Users/admin/builder/spi-builder-workspace/.swiftpm/xcode
    builtin-Swift-Compilation -- /Applications/Xcode-27.0.0-Release.Candidate.app/Contents/Developer/Toolchains/XcodeDefault.xctoolchain/usr/bin/swiftc -parse-as-library -module-name SwiftSyntaxBuilder -Onone @/Users/admin/builder/spi-builder-workspace/.derivedData/Build/Intermediates.noindex/SwiftSyntax.build/Debug-watchos/SwiftSyntaxBuilder-t.build/Objects-normal/arm64/SwiftSyntaxBuilder.SwiftFileList -DSWIFT_PACKAGE -DDEBUG -DSWIFT_MODULE_RESOURCE_BUNDLE_UNAVAILABLE -DXcode -plugin-path /Applications/Xcode-27.0.0-Release.Candidate.app/Contents/Developer/Toolchains/XcodeDefault.xctoolchain/usr/lib/swift/host/plugins/testing -enable-experimental-feature DebugDescriptionMacro -sdk /Applications/Xcode-27.0.0-Release.Candidate.app/Contents/Developer/Platforms/WatchOS.platform/Developer/SDKs/WatchOS27.0.sdk -target arm64-apple-watchos9.0 -g -module-cache-path /Users/admin/builder/spi-builder-workspace/.derivedData/ModuleCache.noindex -Xfrontend -serialize-debugging-options -enable-testing -suppress-warnings -index-store-path /Users/admin/builder/spi-builder-workspace/.derivedData/Index.noindex/DataStore -Xcc -D_LIBCPP_HARDENING_MODE\=_LIBCPP_HARDENING_MODE_DEBUG -swift-version 5 -I /Users/admin/builder/spi-builder-workspace/.derivedData/Build/Products/Debug-watchos -Isystem /Applications/Xcode-27.0.0-Release.Candidate.app/Contents/Developer/Platforms/WatchOS.platform/Developer/usr/lib -F /Users/admin/builder/spi-builder-workspace/.derivedData/Build/Products/Debug-watchos/PackageFrameworks -F /Users/admin/builder/spi-builder-workspace/.derivedData/Build/Products/Debug-watchos -F /Applications/Xcode-27.0.0-Release.Candidate.app/Contents/Developer/Platforms/WatchOS.platform/Developer/Library/Frameworks -F /Applications/Xcode-27.0.0-Release.Candidate.app/Contents/Developer/Platforms/WatchOS.platform/Developer/SDKs/WatchOS27.0.sdk/Developer/Library/Frameworks -c -j10 -enable-batch-mode -incremental -Xcc -ivfsstatcache -Xcc /Users/admin/builder/spi-builder-workspace/.derivedData/SDKStatCaches.noindex/watchos27.0-24R360-e829b21a6f8c9b70876ba0858053c04477534ef55a1706bf4c1112bbb242f0a2.sdkstatcache -output-file-map /Users/admin/builder/spi-builder-workspace/.derivedData/Build/Intermediates.noindex/SwiftSyntax.build/Debug-watchos/SwiftSyntaxBuilder-t.build/Objects-normal/arm64/SwiftSyntaxBuilder-OutputFileMap.json -save-temps -no-color-diagnostics -explicit-module-build -module-cache-path /Users/admin/builder/spi-builder-workspace/.derivedData/Build/Intermediates.noindex/SwiftExplicitPrecompiledModules -clang-scanner-module-cache-path /Users/admin/builder/spi-builder-workspace/.derivedData/ModuleCache.noindex -sdk-module-cache-path /Users/admin/builder/spi-builder-workspace/.derivedData/SDKExplicitPrecompiledModules -emit-dependencies -emit-module -emit-module-path /Users/admin/builder/spi-builder-workspace/.derivedData/Build/Intermediates.noindex/SwiftSyntax.build/Debug-watchos/SwiftSyntaxBuilder-t.build/Objects-normal/arm64/SwiftSyntaxBuilder.swiftmodule -serialize-diagnostics -dependency-scan-serialize-diagnostics-path /Users/admin/builder/spi-builder-workspace/.derivedData/Build/Intermediates.noindex/SwiftSyntax.build/Debug-watchos/SwiftSyntaxBuilder-t.build/Objects-normal/arm64/SwiftSyntaxBuilder-dependency-scan.dia -validate-clang-modules-once -clang-build-session-file /Users/admin/builder/spi-builder-workspace/.derivedData/ModuleCache.noindex/Session.modulevalidation -Xcc -fmodules-prune-interval\=86400 -Xcc -fmodules-prune-after\=345600 -emit-const-values -const-gather-protocols-list /Users/admin/builder/spi-builder-workspace/.derivedData/Build/Intermediates.noindex/SwiftSyntax.build/Debug-watchos/SwiftSyntaxBuilder-t.build/Objects-normal/arm64/SwiftSyntaxBuilder_const_extract_protocols.json -Xcc -I/Users/admin/builder/spi-builder-workspace/.derivedData/Build/Products/Debug-watchos/include -Xcc -I/Users/admin/builder/spi-builder-workspace/.derivedData/Build/Intermediates.noindex/SwiftSyntax.build/Debug-watchos/SwiftSyntaxBuilder-t.build/DerivedSources-normal/arm64 -Xcc -I/Users/admin/builder/spi-builder-workspace/.derivedData/Build/Intermediates.noindex/SwiftSyntax.build/Debug-watchos/SwiftSyntaxBuilder-t.build/DerivedSources/arm64 -Xcc -I/Users/admin/builder/spi-builder-workspace/.derivedData/Build/Intermediates.noindex/SwiftSyntax.build/Debug-watchos/SwiftSyntaxBuilder-t.build/DerivedSources -Xcc -DSWIFT_PACKAGE -Xcc -DDEBUG\=1 -emit-objc-header -emit-objc-header-path /Users/admin/builder/spi-builder-workspace/.derivedData/Build/Intermediates.noindex/SwiftSyntax.build/Debug-watchos/SwiftSyntaxBuilder-t.build/Objects-normal/arm64/SwiftSyntaxBuilder-Swift.h -working-directory /Users/admin/builder/spi-builder-workspace/.swiftpm/xcode -experimental-emit-module-separately -disable-cmo
SwiftCompile normal arm64 Compiling\ Factory.swift /Users/admin/builder/spi-builder-workspace/Sources/Factory/Factory.swift (in target 'Factory' from project 'swift-package-factory')
SwiftCompile normal arm64 /Users/admin/builder/spi-builder-workspace/Sources/Factory/Factory.swift (in target 'Factory' from project 'swift-package-factory')
    cd /Users/admin/builder/spi-builder-workspace/.swiftpm/xcode
    builtin-SwiftPerFileCompile Factory.swift
SwiftCompile normal arm64_32 Compiling\ Factory.swift /Users/admin/builder/spi-builder-workspace/Sources/Factory/Factory.swift (in target 'Factory' from project 'swift-package-factory')
SwiftCompile normal arm64_32 /Users/admin/builder/spi-builder-workspace/Sources/Factory/Factory.swift (in target 'Factory' from project 'swift-package-factory')
    cd /Users/admin/builder/spi-builder-workspace/.swiftpm/xcode
    builtin-SwiftPerFileCompile Factory.swift
SwiftCompile normal arm64 Compiling\ Transformer.swift /Users/admin/builder/spi-builder-workspace/Sources/Factory/Transformer.swift (in target 'Factory' from project 'swift-package-factory')
SwiftCompile normal arm64 /Users/admin/builder/spi-builder-workspace/Sources/Factory/Transformer.swift (in target 'Factory' from project 'swift-package-factory')
    cd /Users/admin/builder/spi-builder-workspace/.swiftpm/xcode
    builtin-SwiftPerFileCompile Transformer.swift
SwiftCompile normal arm64_32 Compiling\ Error.swift /Users/admin/builder/spi-builder-workspace/Sources/Factory/Error.swift (in target 'Factory' from project 'swift-package-factory')
SwiftCompile normal arm64_32 /Users/admin/builder/spi-builder-workspace/Sources/Factory/Error.swift (in target 'Factory' from project 'swift-package-factory')
    cd /Users/admin/builder/spi-builder-workspace/.swiftpm/xcode
    builtin-SwiftPerFileCompile Error.swift
SwiftDriverJobDiscovery normal arm64 Emitting module for Factory (in target 'Factory' from project 'swift-package-factory')
SwiftDriverJobDiscovery normal arm64 Compiling Error.swift (in target 'Factory' from project 'swift-package-factory')
SwiftDriver\ Compilation\ Requirements Factory normal arm64 com.apple.xcode.tools.swift.compiler (in target 'Factory' from project 'swift-package-factory')
    cd /Users/admin/builder/spi-builder-workspace/.swiftpm/xcode
    builtin-Swift-Compilation-Requirements -- /Applications/Xcode-27.0.0-Release.Candidate.app/Contents/Developer/Toolchains/XcodeDefault.xctoolchain/usr/bin/swiftc -parse-as-library -module-name Factory -Onone @/Users/admin/builder/spi-builder-workspace/.derivedData/Build/Intermediates.noindex/swift-package-factory.build/Debug-watchos/Factory-t.build/Objects-normal/arm64/Factory.SwiftFileList -DSWIFT_PACKAGE -DDEBUG -DSWIFT_MODULE_RESOURCE_BUNDLE_UNAVAILABLE -Xcc -fmodule-map-file\=/Users/admin/builder/spi-builder-workspace/.dependencies/checkouts/swift-system/Sources/CSystem/include/module.modulemap -DXcode -plugin-path /Applications/Xcode-27.0.0-Release.Candidate.app/Contents/Developer/Toolchains/XcodeDefault.xctoolchain/usr/lib/swift/host/plugins/testing -enable-experimental-feature DebugDescriptionMacro -sdk /Applications/Xcode-27.0.0-Release.Candidate.app/Contents/Developer/Platforms/WatchOS.platform/Developer/SDKs/WatchOS27.0.sdk -target arm64-apple-watchos9.0 -g -module-cache-path /Users/admin/builder/spi-builder-workspace/.derivedData/ModuleCache.noindex -Xfrontend -serialize-debugging-options -enable-testing -index-store-path /Users/admin/builder/spi-builder-workspace/.derivedData/Index.noindex/DataStore -Xcc -D_LIBCPP_HARDENING_MODE\=_LIBCPP_HARDENING_MODE_DEBUG -swift-version 5 -I /Users/admin/builder/spi-builder-workspace/.derivedData/Build/Products/Debug-watchos -Isystem /Applications/Xcode-27.0.0-Release.Candidate.app/Contents/Developer/Platforms/WatchOS.platform/Developer/usr/lib -F /Users/admin/builder/spi-builder-workspace/.derivedData/Build/Products/Debug-watchos/PackageFrameworks -F /Users/admin/builder/spi-builder-workspace/.derivedData/Build/Products/Debug-watchos -F /Applications/Xcode-27.0.0-Release.Candidate.app/Contents/Developer/Platforms/WatchOS.platform/Developer/Library/Frameworks -F /Applications/Xcode-27.0.0-Release.Candidate.app/Contents/Developer/Platforms/WatchOS.platform/Developer/SDKs/WatchOS27.0.sdk/Developer/Library/Frameworks -c -j10 -enable-batch-mode -incremental -Xcc -ivfsstatcache -Xcc /Users/admin/builder/spi-builder-workspace/.derivedData/SDKStatCaches.noindex/watchos27.0-24R360-e829b21a6f8c9b70876ba0858053c04477534ef55a1706bf4c1112bbb242f0a2.sdkstatcache -output-file-map /Users/admin/builder/spi-builder-workspace/.derivedData/Build/Intermediates.noindex/swift-package-factory.build/Debug-watchos/Factory-t.build/Objects-normal/arm64/Factory-OutputFileMap.json -save-temps -no-color-diagnostics -explicit-module-build -module-cache-path /Users/admin/builder/spi-builder-workspace/.derivedData/Build/Intermediates.noindex/SwiftExplicitPrecompiledModules -clang-scanner-module-cache-path /Users/admin/builder/spi-builder-workspace/.derivedData/ModuleCache.noindex -sdk-module-cache-path /Users/admin/builder/spi-builder-workspace/.derivedData/SDKExplicitPrecompiledModules -emit-dependencies -emit-module -emit-module-path /Users/admin/builder/spi-builder-workspace/.derivedData/Build/Intermediates.noindex/swift-package-factory.build/Debug-watchos/Factory-t.build/Objects-normal/arm64/Factory.swiftmodule -serialize-diagnostics -dependency-scan-serialize-diagnostics-path /Users/admin/builder/spi-builder-workspace/.derivedData/Build/Intermediates.noindex/swift-package-factory.build/Debug-watchos/Factory-t.build/Objects-normal/arm64/Factory-dependency-scan.dia -validate-clang-modules-once -clang-build-session-file /Users/admin/builder/spi-builder-workspace/.derivedData/ModuleCache.noindex/Session.modulevalidation -Xcc -fmodules-prune-interval\=86400 -Xcc -fmodules-prune-after\=345600 -emit-const-values -const-gather-protocols-list /Users/admin/builder/spi-builder-workspace/.derivedData/Build/Intermediates.noindex/swift-package-factory.build/Debug-watchos/Factory-t.build/Objects-normal/arm64/Factory_const_extract_protocols.json -Xcc -I/Users/admin/builder/spi-builder-workspace/.dependencies/checkouts/swift-system/Sources/CSystem/include -Xcc -I/Users/admin/builder/spi-builder-workspace/.derivedData/Build/Products/Debug-watchos/include -Xcc -I/Users/admin/builder/spi-builder-workspace/.derivedData/Build/Intermediates.noindex/swift-package-factory.build/Debug-watchos/Factory-t.build/DerivedSources-normal/arm64 -Xcc -I/Users/admin/builder/spi-builder-workspace/.derivedData/Build/Intermediates.noindex/swift-package-factory.build/Debug-watchos/Factory-t.build/DerivedSources/arm64 -Xcc -I/Users/admin/builder/spi-builder-workspace/.derivedData/Build/Intermediates.noindex/swift-package-factory.build/Debug-watchos/Factory-t.build/DerivedSources -Xcc -DSWIFT_PACKAGE -Xcc -DDEBUG\=1 -emit-objc-header -emit-objc-header-path /Users/admin/builder/spi-builder-workspace/.derivedData/Build/Intermediates.noindex/swift-package-factory.build/Debug-watchos/Factory-t.build/Objects-normal/arm64/Factory-Swift.h -working-directory /Users/admin/builder/spi-builder-workspace/.swiftpm/xcode -experimental-emit-module-separately -disable-cmo
SwiftDriverJobDiscovery normal arm64_32 Compiling Instantiator.swift (in target 'Factory' from project 'swift-package-factory')
SwiftCompile normal arm64 Compiling\ Instantiator.swift /Users/admin/builder/spi-builder-workspace/Sources/Factory/Instantiator.swift (in target 'Factory' from project 'swift-package-factory')
SwiftCompile normal arm64 /Users/admin/builder/spi-builder-workspace/Sources/Factory/Instantiator.swift (in target 'Factory' from project 'swift-package-factory')
    cd /Users/admin/builder/spi-builder-workspace/.swiftpm/xcode
    builtin-SwiftPerFileCompile Instantiator.swift
SwiftMergeGeneratedHeaders /Users/admin/builder/spi-builder-workspace/.derivedData/Build/Intermediates.noindex/GeneratedModuleMaps-watchos/Factory-Swift.h /Users/admin/builder/spi-builder-workspace/.derivedData/Build/Intermediates.noindex/swift-package-factory.build/Debug-watchos/Factory-t.build/Objects-normal/arm64/Factory-Swift.h /Users/admin/builder/spi-builder-workspace/.derivedData/Build/Intermediates.noindex/swift-package-factory.build/Debug-watchos/Factory-t.build/Objects-normal/arm64_32/Factory-Swift.h (in target 'Factory' from project 'swift-package-factory')
    cd /Users/admin/builder/spi-builder-workspace
    builtin-swiftHeaderTool -arch arm64 /Users/admin/builder/spi-builder-workspace/.derivedData/Build/Intermediates.noindex/swift-package-factory.build/Debug-watchos/Factory-t.build/Objects-normal/arm64/Factory-Swift.h -arch arm64_32 /Users/admin/builder/spi-builder-workspace/.derivedData/Build/Intermediates.noindex/swift-package-factory.build/Debug-watchos/Factory-t.build/Objects-normal/arm64_32/Factory-Swift.h -o /Users/admin/builder/spi-builder-workspace/.derivedData/Build/Intermediates.noindex/GeneratedModuleMaps-watchos/Factory-Swift.h
SwiftDriverJobDiscovery normal arm64_32 Compiling RawSyntax.swift, RawSyntaxLayoutView.swift, RawSyntaxNodeProtocol.swift, RawSyntaxTokenView.swift, RawSyntaxNodes.swift (in target 'SwiftSyntax' from project 'SwiftSyntax')
Copy /Users/admin/builder/spi-builder-workspace/.derivedData/Build/Products/Debug-watchos/Factory.swiftmodule/arm64-apple-watchos.swiftmodule /Users/admin/builder/spi-builder-workspace/.derivedData/Build/Intermediates.noindex/swift-package-factory.build/Debug-watchos/Factory-t.build/Objects-normal/arm64/Factory.swiftmodule (in target 'Factory' from project 'swift-package-factory')
    cd /Users/admin/builder/spi-builder-workspace
    builtin-copy -exclude .DS_Store -exclude CVS -exclude .svn -exclude .git -exclude .hg -resolve-src-symlinks -rename /Users/admin/builder/spi-builder-workspace/.derivedData/Build/Intermediates.noindex/swift-package-factory.build/Debug-watchos/Factory-t.build/Objects-normal/arm64/Factory.swiftmodule /Users/admin/builder/spi-builder-workspace/.derivedData/Build/Products/Debug-watchos/Factory.swiftmodule/arm64-apple-watchos.swiftmodule
Copy /Users/admin/builder/spi-builder-workspace/.derivedData/Build/Products/Debug-watchos/Factory.swiftmodule/arm64-apple-watchos.swiftdoc /Users/admin/builder/spi-builder-workspace/.derivedData/Build/Intermediates.noindex/swift-package-factory.build/Debug-watchos/Factory-t.build/Objects-normal/arm64/Factory.swiftdoc (in target 'Factory' from project 'swift-package-factory')
    cd /Users/admin/builder/spi-builder-workspace
    builtin-copy -exclude .DS_Store -exclude CVS -exclude .svn -exclude .git -exclude .hg -resolve-src-symlinks -rename /Users/admin/builder/spi-builder-workspace/.derivedData/Build/Intermediates.noindex/swift-package-factory.build/Debug-watchos/Factory-t.build/Objects-normal/arm64/Factory.swiftdoc /Users/admin/builder/spi-builder-workspace/.derivedData/Build/Products/Debug-watchos/Factory.swiftmodule/arm64-apple-watchos.swiftdoc
Copy /Users/admin/builder/spi-builder-workspace/.derivedData/Build/Products/Debug-watchos/Factory.swiftmodule/arm64-apple-watchos.abi.json /Users/admin/builder/spi-builder-workspace/.derivedData/Build/Intermediates.noindex/swift-package-factory.build/Debug-watchos/Factory-t.build/Objects-normal/arm64/Factory.abi.json (in target 'Factory' from project 'swift-package-factory')
    cd /Users/admin/builder/spi-builder-workspace
    builtin-copy -exclude .DS_Store -exclude CVS -exclude .svn -exclude .git -exclude .hg -resolve-src-symlinks -rename /Users/admin/builder/spi-builder-workspace/.derivedData/Build/Intermediates.noindex/swift-package-factory.build/Debug-watchos/Factory-t.build/Objects-normal/arm64/Factory.abi.json /Users/admin/builder/spi-builder-workspace/.derivedData/Build/Products/Debug-watchos/Factory.swiftmodule/arm64-apple-watchos.abi.json
Copy /Users/admin/builder/spi-builder-workspace/.derivedData/Build/Products/Debug-watchos/Factory.swiftmodule/Project/arm64-apple-watchos.swiftsourceinfo /Users/admin/builder/spi-builder-workspace/.derivedData/Build/Intermediates.noindex/swift-package-factory.build/Debug-watchos/Factory-t.build/Objects-normal/arm64/Factory.swiftsourceinfo (in target 'Factory' from project 'swift-package-factory')
    cd /Users/admin/builder/spi-builder-workspace
    builtin-copy -exclude .DS_Store -exclude CVS -exclude .svn -exclude .git -exclude .hg -resolve-src-symlinks -rename /Users/admin/builder/spi-builder-workspace/.derivedData/Build/Intermediates.noindex/swift-package-factory.build/Debug-watchos/Factory-t.build/Objects-normal/arm64/Factory.swiftsourceinfo /Users/admin/builder/spi-builder-workspace/.derivedData/Build/Products/Debug-watchos/Factory.swiftmodule/Project/arm64-apple-watchos.swiftsourceinfo
SwiftCompile normal arm64_32 Compiling\ LexicalScope.swift /Users/admin/builder/spi-builder-workspace/Sources/Factory/LexicalScope.swift (in target 'Factory' from project 'swift-package-factory')
SwiftCompile normal arm64_32 /Users/admin/builder/spi-builder-workspace/Sources/Factory/LexicalScope.swift (in target 'Factory' from project 'swift-package-factory')
    cd /Users/admin/builder/spi-builder-workspace/.swiftpm/xcode
    builtin-SwiftPerFileCompile LexicalScope.swift
SwiftCompile normal arm64_32 Compiling\ MatrixElement.swift /Users/admin/builder/spi-builder-workspace/Sources/Factory/MatrixElement.swift (in target 'Factory' from project 'swift-package-factory')
SwiftCompile normal arm64_32 /Users/admin/builder/spi-builder-workspace/Sources/Factory/MatrixElement.swift (in target 'Factory' from project 'swift-package-factory')
    cd /Users/admin/builder/spi-builder-workspace/.swiftpm/xcode
    builtin-SwiftPerFileCompile MatrixElement.swift
SwiftDriverJobDiscovery normal arm64 Compiling Loop.swift (in target 'Factory' from project 'swift-package-factory')
SwiftDriver\ Compilation SwiftSyntax normal arm64_32 com.apple.xcode.tools.swift.compiler (in target 'SwiftSyntax' from project 'SwiftSyntax')
    cd /Users/admin/builder/spi-builder-workspace/.swiftpm/xcode
    builtin-Swift-Compilation -- /Applications/Xcode-27.0.0-Release.Candidate.app/Contents/Developer/Toolchains/XcodeDefault.xctoolchain/usr/bin/swiftc -parse-as-library -module-name SwiftSyntax -Onone @/Users/admin/builder/spi-builder-workspace/.derivedData/Build/Intermediates.noindex/SwiftSyntax.build/Debug-watchos/SwiftSyntax-t.build/Objects-normal/arm64_32/SwiftSyntax.SwiftFileList -DSWIFT_PACKAGE -DDEBUG -DSWIFT_MODULE_RESOURCE_BUNDLE_UNAVAILABLE -DXcode -plugin-path /Applications/Xcode-27.0.0-Release.Candidate.app/Contents/Developer/Toolchains/XcodeDefault.xctoolchain/usr/lib/swift/host/plugins/testing -enable-experimental-feature DebugDescriptionMacro -sdk /Applications/Xcode-27.0.0-Release.Candidate.app/Contents/Developer/Platforms/WatchOS.platform/Developer/SDKs/WatchOS27.0.sdk -target arm64_32-apple-watchos9.0 -g -module-cache-path /Users/admin/builder/spi-builder-workspace/.derivedData/ModuleCache.noindex -Xfrontend -serialize-debugging-options -enable-testing -suppress-warnings -index-store-path /Users/admin/builder/spi-builder-workspace/.derivedData/Index.noindex/DataStore -Xcc -D_LIBCPP_HARDENING_MODE\=_LIBCPP_HARDENING_MODE_DEBUG -swift-version 5 -I /Users/admin/builder/spi-builder-workspace/.derivedData/Build/Products/Debug-watchos -Isystem /Applications/Xcode-27.0.0-Release.Candidate.app/Contents/Developer/Platforms/WatchOS.platform/Developer/usr/lib -F /Users/admin/builder/spi-builder-workspace/.derivedData/Build/Products/Debug-watchos -F /Applications/Xcode-27.0.0-Release.Candidate.app/Contents/Developer/Platforms/WatchOS.platform/Developer/Library/Frameworks -F /Applications/Xcode-27.0.0-Release.Candidate.app/Contents/Developer/Platforms/WatchOS.platform/Developer/SDKs/WatchOS27.0.sdk/Developer/Library/Frameworks -c -j10 -enable-batch-mode -incremental -Xcc -ivfsstatcache -Xcc /Users/admin/builder/spi-builder-workspace/.derivedData/SDKStatCaches.noindex/watchos27.0-24R360-e829b21a6f8c9b70876ba0858053c04477534ef55a1706bf4c1112bbb242f0a2.sdkstatcache -output-file-map /Users/admin/builder/spi-builder-workspace/.derivedData/Build/Intermediates.noindex/SwiftSyntax.build/Debug-watchos/SwiftSyntax-t.build/Objects-normal/arm64_32/SwiftSyntax-OutputFileMap.json -save-temps -no-color-diagnostics -explicit-module-build -module-cache-path /Users/admin/builder/spi-builder-workspace/.derivedData/Build/Intermediates.noindex/SwiftExplicitPrecompiledModules -clang-scanner-module-cache-path /Users/admin/builder/spi-builder-workspace/.derivedData/ModuleCache.noindex -sdk-module-cache-path /Users/admin/builder/spi-builder-workspace/.derivedData/SDKExplicitPrecompiledModules -emit-dependencies -emit-module -emit-module-path /Users/admin/builder/spi-builder-workspace/.derivedData/Build/Intermediates.noindex/SwiftSyntax.build/Debug-watchos/SwiftSyntax-t.build/Objects-normal/arm64_32/SwiftSyntax.swiftmodule -serialize-diagnostics -dependency-scan-serialize-diagnostics-path /Users/admin/builder/spi-builder-workspace/.derivedData/Build/Intermediates.noindex/SwiftSyntax.build/Debug-watchos/SwiftSyntax-t.build/Objects-normal/arm64_32/SwiftSyntax-dependency-scan.dia -validate-clang-modules-once -clang-build-session-file /Users/admin/builder/spi-builder-workspace/.derivedData/ModuleCache.noindex/Session.modulevalidation -Xcc -fmodules-prune-interval\=86400 -Xcc -fmodules-prune-after\=345600 -emit-const-values -const-gather-protocols-list /Users/admin/builder/spi-builder-workspace/.derivedData/Build/Intermediates.noindex/SwiftSyntax.build/Debug-watchos/SwiftSyntax-t.build/Objects-normal/arm64_32/SwiftSyntax_const_extract_protocols.json -Xcc -I/Users/admin/builder/spi-builder-workspace/.derivedData/Build/Products/Debug-watchos/include -Xcc -I/Users/admin/builder/spi-builder-workspace/.derivedData/Build/Intermediates.noindex/SwiftSyntax.build/Debug-watchos/SwiftSyntax-t.build/DerivedSources-normal/arm64_32 -Xcc -I/Users/admin/builder/spi-builder-workspace/.derivedData/Build/Intermediates.noindex/SwiftSyntax.build/Debug-watchos/SwiftSyntax-t.build/DerivedSources/arm64_32 -Xcc -I/Users/admin/builder/spi-builder-workspace/.derivedData/Build/Intermediates.noindex/SwiftSyntax.build/Debug-watchos/SwiftSyntax-t.build/DerivedSources -Xcc -DSWIFT_PACKAGE -Xcc -DDEBUG\=1 -emit-objc-header -emit-objc-header-path /Users/admin/builder/spi-builder-workspace/.derivedData/Build/Intermediates.noindex/SwiftSyntax.build/Debug-watchos/SwiftSyntax-t.build/Objects-normal/arm64_32/SwiftSyntax-Swift.h -working-directory /Users/admin/builder/spi-builder-workspace/.swiftpm/xcode -experimental-emit-module-separately -disable-cmo
PruneExplicitPrecompiledModules /Users/admin/builder/spi-builder-workspace/.derivedData/SDKExplicitPrecompiledModules
PruneExplicitPrecompiledModules /Users/admin/builder/spi-builder-workspace/.derivedData/Build/Intermediates.noindex/ExplicitPrecompiledModules
PruneExplicitPrecompiledModules /Users/admin/builder/spi-builder-workspace/.derivedData/Build/Intermediates.noindex/SwiftExplicitPrecompiledModules
2026-09-18 23:27:56.508 xcodebuild[779:4846] [MT] IDERunDestination: Supported platforms for the buildables in the current scheme is empty.
** BUILD FAILED **
The following build commands failed:
	SwiftCompile normal arm64 Compiling\ MatrixElement.swift /Users/admin/builder/spi-builder-workspace/Sources/Factory/MatrixElement.swift (in target 'Factory' from project 'swift-package-factory')
	SwiftCompile normal arm64 /Users/admin/builder/spi-builder-workspace/Sources/Factory/MatrixElement.swift (in target 'Factory' from project 'swift-package-factory')
	Building workspace swift-package-factory with scheme swift-package-factory-Package
(3 failures)
Command line invocation:
    /Applications/Xcode-27.0.0-Release.Candidate.app/Contents/Developer/usr/bin/xcodebuild -IDEClonedSourcePackagesDirPathOverride=/Users/admin/builder/spi-builder-workspace/.dependencies -resolvePackageDependencies
Resolve Package Graph
Resolved source packages:
  swift-system-extras: https://github.com/kelvin13/swift-system-extras.git @ 0.2.0
  swift-system: https://github.com/apple/swift-system.git @ 1.8.1
  swift-package-factory: /Users/admin/builder/spi-builder-workspace
  SwiftSyntax: https://github.com/apple/swift-syntax.git @ swift-DEVELOPMENT-SNAPSHOT-2022-12-17-a (e048c1c)
resolved source packages: swift-system-extras, swift-system, swift-package-factory, SwiftSyntax
2026-09-18 23:28:20.671 xcodebuild[1113:6596] [MT] IDERunDestination: Supported platforms for the buildables in the current scheme is empty.
{
  "dependencies" : [
    {
      "identity" : "swift-system-extras",
      "requirement" : {
        "range" : [
          {
            "lower_bound" : "0.2.0",
            "upper_bound" : "1.0.0"
          }
        ]
      },
      "type" : "sourceControl",
      "url" : "https://github.com/kelvin13/swift-system-extras.git"
    },
    {
      "identity" : "swift-syntax",
      "requirement" : {
        "branch" : [
          "swift-DEVELOPMENT-SNAPSHOT-2022-12-17-a"
        ]
      },
      "type" : "sourceControl",
      "url" : "https://github.com/apple/swift-syntax.git"
    }
  ],
  "manifest_display_name" : "swift-package-factory",
  "name" : "swift-package-factory",
  "path" : "/Users/admin/builder/spi-builder-workspace",
  "platforms" : [
    {
      "name" : "macos",
      "version" : "11.0"
    }
  ],
  "products" : [
    {
      "name" : "swift-package-factory",
      "targets" : [
        "swift-package-factory"
      ],
      "type" : {
        "executable" : null
      }
    },
    {
      "name" : "Factory",
      "targets" : [
        "Factory"
      ],
      "type" : {
        "library" : [
          "automatic"
        ]
      }
    },
    {
      "name" : "FactoryPlugin",
      "targets" : [
        "FactoryPlugin"
      ],
      "type" : {
        "plugin" : null
      }
    }
  ],
  "targets" : [
    {
      "c99name" : "swift_package_factory",
      "module_type" : "SwiftTarget",
      "name" : "swift-package-factory",
      "path" : "Sources/swift-package-factory",
      "product_memberships" : [
        "swift-package-factory",
        "FactoryPlugin"
      ],
      "sources" : [
        "Main.swift"
      ],
      "target_dependencies" : [
        "Factory"
      ],
      "type" : "executable"
    },
    {
      "c99name" : "ValidExamples",
      "module_type" : "SwiftTarget",
      "name" : "ValidExamples",
      "path" : "Examples/ValidExamples",
      "sources" : [
        "Basic.spf.swift",
        "ContainerTypes.spf.swift",
        "DocComments.spf.swift",
        "Empty.swift",
        "Nested.spf.swift",
        "OtherAttributes.spf.swift",
        "PrimaryAssociatedtypeDowngrade.spf.swift",
        "Scopes.spf.swift",
        "Zip.spf.swift"
      ],
      "type" : "library"
    },
    {
      "c99name" : "InvalidExamples",
      "module_type" : "SwiftTarget",
      "name" : "InvalidExamples",
      "path" : "Examples/InvalidExamples",
      "sources" : [
        "InvalidMatrix.spf.swift"
      ],
      "type" : "library"
    },
    {
      "c99name" : "FactoryPlugin",
      "module_type" : "PluginTarget",
      "name" : "FactoryPlugin",
      "path" : "Plugins/FactoryPlugin",
      "plugin_capability" : {
        "intent" : {
          "description" : "generate swift sources from factory sources",
          "type" : "custom",
          "verb" : "factory"
        },
        "permissions" : [
          {
            "network_scope" : {
              "none" : {
              }
            },
            "reason" : "factory emits source files",
            "type" : "writeToPackageDirectory"
          }
        ],
        "type" : "command"
      },
      "product_memberships" : [
        "FactoryPlugin"
      ],
      "sources" : [
        "Main.swift",
        "MissingTargetError.swift",
        "ToolError.swift"
      ],
      "target_dependencies" : [
        "swift-package-factory"
      ],
      "type" : "plugin"
    },
    {
      "c99name" : "Factory",
      "module_type" : "SwiftTarget",
      "name" : "Factory",
      "path" : "Sources/Factory",
      "product_dependencies" : [
        "SystemExtras",
        "SwiftSyntax",
        "SwiftSyntaxParser",
        "SwiftSyntaxBuilder"
      ],
      "product_memberships" : [
        "swift-package-factory",
        "Factory",
        "FactoryPlugin"
      ],
      "sources" : [
        "Error.swift",
        "Factory.swift",
        "Instantiator.swift",
        "LexicalScope.swift",
        "Loop.swift",
        "MatrixElement.swift",
        "Transformer.swift"
      ],
      "type" : "library"
    }
  ],
  "tools_version" : "5.6"
}
{
  "workspace" : {
    "name" : "swift-package-factory",
    "schemes" : [
      "Factory",
      "swift-package-factory",
      "swift-package-factory-Package"
    ]
  }
}
2026-09-18 23:28:22.508 xcodebuild[1124:6681] [MT] IDERunDestination: Supported platforms for the buildables in the current scheme is empty.
Running build ...
env DEVELOPER_DIR=/Applications/Xcode-27.0.0-Release.Candidate.app xcrun xcodebuild -IDEClonedSourcePackagesDirPathOverride=$PWD/.dependencies -skipMacroValidation -skipPackagePluginValidation -derivedDataPath $PWD/.derivedData build -scheme swift-package-factory-Package -destination generic/platform=watchOS
Command line invocation:
    /Applications/Xcode-27.0.0-Release.Candidate.app/Contents/Developer/usr/bin/xcodebuild -IDEClonedSourcePackagesDirPathOverride=/Users/admin/builder/spi-builder-workspace/.dependencies -skipMacroValidation -skipPackagePluginValidation -derivedDataPath /Users/admin/builder/spi-builder-workspace/.derivedData build -scheme swift-package-factory-Package -destination generic/platform=watchOS
Resolve Package Graph
Resolved source packages:
  swift-system: https://github.com/apple/swift-system.git @ 1.8.1
  SwiftSyntax: https://github.com/apple/swift-syntax.git @ swift-DEVELOPMENT-SNAPSHOT-2022-12-17-a (e048c1c)
  swift-package-factory: /Users/admin/builder/spi-builder-workspace
  swift-system-extras: https://github.com/kelvin13/swift-system-extras.git @ 0.2.0
ComputePackagePrebuildTargetDependencyGraph
Prepare packages
Compile plug-in “FactoryPlugin” in package “spi-builder-workspace”
[debug]: Compiling plugin to executable at /Users/admin/builder/spi-builder-workspace/.derivedData/Build/Products/PluginExecutables/FactoryPlugin
[debug]: Using compiler /Applications/Xcode-27.0.0-Release.Candidate.app/Contents/Developer/Toolchains/XcodeDefault.xctoolchain/usr/bin/swiftc
[debug]: Plugin compilation output directory '/Users/admin/builder/spi-builder-workspace/.derivedData/Build/Products/PluginExecutables'
[debug]: Computed hash of plugin compilation inputs: 2c002df4f1052d1112c1ffe7861587035c6c97d5e47517de6f84af160b887118
Process build tool plug-in results
CreateBuildRequest
SendProjectDescription
CreateBuildOperation
ComputeTargetDependencyGraph
note: Building targets in dependency order
note: Target dependency graph (18 targets)
    Target 'swift-package-factory-product' in project 'swift-package-factory'
        ➜ Explicit dependency on target 'Factory' in project 'swift-package-factory'
        ➜ Explicit dependency on target 'SystemExtras-product' in project 'swift-system-extras'
        ➜ Explicit dependency on target 'SwiftSyntax-product' in project 'SwiftSyntax'
        ➜ Explicit dependency on target 'SwiftSyntaxParser-product' in project 'SwiftSyntax'
        ➜ Explicit dependency on target 'SwiftSyntaxBuilder-product' in project 'SwiftSyntax'
    Target 'Factory-product' in project 'swift-package-factory'
        ➜ Explicit dependency on target 'Factory' in project 'swift-package-factory'
        ➜ Explicit dependency on target 'SystemExtras-product' in project 'swift-system-extras'
        ➜ Explicit dependency on target 'SwiftSyntax-product' in project 'SwiftSyntax'
        ➜ Explicit dependency on target 'SwiftSyntaxParser-product' in project 'SwiftSyntax'
        ➜ Explicit dependency on target 'SwiftSyntaxBuilder-product' in project 'SwiftSyntax'
    Target 'Factory' in project 'swift-package-factory'
        ➜ Explicit dependency on target 'SystemExtras-product' in project 'swift-system-extras'
        ➜ Explicit dependency on target 'SwiftSyntax-product' in project 'SwiftSyntax'
        ➜ Explicit dependency on target 'SwiftSyntaxParser-product' in project 'SwiftSyntax'
        ➜ Explicit dependency on target 'SwiftSyntaxBuilder-product' in project 'SwiftSyntax'
    Target 'SwiftSyntaxBuilder-product' in project 'SwiftSyntax'
        ➜ Explicit dependency on target 'SwiftSyntaxBuilder' in project 'SwiftSyntax'
        ➜ Explicit dependency on target 'SwiftSyntax' in project 'SwiftSyntax'
        ➜ Explicit dependency on target 'SwiftBasicFormat' in project 'SwiftSyntax'
        ➜ Explicit dependency on target 'SwiftDiagnostics' in project 'SwiftSyntax'
        ➜ Explicit dependency on target 'SwiftParser' in project 'SwiftSyntax'
        ➜ Explicit dependency on target 'SwiftParserDiagnostics' in project 'SwiftSyntax'
    Target 'SwiftSyntaxBuilder' in project 'SwiftSyntax'
        ➜ Explicit dependency on target 'SwiftSyntax' in project 'SwiftSyntax'
        ➜ Explicit dependency on target 'SwiftBasicFormat' in project 'SwiftSyntax'
        ➜ Explicit dependency on target 'SwiftDiagnostics' in project 'SwiftSyntax'
        ➜ Explicit dependency on target 'SwiftParser' in project 'SwiftSyntax'
        ➜ Explicit dependency on target 'SwiftParserDiagnostics' in project 'SwiftSyntax'
    Target 'SwiftParserDiagnostics' in project 'SwiftSyntax'
        ➜ Explicit dependency on target 'SwiftSyntax' in project 'SwiftSyntax'
        ➜ Explicit dependency on target 'SwiftBasicFormat' in project 'SwiftSyntax'
        ➜ Explicit dependency on target 'SwiftDiagnostics' in project 'SwiftSyntax'
        ➜ Explicit dependency on target 'SwiftParser' in project 'SwiftSyntax'
    Target 'SwiftBasicFormat' in project 'SwiftSyntax'
        ➜ Explicit dependency on target 'SwiftSyntax' in project 'SwiftSyntax'
    Target 'SwiftSyntaxParser-product' in project 'SwiftSyntax'
        ➜ Explicit dependency on target 'SwiftSyntaxParser' in project 'SwiftSyntax'
        ➜ Explicit dependency on target 'SwiftSyntax' in project 'SwiftSyntax'
        ➜ Explicit dependency on target 'SwiftDiagnostics' in project 'SwiftSyntax'
        ➜ Explicit dependency on target 'SwiftParser' in project 'SwiftSyntax'
    Target 'SwiftSyntaxParser' in project 'SwiftSyntax'
        ➜ Explicit dependency on target 'SwiftSyntax' in project 'SwiftSyntax'
        ➜ Explicit dependency on target 'SwiftDiagnostics' in project 'SwiftSyntax'
        ➜ Explicit dependency on target 'SwiftParser' in project 'SwiftSyntax'
    Target 'SwiftParser' in project 'SwiftSyntax'
        ➜ Explicit dependency on target 'SwiftSyntax' in project 'SwiftSyntax'
        ➜ Explicit dependency on target 'SwiftDiagnostics' in project 'SwiftSyntax'
    Target 'SwiftDiagnostics' in project 'SwiftSyntax'
        ➜ Explicit dependency on target 'SwiftSyntax' in project 'SwiftSyntax'
    Target 'SwiftSyntax-product' in project 'SwiftSyntax'
        ➜ Explicit dependency on target 'SwiftSyntax' in project 'SwiftSyntax'
    Target 'SwiftSyntax' in project 'SwiftSyntax' (no dependencies)
    Target 'SystemExtras-product' in project 'swift-system-extras'
        ➜ Explicit dependency on target 'SystemExtras' in project 'swift-system-extras'
        ➜ Explicit dependency on target 'SystemPackage-product' in project 'swift-system'
    Target 'SystemExtras' in project 'swift-system-extras'
        ➜ Explicit dependency on target 'SystemPackage-product' in project 'swift-system'
    Target 'SystemPackage-product' in project 'swift-system'
        ➜ Explicit dependency on target 'SystemPackage' in project 'swift-system'
        ➜ Explicit dependency on target 'CSystem' in project 'swift-system'
    Target 'SystemPackage' in project 'swift-system'
        ➜ Explicit dependency on target 'CSystem' in project 'swift-system'
    Target 'CSystem' in project 'swift-system' (no dependencies)
GatherProvisioningInputs
CreateBuildDescription
ClangStatCache /Applications/Xcode-27.0.0-Release.Candidate.app/Contents/Developer/Toolchains/XcodeDefault.xctoolchain/usr/bin/clang-stat-cache /Applications/Xcode-27.0.0-Release.Candidate.app/Contents/Developer/Platforms/WatchOS.platform/Developer/SDKs/WatchOS27.0.sdk /Users/admin/builder/spi-builder-workspace/.derivedData/SDKStatCaches.noindex/watchos27.0-24R360-e829b21a6f8c9b70876ba0858053c04477534ef55a1706bf4c1112bbb242f0a2.sdkstatcache
    cd /Users/admin/builder/spi-builder-workspace/.swiftpm/xcode
    /Applications/Xcode-27.0.0-Release.Candidate.app/Contents/Developer/Toolchains/XcodeDefault.xctoolchain/usr/bin/clang-stat-cache /Applications/Xcode-27.0.0-Release.Candidate.app/Contents/Developer/Platforms/WatchOS.platform/Developer/SDKs/WatchOS27.0.sdk -o /Users/admin/builder/spi-builder-workspace/.derivedData/SDKStatCaches.noindex/watchos27.0-24R360-e829b21a6f8c9b70876ba0858053c04477534ef55a1706bf4c1112bbb242f0a2.sdkstatcache
SwiftDriver Factory normal arm64_32 com.apple.xcode.tools.swift.compiler (in target 'Factory' from project 'swift-package-factory')
    cd /Users/admin/builder/spi-builder-workspace/.swiftpm/xcode
    builtin-SwiftDriver -- /Applications/Xcode-27.0.0-Release.Candidate.app/Contents/Developer/Toolchains/XcodeDefault.xctoolchain/usr/bin/swiftc -parse-as-library -module-name Factory -Onone @/Users/admin/builder/spi-builder-workspace/.derivedData/Build/Intermediates.noindex/swift-package-factory.build/Debug-watchos/Factory-t.build/Objects-normal/arm64_32/Factory.SwiftFileList -DSWIFT_PACKAGE -DDEBUG -DSWIFT_MODULE_RESOURCE_BUNDLE_UNAVAILABLE -Xcc -fmodule-map-file\=/Users/admin/builder/spi-builder-workspace/.dependencies/checkouts/swift-system/Sources/CSystem/include/module.modulemap -DXcode -plugin-path /Applications/Xcode-27.0.0-Release.Candidate.app/Contents/Developer/Toolchains/XcodeDefault.xctoolchain/usr/lib/swift/host/plugins/testing -enable-experimental-feature DebugDescriptionMacro -sdk /Applications/Xcode-27.0.0-Release.Candidate.app/Contents/Developer/Platforms/WatchOS.platform/Developer/SDKs/WatchOS27.0.sdk -target arm64_32-apple-watchos9.0 -g -module-cache-path /Users/admin/builder/spi-builder-workspace/.derivedData/ModuleCache.noindex -Xfrontend -serialize-debugging-options -enable-testing -index-store-path /Users/admin/builder/spi-builder-workspace/.derivedData/Index.noindex/DataStore -Xcc -D_LIBCPP_HARDENING_MODE\=_LIBCPP_HARDENING_MODE_DEBUG -swift-version 5 -I /Users/admin/builder/spi-builder-workspace/.derivedData/Build/Products/Debug-watchos -Isystem /Applications/Xcode-27.0.0-Release.Candidate.app/Contents/Developer/Platforms/WatchOS.platform/Developer/usr/lib -F /Users/admin/builder/spi-builder-workspace/.derivedData/Build/Products/Debug-watchos/PackageFrameworks -F /Users/admin/builder/spi-builder-workspace/.derivedData/Build/Products/Debug-watchos -F /Applications/Xcode-27.0.0-Release.Candidate.app/Contents/Developer/Platforms/WatchOS.platform/Developer/Library/Frameworks -F /Applications/Xcode-27.0.0-Release.Candidate.app/Contents/Developer/Platforms/WatchOS.platform/Developer/SDKs/WatchOS27.0.sdk/Developer/Library/Frameworks -c -j10 -enable-batch-mode -incremental -Xcc -ivfsstatcache -Xcc /Users/admin/builder/spi-builder-workspace/.derivedData/SDKStatCaches.noindex/watchos27.0-24R360-e829b21a6f8c9b70876ba0858053c04477534ef55a1706bf4c1112bbb242f0a2.sdkstatcache -output-file-map /Users/admin/builder/spi-builder-workspace/.derivedData/Build/Intermediates.noindex/swift-package-factory.build/Debug-watchos/Factory-t.build/Objects-normal/arm64_32/Factory-OutputFileMap.json -save-temps -no-color-diagnostics -explicit-module-build -module-cache-path /Users/admin/builder/spi-builder-workspace/.derivedData/Build/Intermediates.noindex/SwiftExplicitPrecompiledModules -clang-scanner-module-cache-path /Users/admin/builder/spi-builder-workspace/.derivedData/ModuleCache.noindex -sdk-module-cache-path /Users/admin/builder/spi-builder-workspace/.derivedData/SDKExplicitPrecompiledModules -emit-dependencies -emit-module -emit-module-path /Users/admin/builder/spi-builder-workspace/.derivedData/Build/Intermediates.noindex/swift-package-factory.build/Debug-watchos/Factory-t.build/Objects-normal/arm64_32/Factory.swiftmodule -serialize-diagnostics -dependency-scan-serialize-diagnostics-path /Users/admin/builder/spi-builder-workspace/.derivedData/Build/Intermediates.noindex/swift-package-factory.build/Debug-watchos/Factory-t.build/Objects-normal/arm64_32/Factory-dependency-scan.dia -validate-clang-modules-once -clang-build-session-file /Users/admin/builder/spi-builder-workspace/.derivedData/ModuleCache.noindex/Session.modulevalidation -Xcc -fmodules-prune-interval\=86400 -Xcc -fmodules-prune-after\=345600 -emit-const-values -const-gather-protocols-list /Users/admin/builder/spi-builder-workspace/.derivedData/Build/Intermediates.noindex/swift-package-factory.build/Debug-watchos/Factory-t.build/Objects-normal/arm64_32/Factory_const_extract_protocols.json -Xcc -I/Users/admin/builder/spi-builder-workspace/.dependencies/checkouts/swift-system/Sources/CSystem/include -Xcc -I/Users/admin/builder/spi-builder-workspace/.derivedData/Build/Products/Debug-watchos/include -Xcc -I/Users/admin/builder/spi-builder-workspace/.derivedData/Build/Intermediates.noindex/swift-package-factory.build/Debug-watchos/Factory-t.build/DerivedSources-normal/arm64_32 -Xcc -I/Users/admin/builder/spi-builder-workspace/.derivedData/Build/Intermediates.noindex/swift-package-factory.build/Debug-watchos/Factory-t.build/DerivedSources/arm64_32 -Xcc -I/Users/admin/builder/spi-builder-workspace/.derivedData/Build/Intermediates.noindex/swift-package-factory.build/Debug-watchos/Factory-t.build/DerivedSources -Xcc -DSWIFT_PACKAGE -Xcc -DDEBUG\=1 -emit-objc-header -emit-objc-header-path /Users/admin/builder/spi-builder-workspace/.derivedData/Build/Intermediates.noindex/swift-package-factory.build/Debug-watchos/Factory-t.build/Objects-normal/arm64_32/Factory-Swift.h -working-directory /Users/admin/builder/spi-builder-workspace/.swiftpm/xcode -experimental-emit-module-separately -disable-cmo
SwiftDriver SwiftSyntaxBuilder normal arm64_32 com.apple.xcode.tools.swift.compiler (in target 'SwiftSyntaxBuilder' from project 'SwiftSyntax')
    cd /Users/admin/builder/spi-builder-workspace/.swiftpm/xcode
    builtin-SwiftDriver -- /Applications/Xcode-27.0.0-Release.Candidate.app/Contents/Developer/Toolchains/XcodeDefault.xctoolchain/usr/bin/swiftc -parse-as-library -module-name SwiftSyntaxBuilder -Onone @/Users/admin/builder/spi-builder-workspace/.derivedData/Build/Intermediates.noindex/SwiftSyntax.build/Debug-watchos/SwiftSyntaxBuilder-t.build/Objects-normal/arm64_32/SwiftSyntaxBuilder.SwiftFileList -DSWIFT_PACKAGE -DDEBUG -DSWIFT_MODULE_RESOURCE_BUNDLE_UNAVAILABLE -DXcode -plugin-path /Applications/Xcode-27.0.0-Release.Candidate.app/Contents/Developer/Toolchains/XcodeDefault.xctoolchain/usr/lib/swift/host/plugins/testing -enable-experimental-feature DebugDescriptionMacro -sdk /Applications/Xcode-27.0.0-Release.Candidate.app/Contents/Developer/Platforms/WatchOS.platform/Developer/SDKs/WatchOS27.0.sdk -target arm64_32-apple-watchos9.0 -g -module-cache-path /Users/admin/builder/spi-builder-workspace/.derivedData/ModuleCache.noindex -Xfrontend -serialize-debugging-options -enable-testing -suppress-warnings -index-store-path /Users/admin/builder/spi-builder-workspace/.derivedData/Index.noindex/DataStore -Xcc -D_LIBCPP_HARDENING_MODE\=_LIBCPP_HARDENING_MODE_DEBUG -swift-version 5 -I /Users/admin/builder/spi-builder-workspace/.derivedData/Build/Products/Debug-watchos -Isystem /Applications/Xcode-27.0.0-Release.Candidate.app/Contents/Developer/Platforms/WatchOS.platform/Developer/usr/lib -F /Users/admin/builder/spi-builder-workspace/.derivedData/Build/Products/Debug-watchos/PackageFrameworks -F /Users/admin/builder/spi-builder-workspace/.derivedData/Build/Products/Debug-watchos -F /Applications/Xcode-27.0.0-Release.Candidate.app/Contents/Developer/Platforms/WatchOS.platform/Developer/Library/Frameworks -F /Applications/Xcode-27.0.0-Release.Candidate.app/Contents/Developer/Platforms/WatchOS.platform/Developer/SDKs/WatchOS27.0.sdk/Developer/Library/Frameworks -c -j10 -enable-batch-mode -incremental -Xcc -ivfsstatcache -Xcc /Users/admin/builder/spi-builder-workspace/.derivedData/SDKStatCaches.noindex/watchos27.0-24R360-e829b21a6f8c9b70876ba0858053c04477534ef55a1706bf4c1112bbb242f0a2.sdkstatcache -output-file-map /Users/admin/builder/spi-builder-workspace/.derivedData/Build/Intermediates.noindex/SwiftSyntax.build/Debug-watchos/SwiftSyntaxBuilder-t.build/Objects-normal/arm64_32/SwiftSyntaxBuilder-OutputFileMap.json -save-temps -no-color-diagnostics -explicit-module-build -module-cache-path /Users/admin/builder/spi-builder-workspace/.derivedData/Build/Intermediates.noindex/SwiftExplicitPrecompiledModules -clang-scanner-module-cache-path /Users/admin/builder/spi-builder-workspace/.derivedData/ModuleCache.noindex -sdk-module-cache-path /Users/admin/builder/spi-builder-workspace/.derivedData/SDKExplicitPrecompiledModules -emit-dependencies -emit-module -emit-module-path /Users/admin/builder/spi-builder-workspace/.derivedData/Build/Intermediates.noindex/SwiftSyntax.build/Debug-watchos/SwiftSyntaxBuilder-t.build/Objects-normal/arm64_32/SwiftSyntaxBuilder.swiftmodule -serialize-diagnostics -dependency-scan-serialize-diagnostics-path /Users/admin/builder/spi-builder-workspace/.derivedData/Build/Intermediates.noindex/SwiftSyntax.build/Debug-watchos/SwiftSyntaxBuilder-t.build/Objects-normal/arm64_32/SwiftSyntaxBuilder-dependency-scan.dia -validate-clang-modules-once -clang-build-session-file /Users/admin/builder/spi-builder-workspace/.derivedData/ModuleCache.noindex/Session.modulevalidation -Xcc -fmodules-prune-interval\=86400 -Xcc -fmodules-prune-after\=345600 -emit-const-values -const-gather-protocols-list /Users/admin/builder/spi-builder-workspace/.derivedData/Build/Intermediates.noindex/SwiftSyntax.build/Debug-watchos/SwiftSyntaxBuilder-t.build/Objects-normal/arm64_32/SwiftSyntaxBuilder_const_extract_protocols.json -Xcc -I/Users/admin/builder/spi-builder-workspace/.derivedData/Build/Products/Debug-watchos/include -Xcc -I/Users/admin/builder/spi-builder-workspace/.derivedData/Build/Intermediates.noindex/SwiftSyntax.build/Debug-watchos/SwiftSyntaxBuilder-t.build/DerivedSources-normal/arm64_32 -Xcc -I/Users/admin/builder/spi-builder-workspace/.derivedData/Build/Intermediates.noindex/SwiftSyntax.build/Debug-watchos/SwiftSyntaxBuilder-t.build/DerivedSources/arm64_32 -Xcc -I/Users/admin/builder/spi-builder-workspace/.derivedData/Build/Intermediates.noindex/SwiftSyntax.build/Debug-watchos/SwiftSyntaxBuilder-t.build/DerivedSources -Xcc -DSWIFT_PACKAGE -Xcc -DDEBUG\=1 -emit-objc-header -emit-objc-header-path /Users/admin/builder/spi-builder-workspace/.derivedData/Build/Intermediates.noindex/SwiftSyntax.build/Debug-watchos/SwiftSyntaxBuilder-t.build/Objects-normal/arm64_32/SwiftSyntaxBuilder-Swift.h -working-directory /Users/admin/builder/spi-builder-workspace/.swiftpm/xcode -experimental-emit-module-separately -disable-cmo
SwiftDriver SwiftSyntax normal arm64_32 com.apple.xcode.tools.swift.compiler (in target 'SwiftSyntax' from project 'SwiftSyntax')
    cd /Users/admin/builder/spi-builder-workspace/.swiftpm/xcode
    builtin-SwiftDriver -- /Applications/Xcode-27.0.0-Release.Candidate.app/Contents/Developer/Toolchains/XcodeDefault.xctoolchain/usr/bin/swiftc -parse-as-library -module-name SwiftSyntax -Onone @/Users/admin/builder/spi-builder-workspace/.derivedData/Build/Intermediates.noindex/SwiftSyntax.build/Debug-watchos/SwiftSyntax-t.build/Objects-normal/arm64_32/SwiftSyntax.SwiftFileList -DSWIFT_PACKAGE -DDEBUG -DSWIFT_MODULE_RESOURCE_BUNDLE_UNAVAILABLE -DXcode -plugin-path /Applications/Xcode-27.0.0-Release.Candidate.app/Contents/Developer/Toolchains/XcodeDefault.xctoolchain/usr/lib/swift/host/plugins/testing -enable-experimental-feature DebugDescriptionMacro -sdk /Applications/Xcode-27.0.0-Release.Candidate.app/Contents/Developer/Platforms/WatchOS.platform/Developer/SDKs/WatchOS27.0.sdk -target arm64_32-apple-watchos9.0 -g -module-cache-path /Users/admin/builder/spi-builder-workspace/.derivedData/ModuleCache.noindex -Xfrontend -serialize-debugging-options -enable-testing -suppress-warnings -index-store-path /Users/admin/builder/spi-builder-workspace/.derivedData/Index.noindex/DataStore -Xcc -D_LIBCPP_HARDENING_MODE\=_LIBCPP_HARDENING_MODE_DEBUG -swift-version 5 -I /Users/admin/builder/spi-builder-workspace/.derivedData/Build/Products/Debug-watchos -Isystem /Applications/Xcode-27.0.0-Release.Candidate.app/Contents/Developer/Platforms/WatchOS.platform/Developer/usr/lib -F /Users/admin/builder/spi-builder-workspace/.derivedData/Build/Products/Debug-watchos -F /Applications/Xcode-27.0.0-Release.Candidate.app/Contents/Developer/Platforms/WatchOS.platform/Developer/Library/Frameworks -F /Applications/Xcode-27.0.0-Release.Candidate.app/Contents/Developer/Platforms/WatchOS.platform/Developer/SDKs/WatchOS27.0.sdk/Developer/Library/Frameworks -c -j10 -enable-batch-mode -incremental -Xcc -ivfsstatcache -Xcc /Users/admin/builder/spi-builder-workspace/.derivedData/SDKStatCaches.noindex/watchos27.0-24R360-e829b21a6f8c9b70876ba0858053c04477534ef55a1706bf4c1112bbb242f0a2.sdkstatcache -output-file-map /Users/admin/builder/spi-builder-workspace/.derivedData/Build/Intermediates.noindex/SwiftSyntax.build/Debug-watchos/SwiftSyntax-t.build/Objects-normal/arm64_32/SwiftSyntax-OutputFileMap.json -save-temps -no-color-diagnostics -explicit-module-build -module-cache-path /Users/admin/builder/spi-builder-workspace/.derivedData/Build/Intermediates.noindex/SwiftExplicitPrecompiledModules -clang-scanner-module-cache-path /Users/admin/builder/spi-builder-workspace/.derivedData/ModuleCache.noindex -sdk-module-cache-path /Users/admin/builder/spi-builder-workspace/.derivedData/SDKExplicitPrecompiledModules -emit-dependencies -emit-module -emit-module-path /Users/admin/builder/spi-builder-workspace/.derivedData/Build/Intermediates.noindex/SwiftSyntax.build/Debug-watchos/SwiftSyntax-t.build/Objects-normal/arm64_32/SwiftSyntax.swiftmodule -serialize-diagnostics -dependency-scan-serialize-diagnostics-path /Users/admin/builder/spi-builder-workspace/.derivedData/Build/Intermediates.noindex/SwiftSyntax.build/Debug-watchos/SwiftSyntax-t.build/Objects-normal/arm64_32/SwiftSyntax-dependency-scan.dia -validate-clang-modules-once -clang-build-session-file /Users/admin/builder/spi-builder-workspace/.derivedData/ModuleCache.noindex/Session.modulevalidation -Xcc -fmodules-prune-interval\=86400 -Xcc -fmodules-prune-after\=345600 -emit-const-values -const-gather-protocols-list /Users/admin/builder/spi-builder-workspace/.derivedData/Build/Intermediates.noindex/SwiftSyntax.build/Debug-watchos/SwiftSyntax-t.build/Objects-normal/arm64_32/SwiftSyntax_const_extract_protocols.json -Xcc -I/Users/admin/builder/spi-builder-workspace/.derivedData/Build/Products/Debug-watchos/include -Xcc -I/Users/admin/builder/spi-builder-workspace/.derivedData/Build/Intermediates.noindex/SwiftSyntax.build/Debug-watchos/SwiftSyntax-t.build/DerivedSources-normal/arm64_32 -Xcc -I/Users/admin/builder/spi-builder-workspace/.derivedData/Build/Intermediates.noindex/SwiftSyntax.build/Debug-watchos/SwiftSyntax-t.build/DerivedSources/arm64_32 -Xcc -I/Users/admin/builder/spi-builder-workspace/.derivedData/Build/Intermediates.noindex/SwiftSyntax.build/Debug-watchos/SwiftSyntax-t.build/DerivedSources -Xcc -DSWIFT_PACKAGE -Xcc -DDEBUG\=1 -emit-objc-header -emit-objc-header-path /Users/admin/builder/spi-builder-workspace/.derivedData/Build/Intermediates.noindex/SwiftSyntax.build/Debug-watchos/SwiftSyntax-t.build/Objects-normal/arm64_32/SwiftSyntax-Swift.h -working-directory /Users/admin/builder/spi-builder-workspace/.swiftpm/xcode -experimental-emit-module-separately -disable-cmo
SwiftDriver Factory normal arm64 com.apple.xcode.tools.swift.compiler (in target 'Factory' from project 'swift-package-factory')
    cd /Users/admin/builder/spi-builder-workspace/.swiftpm/xcode
    builtin-SwiftDriver -- /Applications/Xcode-27.0.0-Release.Candidate.app/Contents/Developer/Toolchains/XcodeDefault.xctoolchain/usr/bin/swiftc -parse-as-library -module-name Factory -Onone @/Users/admin/builder/spi-builder-workspace/.derivedData/Build/Intermediates.noindex/swift-package-factory.build/Debug-watchos/Factory-t.build/Objects-normal/arm64/Factory.SwiftFileList -DSWIFT_PACKAGE -DDEBUG -DSWIFT_MODULE_RESOURCE_BUNDLE_UNAVAILABLE -Xcc -fmodule-map-file\=/Users/admin/builder/spi-builder-workspace/.dependencies/checkouts/swift-system/Sources/CSystem/include/module.modulemap -DXcode -plugin-path /Applications/Xcode-27.0.0-Release.Candidate.app/Contents/Developer/Toolchains/XcodeDefault.xctoolchain/usr/lib/swift/host/plugins/testing -enable-experimental-feature DebugDescriptionMacro -sdk /Applications/Xcode-27.0.0-Release.Candidate.app/Contents/Developer/Platforms/WatchOS.platform/Developer/SDKs/WatchOS27.0.sdk -target arm64-apple-watchos9.0 -g -module-cache-path /Users/admin/builder/spi-builder-workspace/.derivedData/ModuleCache.noindex -Xfrontend -serialize-debugging-options -enable-testing -index-store-path /Users/admin/builder/spi-builder-workspace/.derivedData/Index.noindex/DataStore -Xcc -D_LIBCPP_HARDENING_MODE\=_LIBCPP_HARDENING_MODE_DEBUG -swift-version 5 -I /Users/admin/builder/spi-builder-workspace/.derivedData/Build/Products/Debug-watchos -Isystem /Applications/Xcode-27.0.0-Release.Candidate.app/Contents/Developer/Platforms/WatchOS.platform/Developer/usr/lib -F /Users/admin/builder/spi-builder-workspace/.derivedData/Build/Products/Debug-watchos/PackageFrameworks -F /Users/admin/builder/spi-builder-workspace/.derivedData/Build/Products/Debug-watchos -F /Applications/Xcode-27.0.0-Release.Candidate.app/Contents/Developer/Platforms/WatchOS.platform/Developer/Library/Frameworks -F /Applications/Xcode-27.0.0-Release.Candidate.app/Contents/Developer/Platforms/WatchOS.platform/Developer/SDKs/WatchOS27.0.sdk/Developer/Library/Frameworks -c -j10 -enable-batch-mode -incremental -Xcc -ivfsstatcache -Xcc /Users/admin/builder/spi-builder-workspace/.derivedData/SDKStatCaches.noindex/watchos27.0-24R360-e829b21a6f8c9b70876ba0858053c04477534ef55a1706bf4c1112bbb242f0a2.sdkstatcache -output-file-map /Users/admin/builder/spi-builder-workspace/.derivedData/Build/Intermediates.noindex/swift-package-factory.build/Debug-watchos/Factory-t.build/Objects-normal/arm64/Factory-OutputFileMap.json -save-temps -no-color-diagnostics -explicit-module-build -module-cache-path /Users/admin/builder/spi-builder-workspace/.derivedData/Build/Intermediates.noindex/SwiftExplicitPrecompiledModules -clang-scanner-module-cache-path /Users/admin/builder/spi-builder-workspace/.derivedData/ModuleCache.noindex -sdk-module-cache-path /Users/admin/builder/spi-builder-workspace/.derivedData/SDKExplicitPrecompiledModules -emit-dependencies -emit-module -emit-module-path /Users/admin/builder/spi-builder-workspace/.derivedData/Build/Intermediates.noindex/swift-package-factory.build/Debug-watchos/Factory-t.build/Objects-normal/arm64/Factory.swiftmodule -serialize-diagnostics -dependency-scan-serialize-diagnostics-path /Users/admin/builder/spi-builder-workspace/.derivedData/Build/Intermediates.noindex/swift-package-factory.build/Debug-watchos/Factory-t.build/Objects-normal/arm64/Factory-dependency-scan.dia -validate-clang-modules-once -clang-build-session-file /Users/admin/builder/spi-builder-workspace/.derivedData/ModuleCache.noindex/Session.modulevalidation -Xcc -fmodules-prune-interval\=86400 -Xcc -fmodules-prune-after\=345600 -emit-const-values -const-gather-protocols-list /Users/admin/builder/spi-builder-workspace/.derivedData/Build/Intermediates.noindex/swift-package-factory.build/Debug-watchos/Factory-t.build/Objects-normal/arm64/Factory_const_extract_protocols.json -Xcc -I/Users/admin/builder/spi-builder-workspace/.dependencies/checkouts/swift-system/Sources/CSystem/include -Xcc -I/Users/admin/builder/spi-builder-workspace/.derivedData/Build/Products/Debug-watchos/include -Xcc -I/Users/admin/builder/spi-builder-workspace/.derivedData/Build/Intermediates.noindex/swift-package-factory.build/Debug-watchos/Factory-t.build/DerivedSources-normal/arm64 -Xcc -I/Users/admin/builder/spi-builder-workspace/.derivedData/Build/Intermediates.noindex/swift-package-factory.build/Debug-watchos/Factory-t.build/DerivedSources/arm64 -Xcc -I/Users/admin/builder/spi-builder-workspace/.derivedData/Build/Intermediates.noindex/swift-package-factory.build/Debug-watchos/Factory-t.build/DerivedSources -Xcc -DSWIFT_PACKAGE -Xcc -DDEBUG\=1 -emit-objc-header -emit-objc-header-path /Users/admin/builder/spi-builder-workspace/.derivedData/Build/Intermediates.noindex/swift-package-factory.build/Debug-watchos/Factory-t.build/Objects-normal/arm64/Factory-Swift.h -working-directory /Users/admin/builder/spi-builder-workspace/.swiftpm/xcode -experimental-emit-module-separately -disable-cmo
SwiftDriver SwiftSyntax normal arm64 com.apple.xcode.tools.swift.compiler (in target 'SwiftSyntax' from project 'SwiftSyntax')
    cd /Users/admin/builder/spi-builder-workspace/.swiftpm/xcode
    builtin-SwiftDriver -- /Applications/Xcode-27.0.0-Release.Candidate.app/Contents/Developer/Toolchains/XcodeDefault.xctoolchain/usr/bin/swiftc -parse-as-library -module-name SwiftSyntax -Onone @/Users/admin/builder/spi-builder-workspace/.derivedData/Build/Intermediates.noindex/SwiftSyntax.build/Debug-watchos/SwiftSyntax-t.build/Objects-normal/arm64/SwiftSyntax.SwiftFileList -DSWIFT_PACKAGE -DDEBUG -DSWIFT_MODULE_RESOURCE_BUNDLE_UNAVAILABLE -DXcode -plugin-path /Applications/Xcode-27.0.0-Release.Candidate.app/Contents/Developer/Toolchains/XcodeDefault.xctoolchain/usr/lib/swift/host/plugins/testing -enable-experimental-feature DebugDescriptionMacro -sdk /Applications/Xcode-27.0.0-Release.Candidate.app/Contents/Developer/Platforms/WatchOS.platform/Developer/SDKs/WatchOS27.0.sdk -target arm64-apple-watchos9.0 -g -module-cache-path /Users/admin/builder/spi-builder-workspace/.derivedData/ModuleCache.noindex -Xfrontend -serialize-debugging-options -enable-testing -suppress-warnings -index-store-path /Users/admin/builder/spi-builder-workspace/.derivedData/Index.noindex/DataStore -Xcc -D_LIBCPP_HARDENING_MODE\=_LIBCPP_HARDENING_MODE_DEBUG -swift-version 5 -I /Users/admin/builder/spi-builder-workspace/.derivedData/Build/Products/Debug-watchos -Isystem /Applications/Xcode-27.0.0-Release.Candidate.app/Contents/Developer/Platforms/WatchOS.platform/Developer/usr/lib -F /Users/admin/builder/spi-builder-workspace/.derivedData/Build/Products/Debug-watchos -F /Applications/Xcode-27.0.0-Release.Candidate.app/Contents/Developer/Platforms/WatchOS.platform/Developer/Library/Frameworks -F /Applications/Xcode-27.0.0-Release.Candidate.app/Contents/Developer/Platforms/WatchOS.platform/Developer/SDKs/WatchOS27.0.sdk/Developer/Library/Frameworks -c -j10 -enable-batch-mode -incremental -Xcc -ivfsstatcache -Xcc /Users/admin/builder/spi-builder-workspace/.derivedData/SDKStatCaches.noindex/watchos27.0-24R360-e829b21a6f8c9b70876ba0858053c04477534ef55a1706bf4c1112bbb242f0a2.sdkstatcache -output-file-map /Users/admin/builder/spi-builder-workspace/.derivedData/Build/Intermediates.noindex/SwiftSyntax.build/Debug-watchos/SwiftSyntax-t.build/Objects-normal/arm64/SwiftSyntax-OutputFileMap.json -save-temps -no-color-diagnostics -explicit-module-build -module-cache-path /Users/admin/builder/spi-builder-workspace/.derivedData/Build/Intermediates.noindex/SwiftExplicitPrecompiledModules -clang-scanner-module-cache-path /Users/admin/builder/spi-builder-workspace/.derivedData/ModuleCache.noindex -sdk-module-cache-path /Users/admin/builder/spi-builder-workspace/.derivedData/SDKExplicitPrecompiledModules -emit-dependencies -emit-module -emit-module-path /Users/admin/builder/spi-builder-workspace/.derivedData/Build/Intermediates.noindex/SwiftSyntax.build/Debug-watchos/SwiftSyntax-t.build/Objects-normal/arm64/SwiftSyntax.swiftmodule -serialize-diagnostics -dependency-scan-serialize-diagnostics-path /Users/admin/builder/spi-builder-workspace/.derivedData/Build/Intermediates.noindex/SwiftSyntax.build/Debug-watchos/SwiftSyntax-t.build/Objects-normal/arm64/SwiftSyntax-dependency-scan.dia -validate-clang-modules-once -clang-build-session-file /Users/admin/builder/spi-builder-workspace/.derivedData/ModuleCache.noindex/Session.modulevalidation -Xcc -fmodules-prune-interval\=86400 -Xcc -fmodules-prune-after\=345600 -emit-const-values -const-gather-protocols-list /Users/admin/builder/spi-builder-workspace/.derivedData/Build/Intermediates.noindex/SwiftSyntax.build/Debug-watchos/SwiftSyntax-t.build/Objects-normal/arm64/SwiftSyntax_const_extract_protocols.json -Xcc -I/Users/admin/builder/spi-builder-workspace/.derivedData/Build/Products/Debug-watchos/include -Xcc -I/Users/admin/builder/spi-builder-workspace/.derivedData/Build/Intermediates.noindex/SwiftSyntax.build/Debug-watchos/SwiftSyntax-t.build/DerivedSources-normal/arm64 -Xcc -I/Users/admin/builder/spi-builder-workspace/.derivedData/Build/Intermediates.noindex/SwiftSyntax.build/Debug-watchos/SwiftSyntax-t.build/DerivedSources/arm64 -Xcc -I/Users/admin/builder/spi-builder-workspace/.derivedData/Build/Intermediates.noindex/SwiftSyntax.build/Debug-watchos/SwiftSyntax-t.build/DerivedSources -Xcc -DSWIFT_PACKAGE -Xcc -DDEBUG\=1 -emit-objc-header -emit-objc-header-path /Users/admin/builder/spi-builder-workspace/.derivedData/Build/Intermediates.noindex/SwiftSyntax.build/Debug-watchos/SwiftSyntax-t.build/Objects-normal/arm64/SwiftSyntax-Swift.h -working-directory /Users/admin/builder/spi-builder-workspace/.swiftpm/xcode -experimental-emit-module-separately -disable-cmo
SwiftDriver swift-package-factory normal arm64 com.apple.xcode.tools.swift.compiler (in target 'swift-package-factory-product' from project 'swift-package-factory')
    cd /Users/admin/builder/spi-builder-workspace/.swiftpm/xcode
    builtin-SwiftDriver -- /Applications/Xcode-27.0.0-Release.Candidate.app/Contents/Developer/Toolchains/XcodeDefault.xctoolchain/usr/bin/swiftc -parse-as-library -module-name swift_package_factory -Onone @/Users/admin/builder/spi-builder-workspace/.derivedData/Build/Intermediates.noindex/swift-package-factory.build/Debug-watchos/swift-package-factory-p.build/Objects-normal/arm64/swift-package-factory.SwiftFileList -DSWIFT_PACKAGE -DDEBUG -Xcc -fmodule-map-file\=/Users/admin/builder/spi-builder-workspace/.dependencies/checkouts/swift-system/Sources/CSystem/include/module.modulemap -DXcode -plugin-path /Applications/Xcode-27.0.0-Release.Candidate.app/Contents/Developer/Toolchains/XcodeDefault.xctoolchain/usr/lib/swift/host/plugins/testing -enable-experimental-feature DebugDescriptionMacro -sdk /Applications/Xcode-27.0.0-Release.Candidate.app/Contents/Developer/Platforms/WatchOS.platform/Developer/SDKs/WatchOS27.0.sdk -target arm64-apple-watchos9.0 -g -module-cache-path /Users/admin/builder/spi-builder-workspace/.derivedData/ModuleCache.noindex -Xfrontend -serialize-debugging-options -enable-testing -index-store-path /Users/admin/builder/spi-builder-workspace/.derivedData/Index.noindex/DataStore -Xcc -D_LIBCPP_HARDENING_MODE\=_LIBCPP_HARDENING_MODE_DEBUG -swift-version 5 -I /Users/admin/builder/spi-builder-workspace/.derivedData/Build/Products/Debug-watchos -Isystem /Applications/Xcode-27.0.0-Release.Candidate.app/Contents/Developer/Platforms/WatchOS.platform/Developer/usr/lib -F /Users/admin/builder/spi-builder-workspace/.derivedData/Build/Products/Debug-watchos/PackageFrameworks -F /Users/admin/builder/spi-builder-workspace/.derivedData/Build/Products/Debug-watchos -F /Applications/Xcode-27.0.0-Release.Candidate.app/Contents/Developer/Platforms/WatchOS.platform/Developer/Library/Frameworks -F /Applications/Xcode-27.0.0-Release.Candidate.app/Contents/Developer/Platforms/WatchOS.platform/Developer/SDKs/WatchOS27.0.sdk/Developer/Library/Frameworks -c -j10 -enable-batch-mode -incremental -Xcc -ivfsstatcache -Xcc /Users/admin/builder/spi-builder-workspace/.derivedData/SDKStatCaches.noindex/watchos27.0-24R360-e829b21a6f8c9b70876ba0858053c04477534ef55a1706bf4c1112bbb242f0a2.sdkstatcache -output-file-map /Users/admin/builder/spi-builder-workspace/.derivedData/Build/Intermediates.noindex/swift-package-factory.build/Debug-watchos/swift-package-factory-p.build/Objects-normal/arm64/swift-package-factory-OutputFileMap.json -save-temps -no-color-diagnostics -explicit-module-build -module-cache-path /Users/admin/builder/spi-builder-workspace/.derivedData/Build/Intermediates.noindex/SwiftExplicitPrecompiledModules -clang-scanner-module-cache-path /Users/admin/builder/spi-builder-workspace/.derivedData/ModuleCache.noindex -sdk-module-cache-path /Users/admin/builder/spi-builder-workspace/.derivedData/SDKExplicitPrecompiledModules -emit-dependencies -emit-module -emit-module-path /Users/admin/builder/spi-builder-workspace/.derivedData/Build/Intermediates.noindex/swift-package-factory.build/Debug-watchos/swift-package-factory-p.build/Objects-normal/arm64/swift_package_factory.swiftmodule -serialize-diagnostics -dependency-scan-serialize-diagnostics-path /Users/admin/builder/spi-builder-workspace/.derivedData/Build/Intermediates.noindex/swift-package-factory.build/Debug-watchos/swift-package-factory-p.build/Objects-normal/arm64/swift_package_factory-dependency-scan.dia -validate-clang-modules-once -clang-build-session-file /Users/admin/builder/spi-builder-workspace/.derivedData/ModuleCache.noindex/Session.modulevalidation -Xcc -fmodules-prune-interval\=86400 -Xcc -fmodules-prune-after\=345600 -emit-const-values -const-gather-protocols-list /Users/admin/builder/spi-builder-workspace/.derivedData/Build/Intermediates.noindex/swift-package-factory.build/Debug-watchos/swift-package-factory-p.build/Objects-normal/arm64/swift-package-factory_const_extract_protocols.json -Xcc -I/Users/admin/builder/spi-builder-workspace/.dependencies/checkouts/swift-system/Sources/CSystem/include -Xcc -I/Users/admin/builder/spi-builder-workspace/.derivedData/Build/Products/Debug-watchos/include -Xcc -I/Users/admin/builder/spi-builder-workspace/.derivedData/Build/Intermediates.noindex/swift-package-factory.build/Debug-watchos/swift-package-factory-p.build/DerivedSources-normal/arm64 -Xcc -I/Users/admin/builder/spi-builder-workspace/.derivedData/Build/Intermediates.noindex/swift-package-factory.build/Debug-watchos/swift-package-factory-p.build/DerivedSources/arm64 -Xcc -I/Users/admin/builder/spi-builder-workspace/.derivedData/Build/Intermediates.noindex/swift-package-factory.build/Debug-watchos/swift-package-factory-p.build/DerivedSources -Xcc -DSWIFT_PACKAGE -Xcc -DDEBUG\=1 -working-directory /Users/admin/builder/spi-builder-workspace/.swiftpm/xcode -experimental-emit-module-separately -disable-cmo
SwiftDriver swift-package-factory normal arm64_32 com.apple.xcode.tools.swift.compiler (in target 'swift-package-factory-product' from project 'swift-package-factory')
    cd /Users/admin/builder/spi-builder-workspace/.swiftpm/xcode
    builtin-SwiftDriver -- /Applications/Xcode-27.0.0-Release.Candidate.app/Contents/Developer/Toolchains/XcodeDefault.xctoolchain/usr/bin/swiftc -parse-as-library -module-name swift_package_factory -Onone @/Users/admin/builder/spi-builder-workspace/.derivedData/Build/Intermediates.noindex/swift-package-factory.build/Debug-watchos/swift-package-factory-p.build/Objects-normal/arm64_32/swift-package-factory.SwiftFileList -DSWIFT_PACKAGE -DDEBUG -Xcc -fmodule-map-file\=/Users/admin/builder/spi-builder-workspace/.dependencies/checkouts/swift-system/Sources/CSystem/include/module.modulemap -DXcode -plugin-path /Applications/Xcode-27.0.0-Release.Candidate.app/Contents/Developer/Toolchains/XcodeDefault.xctoolchain/usr/lib/swift/host/plugins/testing -enable-experimental-feature DebugDescriptionMacro -sdk /Applications/Xcode-27.0.0-Release.Candidate.app/Contents/Developer/Platforms/WatchOS.platform/Developer/SDKs/WatchOS27.0.sdk -target arm64_32-apple-watchos9.0 -g -module-cache-path /Users/admin/builder/spi-builder-workspace/.derivedData/ModuleCache.noindex -Xfrontend -serialize-debugging-options -enable-testing -index-store-path /Users/admin/builder/spi-builder-workspace/.derivedData/Index.noindex/DataStore -Xcc -D_LIBCPP_HARDENING_MODE\=_LIBCPP_HARDENING_MODE_DEBUG -swift-version 5 -I /Users/admin/builder/spi-builder-workspace/.derivedData/Build/Products/Debug-watchos -Isystem /Applications/Xcode-27.0.0-Release.Candidate.app/Contents/Developer/Platforms/WatchOS.platform/Developer/usr/lib -F /Users/admin/builder/spi-builder-workspace/.derivedData/Build/Products/Debug-watchos/PackageFrameworks -F /Users/admin/builder/spi-builder-workspace/.derivedData/Build/Products/Debug-watchos -F /Applications/Xcode-27.0.0-Release.Candidate.app/Contents/Developer/Platforms/WatchOS.platform/Developer/Library/Frameworks -F /Applications/Xcode-27.0.0-Release.Candidate.app/Contents/Developer/Platforms/WatchOS.platform/Developer/SDKs/WatchOS27.0.sdk/Developer/Library/Frameworks -c -j10 -enable-batch-mode -incremental -Xcc -ivfsstatcache -Xcc /Users/admin/builder/spi-builder-workspace/.derivedData/SDKStatCaches.noindex/watchos27.0-24R360-e829b21a6f8c9b70876ba0858053c04477534ef55a1706bf4c1112bbb242f0a2.sdkstatcache -output-file-map /Users/admin/builder/spi-builder-workspace/.derivedData/Build/Intermediates.noindex/swift-package-factory.build/Debug-watchos/swift-package-factory-p.build/Objects-normal/arm64_32/swift-package-factory-OutputFileMap.json -save-temps -no-color-diagnostics -explicit-module-build -module-cache-path /Users/admin/builder/spi-builder-workspace/.derivedData/Build/Intermediates.noindex/SwiftExplicitPrecompiledModules -clang-scanner-module-cache-path /Users/admin/builder/spi-builder-workspace/.derivedData/ModuleCache.noindex -sdk-module-cache-path /Users/admin/builder/spi-builder-workspace/.derivedData/SDKExplicitPrecompiledModules -emit-dependencies -emit-module -emit-module-path /Users/admin/builder/spi-builder-workspace/.derivedData/Build/Intermediates.noindex/swift-package-factory.build/Debug-watchos/swift-package-factory-p.build/Objects-normal/arm64_32/swift_package_factory.swiftmodule -serialize-diagnostics -dependency-scan-serialize-diagnostics-path /Users/admin/builder/spi-builder-workspace/.derivedData/Build/Intermediates.noindex/swift-package-factory.build/Debug-watchos/swift-package-factory-p.build/Objects-normal/arm64_32/swift_package_factory-dependency-scan.dia -validate-clang-modules-once -clang-build-session-file /Users/admin/builder/spi-builder-workspace/.derivedData/ModuleCache.noindex/Session.modulevalidation -Xcc -fmodules-prune-interval\=86400 -Xcc -fmodules-prune-after\=345600 -emit-const-values -const-gather-protocols-list /Users/admin/builder/spi-builder-workspace/.derivedData/Build/Intermediates.noindex/swift-package-factory.build/Debug-watchos/swift-package-factory-p.build/Objects-normal/arm64_32/swift-package-factory_const_extract_protocols.json -Xcc -I/Users/admin/builder/spi-builder-workspace/.dependencies/checkouts/swift-system/Sources/CSystem/include -Xcc -I/Users/admin/builder/spi-builder-workspace/.derivedData/Build/Products/Debug-watchos/include -Xcc -I/Users/admin/builder/spi-builder-workspace/.derivedData/Build/Intermediates.noindex/swift-package-factory.build/Debug-watchos/swift-package-factory-p.build/DerivedSources-normal/arm64_32 -Xcc -I/Users/admin/builder/spi-builder-workspace/.derivedData/Build/Intermediates.noindex/swift-package-factory.build/Debug-watchos/swift-package-factory-p.build/DerivedSources/arm64_32 -Xcc -I/Users/admin/builder/spi-builder-workspace/.derivedData/Build/Intermediates.noindex/swift-package-factory.build/Debug-watchos/swift-package-factory-p.build/DerivedSources -Xcc -DSWIFT_PACKAGE -Xcc -DDEBUG\=1 -working-directory /Users/admin/builder/spi-builder-workspace/.swiftpm/xcode -experimental-emit-module-separately -disable-cmo
SwiftCompile normal arm64_32 Compiling\ Indenter.swift,\ ResultBuilderExtensions.swift /Users/admin/builder/spi-builder-workspace/.dependencies/checkouts/swift-syntax/Sources/SwiftSyntaxBuilder/Indenter.swift /Users/admin/builder/spi-builder-workspace/.dependencies/checkouts/swift-syntax/Sources/SwiftSyntaxBuilder/ResultBuilderExtensions.swift (in target 'SwiftSyntaxBuilder' from project 'SwiftSyntax')
SwiftCompile normal arm64_32 /Users/admin/builder/spi-builder-workspace/.dependencies/checkouts/swift-syntax/Sources/SwiftSyntaxBuilder/Indenter.swift (in target 'SwiftSyntaxBuilder' from project 'SwiftSyntax')
    cd /Users/admin/builder/spi-builder-workspace/.swiftpm/xcode
    builtin-SwiftPerFileCompile Indenter.swift
SwiftCompile normal arm64_32 /Users/admin/builder/spi-builder-workspace/.dependencies/checkouts/swift-syntax/Sources/SwiftSyntaxBuilder/ResultBuilderExtensions.swift (in target 'SwiftSyntaxBuilder' from project 'SwiftSyntax')
    cd /Users/admin/builder/spi-builder-workspace/.swiftpm/xcode
    builtin-SwiftPerFileCompile ResultBuilderExtensions.swift
SwiftCompile normal arm64_32 Compiling\ SyntaxNodeWithBody.swift /Users/admin/builder/spi-builder-workspace/.dependencies/checkouts/swift-syntax/Sources/SwiftSyntaxBuilder/SyntaxNodeWithBody.swift (in target 'SwiftSyntaxBuilder' from project 'SwiftSyntax')
SwiftCompile normal arm64_32 /Users/admin/builder/spi-builder-workspace/.dependencies/checkouts/swift-syntax/Sources/SwiftSyntaxBuilder/SyntaxNodeWithBody.swift (in target 'SwiftSyntaxBuilder' from project 'SwiftSyntax')
    cd /Users/admin/builder/spi-builder-workspace/.swiftpm/xcode
    builtin-SwiftPerFileCompile SyntaxNodeWithBody.swift
SwiftCompile normal arm64_32 Compiling\ ConvenienceInitializers.swift,\ HasTrailingComma.swift /Users/admin/builder/spi-builder-workspace/.dependencies/checkouts/swift-syntax/Sources/SwiftSyntaxBuilder/ConvenienceInitializers.swift /Users/admin/builder/spi-builder-workspace/.dependencies/checkouts/swift-syntax/Sources/SwiftSyntaxBuilder/HasTrailingComma.swift (in target 'SwiftSyntaxBuilder' from project 'SwiftSyntax')
SwiftCompile normal arm64_32 /Users/admin/builder/spi-builder-workspace/.dependencies/checkouts/swift-syntax/Sources/SwiftSyntaxBuilder/ConvenienceInitializers.swift (in target 'SwiftSyntaxBuilder' from project 'SwiftSyntax')
    cd /Users/admin/builder/spi-builder-workspace/.swiftpm/xcode
    builtin-SwiftPerFileCompile ConvenienceInitializers.swift
SwiftCompile normal arm64_32 /Users/admin/builder/spi-builder-workspace/.dependencies/checkouts/swift-syntax/Sources/SwiftSyntaxBuilder/HasTrailingComma.swift (in target 'SwiftSyntaxBuilder' from project 'SwiftSyntax')
    cd /Users/admin/builder/spi-builder-workspace/.swiftpm/xcode
    builtin-SwiftPerFileCompile HasTrailingComma.swift
SwiftCompile normal arm64_32 Compiling\ Syntax+StringInterpolation.swift /Users/admin/builder/spi-builder-workspace/.dependencies/checkouts/swift-syntax/Sources/SwiftSyntaxBuilder/Syntax+StringInterpolation.swift (in target 'SwiftSyntaxBuilder' from project 'SwiftSyntax')
SwiftCompile normal arm64_32 /Users/admin/builder/spi-builder-workspace/.dependencies/checkouts/swift-syntax/Sources/SwiftSyntaxBuilder/Syntax+StringInterpolation.swift (in target 'SwiftSyntaxBuilder' from project 'SwiftSyntax')
    cd /Users/admin/builder/spi-builder-workspace/.swiftpm/xcode
    builtin-SwiftPerFileCompile Syntax+StringInterpolation.swift
SwiftEmitModule normal arm64_32 Emitting\ module\ for\ SwiftSyntaxBuilder (in target 'SwiftSyntaxBuilder' from project 'SwiftSyntax')
SwiftCompile normal arm64_32 (in target 'SwiftSyntaxBuilder' from project 'SwiftSyntax')
    cd /Users/admin/builder/spi-builder-workspace/.swiftpm/xcode

SwiftCompile normal arm64_32 Compiling\ SyntaxExpressibleByStringInterpolationConformances.swift /Users/admin/builder/spi-builder-workspace/.dependencies/checkouts/swift-syntax/Sources/SwiftSyntaxBuilder/generated/SyntaxExpressibleByStringInterpolationConformances.swift (in target 'SwiftSyntaxBuilder' from project 'SwiftSyntax')
SwiftCompile normal arm64_32 /Users/admin/builder/spi-builder-workspace/.dependencies/checkouts/swift-syntax/Sources/SwiftSyntaxBuilder/generated/SyntaxExpressibleByStringInterpolationConformances.swift (in target 'SwiftSyntaxBuilder' from project 'SwiftSyntax')
    cd /Users/admin/builder/spi-builder-workspace/.swiftpm/xcode
    builtin-SwiftPerFileCompile SyntaxExpressibleByStringInterpolationConformances.swift
SwiftEmitModule normal arm64_32 Emitting\ module\ for\ Factory (in target 'Factory' from project 'swift-package-factory')
SwiftCompile normal arm64_32 (in target 'Factory' from project 'swift-package-factory')
    cd /Users/admin/builder/spi-builder-workspace/.swiftpm/xcode

SwiftDriverJobDiscovery normal arm64_32 Compiling SyntaxNodeWithBody.swift (in target 'SwiftSyntaxBuilder' from project 'SwiftSyntax')
SwiftEmitModule normal arm64 Emitting\ module\ for\ Factory (in target 'Factory' from project 'swift-package-factory')
SwiftCompile normal arm64 (in target 'Factory' from project 'swift-package-factory')
    cd /Users/admin/builder/spi-builder-workspace/.swiftpm/xcode

SwiftCompile normal arm64_32 Compiling\ BuildableNodes.swift /Users/admin/builder/spi-builder-workspace/.dependencies/checkouts/swift-syntax/Sources/SwiftSyntaxBuilder/generated/BuildableNodes.swift (in target 'SwiftSyntaxBuilder' from project 'SwiftSyntax')
SwiftCompile normal arm64_32 /Users/admin/builder/spi-builder-workspace/.dependencies/checkouts/swift-syntax/Sources/SwiftSyntaxBuilder/generated/BuildableNodes.swift (in target 'SwiftSyntaxBuilder' from project 'SwiftSyntax')
    cd /Users/admin/builder/spi-builder-workspace/.swiftpm/xcode
    builtin-SwiftPerFileCompile BuildableNodes.swift
SwiftEmitModule normal arm64 Emitting\ module\ for\ SwiftSyntax (in target 'SwiftSyntax' from project 'SwiftSyntax')
SwiftCompile normal arm64 (in target 'SwiftSyntax' from project 'SwiftSyntax')
    cd /Users/admin/builder/spi-builder-workspace/.swiftpm/xcode

SwiftDriverJobDiscovery normal arm64_32 Compiling Indenter.swift, ResultBuilderExtensions.swift (in target 'SwiftSyntaxBuilder' from project 'SwiftSyntax')
SwiftEmitModule normal arm64_32 Emitting\ module\ for\ SwiftSyntax (in target 'SwiftSyntax' from project 'SwiftSyntax')
SwiftCompile normal arm64_32 (in target 'SwiftSyntax' from project 'SwiftSyntax')
    cd /Users/admin/builder/spi-builder-workspace/.swiftpm/xcode

SwiftDriverJobDiscovery normal arm64_32 Compiling ConvenienceInitializers.swift, HasTrailingComma.swift (in target 'SwiftSyntaxBuilder' from project 'SwiftSyntax')
SwiftCompile normal arm64_32 Compiling\ Token.swift /Users/admin/builder/spi-builder-workspace/.dependencies/checkouts/swift-syntax/Sources/SwiftSyntaxBuilder/generated/Token.swift (in target 'SwiftSyntaxBuilder' from project 'SwiftSyntax')
SwiftCompile normal arm64_32 /Users/admin/builder/spi-builder-workspace/.dependencies/checkouts/swift-syntax/Sources/SwiftSyntaxBuilder/generated/Token.swift (in target 'SwiftSyntaxBuilder' from project 'SwiftSyntax')
    cd /Users/admin/builder/spi-builder-workspace/.swiftpm/xcode
    builtin-SwiftPerFileCompile Token.swift
SwiftCompile normal arm64_32 Compiling\ ResultBuilders.swift /Users/admin/builder/spi-builder-workspace/.dependencies/checkouts/swift-syntax/Sources/SwiftSyntaxBuilder/generated/ResultBuilders.swift (in target 'SwiftSyntaxBuilder' from project 'SwiftSyntax')
SwiftCompile normal arm64_32 /Users/admin/builder/spi-builder-workspace/.dependencies/checkouts/swift-syntax/Sources/SwiftSyntaxBuilder/generated/ResultBuilders.swift (in target 'SwiftSyntaxBuilder' from project 'SwiftSyntax')
    cd /Users/admin/builder/spi-builder-workspace/.swiftpm/xcode
    builtin-SwiftPerFileCompile ResultBuilders.swift
SwiftEmitModule normal arm64 Emitting\ module\ for\ swift_package_factory (in target 'swift-package-factory-product' from project 'swift-package-factory')
SwiftCompile normal arm64 (in target 'swift-package-factory-product' from project 'swift-package-factory')
    cd /Users/admin/builder/spi-builder-workspace/.swiftpm/xcode

SwiftDriverJobDiscovery normal arm64_32 Compiling Syntax+StringInterpolation.swift (in target 'SwiftSyntaxBuilder' from project 'SwiftSyntax')
SwiftEmitModule normal arm64_32 Emitting\ module\ for\ swift_package_factory (in target 'swift-package-factory-product' from project 'swift-package-factory')
SwiftCompile normal arm64_32 (in target 'swift-package-factory-product' from project 'swift-package-factory')
    cd /Users/admin/builder/spi-builder-workspace/.swiftpm/xcode

SwiftCompile normal arm64_32 Compiling\ Main.swift /Users/admin/builder/spi-builder-workspace/Sources/swift-package-factory/Main.swift (in target 'swift-package-factory-product' from project 'swift-package-factory')
SwiftCompile normal arm64_32 /Users/admin/builder/spi-builder-workspace/Sources/swift-package-factory/Main.swift (in target 'swift-package-factory-product' from project 'swift-package-factory')
    cd /Users/admin/builder/spi-builder-workspace/.swiftpm/xcode
    builtin-SwiftPerFileCompile Main.swift
SwiftDriverJobDiscovery normal arm64 Emitting module for swift_package_factory (in target 'swift-package-factory-product' from project 'swift-package-factory')
SwiftDriver\ Compilation\ Requirements swift-package-factory normal arm64 com.apple.xcode.tools.swift.compiler (in target 'swift-package-factory-product' from project 'swift-package-factory')
    cd /Users/admin/builder/spi-builder-workspace/.swiftpm/xcode
    builtin-Swift-Compilation-Requirements -- /Applications/Xcode-27.0.0-Release.Candidate.app/Contents/Developer/Toolchains/XcodeDefault.xctoolchain/usr/bin/swiftc -parse-as-library -module-name swift_package_factory -Onone @/Users/admin/builder/spi-builder-workspace/.derivedData/Build/Intermediates.noindex/swift-package-factory.build/Debug-watchos/swift-package-factory-p.build/Objects-normal/arm64/swift-package-factory.SwiftFileList -DSWIFT_PACKAGE -DDEBUG -Xcc -fmodule-map-file\=/Users/admin/builder/spi-builder-workspace/.dependencies/checkouts/swift-system/Sources/CSystem/include/module.modulemap -DXcode -plugin-path /Applications/Xcode-27.0.0-Release.Candidate.app/Contents/Developer/Toolchains/XcodeDefault.xctoolchain/usr/lib/swift/host/plugins/testing -enable-experimental-feature DebugDescriptionMacro -sdk /Applications/Xcode-27.0.0-Release.Candidate.app/Contents/Developer/Platforms/WatchOS.platform/Developer/SDKs/WatchOS27.0.sdk -target arm64-apple-watchos9.0 -g -module-cache-path /Users/admin/builder/spi-builder-workspace/.derivedData/ModuleCache.noindex -Xfrontend -serialize-debugging-options -enable-testing -index-store-path /Users/admin/builder/spi-builder-workspace/.derivedData/Index.noindex/DataStore -Xcc -D_LIBCPP_HARDENING_MODE\=_LIBCPP_HARDENING_MODE_DEBUG -swift-version 5 -I /Users/admin/builder/spi-builder-workspace/.derivedData/Build/Products/Debug-watchos -Isystem /Applications/Xcode-27.0.0-Release.Candidate.app/Contents/Developer/Platforms/WatchOS.platform/Developer/usr/lib -F /Users/admin/builder/spi-builder-workspace/.derivedData/Build/Products/Debug-watchos/PackageFrameworks -F /Users/admin/builder/spi-builder-workspace/.derivedData/Build/Products/Debug-watchos -F /Applications/Xcode-27.0.0-Release.Candidate.app/Contents/Developer/Platforms/WatchOS.platform/Developer/Library/Frameworks -F /Applications/Xcode-27.0.0-Release.Candidate.app/Contents/Developer/Platforms/WatchOS.platform/Developer/SDKs/WatchOS27.0.sdk/Developer/Library/Frameworks -c -j10 -enable-batch-mode -incremental -Xcc -ivfsstatcache -Xcc /Users/admin/builder/spi-builder-workspace/.derivedData/SDKStatCaches.noindex/watchos27.0-24R360-e829b21a6f8c9b70876ba0858053c04477534ef55a1706bf4c1112bbb242f0a2.sdkstatcache -output-file-map /Users/admin/builder/spi-builder-workspace/.derivedData/Build/Intermediates.noindex/swift-package-factory.build/Debug-watchos/swift-package-factory-p.build/Objects-normal/arm64/swift-package-factory-OutputFileMap.json -save-temps -no-color-diagnostics -explicit-module-build -module-cache-path /Users/admin/builder/spi-builder-workspace/.derivedData/Build/Intermediates.noindex/SwiftExplicitPrecompiledModules -clang-scanner-module-cache-path /Users/admin/builder/spi-builder-workspace/.derivedData/ModuleCache.noindex -sdk-module-cache-path /Users/admin/builder/spi-builder-workspace/.derivedData/SDKExplicitPrecompiledModules -emit-dependencies -emit-module -emit-module-path /Users/admin/builder/spi-builder-workspace/.derivedData/Build/Intermediates.noindex/swift-package-factory.build/Debug-watchos/swift-package-factory-p.build/Objects-normal/arm64/swift_package_factory.swiftmodule -serialize-diagnostics -dependency-scan-serialize-diagnostics-path /Users/admin/builder/spi-builder-workspace/.derivedData/Build/Intermediates.noindex/swift-package-factory.build/Debug-watchos/swift-package-factory-p.build/Objects-normal/arm64/swift_package_factory-dependency-scan.dia -validate-clang-modules-once -clang-build-session-file /Users/admin/builder/spi-builder-workspace/.derivedData/ModuleCache.noindex/Session.modulevalidation -Xcc -fmodules-prune-interval\=86400 -Xcc -fmodules-prune-after\=345600 -emit-const-values -const-gather-protocols-list /Users/admin/builder/spi-builder-workspace/.derivedData/Build/Intermediates.noindex/swift-package-factory.build/Debug-watchos/swift-package-factory-p.build/Objects-normal/arm64/swift-package-factory_const_extract_protocols.json -Xcc -I/Users/admin/builder/spi-builder-workspace/.dependencies/checkouts/swift-system/Sources/CSystem/include -Xcc -I/Users/admin/builder/spi-builder-workspace/.derivedData/Build/Products/Debug-watchos/include -Xcc -I/Users/admin/builder/spi-builder-workspace/.derivedData/Build/Intermediates.noindex/swift-package-factory.build/Debug-watchos/swift-package-factory-p.build/DerivedSources-normal/arm64 -Xcc -I/Users/admin/builder/spi-builder-workspace/.derivedData/Build/Intermediates.noindex/swift-package-factory.build/Debug-watchos/swift-package-factory-p.build/DerivedSources/arm64 -Xcc -I/Users/admin/builder/spi-builder-workspace/.derivedData/Build/Intermediates.noindex/swift-package-factory.build/Debug-watchos/swift-package-factory-p.build/DerivedSources -Xcc -DSWIFT_PACKAGE -Xcc -DDEBUG\=1 -working-directory /Users/admin/builder/spi-builder-workspace/.swiftpm/xcode -experimental-emit-module-separately -disable-cmo
SwiftDriverJobDiscovery normal arm64_32 Compiling Token.swift (in target 'SwiftSyntaxBuilder' from project 'SwiftSyntax')
SwiftCompile normal arm64 Compiling\ Main.swift /Users/admin/builder/spi-builder-workspace/Sources/swift-package-factory/Main.swift (in target 'swift-package-factory-product' from project 'swift-package-factory')
SwiftCompile normal arm64 /Users/admin/builder/spi-builder-workspace/Sources/swift-package-factory/Main.swift (in target 'swift-package-factory-product' from project 'swift-package-factory')
    cd /Users/admin/builder/spi-builder-workspace/.swiftpm/xcode
    builtin-SwiftPerFileCompile Main.swift
SwiftCompile normal arm64_32 Compiling\ BuildableCollectionNodes.swift /Users/admin/builder/spi-builder-workspace/.dependencies/checkouts/swift-syntax/Sources/SwiftSyntaxBuilder/generated/BuildableCollectionNodes.swift (in target 'SwiftSyntaxBuilder' from project 'SwiftSyntax')
SwiftCompile normal arm64_32 /Users/admin/builder/spi-builder-workspace/.dependencies/checkouts/swift-syntax/Sources/SwiftSyntaxBuilder/generated/BuildableCollectionNodes.swift (in target 'SwiftSyntaxBuilder' from project 'SwiftSyntax')
    cd /Users/admin/builder/spi-builder-workspace/.swiftpm/xcode
    builtin-SwiftPerFileCompile BuildableCollectionNodes.swift
SwiftCompile normal arm64_32 Compiling\ Typealiases.swift /Users/admin/builder/spi-builder-workspace/.dependencies/checkouts/swift-syntax/Sources/SwiftSyntaxBuilder/generated/Typealiases.swift (in target 'SwiftSyntaxBuilder' from project 'SwiftSyntax')
SwiftCompile normal arm64_32 /Users/admin/builder/spi-builder-workspace/.dependencies/checkouts/swift-syntax/Sources/SwiftSyntaxBuilder/generated/Typealiases.swift (in target 'SwiftSyntaxBuilder' from project 'SwiftSyntax')
    cd /Users/admin/builder/spi-builder-workspace/.swiftpm/xcode
    builtin-SwiftPerFileCompile Typealiases.swift
SwiftDriverJobDiscovery normal arm64_32 Emitting module for swift_package_factory (in target 'swift-package-factory-product' from project 'swift-package-factory')
SwiftCompile normal arm64 Compiling\ Syntax.swift,\ SyntaxArena.swift,\ SyntaxChildren.swift,\ SyntaxData.swift /Users/admin/builder/spi-builder-workspace/.dependencies/checkouts/swift-syntax/Sources/SwiftSyntax/Syntax.swift /Users/admin/builder/spi-builder-workspace/.dependencies/checkouts/swift-syntax/Sources/SwiftSyntax/SyntaxArena.swift /Users/admin/builder/spi-builder-workspace/.dependencies/checkouts/swift-syntax/Sources/SwiftSyntax/SyntaxChildren.swift /Users/admin/builder/spi-builder-workspace/.dependencies/checkouts/swift-syntax/Sources/SwiftSyntax/SyntaxData.swift (in target 'SwiftSyntax' from project 'SwiftSyntax')
SwiftCompile normal arm64 /Users/admin/builder/spi-builder-workspace/.dependencies/checkouts/swift-syntax/Sources/SwiftSyntax/Syntax.swift (in target 'SwiftSyntax' from project 'SwiftSyntax')
    cd /Users/admin/builder/spi-builder-workspace/.swiftpm/xcode
    builtin-SwiftPerFileCompile Syntax.swift
SwiftCompile normal arm64 /Users/admin/builder/spi-builder-workspace/.dependencies/checkouts/swift-syntax/Sources/SwiftSyntax/SyntaxArena.swift (in target 'SwiftSyntax' from project 'SwiftSyntax')
    cd /Users/admin/builder/spi-builder-workspace/.swiftpm/xcode
    builtin-SwiftPerFileCompile SyntaxArena.swift
SwiftCompile normal arm64 /Users/admin/builder/spi-builder-workspace/.dependencies/checkouts/swift-syntax/Sources/SwiftSyntax/SyntaxChildren.swift (in target 'SwiftSyntax' from project 'SwiftSyntax')
    cd /Users/admin/builder/spi-builder-workspace/.swiftpm/xcode
    builtin-SwiftPerFileCompile SyntaxChildren.swift
SwiftCompile normal arm64 /Users/admin/builder/spi-builder-workspace/.dependencies/checkouts/swift-syntax/Sources/SwiftSyntax/SyntaxData.swift (in target 'SwiftSyntax' from project 'SwiftSyntax')
    cd /Users/admin/builder/spi-builder-workspace/.swiftpm/xcode
    builtin-SwiftPerFileCompile SyntaxData.swift
SwiftDriver\ Compilation\ Requirements swift-package-factory normal arm64_32 com.apple.xcode.tools.swift.compiler (in target 'swift-package-factory-product' from project 'swift-package-factory')
    cd /Users/admin/builder/spi-builder-workspace/.swiftpm/xcode
    builtin-Swift-Compilation-Requirements -- /Applications/Xcode-27.0.0-Release.Candidate.app/Contents/Developer/Toolchains/XcodeDefault.xctoolchain/usr/bin/swiftc -parse-as-library -module-name swift_package_factory -Onone @/Users/admin/builder/spi-builder-workspace/.derivedData/Build/Intermediates.noindex/swift-package-factory.build/Debug-watchos/swift-package-factory-p.build/Objects-normal/arm64_32/swift-package-factory.SwiftFileList -DSWIFT_PACKAGE -DDEBUG -Xcc -fmodule-map-file\=/Users/admin/builder/spi-builder-workspace/.dependencies/checkouts/swift-system/Sources/CSystem/include/module.modulemap -DXcode -plugin-path /Applications/Xcode-27.0.0-Release.Candidate.app/Contents/Developer/Toolchains/XcodeDefault.xctoolchain/usr/lib/swift/host/plugins/testing -enable-experimental-feature DebugDescriptionMacro -sdk /Applications/Xcode-27.0.0-Release.Candidate.app/Contents/Developer/Platforms/WatchOS.platform/Developer/SDKs/WatchOS27.0.sdk -target arm64_32-apple-watchos9.0 -g -module-cache-path /Users/admin/builder/spi-builder-workspace/.derivedData/ModuleCache.noindex -Xfrontend -serialize-debugging-options -enable-testing -index-store-path /Users/admin/builder/spi-builder-workspace/.derivedData/Index.noindex/DataStore -Xcc -D_LIBCPP_HARDENING_MODE\=_LIBCPP_HARDENING_MODE_DEBUG -swift-version 5 -I /Users/admin/builder/spi-builder-workspace/.derivedData/Build/Products/Debug-watchos -Isystem /Applications/Xcode-27.0.0-Release.Candidate.app/Contents/Developer/Platforms/WatchOS.platform/Developer/usr/lib -F /Users/admin/builder/spi-builder-workspace/.derivedData/Build/Products/Debug-watchos/PackageFrameworks -F /Users/admin/builder/spi-builder-workspace/.derivedData/Build/Products/Debug-watchos -F /Applications/Xcode-27.0.0-Release.Candidate.app/Contents/Developer/Platforms/WatchOS.platform/Developer/Library/Frameworks -F /Applications/Xcode-27.0.0-Release.Candidate.app/Contents/Developer/Platforms/WatchOS.platform/Developer/SDKs/WatchOS27.0.sdk/Developer/Library/Frameworks -c -j10 -enable-batch-mode -incremental -Xcc -ivfsstatcache -Xcc /Users/admin/builder/spi-builder-workspace/.derivedData/SDKStatCaches.noindex/watchos27.0-24R360-e829b21a6f8c9b70876ba0858053c04477534ef55a1706bf4c1112bbb242f0a2.sdkstatcache -output-file-map /Users/admin/builder/spi-builder-workspace/.derivedData/Build/Intermediates.noindex/swift-package-factory.build/Debug-watchos/swift-package-factory-p.build/Objects-normal/arm64_32/swift-package-factory-OutputFileMap.json -save-temps -no-color-diagnostics -explicit-module-build -module-cache-path /Users/admin/builder/spi-builder-workspace/.derivedData/Build/Intermediates.noindex/SwiftExplicitPrecompiledModules -clang-scanner-module-cache-path /Users/admin/builder/spi-builder-workspace/.derivedData/ModuleCache.noindex -sdk-module-cache-path /Users/admin/builder/spi-builder-workspace/.derivedData/SDKExplicitPrecompiledModules -emit-dependencies -emit-module -emit-module-path /Users/admin/builder/spi-builder-workspace/.derivedData/Build/Intermediates.noindex/swift-package-factory.build/Debug-watchos/swift-package-factory-p.build/Objects-normal/arm64_32/swift_package_factory.swiftmodule -serialize-diagnostics -dependency-scan-serialize-diagnostics-path /Users/admin/builder/spi-builder-workspace/.derivedData/Build/Intermediates.noindex/swift-package-factory.build/Debug-watchos/swift-package-factory-p.build/Objects-normal/arm64_32/swift_package_factory-dependency-scan.dia -validate-clang-modules-once -clang-build-session-file /Users/admin/builder/spi-builder-workspace/.derivedData/ModuleCache.noindex/Session.modulevalidation -Xcc -fmodules-prune-interval\=86400 -Xcc -fmodules-prune-after\=345600 -emit-const-values -const-gather-protocols-list /Users/admin/builder/spi-builder-workspace/.derivedData/Build/Intermediates.noindex/swift-package-factory.build/Debug-watchos/swift-package-factory-p.build/Objects-normal/arm64_32/swift-package-factory_const_extract_protocols.json -Xcc -I/Users/admin/builder/spi-builder-workspace/.dependencies/checkouts/swift-system/Sources/CSystem/include -Xcc -I/Users/admin/builder/spi-builder-workspace/.derivedData/Build/Products/Debug-watchos/include -Xcc -I/Users/admin/builder/spi-builder-workspace/.derivedData/Build/Intermediates.noindex/swift-package-factory.build/Debug-watchos/swift-package-factory-p.build/DerivedSources-normal/arm64_32 -Xcc -I/Users/admin/builder/spi-builder-workspace/.derivedData/Build/Intermediates.noindex/swift-package-factory.build/Debug-watchos/swift-package-factory-p.build/DerivedSources/arm64_32 -Xcc -I/Users/admin/builder/spi-builder-workspace/.derivedData/Build/Intermediates.noindex/swift-package-factory.build/Debug-watchos/swift-package-factory-p.build/DerivedSources -Xcc -DSWIFT_PACKAGE -Xcc -DDEBUG\=1 -working-directory /Users/admin/builder/spi-builder-workspace/.swiftpm/xcode -experimental-emit-module-separately -disable-cmo
SwiftDriverJobDiscovery normal arm64_32 Compiling SyntaxExpressibleByStringInterpolationConformances.swift (in target 'SwiftSyntaxBuilder' from project 'SwiftSyntax')
SwiftCompile normal arm64 Compiling\ SyntaxKind.swift,\ SyntaxCollections.swift,\ SyntaxFactory.swift,\ SyntaxRewriter.swift /Users/admin/builder/spi-builder-workspace/.dependencies/checkouts/swift-syntax/Sources/SwiftSyntax/generated/SyntaxKind.swift /Users/admin/builder/spi-builder-workspace/.dependencies/checkouts/swift-syntax/Sources/SwiftSyntax/gyb_generated/SyntaxCollections.swift /Users/admin/builder/spi-builder-workspace/.dependencies/checkouts/swift-syntax/Sources/SwiftSyntax/gyb_generated/SyntaxFactory.swift /Users/admin/builder/spi-builder-workspace/.dependencies/checkouts/swift-syntax/Sources/SwiftSyntax/gyb_generated/SyntaxRewriter.swift (in target 'SwiftSyntax' from project 'SwiftSyntax')
SwiftCompile normal arm64 /Users/admin/builder/spi-builder-workspace/.dependencies/checkouts/swift-syntax/Sources/SwiftSyntax/generated/SyntaxKind.swift (in target 'SwiftSyntax' from project 'SwiftSyntax')
    cd /Users/admin/builder/spi-builder-workspace/.swiftpm/xcode
    builtin-SwiftPerFileCompile SyntaxKind.swift
SwiftCompile normal arm64 /Users/admin/builder/spi-builder-workspace/.dependencies/checkouts/swift-syntax/Sources/SwiftSyntax/gyb_generated/SyntaxCollections.swift (in target 'SwiftSyntax' from project 'SwiftSyntax')
    cd /Users/admin/builder/spi-builder-workspace/.swiftpm/xcode
    builtin-SwiftPerFileCompile SyntaxCollections.swift
SwiftCompile normal arm64 /Users/admin/builder/spi-builder-workspace/.dependencies/checkouts/swift-syntax/Sources/SwiftSyntax/gyb_generated/SyntaxFactory.swift (in target 'SwiftSyntax' from project 'SwiftSyntax')
    cd /Users/admin/builder/spi-builder-workspace/.swiftpm/xcode
    builtin-SwiftPerFileCompile SyntaxFactory.swift
SwiftCompile normal arm64 /Users/admin/builder/spi-builder-workspace/.dependencies/checkouts/swift-syntax/Sources/SwiftSyntax/gyb_generated/SyntaxRewriter.swift (in target 'SwiftSyntax' from project 'SwiftSyntax')
    cd /Users/admin/builder/spi-builder-workspace/.swiftpm/xcode
    builtin-SwiftPerFileCompile SyntaxRewriter.swift
SwiftDriverJobDiscovery normal arm64_32 Compiling Main.swift (in target 'swift-package-factory-product' from project 'swift-package-factory')
SwiftCompile normal arm64_32 Compiling\ RawSyntaxValidation.swift,\ SourceLength.swift,\ SourceLocation.swift,\ SourcePresence.swift /Users/admin/builder/spi-builder-workspace/.dependencies/checkouts/swift-syntax/Sources/SwiftSyntax/Raw/gyb_generated/RawSyntaxValidation.swift /Users/admin/builder/spi-builder-workspace/.dependencies/checkouts/swift-syntax/Sources/SwiftSyntax/SourceLength.swift /Users/admin/builder/spi-builder-workspace/.dependencies/checkouts/swift-syntax/Sources/SwiftSyntax/SourceLocation.swift /Users/admin/builder/spi-builder-workspace/.dependencies/checkouts/swift-syntax/Sources/SwiftSyntax/SourcePresence.swift (in target 'SwiftSyntax' from project 'SwiftSyntax')
SwiftCompile normal arm64_32 /Users/admin/builder/spi-builder-workspace/.dependencies/checkouts/swift-syntax/Sources/SwiftSyntax/Raw/gyb_generated/RawSyntaxValidation.swift (in target 'SwiftSyntax' from project 'SwiftSyntax')
    cd /Users/admin/builder/spi-builder-workspace/.swiftpm/xcode
    builtin-SwiftPerFileCompile RawSyntaxValidation.swift
SwiftCompile normal arm64_32 /Users/admin/builder/spi-builder-workspace/.dependencies/checkouts/swift-syntax/Sources/SwiftSyntax/SourceLength.swift (in target 'SwiftSyntax' from project 'SwiftSyntax')
    cd /Users/admin/builder/spi-builder-workspace/.swiftpm/xcode
    builtin-SwiftPerFileCompile SourceLength.swift
SwiftCompile normal arm64_32 /Users/admin/builder/spi-builder-workspace/.dependencies/checkouts/swift-syntax/Sources/SwiftSyntax/SourceLocation.swift (in target 'SwiftSyntax' from project 'SwiftSyntax')
    cd /Users/admin/builder/spi-builder-workspace/.swiftpm/xcode
    builtin-SwiftPerFileCompile SourceLocation.swift
SwiftCompile normal arm64_32 /Users/admin/builder/spi-builder-workspace/.dependencies/checkouts/swift-syntax/Sources/SwiftSyntax/SourcePresence.swift (in target 'SwiftSyntax' from project 'SwiftSyntax')
    cd /Users/admin/builder/spi-builder-workspace/.swiftpm/xcode
    builtin-SwiftPerFileCompile SourcePresence.swift
SwiftCompile normal arm64_32 Compiling\ AbsolutePosition.swift,\ BumpPtrAllocator.swift,\ CommonAncestor.swift,\ IncrementalParseTransition.swift,\ MemoryLayout.swift /Users/admin/builder/spi-builder-workspace/.dependencies/checkouts/swift-syntax/Sources/SwiftSyntax/AbsolutePosition.swift /Users/admin/builder/spi-builder-workspace/.dependencies/checkouts/swift-syntax/Sources/SwiftSyntax/BumpPtrAllocator.swift /Users/admin/builder/spi-builder-workspace/.dependencies/checkouts/swift-syntax/Sources/SwiftSyntax/CommonAncestor.swift /Users/admin/builder/spi-builder-workspace/.dependencies/checkouts/swift-syntax/Sources/SwiftSyntax/IncrementalParseTransition.swift /Users/admin/builder/spi-builder-workspace/.dependencies/checkouts/swift-syntax/Sources/SwiftSyntax/MemoryLayout.swift (in target 'SwiftSyntax' from project 'SwiftSyntax')
SwiftCompile normal arm64_32 /Users/admin/builder/spi-builder-workspace/.dependencies/checkouts/swift-syntax/Sources/SwiftSyntax/AbsolutePosition.swift (in target 'SwiftSyntax' from project 'SwiftSyntax')
    cd /Users/admin/builder/spi-builder-workspace/.swiftpm/xcode
    builtin-SwiftPerFileCompile AbsolutePosition.swift
SwiftCompile normal arm64_32 /Users/admin/builder/spi-builder-workspace/.dependencies/checkouts/swift-syntax/Sources/SwiftSyntax/BumpPtrAllocator.swift (in target 'SwiftSyntax' from project 'SwiftSyntax')
    cd /Users/admin/builder/spi-builder-workspace/.swiftpm/xcode
    builtin-SwiftPerFileCompile BumpPtrAllocator.swift
SwiftCompile normal arm64_32 /Users/admin/builder/spi-builder-workspace/.dependencies/checkouts/swift-syntax/Sources/SwiftSyntax/CommonAncestor.swift (in target 'SwiftSyntax' from project 'SwiftSyntax')
    cd /Users/admin/builder/spi-builder-workspace/.swiftpm/xcode
    builtin-SwiftPerFileCompile CommonAncestor.swift
SwiftCompile normal arm64_32 /Users/admin/builder/spi-builder-workspace/.dependencies/checkouts/swift-syntax/Sources/SwiftSyntax/IncrementalParseTransition.swift (in target 'SwiftSyntax' from project 'SwiftSyntax')
    cd /Users/admin/builder/spi-builder-workspace/.swiftpm/xcode
    builtin-SwiftPerFileCompile IncrementalParseTransition.swift
SwiftCompile normal arm64_32 /Users/admin/builder/spi-builder-workspace/.dependencies/checkouts/swift-syntax/Sources/SwiftSyntax/MemoryLayout.swift (in target 'SwiftSyntax' from project 'SwiftSyntax')
    cd /Users/admin/builder/spi-builder-workspace/.swiftpm/xcode
    builtin-SwiftPerFileCompile MemoryLayout.swift
SwiftDriverJobDiscovery normal arm64_32 Compiling Typealiases.swift (in target 'SwiftSyntaxBuilder' from project 'SwiftSyntax')
SwiftDriverJobDiscovery normal arm64 Compiling Main.swift (in target 'swift-package-factory-product' from project 'swift-package-factory')
SwiftDriver\ Compilation swift-package-factory normal arm64_32 com.apple.xcode.tools.swift.compiler (in target 'swift-package-factory-product' from project 'swift-package-factory')
    cd /Users/admin/builder/spi-builder-workspace/.swiftpm/xcode
    builtin-Swift-Compilation -- /Applications/Xcode-27.0.0-Release.Candidate.app/Contents/Developer/Toolchains/XcodeDefault.xctoolchain/usr/bin/swiftc -parse-as-library -module-name swift_package_factory -Onone @/Users/admin/builder/spi-builder-workspace/.derivedData/Build/Intermediates.noindex/swift-package-factory.build/Debug-watchos/swift-package-factory-p.build/Objects-normal/arm64_32/swift-package-factory.SwiftFileList -DSWIFT_PACKAGE -DDEBUG -Xcc -fmodule-map-file\=/Users/admin/builder/spi-builder-workspace/.dependencies/checkouts/swift-system/Sources/CSystem/include/module.modulemap -DXcode -plugin-path /Applications/Xcode-27.0.0-Release.Candidate.app/Contents/Developer/Toolchains/XcodeDefault.xctoolchain/usr/lib/swift/host/plugins/testing -enable-experimental-feature DebugDescriptionMacro -sdk /Applications/Xcode-27.0.0-Release.Candidate.app/Contents/Developer/Platforms/WatchOS.platform/Developer/SDKs/WatchOS27.0.sdk -target arm64_32-apple-watchos9.0 -g -module-cache-path /Users/admin/builder/spi-builder-workspace/.derivedData/ModuleCache.noindex -Xfrontend -serialize-debugging-options -enable-testing -index-store-path /Users/admin/builder/spi-builder-workspace/.derivedData/Index.noindex/DataStore -Xcc -D_LIBCPP_HARDENING_MODE\=_LIBCPP_HARDENING_MODE_DEBUG -swift-version 5 -I /Users/admin/builder/spi-builder-workspace/.derivedData/Build/Products/Debug-watchos -Isystem /Applications/Xcode-27.0.0-Release.Candidate.app/Contents/Developer/Platforms/WatchOS.platform/Developer/usr/lib -F /Users/admin/builder/spi-builder-workspace/.derivedData/Build/Products/Debug-watchos/PackageFrameworks -F /Users/admin/builder/spi-builder-workspace/.derivedData/Build/Products/Debug-watchos -F /Applications/Xcode-27.0.0-Release.Candidate.app/Contents/Developer/Platforms/WatchOS.platform/Developer/Library/Frameworks -F /Applications/Xcode-27.0.0-Release.Candidate.app/Contents/Developer/Platforms/WatchOS.platform/Developer/SDKs/WatchOS27.0.sdk/Developer/Library/Frameworks -c -j10 -enable-batch-mode -incremental -Xcc -ivfsstatcache -Xcc /Users/admin/builder/spi-builder-workspace/.derivedData/SDKStatCaches.noindex/watchos27.0-24R360-e829b21a6f8c9b70876ba0858053c04477534ef55a1706bf4c1112bbb242f0a2.sdkstatcache -output-file-map /Users/admin/builder/spi-builder-workspace/.derivedData/Build/Intermediates.noindex/swift-package-factory.build/Debug-watchos/swift-package-factory-p.build/Objects-normal/arm64_32/swift-package-factory-OutputFileMap.json -save-temps -no-color-diagnostics -explicit-module-build -module-cache-path /Users/admin/builder/spi-builder-workspace/.derivedData/Build/Intermediates.noindex/SwiftExplicitPrecompiledModules -clang-scanner-module-cache-path /Users/admin/builder/spi-builder-workspace/.derivedData/ModuleCache.noindex -sdk-module-cache-path /Users/admin/builder/spi-builder-workspace/.derivedData/SDKExplicitPrecompiledModules -emit-dependencies -emit-module -emit-module-path /Users/admin/builder/spi-builder-workspace/.derivedData/Build/Intermediates.noindex/swift-package-factory.build/Debug-watchos/swift-package-factory-p.build/Objects-normal/arm64_32/swift_package_factory.swiftmodule -serialize-diagnostics -dependency-scan-serialize-diagnostics-path /Users/admin/builder/spi-builder-workspace/.derivedData/Build/Intermediates.noindex/swift-package-factory.build/Debug-watchos/swift-package-factory-p.build/Objects-normal/arm64_32/swift_package_factory-dependency-scan.dia -validate-clang-modules-once -clang-build-session-file /Users/admin/builder/spi-builder-workspace/.derivedData/ModuleCache.noindex/Session.modulevalidation -Xcc -fmodules-prune-interval\=86400 -Xcc -fmodules-prune-after\=345600 -emit-const-values -const-gather-protocols-list /Users/admin/builder/spi-builder-workspace/.derivedData/Build/Intermediates.noindex/swift-package-factory.build/Debug-watchos/swift-package-factory-p.build/Objects-normal/arm64_32/swift-package-factory_const_extract_protocols.json -Xcc -I/Users/admin/builder/spi-builder-workspace/.dependencies/checkouts/swift-system/Sources/CSystem/include -Xcc -I/Users/admin/builder/spi-builder-workspace/.derivedData/Build/Products/Debug-watchos/include -Xcc -I/Users/admin/builder/spi-builder-workspace/.derivedData/Build/Intermediates.noindex/swift-package-factory.build/Debug-watchos/swift-package-factory-p.build/DerivedSources-normal/arm64_32 -Xcc -I/Users/admin/builder/spi-builder-workspace/.derivedData/Build/Intermediates.noindex/swift-package-factory.build/Debug-watchos/swift-package-factory-p.build/DerivedSources/arm64_32 -Xcc -I/Users/admin/builder/spi-builder-workspace/.derivedData/Build/Intermediates.noindex/swift-package-factory.build/Debug-watchos/swift-package-factory-p.build/DerivedSources -Xcc -DSWIFT_PACKAGE -Xcc -DDEBUG\=1 -working-directory /Users/admin/builder/spi-builder-workspace/.swiftpm/xcode -experimental-emit-module-separately -disable-cmo
SwiftCompile normal arm64 Compiling\ RawSyntax.swift,\ RawSyntaxLayoutView.swift,\ RawSyntaxNodeProtocol.swift,\ RawSyntaxTokenView.swift,\ RawSyntaxNodes.swift /Users/admin/builder/spi-builder-workspace/.dependencies/checkouts/swift-syntax/Sources/SwiftSyntax/Raw/RawSyntax.swift /Users/admin/builder/spi-builder-workspace/.dependencies/checkouts/swift-syntax/Sources/SwiftSyntax/Raw/RawSyntaxLayoutView.swift /Users/admin/builder/spi-builder-workspace/.dependencies/checkouts/swift-syntax/Sources/SwiftSyntax/Raw/RawSyntaxNodeProtocol.swift /Users/admin/builder/spi-builder-workspace/.dependencies/checkouts/swift-syntax/Sources/SwiftSyntax/Raw/RawSyntaxTokenView.swift /Users/admin/builder/spi-builder-workspace/.dependencies/checkouts/swift-syntax/Sources/SwiftSyntax/Raw/gyb_generated/RawSyntaxNodes.swift (in target 'SwiftSyntax' from project 'SwiftSyntax')
SwiftCompile normal arm64 /Users/admin/builder/spi-builder-workspace/.dependencies/checkouts/swift-syntax/Sources/SwiftSyntax/Raw/RawSyntax.swift (in target 'SwiftSyntax' from project 'SwiftSyntax')
    cd /Users/admin/builder/spi-builder-workspace/.swiftpm/xcode
    builtin-SwiftPerFileCompile RawSyntax.swift
SwiftCompile normal arm64 /Users/admin/builder/spi-builder-workspace/.dependencies/checkouts/swift-syntax/Sources/SwiftSyntax/Raw/RawSyntaxLayoutView.swift (in target 'SwiftSyntax' from project 'SwiftSyntax')
    cd /Users/admin/builder/spi-builder-workspace/.swiftpm/xcode
    builtin-SwiftPerFileCompile RawSyntaxLayoutView.swift
SwiftCompile normal arm64 /Users/admin/builder/spi-builder-workspace/.dependencies/checkouts/swift-syntax/Sources/SwiftSyntax/Raw/RawSyntaxNodeProtocol.swift (in target 'SwiftSyntax' from project 'SwiftSyntax')
    cd /Users/admin/builder/spi-builder-workspace/.swiftpm/xcode
    builtin-SwiftPerFileCompile RawSyntaxNodeProtocol.swift
SwiftCompile normal arm64 /Users/admin/builder/spi-builder-workspace/.dependencies/checkouts/swift-syntax/Sources/SwiftSyntax/Raw/RawSyntaxTokenView.swift (in target 'SwiftSyntax' from project 'SwiftSyntax')
    cd /Users/admin/builder/spi-builder-workspace/.swiftpm/xcode
    builtin-SwiftPerFileCompile RawSyntaxTokenView.swift
SwiftCompile normal arm64 /Users/admin/builder/spi-builder-workspace/.dependencies/checkouts/swift-syntax/Sources/SwiftSyntax/Raw/gyb_generated/RawSyntaxNodes.swift (in target 'SwiftSyntax' from project 'SwiftSyntax')
    cd /Users/admin/builder/spi-builder-workspace/.swiftpm/xcode
    builtin-SwiftPerFileCompile RawSyntaxNodes.swift
SwiftDriver\ Compilation swift-package-factory normal arm64 com.apple.xcode.tools.swift.compiler (in target 'swift-package-factory-product' from project 'swift-package-factory')
    cd /Users/admin/builder/spi-builder-workspace/.swiftpm/xcode
    builtin-Swift-Compilation -- /Applications/Xcode-27.0.0-Release.Candidate.app/Contents/Developer/Toolchains/XcodeDefault.xctoolchain/usr/bin/swiftc -parse-as-library -module-name swift_package_factory -Onone @/Users/admin/builder/spi-builder-workspace/.derivedData/Build/Intermediates.noindex/swift-package-factory.build/Debug-watchos/swift-package-factory-p.build/Objects-normal/arm64/swift-package-factory.SwiftFileList -DSWIFT_PACKAGE -DDEBUG -Xcc -fmodule-map-file\=/Users/admin/builder/spi-builder-workspace/.dependencies/checkouts/swift-system/Sources/CSystem/include/module.modulemap -DXcode -plugin-path /Applications/Xcode-27.0.0-Release.Candidate.app/Contents/Developer/Toolchains/XcodeDefault.xctoolchain/usr/lib/swift/host/plugins/testing -enable-experimental-feature DebugDescriptionMacro -sdk /Applications/Xcode-27.0.0-Release.Candidate.app/Contents/Developer/Platforms/WatchOS.platform/Developer/SDKs/WatchOS27.0.sdk -target arm64-apple-watchos9.0 -g -module-cache-path /Users/admin/builder/spi-builder-workspace/.derivedData/ModuleCache.noindex -Xfrontend -serialize-debugging-options -enable-testing -index-store-path /Users/admin/builder/spi-builder-workspace/.derivedData/Index.noindex/DataStore -Xcc -D_LIBCPP_HARDENING_MODE\=_LIBCPP_HARDENING_MODE_DEBUG -swift-version 5 -I /Users/admin/builder/spi-builder-workspace/.derivedData/Build/Products/Debug-watchos -Isystem /Applications/Xcode-27.0.0-Release.Candidate.app/Contents/Developer/Platforms/WatchOS.platform/Developer/usr/lib -F /Users/admin/builder/spi-builder-workspace/.derivedData/Build/Products/Debug-watchos/PackageFrameworks -F /Users/admin/builder/spi-builder-workspace/.derivedData/Build/Products/Debug-watchos -F /Applications/Xcode-27.0.0-Release.Candidate.app/Contents/Developer/Platforms/WatchOS.platform/Developer/Library/Frameworks -F /Applications/Xcode-27.0.0-Release.Candidate.app/Contents/Developer/Platforms/WatchOS.platform/Developer/SDKs/WatchOS27.0.sdk/Developer/Library/Frameworks -c -j10 -enable-batch-mode -incremental -Xcc -ivfsstatcache -Xcc /Users/admin/builder/spi-builder-workspace/.derivedData/SDKStatCaches.noindex/watchos27.0-24R360-e829b21a6f8c9b70876ba0858053c04477534ef55a1706bf4c1112bbb242f0a2.sdkstatcache -output-file-map /Users/admin/builder/spi-builder-workspace/.derivedData/Build/Intermediates.noindex/swift-package-factory.build/Debug-watchos/swift-package-factory-p.build/Objects-normal/arm64/swift-package-factory-OutputFileMap.json -save-temps -no-color-diagnostics -explicit-module-build -module-cache-path /Users/admin/builder/spi-builder-workspace/.derivedData/Build/Intermediates.noindex/SwiftExplicitPrecompiledModules -clang-scanner-module-cache-path /Users/admin/builder/spi-builder-workspace/.derivedData/ModuleCache.noindex -sdk-module-cache-path /Users/admin/builder/spi-builder-workspace/.derivedData/SDKExplicitPrecompiledModules -emit-dependencies -emit-module -emit-module-path /Users/admin/builder/spi-builder-workspace/.derivedData/Build/Intermediates.noindex/swift-package-factory.build/Debug-watchos/swift-package-factory-p.build/Objects-normal/arm64/swift_package_factory.swiftmodule -serialize-diagnostics -dependency-scan-serialize-diagnostics-path /Users/admin/builder/spi-builder-workspace/.derivedData/Build/Intermediates.noindex/swift-package-factory.build/Debug-watchos/swift-package-factory-p.build/Objects-normal/arm64/swift_package_factory-dependency-scan.dia -validate-clang-modules-once -clang-build-session-file /Users/admin/builder/spi-builder-workspace/.derivedData/ModuleCache.noindex/Session.modulevalidation -Xcc -fmodules-prune-interval\=86400 -Xcc -fmodules-prune-after\=345600 -emit-const-values -const-gather-protocols-list /Users/admin/builder/spi-builder-workspace/.derivedData/Build/Intermediates.noindex/swift-package-factory.build/Debug-watchos/swift-package-factory-p.build/Objects-normal/arm64/swift-package-factory_const_extract_protocols.json -Xcc -I/Users/admin/builder/spi-builder-workspace/.dependencies/checkouts/swift-system/Sources/CSystem/include -Xcc -I/Users/admin/builder/spi-builder-workspace/.derivedData/Build/Products/Debug-watchos/include -Xcc -I/Users/admin/builder/spi-builder-workspace/.derivedData/Build/Intermediates.noindex/swift-package-factory.build/Debug-watchos/swift-package-factory-p.build/DerivedSources-normal/arm64 -Xcc -I/Users/admin/builder/spi-builder-workspace/.derivedData/Build/Intermediates.noindex/swift-package-factory.build/Debug-watchos/swift-package-factory-p.build/DerivedSources/arm64 -Xcc -I/Users/admin/builder/spi-builder-workspace/.derivedData/Build/Intermediates.noindex/swift-package-factory.build/Debug-watchos/swift-package-factory-p.build/DerivedSources -Xcc -DSWIFT_PACKAGE -Xcc -DDEBUG\=1 -working-directory /Users/admin/builder/spi-builder-workspace/.swiftpm/xcode -experimental-emit-module-separately -disable-cmo
SwiftDriverJobDiscovery normal arm64_32 Compiling BuildableCollectionNodes.swift (in target 'SwiftSyntaxBuilder' from project 'SwiftSyntax')
SwiftCompile normal arm64_32 Compiling\ SyntaxOtherNodes.swift,\ SyntaxText.swift,\ SyntaxTreeViewMode.swift,\ Utils.swift /Users/admin/builder/spi-builder-workspace/.dependencies/checkouts/swift-syntax/Sources/SwiftSyntax/SyntaxOtherNodes.swift /Users/admin/builder/spi-builder-workspace/.dependencies/checkouts/swift-syntax/Sources/SwiftSyntax/SyntaxText.swift /Users/admin/builder/spi-builder-workspace/.dependencies/checkouts/swift-syntax/Sources/SwiftSyntax/SyntaxTreeViewMode.swift /Users/admin/builder/spi-builder-workspace/.dependencies/checkouts/swift-syntax/Sources/SwiftSyntax/Utils.swift (in target 'SwiftSyntax' from project 'SwiftSyntax')
SwiftCompile normal arm64_32 /Users/admin/builder/spi-builder-workspace/.dependencies/checkouts/swift-syntax/Sources/SwiftSyntax/SyntaxOtherNodes.swift (in target 'SwiftSyntax' from project 'SwiftSyntax')
    cd /Users/admin/builder/spi-builder-workspace/.swiftpm/xcode
    builtin-SwiftPerFileCompile SyntaxOtherNodes.swift
SwiftCompile normal arm64_32 /Users/admin/builder/spi-builder-workspace/.dependencies/checkouts/swift-syntax/Sources/SwiftSyntax/SyntaxText.swift (in target 'SwiftSyntax' from project 'SwiftSyntax')
    cd /Users/admin/builder/spi-builder-workspace/.swiftpm/xcode
    builtin-SwiftPerFileCompile SyntaxText.swift
SwiftCompile normal arm64_32 /Users/admin/builder/spi-builder-workspace/.dependencies/checkouts/swift-syntax/Sources/SwiftSyntax/SyntaxTreeViewMode.swift (in target 'SwiftSyntax' from project 'SwiftSyntax')
    cd /Users/admin/builder/spi-builder-workspace/.swiftpm/xcode
    builtin-SwiftPerFileCompile SyntaxTreeViewMode.swift
SwiftCompile normal arm64_32 /Users/admin/builder/spi-builder-workspace/.dependencies/checkouts/swift-syntax/Sources/SwiftSyntax/Utils.swift (in target 'SwiftSyntax' from project 'SwiftSyntax')
    cd /Users/admin/builder/spi-builder-workspace/.swiftpm/xcode
    builtin-SwiftPerFileCompile Utils.swift
SwiftCompile normal arm64_32 Compiling\ Syntax.swift,\ SyntaxArena.swift,\ SyntaxChildren.swift,\ SyntaxData.swift /Users/admin/builder/spi-builder-workspace/.dependencies/checkouts/swift-syntax/Sources/SwiftSyntax/Syntax.swift /Users/admin/builder/spi-builder-workspace/.dependencies/checkouts/swift-syntax/Sources/SwiftSyntax/SyntaxArena.swift /Users/admin/builder/spi-builder-workspace/.dependencies/checkouts/swift-syntax/Sources/SwiftSyntax/SyntaxChildren.swift /Users/admin/builder/spi-builder-workspace/.dependencies/checkouts/swift-syntax/Sources/SwiftSyntax/SyntaxData.swift (in target 'SwiftSyntax' from project 'SwiftSyntax')
SwiftCompile normal arm64_32 /Users/admin/builder/spi-builder-workspace/.dependencies/checkouts/swift-syntax/Sources/SwiftSyntax/Syntax.swift (in target 'SwiftSyntax' from project 'SwiftSyntax')
    cd /Users/admin/builder/spi-builder-workspace/.swiftpm/xcode
    builtin-SwiftPerFileCompile Syntax.swift
SwiftCompile normal arm64_32 /Users/admin/builder/spi-builder-workspace/.dependencies/checkouts/swift-syntax/Sources/SwiftSyntax/SyntaxArena.swift (in target 'SwiftSyntax' from project 'SwiftSyntax')
    cd /Users/admin/builder/spi-builder-workspace/.swiftpm/xcode
    builtin-SwiftPerFileCompile SyntaxArena.swift
SwiftCompile normal arm64_32 /Users/admin/builder/spi-builder-workspace/.dependencies/checkouts/swift-syntax/Sources/SwiftSyntax/SyntaxChildren.swift (in target 'SwiftSyntax' from project 'SwiftSyntax')
    cd /Users/admin/builder/spi-builder-workspace/.swiftpm/xcode
    builtin-SwiftPerFileCompile SyntaxChildren.swift
SwiftCompile normal arm64_32 /Users/admin/builder/spi-builder-workspace/.dependencies/checkouts/swift-syntax/Sources/SwiftSyntax/SyntaxData.swift (in target 'SwiftSyntax' from project 'SwiftSyntax')
    cd /Users/admin/builder/spi-builder-workspace/.swiftpm/xcode
    builtin-SwiftPerFileCompile SyntaxData.swift
SwiftDriverJobDiscovery normal arm64_32 Compiling BuildableNodes.swift (in target 'SwiftSyntaxBuilder' from project 'SwiftSyntax')
SwiftCompile normal arm64_32 Compiling\ Misc.swift,\ SyntaxAnyVisitor.swift,\ SyntaxBaseNodes.swift,\ SyntaxEnum.swift /Users/admin/builder/spi-builder-workspace/.dependencies/checkouts/swift-syntax/Sources/SwiftSyntax/generated/Misc.swift /Users/admin/builder/spi-builder-workspace/.dependencies/checkouts/swift-syntax/Sources/SwiftSyntax/generated/SyntaxAnyVisitor.swift /Users/admin/builder/spi-builder-workspace/.dependencies/checkouts/swift-syntax/Sources/SwiftSyntax/generated/SyntaxBaseNodes.swift /Users/admin/builder/spi-builder-workspace/.dependencies/checkouts/swift-syntax/Sources/SwiftSyntax/generated/SyntaxEnum.swift (in target 'SwiftSyntax' from project 'SwiftSyntax')
SwiftCompile normal arm64_32 /Users/admin/builder/spi-builder-workspace/.dependencies/checkouts/swift-syntax/Sources/SwiftSyntax/generated/Misc.swift (in target 'SwiftSyntax' from project 'SwiftSyntax')
    cd /Users/admin/builder/spi-builder-workspace/.swiftpm/xcode
    builtin-SwiftPerFileCompile Misc.swift
SwiftCompile normal arm64_32 /Users/admin/builder/spi-builder-workspace/.dependencies/checkouts/swift-syntax/Sources/SwiftSyntax/generated/SyntaxAnyVisitor.swift (in target 'SwiftSyntax' from project 'SwiftSyntax')
    cd /Users/admin/builder/spi-builder-workspace/.swiftpm/xcode
    builtin-SwiftPerFileCompile SyntaxAnyVisitor.swift
SwiftCompile normal arm64_32 /Users/admin/builder/spi-builder-workspace/.dependencies/checkouts/swift-syntax/Sources/SwiftSyntax/generated/SyntaxBaseNodes.swift (in target 'SwiftSyntax' from project 'SwiftSyntax')
    cd /Users/admin/builder/spi-builder-workspace/.swiftpm/xcode
    builtin-SwiftPerFileCompile SyntaxBaseNodes.swift
SwiftCompile normal arm64_32 /Users/admin/builder/spi-builder-workspace/.dependencies/checkouts/swift-syntax/Sources/SwiftSyntax/generated/SyntaxEnum.swift (in target 'SwiftSyntax' from project 'SwiftSyntax')
    cd /Users/admin/builder/spi-builder-workspace/.swiftpm/xcode
    builtin-SwiftPerFileCompile SyntaxEnum.swift
SwiftDriverJobDiscovery normal arm64_32 Compiling ResultBuilders.swift (in target 'SwiftSyntaxBuilder' from project 'SwiftSyntax')
SwiftDriver\ Compilation SwiftSyntaxBuilder normal arm64_32 com.apple.xcode.tools.swift.compiler (in target 'SwiftSyntaxBuilder' from project 'SwiftSyntax')
    cd /Users/admin/builder/spi-builder-workspace/.swiftpm/xcode
    builtin-Swift-Compilation -- /Applications/Xcode-27.0.0-Release.Candidate.app/Contents/Developer/Toolchains/XcodeDefault.xctoolchain/usr/bin/swiftc -parse-as-library -module-name SwiftSyntaxBuilder -Onone @/Users/admin/builder/spi-builder-workspace/.derivedData/Build/Intermediates.noindex/SwiftSyntax.build/Debug-watchos/SwiftSyntaxBuilder-t.build/Objects-normal/arm64_32/SwiftSyntaxBuilder.SwiftFileList -DSWIFT_PACKAGE -DDEBUG -DSWIFT_MODULE_RESOURCE_BUNDLE_UNAVAILABLE -DXcode -plugin-path /Applications/Xcode-27.0.0-Release.Candidate.app/Contents/Developer/Toolchains/XcodeDefault.xctoolchain/usr/lib/swift/host/plugins/testing -enable-experimental-feature DebugDescriptionMacro -sdk /Applications/Xcode-27.0.0-Release.Candidate.app/Contents/Developer/Platforms/WatchOS.platform/Developer/SDKs/WatchOS27.0.sdk -target arm64_32-apple-watchos9.0 -g -module-cache-path /Users/admin/builder/spi-builder-workspace/.derivedData/ModuleCache.noindex -Xfrontend -serialize-debugging-options -enable-testing -suppress-warnings -index-store-path /Users/admin/builder/spi-builder-workspace/.derivedData/Index.noindex/DataStore -Xcc -D_LIBCPP_HARDENING_MODE\=_LIBCPP_HARDENING_MODE_DEBUG -swift-version 5 -I /Users/admin/builder/spi-builder-workspace/.derivedData/Build/Products/Debug-watchos -Isystem /Applications/Xcode-27.0.0-Release.Candidate.app/Contents/Developer/Platforms/WatchOS.platform/Developer/usr/lib -F /Users/admin/builder/spi-builder-workspace/.derivedData/Build/Products/Debug-watchos/PackageFrameworks -F /Users/admin/builder/spi-builder-workspace/.derivedData/Build/Products/Debug-watchos -F /Applications/Xcode-27.0.0-Release.Candidate.app/Contents/Developer/Platforms/WatchOS.platform/Developer/Library/Frameworks -F /Applications/Xcode-27.0.0-Release.Candidate.app/Contents/Developer/Platforms/WatchOS.platform/Developer/SDKs/WatchOS27.0.sdk/Developer/Library/Frameworks -c -j10 -enable-batch-mode -incremental -Xcc -ivfsstatcache -Xcc /Users/admin/builder/spi-builder-workspace/.derivedData/SDKStatCaches.noindex/watchos27.0-24R360-e829b21a6f8c9b70876ba0858053c04477534ef55a1706bf4c1112bbb242f0a2.sdkstatcache -output-file-map /Users/admin/builder/spi-builder-workspace/.derivedData/Build/Intermediates.noindex/SwiftSyntax.build/Debug-watchos/SwiftSyntaxBuilder-t.build/Objects-normal/arm64_32/SwiftSyntaxBuilder-OutputFileMap.json -save-temps -no-color-diagnostics -explicit-module-build -module-cache-path /Users/admin/builder/spi-builder-workspace/.derivedData/Build/Intermediates.noindex/SwiftExplicitPrecompiledModules -clang-scanner-module-cache-path /Users/admin/builder/spi-builder-workspace/.derivedData/ModuleCache.noindex -sdk-module-cache-path /Users/admin/builder/spi-builder-workspace/.derivedData/SDKExplicitPrecompiledModules -emit-dependencies -emit-module -emit-module-path /Users/admin/builder/spi-builder-workspace/.derivedData/Build/Intermediates.noindex/SwiftSyntax.build/Debug-watchos/SwiftSyntaxBuilder-t.build/Objects-normal/arm64_32/SwiftSyntaxBuilder.swiftmodule -serialize-diagnostics -dependency-scan-serialize-diagnostics-path /Users/admin/builder/spi-builder-workspace/.derivedData/Build/Intermediates.noindex/SwiftSyntax.build/Debug-watchos/SwiftSyntaxBuilder-t.build/Objects-normal/arm64_32/SwiftSyntaxBuilder-dependency-scan.dia -validate-clang-modules-once -clang-build-session-file /Users/admin/builder/spi-builder-workspace/.derivedData/ModuleCache.noindex/Session.modulevalidation -Xcc -fmodules-prune-interval\=86400 -Xcc -fmodules-prune-after\=345600 -emit-const-values -const-gather-protocols-list /Users/admin/builder/spi-builder-workspace/.derivedData/Build/Intermediates.noindex/SwiftSyntax.build/Debug-watchos/SwiftSyntaxBuilder-t.build/Objects-normal/arm64_32/SwiftSyntaxBuilder_const_extract_protocols.json -Xcc -I/Users/admin/builder/spi-builder-workspace/.derivedData/Build/Products/Debug-watchos/include -Xcc -I/Users/admin/builder/spi-builder-workspace/.derivedData/Build/Intermediates.noindex/SwiftSyntax.build/Debug-watchos/SwiftSyntaxBuilder-t.build/DerivedSources-normal/arm64_32 -Xcc -I/Users/admin/builder/spi-builder-workspace/.derivedData/Build/Intermediates.noindex/SwiftSyntax.build/Debug-watchos/SwiftSyntaxBuilder-t.build/DerivedSources/arm64_32 -Xcc -I/Users/admin/builder/spi-builder-workspace/.derivedData/Build/Intermediates.noindex/SwiftSyntax.build/Debug-watchos/SwiftSyntaxBuilder-t.build/DerivedSources -Xcc -DSWIFT_PACKAGE -Xcc -DDEBUG\=1 -emit-objc-header -emit-objc-header-path /Users/admin/builder/spi-builder-workspace/.derivedData/Build/Intermediates.noindex/SwiftSyntax.build/Debug-watchos/SwiftSyntaxBuilder-t.build/Objects-normal/arm64_32/SwiftSyntaxBuilder-Swift.h -working-directory /Users/admin/builder/spi-builder-workspace/.swiftpm/xcode -experimental-emit-module-separately -disable-cmo
SwiftDriverJobDiscovery normal arm64_32 Compiling AbsolutePosition.swift, BumpPtrAllocator.swift, CommonAncestor.swift, IncrementalParseTransition.swift, MemoryLayout.swift (in target 'SwiftSyntax' from project 'SwiftSyntax')
SwiftCompile normal arm64 Compiling\ SyntaxNodes.swift,\ SyntaxPatternNodes.swift,\ SyntaxStmtNodes.swift,\ SyntaxTypeNodes.swift /Users/admin/builder/spi-builder-workspace/.dependencies/checkouts/swift-syntax/Sources/SwiftSyntax/gyb_generated/syntax_nodes/SyntaxNodes.swift /Users/admin/builder/spi-builder-workspace/.dependencies/checkouts/swift-syntax/Sources/SwiftSyntax/gyb_generated/syntax_nodes/SyntaxPatternNodes.swift /Users/admin/builder/spi-builder-workspace/.dependencies/checkouts/swift-syntax/Sources/SwiftSyntax/gyb_generated/syntax_nodes/SyntaxStmtNodes.swift /Users/admin/builder/spi-builder-workspace/.dependencies/checkouts/swift-syntax/Sources/SwiftSyntax/gyb_generated/syntax_nodes/SyntaxTypeNodes.swift (in target 'SwiftSyntax' from project 'SwiftSyntax')
SwiftCompile normal arm64 /Users/admin/builder/spi-builder-workspace/.dependencies/checkouts/swift-syntax/Sources/SwiftSyntax/gyb_generated/syntax_nodes/SyntaxNodes.swift (in target 'SwiftSyntax' from project 'SwiftSyntax')
    cd /Users/admin/builder/spi-builder-workspace/.swiftpm/xcode
    builtin-SwiftPerFileCompile SyntaxNodes.swift
SwiftCompile normal arm64 /Users/admin/builder/spi-builder-workspace/.dependencies/checkouts/swift-syntax/Sources/SwiftSyntax/gyb_generated/syntax_nodes/SyntaxPatternNodes.swift (in target 'SwiftSyntax' from project 'SwiftSyntax')
    cd /Users/admin/builder/spi-builder-workspace/.swiftpm/xcode
    builtin-SwiftPerFileCompile SyntaxPatternNodes.swift
SwiftCompile normal arm64 /Users/admin/builder/spi-builder-workspace/.dependencies/checkouts/swift-syntax/Sources/SwiftSyntax/gyb_generated/syntax_nodes/SyntaxStmtNodes.swift (in target 'SwiftSyntax' from project 'SwiftSyntax')
    cd /Users/admin/builder/spi-builder-workspace/.swiftpm/xcode
    builtin-SwiftPerFileCompile SyntaxStmtNodes.swift
SwiftCompile normal arm64 /Users/admin/builder/spi-builder-workspace/.dependencies/checkouts/swift-syntax/Sources/SwiftSyntax/gyb_generated/syntax_nodes/SyntaxTypeNodes.swift (in target 'SwiftSyntax' from project 'SwiftSyntax')
    cd /Users/admin/builder/spi-builder-workspace/.swiftpm/xcode
    builtin-SwiftPerFileCompile SyntaxTypeNodes.swift
SwiftCompile normal arm64 Compiling\ Tokens.swift,\ Trivia.swift,\ SyntaxDeclNodes.swift,\ SyntaxExprNodes.swift /Users/admin/builder/spi-builder-workspace/.dependencies/checkouts/swift-syntax/Sources/SwiftSyntax/gyb_generated/Tokens.swift /Users/admin/builder/spi-builder-workspace/.dependencies/checkouts/swift-syntax/Sources/SwiftSyntax/gyb_generated/Trivia.swift /Users/admin/builder/spi-builder-workspace/.dependencies/checkouts/swift-syntax/Sources/SwiftSyntax/gyb_generated/syntax_nodes/SyntaxDeclNodes.swift /Users/admin/builder/spi-builder-workspace/.dependencies/checkouts/swift-syntax/Sources/SwiftSyntax/gyb_generated/syntax_nodes/SyntaxExprNodes.swift (in target 'SwiftSyntax' from project 'SwiftSyntax')
SwiftCompile normal arm64 /Users/admin/builder/spi-builder-workspace/.dependencies/checkouts/swift-syntax/Sources/SwiftSyntax/gyb_generated/Tokens.swift (in target 'SwiftSyntax' from project 'SwiftSyntax')
    cd /Users/admin/builder/spi-builder-workspace/.swiftpm/xcode
    builtin-SwiftPerFileCompile Tokens.swift
SwiftCompile normal arm64 /Users/admin/builder/spi-builder-workspace/.dependencies/checkouts/swift-syntax/Sources/SwiftSyntax/gyb_generated/Trivia.swift (in target 'SwiftSyntax' from project 'SwiftSyntax')
    cd /Users/admin/builder/spi-builder-workspace/.swiftpm/xcode
    builtin-SwiftPerFileCompile Trivia.swift
SwiftCompile normal arm64 /Users/admin/builder/spi-builder-workspace/.dependencies/checkouts/swift-syntax/Sources/SwiftSyntax/gyb_generated/syntax_nodes/SyntaxDeclNodes.swift (in target 'SwiftSyntax' from project 'SwiftSyntax')
    cd /Users/admin/builder/spi-builder-workspace/.swiftpm/xcode
    builtin-SwiftPerFileCompile SyntaxDeclNodes.swift
SwiftCompile normal arm64 /Users/admin/builder/spi-builder-workspace/.dependencies/checkouts/swift-syntax/Sources/SwiftSyntax/gyb_generated/syntax_nodes/SyntaxExprNodes.swift (in target 'SwiftSyntax' from project 'SwiftSyntax')
    cd /Users/admin/builder/spi-builder-workspace/.swiftpm/xcode
    builtin-SwiftPerFileCompile SyntaxExprNodes.swift
SwiftDriverJobDiscovery normal arm64_32 Compiling SyntaxOtherNodes.swift, SyntaxText.swift, SyntaxTreeViewMode.swift, Utils.swift (in target 'SwiftSyntax' from project 'SwiftSyntax')
SwiftCompile normal arm64_32 Compiling\ RawSyntax.swift,\ RawSyntaxLayoutView.swift,\ RawSyntaxNodeProtocol.swift,\ RawSyntaxTokenView.swift,\ RawSyntaxNodes.swift /Users/admin/builder/spi-builder-workspace/.dependencies/checkouts/swift-syntax/Sources/SwiftSyntax/Raw/RawSyntax.swift /Users/admin/builder/spi-builder-workspace/.dependencies/checkouts/swift-syntax/Sources/SwiftSyntax/Raw/RawSyntaxLayoutView.swift /Users/admin/builder/spi-builder-workspace/.dependencies/checkouts/swift-syntax/Sources/SwiftSyntax/Raw/RawSyntaxNodeProtocol.swift /Users/admin/builder/spi-builder-workspace/.dependencies/checkouts/swift-syntax/Sources/SwiftSyntax/Raw/RawSyntaxTokenView.swift /Users/admin/builder/spi-builder-workspace/.dependencies/checkouts/swift-syntax/Sources/SwiftSyntax/Raw/gyb_generated/RawSyntaxNodes.swift (in target 'SwiftSyntax' from project 'SwiftSyntax')
SwiftCompile normal arm64_32 /Users/admin/builder/spi-builder-workspace/.dependencies/checkouts/swift-syntax/Sources/SwiftSyntax/Raw/RawSyntax.swift (in target 'SwiftSyntax' from project 'SwiftSyntax')
    cd /Users/admin/builder/spi-builder-workspace/.swiftpm/xcode
    builtin-SwiftPerFileCompile RawSyntax.swift
SwiftCompile normal arm64_32 /Users/admin/builder/spi-builder-workspace/.dependencies/checkouts/swift-syntax/Sources/SwiftSyntax/Raw/RawSyntaxLayoutView.swift (in target 'SwiftSyntax' from project 'SwiftSyntax')
    cd /Users/admin/builder/spi-builder-workspace/.swiftpm/xcode
    builtin-SwiftPerFileCompile RawSyntaxLayoutView.swift
SwiftCompile normal arm64_32 /Users/admin/builder/spi-builder-workspace/.dependencies/checkouts/swift-syntax/Sources/SwiftSyntax/Raw/RawSyntaxNodeProtocol.swift (in target 'SwiftSyntax' from project 'SwiftSyntax')
    cd /Users/admin/builder/spi-builder-workspace/.swiftpm/xcode
    builtin-SwiftPerFileCompile RawSyntaxNodeProtocol.swift
SwiftCompile normal arm64_32 /Users/admin/builder/spi-builder-workspace/.dependencies/checkouts/swift-syntax/Sources/SwiftSyntax/Raw/RawSyntaxTokenView.swift (in target 'SwiftSyntax' from project 'SwiftSyntax')
    cd /Users/admin/builder/spi-builder-workspace/.swiftpm/xcode
    builtin-SwiftPerFileCompile RawSyntaxTokenView.swift
SwiftCompile normal arm64_32 /Users/admin/builder/spi-builder-workspace/.dependencies/checkouts/swift-syntax/Sources/SwiftSyntax/Raw/gyb_generated/RawSyntaxNodes.swift (in target 'SwiftSyntax' from project 'SwiftSyntax')
    cd /Users/admin/builder/spi-builder-workspace/.swiftpm/xcode
    builtin-SwiftPerFileCompile RawSyntaxNodes.swift
SwiftDriverJobDiscovery normal arm64 Compiling Syntax.swift, SyntaxArena.swift, SyntaxChildren.swift, SyntaxData.swift (in target 'SwiftSyntax' from project 'SwiftSyntax')
SwiftCompile normal arm64_32 Compiling\ SyntaxNodes.swift,\ SyntaxPatternNodes.swift,\ SyntaxStmtNodes.swift,\ SyntaxTypeNodes.swift /Users/admin/builder/spi-builder-workspace/.dependencies/checkouts/swift-syntax/Sources/SwiftSyntax/gyb_generated/syntax_nodes/SyntaxNodes.swift /Users/admin/builder/spi-builder-workspace/.dependencies/checkouts/swift-syntax/Sources/SwiftSyntax/gyb_generated/syntax_nodes/SyntaxPatternNodes.swift /Users/admin/builder/spi-builder-workspace/.dependencies/checkouts/swift-syntax/Sources/SwiftSyntax/gyb_generated/syntax_nodes/SyntaxStmtNodes.swift /Users/admin/builder/spi-builder-workspace/.dependencies/checkouts/swift-syntax/Sources/SwiftSyntax/gyb_generated/syntax_nodes/SyntaxTypeNodes.swift (in target 'SwiftSyntax' from project 'SwiftSyntax')
SwiftCompile normal arm64_32 /Users/admin/builder/spi-builder-workspace/.dependencies/checkouts/swift-syntax/Sources/SwiftSyntax/gyb_generated/syntax_nodes/SyntaxNodes.swift (in target 'SwiftSyntax' from project 'SwiftSyntax')
    cd /Users/admin/builder/spi-builder-workspace/.swiftpm/xcode
    builtin-SwiftPerFileCompile SyntaxNodes.swift
SwiftCompile normal arm64_32 /Users/admin/builder/spi-builder-workspace/.dependencies/checkouts/swift-syntax/Sources/SwiftSyntax/gyb_generated/syntax_nodes/SyntaxPatternNodes.swift (in target 'SwiftSyntax' from project 'SwiftSyntax')
    cd /Users/admin/builder/spi-builder-workspace/.swiftpm/xcode
    builtin-SwiftPerFileCompile SyntaxPatternNodes.swift
SwiftCompile normal arm64_32 /Users/admin/builder/spi-builder-workspace/.dependencies/checkouts/swift-syntax/Sources/SwiftSyntax/gyb_generated/syntax_nodes/SyntaxStmtNodes.swift (in target 'SwiftSyntax' from project 'SwiftSyntax')
    cd /Users/admin/builder/spi-builder-workspace/.swiftpm/xcode
    builtin-SwiftPerFileCompile SyntaxStmtNodes.swift
SwiftCompile normal arm64_32 /Users/admin/builder/spi-builder-workspace/.dependencies/checkouts/swift-syntax/Sources/SwiftSyntax/gyb_generated/syntax_nodes/SyntaxTypeNodes.swift (in target 'SwiftSyntax' from project 'SwiftSyntax')
    cd /Users/admin/builder/spi-builder-workspace/.swiftpm/xcode
    builtin-SwiftPerFileCompile SyntaxTypeNodes.swift
SwiftDriverJobDiscovery normal arm64_32 Compiling Syntax.swift, SyntaxArena.swift, SyntaxChildren.swift, SyntaxData.swift (in target 'SwiftSyntax' from project 'SwiftSyntax')
SwiftCompile normal arm64_32 Compiling\ Tokens.swift,\ Trivia.swift,\ SyntaxDeclNodes.swift,\ SyntaxExprNodes.swift /Users/admin/builder/spi-builder-workspace/.dependencies/checkouts/swift-syntax/Sources/SwiftSyntax/gyb_generated/Tokens.swift /Users/admin/builder/spi-builder-workspace/.dependencies/checkouts/swift-syntax/Sources/SwiftSyntax/gyb_generated/Trivia.swift /Users/admin/builder/spi-builder-workspace/.dependencies/checkouts/swift-syntax/Sources/SwiftSyntax/gyb_generated/syntax_nodes/SyntaxDeclNodes.swift /Users/admin/builder/spi-builder-workspace/.dependencies/checkouts/swift-syntax/Sources/SwiftSyntax/gyb_generated/syntax_nodes/SyntaxExprNodes.swift (in target 'SwiftSyntax' from project 'SwiftSyntax')
SwiftCompile normal arm64_32 /Users/admin/builder/spi-builder-workspace/.dependencies/checkouts/swift-syntax/Sources/SwiftSyntax/gyb_generated/Tokens.swift (in target 'SwiftSyntax' from project 'SwiftSyntax')
    cd /Users/admin/builder/spi-builder-workspace/.swiftpm/xcode
    builtin-SwiftPerFileCompile Tokens.swift
SwiftCompile normal arm64_32 /Users/admin/builder/spi-builder-workspace/.dependencies/checkouts/swift-syntax/Sources/SwiftSyntax/gyb_generated/Trivia.swift (in target 'SwiftSyntax' from project 'SwiftSyntax')
    cd /Users/admin/builder/spi-builder-workspace/.swiftpm/xcode
    builtin-SwiftPerFileCompile Trivia.swift
SwiftCompile normal arm64_32 /Users/admin/builder/spi-builder-workspace/.dependencies/checkouts/swift-syntax/Sources/SwiftSyntax/gyb_generated/syntax_nodes/SyntaxDeclNodes.swift (in target 'SwiftSyntax' from project 'SwiftSyntax')
    cd /Users/admin/builder/spi-builder-workspace/.swiftpm/xcode
    builtin-SwiftPerFileCompile SyntaxDeclNodes.swift
SwiftCompile normal arm64_32 /Users/admin/builder/spi-builder-workspace/.dependencies/checkouts/swift-syntax/Sources/SwiftSyntax/gyb_generated/syntax_nodes/SyntaxExprNodes.swift (in target 'SwiftSyntax' from project 'SwiftSyntax')
    cd /Users/admin/builder/spi-builder-workspace/.swiftpm/xcode
    builtin-SwiftPerFileCompile SyntaxExprNodes.swift
SwiftDriverJobDiscovery normal arm64_32 Compiling Misc.swift, SyntaxAnyVisitor.swift, SyntaxBaseNodes.swift, SyntaxEnum.swift (in target 'SwiftSyntax' from project 'SwiftSyntax')
SwiftCompile normal arm64 Compiling\ SyntaxOtherNodes.swift,\ SyntaxText.swift,\ SyntaxTreeViewMode.swift,\ Utils.swift /Users/admin/builder/spi-builder-workspace/.dependencies/checkouts/swift-syntax/Sources/SwiftSyntax/SyntaxOtherNodes.swift /Users/admin/builder/spi-builder-workspace/.dependencies/checkouts/swift-syntax/Sources/SwiftSyntax/SyntaxText.swift /Users/admin/builder/spi-builder-workspace/.dependencies/checkouts/swift-syntax/Sources/SwiftSyntax/SyntaxTreeViewMode.swift /Users/admin/builder/spi-builder-workspace/.dependencies/checkouts/swift-syntax/Sources/SwiftSyntax/Utils.swift (in target 'SwiftSyntax' from project 'SwiftSyntax')
SwiftCompile normal arm64 /Users/admin/builder/spi-builder-workspace/.dependencies/checkouts/swift-syntax/Sources/SwiftSyntax/SyntaxOtherNodes.swift (in target 'SwiftSyntax' from project 'SwiftSyntax')
    cd /Users/admin/builder/spi-builder-workspace/.swiftpm/xcode
    builtin-SwiftPerFileCompile SyntaxOtherNodes.swift
SwiftCompile normal arm64 /Users/admin/builder/spi-builder-workspace/.dependencies/checkouts/swift-syntax/Sources/SwiftSyntax/SyntaxText.swift (in target 'SwiftSyntax' from project 'SwiftSyntax')
    cd /Users/admin/builder/spi-builder-workspace/.swiftpm/xcode
    builtin-SwiftPerFileCompile SyntaxText.swift
SwiftCompile normal arm64 /Users/admin/builder/spi-builder-workspace/.dependencies/checkouts/swift-syntax/Sources/SwiftSyntax/SyntaxTreeViewMode.swift (in target 'SwiftSyntax' from project 'SwiftSyntax')
    cd /Users/admin/builder/spi-builder-workspace/.swiftpm/xcode
    builtin-SwiftPerFileCompile SyntaxTreeViewMode.swift
SwiftCompile normal arm64 /Users/admin/builder/spi-builder-workspace/.dependencies/checkouts/swift-syntax/Sources/SwiftSyntax/Utils.swift (in target 'SwiftSyntax' from project 'SwiftSyntax')
    cd /Users/admin/builder/spi-builder-workspace/.swiftpm/xcode
    builtin-SwiftPerFileCompile Utils.swift
SwiftDriverJobDiscovery normal arm64_32 Compiling RawSyntaxValidation.swift, SourceLength.swift, SourceLocation.swift, SourcePresence.swift (in target 'SwiftSyntax' from project 'SwiftSyntax')
SwiftCompile normal arm64 Compiling\ AbsolutePosition.swift,\ BumpPtrAllocator.swift,\ CommonAncestor.swift,\ IncrementalParseTransition.swift,\ MemoryLayout.swift /Users/admin/builder/spi-builder-workspace/.dependencies/checkouts/swift-syntax/Sources/SwiftSyntax/AbsolutePosition.swift /Users/admin/builder/spi-builder-workspace/.dependencies/checkouts/swift-syntax/Sources/SwiftSyntax/BumpPtrAllocator.swift /Users/admin/builder/spi-builder-workspace/.dependencies/checkouts/swift-syntax/Sources/SwiftSyntax/CommonAncestor.swift /Users/admin/builder/spi-builder-workspace/.dependencies/checkouts/swift-syntax/Sources/SwiftSyntax/IncrementalParseTransition.swift /Users/admin/builder/spi-builder-workspace/.dependencies/checkouts/swift-syntax/Sources/SwiftSyntax/MemoryLayout.swift (in target 'SwiftSyntax' from project 'SwiftSyntax')
SwiftCompile normal arm64 /Users/admin/builder/spi-builder-workspace/.dependencies/checkouts/swift-syntax/Sources/SwiftSyntax/AbsolutePosition.swift (in target 'SwiftSyntax' from project 'SwiftSyntax')
    cd /Users/admin/builder/spi-builder-workspace/.swiftpm/xcode
    builtin-SwiftPerFileCompile AbsolutePosition.swift
SwiftCompile normal arm64 /Users/admin/builder/spi-builder-workspace/.dependencies/checkouts/swift-syntax/Sources/SwiftSyntax/BumpPtrAllocator.swift (in target 'SwiftSyntax' from project 'SwiftSyntax')
    cd /Users/admin/builder/spi-builder-workspace/.swiftpm/xcode
    builtin-SwiftPerFileCompile BumpPtrAllocator.swift
SwiftCompile normal arm64 /Users/admin/builder/spi-builder-workspace/.dependencies/checkouts/swift-syntax/Sources/SwiftSyntax/CommonAncestor.swift (in target 'SwiftSyntax' from project 'SwiftSyntax')
    cd /Users/admin/builder/spi-builder-workspace/.swiftpm/xcode
    builtin-SwiftPerFileCompile CommonAncestor.swift
SwiftCompile normal arm64 /Users/admin/builder/spi-builder-workspace/.dependencies/checkouts/swift-syntax/Sources/SwiftSyntax/IncrementalParseTransition.swift (in target 'SwiftSyntax' from project 'SwiftSyntax')
    cd /Users/admin/builder/spi-builder-workspace/.swiftpm/xcode
    builtin-SwiftPerFileCompile IncrementalParseTransition.swift
SwiftCompile normal arm64 /Users/admin/builder/spi-builder-workspace/.dependencies/checkouts/swift-syntax/Sources/SwiftSyntax/MemoryLayout.swift (in target 'SwiftSyntax' from project 'SwiftSyntax')
    cd /Users/admin/builder/spi-builder-workspace/.swiftpm/xcode
    builtin-SwiftPerFileCompile MemoryLayout.swift
SwiftDriverJobDiscovery normal arm64 Compiling SyntaxOtherNodes.swift, SyntaxText.swift, SyntaxTreeViewMode.swift, Utils.swift (in target 'SwiftSyntax' from project 'SwiftSyntax')
SwiftCompile normal arm64 Compiling\ SyntaxTraits.swift,\ SyntaxTransform.swift,\ SyntaxVisitor.swift,\ TokenKind.swift /Users/admin/builder/spi-builder-workspace/.dependencies/checkouts/swift-syntax/Sources/SwiftSyntax/gyb_generated/SyntaxTraits.swift /Users/admin/builder/spi-builder-workspace/.dependencies/checkouts/swift-syntax/Sources/SwiftSyntax/gyb_generated/SyntaxTransform.swift /Users/admin/builder/spi-builder-workspace/.dependencies/checkouts/swift-syntax/Sources/SwiftSyntax/gyb_generated/SyntaxVisitor.swift /Users/admin/builder/spi-builder-workspace/.dependencies/checkouts/swift-syntax/Sources/SwiftSyntax/gyb_generated/TokenKind.swift (in target 'SwiftSyntax' from project 'SwiftSyntax')
SwiftCompile normal arm64 /Users/admin/builder/spi-builder-workspace/.dependencies/checkouts/swift-syntax/Sources/SwiftSyntax/gyb_generated/SyntaxTraits.swift (in target 'SwiftSyntax' from project 'SwiftSyntax')
    cd /Users/admin/builder/spi-builder-workspace/.swiftpm/xcode
    builtin-SwiftPerFileCompile SyntaxTraits.swift
SwiftCompile normal arm64 /Users/admin/builder/spi-builder-workspace/.dependencies/checkouts/swift-syntax/Sources/SwiftSyntax/gyb_generated/SyntaxTransform.swift (in target 'SwiftSyntax' from project 'SwiftSyntax')
    cd /Users/admin/builder/spi-builder-workspace/.swiftpm/xcode
    builtin-SwiftPerFileCompile SyntaxTransform.swift
SwiftCompile normal arm64 /Users/admin/builder/spi-builder-workspace/.dependencies/checkouts/swift-syntax/Sources/SwiftSyntax/gyb_generated/SyntaxVisitor.swift (in target 'SwiftSyntax' from project 'SwiftSyntax')
    cd /Users/admin/builder/spi-builder-workspace/.swiftpm/xcode
    builtin-SwiftPerFileCompile SyntaxVisitor.swift
SwiftCompile normal arm64 /Users/admin/builder/spi-builder-workspace/.dependencies/checkouts/swift-syntax/Sources/SwiftSyntax/gyb_generated/TokenKind.swift (in target 'SwiftSyntax' from project 'SwiftSyntax')
    cd /Users/admin/builder/spi-builder-workspace/.swiftpm/xcode
    builtin-SwiftPerFileCompile TokenKind.swift
SwiftDriverJobDiscovery normal arm64 Compiling AbsolutePosition.swift, BumpPtrAllocator.swift, CommonAncestor.swift, IncrementalParseTransition.swift, MemoryLayout.swift (in target 'SwiftSyntax' from project 'SwiftSyntax')
SwiftCompile normal arm64 Compiling\ Misc.swift,\ SyntaxAnyVisitor.swift,\ SyntaxBaseNodes.swift,\ SyntaxEnum.swift /Users/admin/builder/spi-builder-workspace/.dependencies/checkouts/swift-syntax/Sources/SwiftSyntax/generated/Misc.swift /Users/admin/builder/spi-builder-workspace/.dependencies/checkouts/swift-syntax/Sources/SwiftSyntax/generated/SyntaxAnyVisitor.swift /Users/admin/builder/spi-builder-workspace/.dependencies/checkouts/swift-syntax/Sources/SwiftSyntax/generated/SyntaxBaseNodes.swift /Users/admin/builder/spi-builder-workspace/.dependencies/checkouts/swift-syntax/Sources/SwiftSyntax/generated/SyntaxEnum.swift (in target 'SwiftSyntax' from project 'SwiftSyntax')
SwiftCompile normal arm64 /Users/admin/builder/spi-builder-workspace/.dependencies/checkouts/swift-syntax/Sources/SwiftSyntax/generated/Misc.swift (in target 'SwiftSyntax' from project 'SwiftSyntax')
    cd /Users/admin/builder/spi-builder-workspace/.swiftpm/xcode
    builtin-SwiftPerFileCompile Misc.swift
SwiftCompile normal arm64 /Users/admin/builder/spi-builder-workspace/.dependencies/checkouts/swift-syntax/Sources/SwiftSyntax/generated/SyntaxAnyVisitor.swift (in target 'SwiftSyntax' from project 'SwiftSyntax')
    cd /Users/admin/builder/spi-builder-workspace/.swiftpm/xcode
    builtin-SwiftPerFileCompile SyntaxAnyVisitor.swift
SwiftCompile normal arm64 /Users/admin/builder/spi-builder-workspace/.dependencies/checkouts/swift-syntax/Sources/SwiftSyntax/generated/SyntaxBaseNodes.swift (in target 'SwiftSyntax' from project 'SwiftSyntax')
    cd /Users/admin/builder/spi-builder-workspace/.swiftpm/xcode
    builtin-SwiftPerFileCompile SyntaxBaseNodes.swift
SwiftCompile normal arm64 /Users/admin/builder/spi-builder-workspace/.dependencies/checkouts/swift-syntax/Sources/SwiftSyntax/generated/SyntaxEnum.swift (in target 'SwiftSyntax' from project 'SwiftSyntax')
    cd /Users/admin/builder/spi-builder-workspace/.swiftpm/xcode
    builtin-SwiftPerFileCompile SyntaxEnum.swift
SwiftCompile normal arm64_32 Compiling\ SyntaxTraits.swift,\ SyntaxTransform.swift,\ SyntaxVisitor.swift,\ TokenKind.swift /Users/admin/builder/spi-builder-workspace/.dependencies/checkouts/swift-syntax/Sources/SwiftSyntax/gyb_generated/SyntaxTraits.swift /Users/admin/builder/spi-builder-workspace/.dependencies/checkouts/swift-syntax/Sources/SwiftSyntax/gyb_generated/SyntaxTransform.swift /Users/admin/builder/spi-builder-workspace/.dependencies/checkouts/swift-syntax/Sources/SwiftSyntax/gyb_generated/SyntaxVisitor.swift /Users/admin/builder/spi-builder-workspace/.dependencies/checkouts/swift-syntax/Sources/SwiftSyntax/gyb_generated/TokenKind.swift (in target 'SwiftSyntax' from project 'SwiftSyntax')
SwiftCompile normal arm64_32 /Users/admin/builder/spi-builder-workspace/.dependencies/checkouts/swift-syntax/Sources/SwiftSyntax/gyb_generated/SyntaxTraits.swift (in target 'SwiftSyntax' from project 'SwiftSyntax')
    cd /Users/admin/builder/spi-builder-workspace/.swiftpm/xcode
    builtin-SwiftPerFileCompile SyntaxTraits.swift
SwiftCompile normal arm64_32 /Users/admin/builder/spi-builder-workspace/.dependencies/checkouts/swift-syntax/Sources/SwiftSyntax/gyb_generated/SyntaxTransform.swift (in target 'SwiftSyntax' from project 'SwiftSyntax')
    cd /Users/admin/builder/spi-builder-workspace/.swiftpm/xcode
    builtin-SwiftPerFileCompile SyntaxTransform.swift
SwiftCompile normal arm64_32 /Users/admin/builder/spi-builder-workspace/.dependencies/checkouts/swift-syntax/Sources/SwiftSyntax/gyb_generated/SyntaxVisitor.swift (in target 'SwiftSyntax' from project 'SwiftSyntax')
    cd /Users/admin/builder/spi-builder-workspace/.swiftpm/xcode
    builtin-SwiftPerFileCompile SyntaxVisitor.swift
SwiftCompile normal arm64_32 /Users/admin/builder/spi-builder-workspace/.dependencies/checkouts/swift-syntax/Sources/SwiftSyntax/gyb_generated/TokenKind.swift (in target 'SwiftSyntax' from project 'SwiftSyntax')
    cd /Users/admin/builder/spi-builder-workspace/.swiftpm/xcode
    builtin-SwiftPerFileCompile TokenKind.swift
SwiftCompile normal arm64_32 Compiling\ SyntaxKind.swift,\ SyntaxCollections.swift,\ SyntaxFactory.swift,\ SyntaxRewriter.swift /Users/admin/builder/spi-builder-workspace/.dependencies/checkouts/swift-syntax/Sources/SwiftSyntax/generated/SyntaxKind.swift /Users/admin/builder/spi-builder-workspace/.dependencies/checkouts/swift-syntax/Sources/SwiftSyntax/gyb_generated/SyntaxCollections.swift /Users/admin/builder/spi-builder-workspace/.dependencies/checkouts/swift-syntax/Sources/SwiftSyntax/gyb_generated/SyntaxFactory.swift /Users/admin/builder/spi-builder-workspace/.dependencies/checkouts/swift-syntax/Sources/SwiftSyntax/gyb_generated/SyntaxRewriter.swift (in target 'SwiftSyntax' from project 'SwiftSyntax')
SwiftCompile normal arm64_32 /Users/admin/builder/spi-builder-workspace/.dependencies/checkouts/swift-syntax/Sources/SwiftSyntax/generated/SyntaxKind.swift (in target 'SwiftSyntax' from project 'SwiftSyntax')
    cd /Users/admin/builder/spi-builder-workspace/.swiftpm/xcode
    builtin-SwiftPerFileCompile SyntaxKind.swift
SwiftCompile normal arm64_32 /Users/admin/builder/spi-builder-workspace/.dependencies/checkouts/swift-syntax/Sources/SwiftSyntax/gyb_generated/SyntaxCollections.swift (in target 'SwiftSyntax' from project 'SwiftSyntax')
    cd /Users/admin/builder/spi-builder-workspace/.swiftpm/xcode
    builtin-SwiftPerFileCompile SyntaxCollections.swift
SwiftCompile normal arm64_32 /Users/admin/builder/spi-builder-workspace/.dependencies/checkouts/swift-syntax/Sources/SwiftSyntax/gyb_generated/SyntaxFactory.swift (in target 'SwiftSyntax' from project 'SwiftSyntax')
    cd /Users/admin/builder/spi-builder-workspace/.swiftpm/xcode
    builtin-SwiftPerFileCompile SyntaxFactory.swift
SwiftCompile normal arm64_32 /Users/admin/builder/spi-builder-workspace/.dependencies/checkouts/swift-syntax/Sources/SwiftSyntax/gyb_generated/SyntaxRewriter.swift (in target 'SwiftSyntax' from project 'SwiftSyntax')
    cd /Users/admin/builder/spi-builder-workspace/.swiftpm/xcode
    builtin-SwiftPerFileCompile SyntaxRewriter.swift
SwiftDriverJobDiscovery normal arm64 Compiling SyntaxKind.swift, SyntaxCollections.swift, SyntaxFactory.swift, SyntaxRewriter.swift (in target 'SwiftSyntax' from project 'SwiftSyntax')
SwiftCompile normal arm64 Compiling\ RawSyntaxValidation.swift,\ SourceLength.swift,\ SourceLocation.swift,\ SourcePresence.swift /Users/admin/builder/spi-builder-workspace/.dependencies/checkouts/swift-syntax/Sources/SwiftSyntax/Raw/gyb_generated/RawSyntaxValidation.swift /Users/admin/builder/spi-builder-workspace/.dependencies/checkouts/swift-syntax/Sources/SwiftSyntax/SourceLength.swift /Users/admin/builder/spi-builder-workspace/.dependencies/checkouts/swift-syntax/Sources/SwiftSyntax/SourceLocation.swift /Users/admin/builder/spi-builder-workspace/.dependencies/checkouts/swift-syntax/Sources/SwiftSyntax/SourcePresence.swift (in target 'SwiftSyntax' from project 'SwiftSyntax')
SwiftCompile normal arm64 /Users/admin/builder/spi-builder-workspace/.dependencies/checkouts/swift-syntax/Sources/SwiftSyntax/Raw/gyb_generated/RawSyntaxValidation.swift (in target 'SwiftSyntax' from project 'SwiftSyntax')
    cd /Users/admin/builder/spi-builder-workspace/.swiftpm/xcode
    builtin-SwiftPerFileCompile RawSyntaxValidation.swift
SwiftCompile normal arm64 /Users/admin/builder/spi-builder-workspace/.dependencies/checkouts/swift-syntax/Sources/SwiftSyntax/SourceLength.swift (in target 'SwiftSyntax' from project 'SwiftSyntax')
    cd /Users/admin/builder/spi-builder-workspace/.swiftpm/xcode
    builtin-SwiftPerFileCompile SourceLength.swift
SwiftCompile normal arm64 /Users/admin/builder/spi-builder-workspace/.dependencies/checkouts/swift-syntax/Sources/SwiftSyntax/SourceLocation.swift (in target 'SwiftSyntax' from project 'SwiftSyntax')
    cd /Users/admin/builder/spi-builder-workspace/.swiftpm/xcode
    builtin-SwiftPerFileCompile SourceLocation.swift
SwiftCompile normal arm64 /Users/admin/builder/spi-builder-workspace/.dependencies/checkouts/swift-syntax/Sources/SwiftSyntax/SourcePresence.swift (in target 'SwiftSyntax' from project 'SwiftSyntax')
    cd /Users/admin/builder/spi-builder-workspace/.swiftpm/xcode
    builtin-SwiftPerFileCompile SourcePresence.swift
SwiftDriverJobDiscovery normal arm64 Compiling Tokens.swift, Trivia.swift, SyntaxDeclNodes.swift, SyntaxExprNodes.swift (in target 'SwiftSyntax' from project 'SwiftSyntax')
SwiftCompile normal arm64_32 Compiling\ Loop.swift /Users/admin/builder/spi-builder-workspace/Sources/Factory/Loop.swift (in target 'Factory' from project 'swift-package-factory')
SwiftCompile normal arm64_32 /Users/admin/builder/spi-builder-workspace/Sources/Factory/Loop.swift (in target 'Factory' from project 'swift-package-factory')
    cd /Users/admin/builder/spi-builder-workspace/.swiftpm/xcode
    builtin-SwiftPerFileCompile Loop.swift
SwiftDriverJobDiscovery normal arm64 Compiling Misc.swift, SyntaxAnyVisitor.swift, SyntaxBaseNodes.swift, SyntaxEnum.swift (in target 'SwiftSyntax' from project 'SwiftSyntax')
SwiftCompile normal arm64 Compiling\ MatrixElement.swift /Users/admin/builder/spi-builder-workspace/Sources/Factory/MatrixElement.swift (in target 'Factory' from project 'swift-package-factory')
/Users/admin/builder/spi-builder-workspace/Sources/Factory/MatrixElement.swift:218:40: error: value of optional type '(ExprSyntaxProtocol)?' must be unwrapped to a value of type 'ExprSyntaxProtocol'
216 |                     trailingTrivia: .spaces(1)),
217 |                 condition: .init(FunctionCallExprSyntax.init(
218 |                     calledExpression: .init(IdentifierExprSyntax.init(
    |                                        |- error: value of optional type '(ExprSyntaxProtocol)?' must be unwrapped to a value of type 'ExprSyntaxProtocol'
    |                                        |- note: coalesce using '??' to provide a default when the optional value contains 'nil'
    |                                        `- note: force-unwrap using '!' to abort execution if the optional value contains 'nil'
219 |                         identifier: .identifier("swift"),
220 |                         declNameArguments: nil)),
/Users/admin/builder/spi-builder-workspace/Sources/Factory/MatrixElement.swift:218:40: error: type 'ExprSyntaxProtocol' cannot be instantiated
216 |                     trailingTrivia: .spaces(1)),
217 |                 condition: .init(FunctionCallExprSyntax.init(
218 |                     calledExpression: .init(IdentifierExprSyntax.init(
    |                                        `- error: type 'ExprSyntaxProtocol' cannot be instantiated
219 |                         identifier: .identifier("swift"),
220 |                         declNameArguments: nil)),
/Users/admin/builder/spi-builder-workspace/Sources/Factory/MatrixElement.swift:225:42: error: value of optional type '(ExprSyntaxProtocol)?' must be unwrapped to a value of type 'ExprSyntaxProtocol'
223 |                     [
224 |                         .init(label: nil, colon: nil,
225 |                             expression: .init(PrefixOperatorExprSyntax.init(
    |                                          |- error: value of optional type '(ExprSyntaxProtocol)?' must be unwrapped to a value of type 'ExprSyntaxProtocol'
    |                                          |- note: coalesce using '??' to provide a default when the optional value contains 'nil'
    |                                          `- note: force-unwrap using '!' to abort execution if the optional value contains 'nil'
226 |                                 operatorToken: .prefixOperator(">="),
227 |                                 postfixExpression: .init(FloatLiteralExprSyntax.init(
/Users/admin/builder/spi-builder-workspace/Sources/Factory/MatrixElement.swift:225:42: error: type 'ExprSyntaxProtocol' cannot be instantiated
223 |                     [
224 |                         .init(label: nil, colon: nil,
225 |                             expression: .init(PrefixOperatorExprSyntax.init(
    |                                          `- error: type 'ExprSyntaxProtocol' cannot be instantiated
226 |                                 operatorToken: .prefixOperator(">="),
227 |                                 postfixExpression: .init(FloatLiteralExprSyntax.init(
/Users/admin/builder/spi-builder-workspace/Sources/Factory/MatrixElement.swift:227:53: error: value of optional type '(ExprSyntaxProtocol)?' must be unwrapped to a value of type 'ExprSyntaxProtocol'
225 |                             expression: .init(PrefixOperatorExprSyntax.init(
226 |                                 operatorToken: .prefixOperator(">="),
227 |                                 postfixExpression: .init(FloatLiteralExprSyntax.init(
    |                                                     |- error: value of optional type '(ExprSyntaxProtocol)?' must be unwrapped to a value of type 'ExprSyntaxProtocol'
    |                                                     |- note: coalesce using '??' to provide a default when the optional value contains 'nil'
    |                                                     `- note: force-unwrap using '!' to abort execution if the optional value contains 'nil'
228 |                                     floatingDigits: .floatingLiteral("5.7"))))),
229 |                             trailingComma: nil)
/Users/admin/builder/spi-builder-workspace/Sources/Factory/MatrixElement.swift:227:53: error: type 'ExprSyntaxProtocol' cannot be instantiated
225 |                             expression: .init(PrefixOperatorExprSyntax.init(
226 |                                 operatorToken: .prefixOperator(">="),
227 |                                 postfixExpression: .init(FloatLiteralExprSyntax.init(
    |                                                     `- error: type 'ExprSyntaxProtocol' cannot be instantiated
228 |                                     floatingDigits: .floatingLiteral("5.7"))))),
229 |                             trailingComma: nil)
Failed frontend command:
/Applications/Xcode-27.0.0-Release.Candidate.app/Contents/Developer/Toolchains/XcodeDefault.xctoolchain/usr/bin/swift-frontend -frontend -c /Users/admin/builder/spi-builder-workspace/Sources/Factory/Error.swift /Users/admin/builder/spi-builder-workspace/Sources/Factory/Factory.swift /Users/admin/builder/spi-builder-workspace/Sources/Factory/Instantiator.swift /Users/admin/builder/spi-builder-workspace/Sources/Factory/LexicalScope.swift /Users/admin/builder/spi-builder-workspace/Sources/Factory/Loop.swift -primary-file /Users/admin/builder/spi-builder-workspace/Sources/Factory/MatrixElement.swift /Users/admin/builder/spi-builder-workspace/Sources/Factory/Transformer.swift -emit-dependencies-path /Users/admin/builder/spi-builder-workspace/.derivedData/Build/Intermediates.noindex/swift-package-factory.build/Debug-watchos/Factory-t.build/Objects-normal/arm64/MatrixElement.d -emit-const-values-path /Users/admin/builder/spi-builder-workspace/.derivedData/Build/Intermediates.noindex/swift-package-factory.build/Debug-watchos/Factory-t.build/Objects-normal/arm64/MatrixElement.swiftconstvalues -emit-reference-dependencies-path /Users/admin/builder/spi-builder-workspace/.derivedData/Build/Intermediates.noindex/swift-package-factory.build/Debug-watchos/Factory-t.build/Objects-normal/arm64/MatrixElement.swiftdeps -serialize-diagnostics-path /Users/admin/builder/spi-builder-workspace/.derivedData/Build/Intermediates.noindex/swift-package-factory.build/Debug-watchos/Factory-t.build/Objects-normal/arm64/MatrixElement.dia -target arm64-apple-watchos9.0 -disable-cross-import-overlay-search -load-resolved-plugin /Applications/Xcode-27.0.0-Release.Candidate.app/Contents/Developer/Platforms/WatchOS.platform/Developer/usr/lib/swift/host/plugins/libFoundationMacros.dylib\#/Applications/Xcode-27.0.0-Release.Candidate.app/Contents/Developer/Platforms/WatchOS.platform/Developer/usr/bin/swift-plugin-server\#FoundationMacros -load-resolved-plugin /Applications/Xcode-27.0.0-Release.Candidate.app/Contents/Developer/Platforms/WatchOS.platform/Developer/usr/lib/swift/host/plugins/libObservationMacros.dylib\#/Applications/Xcode-27.0.0-Release.Candidate.app/Contents/Developer/Platforms/WatchOS.platform/Developer/usr/bin/swift-plugin-server\#ObservationMacros -load-resolved-plugin /Applications/Xcode-27.0.0-Release.Candidate.app/Contents/Developer/Platforms/WatchOS.platform/Developer/usr/lib/swift/host/plugins/libSwiftMacros.dylib\#/Applications/Xcode-27.0.0-Release.Candidate.app/Contents/Developer/Platforms/WatchOS.platform/Developer/usr/bin/swift-plugin-server\#SwiftMacros -disable-implicit-swift-modules -Xcc -fno-implicit-modules -Xcc -fno-implicit-module-maps -explicit-swift-module-map-file /Users/admin/builder/spi-builder-workspace/.derivedData/Build/Intermediates.noindex/swift-package-factory.build/Debug-watchos/Factory-t.build/Objects-normal/arm64/Factory-dependencies-1.json -Xllvm -aarch64-use-tbi -enable-objc-interop -stack-check -sdk /Applications/Xcode-27.0.0-Release.Candidate.app/Contents/Developer/Platforms/WatchOS.platform/Developer/SDKs/WatchOS27.0.sdk -I /Users/admin/builder/spi-builder-workspace/.derivedData/Build/Products/Debug-watchos -Isystem /Applications/Xcode-27.0.0-Release.Candidate.app/Contents/Developer/Platforms/WatchOS.platform/Developer/usr/lib -F /Users/admin/builder/spi-builder-workspace/.derivedData/Build/Products/Debug-watchos/PackageFrameworks -F /Users/admin/builder/spi-builder-workspace/.derivedData/Build/Products/Debug-watchos -F /Applications/Xcode-27.0.0-Release.Candidate.app/Contents/Developer/Platforms/WatchOS.platform/Developer/Library/Frameworks -F /Applications/Xcode-27.0.0-Release.Candidate.app/Contents/Developer/Platforms/WatchOS.platform/Developer/SDKs/WatchOS27.0.sdk/Developer/Library/Frameworks -module-cache-path /Users/admin/builder/spi-builder-workspace/.derivedData/Build/Intermediates.noindex/SwiftExplicitPrecompiledModules -no-color-diagnostics -Xcc -fno-color-diagnostics -enable-testing -g -debug-info-format\=dwarf -dwarf-version\=4 -swift-version 5 -Onone -D SWIFT_PACKAGE -D DEBUG -D SWIFT_MODULE_RESOURCE_BUNDLE_UNAVAILABLE -D Xcode -serialize-debugging-options -enable-experimental-feature DebugDescriptionMacro -empty-abi-descriptor -validate-clang-modules-once -clang-build-session-file /Users/admin/builder/spi-builder-workspace/.derivedData/ModuleCache.noindex/Session.modulevalidation -Xcc -working-directory -Xcc /Users/admin/builder/spi-builder-workspace/.swiftpm/xcode -enable-anonymous-context-mangled-names -file-compilation-dir /Users/admin/builder/spi-builder-workspace/.swiftpm/xcode -Xcc -fmodule-map-file\=/Users/admin/builder/spi-builder-workspace/.dependencies/checkouts/swift-system/Sources/CSystem/include/module.modulemap -Xcc -D_LIBCPP_HARDENING_MODE\=_LIBCPP_HARDENING_MODE_DEBUG -Xcc -ivfsstatcache -Xcc /Users/admin/builder/spi-builder-workspace/.derivedData/SDKStatCaches.noindex/watchos27.0-24R360-e829b21a6f8c9b70876ba0858053c04477534ef55a1706bf4c1112bbb242f0a2.sdkstatcache -Xcc -fmodules-prune-interval\=86400 -Xcc -fmodules-prune-after\=345600 -Xcc -I/Users/admin/builder/spi-builder-workspace/.dependencies/checkouts/swift-system/Sources/CSystem/include -Xcc -I/Users/admin/builder/spi-builder-workspace/.derivedData/Build/Products/Debug-watchos/include -Xcc -I/Users/admin/builder/spi-builder-workspace/.derivedData/Build/Intermediates.noindex/swift-package-factory.build/Debug-watchos/Factory-t.build/DerivedSources-normal/arm64 -Xcc -I/Users/admin/builder/spi-builder-workspace/.derivedData/Build/Intermediates.noindex/swift-package-factory.build/Debug-watchos/Factory-t.build/DerivedSources/arm64 -Xcc -I/Users/admin/builder/spi-builder-workspace/.derivedData/Build/Intermediates.noindex/swift-package-factory.build/Debug-watchos/Factory-t.build/DerivedSources -Xcc -DSWIFT_PACKAGE -Xcc -DDEBUG\=1 -no-auto-bridging-header-chaining -module-name Factory -const-gather-protocols-file /Users/admin/builder/spi-builder-workspace/.derivedData/Build/Intermediates.noindex/swift-package-factory.build/Debug-watchos/Factory-t.build/Objects-normal/arm64/Factory_const_extract_protocols.json -disable-clang-spi -clang-target arm64-apple-watchos27.0 -target-sdk-version 27.0 -target-sdk-name watchos27.0 -in-process-plugin-server-path /Applications/Xcode-27.0.0-Release.Candidate.app/Contents/Developer/Toolchains/XcodeDefault.xctoolchain/usr/lib/swift/host/libSwiftInProcPluginServer.dylib -parse-as-library -o /Users/admin/builder/spi-builder-workspace/.derivedData/Build/Intermediates.noindex/swift-package-factory.build/Debug-watchos/Factory-t.build/Objects-normal/arm64/MatrixElement.o -debug-module-path /Users/admin/builder/spi-builder-workspace/.derivedData/Build/Intermediates.noindex/swift-package-factory.build/Debug-watchos/Factory-t.build/Objects-normal/arm64/Factory.swiftmodule -index-unit-output-path /swift-package-factory.build/Debug-watchos/Factory-t.build/Objects-normal/arm64/MatrixElement.o -index-store-path /Users/admin/builder/spi-builder-workspace/.derivedData/Index.noindex/DataStore -index-system-modules
SwiftCompile normal arm64 /Users/admin/builder/spi-builder-workspace/Sources/Factory/MatrixElement.swift (in target 'Factory' from project 'swift-package-factory')
    cd /Users/admin/builder/spi-builder-workspace/.swiftpm/xcode
    builtin-SwiftPerFileCompile MatrixElement.swift
SwiftDriverJobDiscovery normal arm64_32 Compiling Loop.swift (in target 'Factory' from project 'swift-package-factory')
SwiftCompile normal arm64 Compiling\ Error.swift /Users/admin/builder/spi-builder-workspace/Sources/Factory/Error.swift (in target 'Factory' from project 'swift-package-factory')
SwiftCompile normal arm64 /Users/admin/builder/spi-builder-workspace/Sources/Factory/Error.swift (in target 'Factory' from project 'swift-package-factory')
    cd /Users/admin/builder/spi-builder-workspace/.swiftpm/xcode
    builtin-SwiftPerFileCompile Error.swift
SwiftDriverJobDiscovery normal arm64 Compiling RawSyntax.swift, RawSyntaxLayoutView.swift, RawSyntaxNodeProtocol.swift, RawSyntaxTokenView.swift, RawSyntaxNodes.swift (in target 'SwiftSyntax' from project 'SwiftSyntax')
SwiftCompile normal arm64 Compiling\ Transformer.swift /Users/admin/builder/spi-builder-workspace/Sources/Factory/Transformer.swift (in target 'Factory' from project 'swift-package-factory')
SwiftCompile normal arm64 /Users/admin/builder/spi-builder-workspace/Sources/Factory/Transformer.swift (in target 'Factory' from project 'swift-package-factory')
    cd /Users/admin/builder/spi-builder-workspace/.swiftpm/xcode
    builtin-SwiftPerFileCompile Transformer.swift
PruneExplicitPrecompiledModules /Users/admin/builder/spi-builder-workspace/.derivedData/Build/Intermediates.noindex/ExplicitPrecompiledModules
PruneExplicitPrecompiledModules /Users/admin/builder/spi-builder-workspace/.derivedData/Build/Intermediates.noindex/SwiftExplicitPrecompiledModules
PruneExplicitPrecompiledModules /Users/admin/builder/spi-builder-workspace/.derivedData/SDKExplicitPrecompiledModules
2026-09-18 23:28:24.015 xcodebuild[1128:6726] [MT] IDERunDestination: Supported platforms for the buildables in the current scheme is empty.
** BUILD FAILED **
The following build commands failed:
	SwiftCompile normal arm64 Compiling\ MatrixElement.swift /Users/admin/builder/spi-builder-workspace/Sources/Factory/MatrixElement.swift (in target 'Factory' from project 'swift-package-factory')
	SwiftCompile normal arm64 /Users/admin/builder/spi-builder-workspace/Sources/Factory/MatrixElement.swift (in target 'Factory' from project 'swift-package-factory')
	Building workspace swift-package-factory with scheme swift-package-factory-Package
(3 failures)
BUILD FAILURE 6.4 watchOS