The Swift Package Index logo.Swift Package Index

Build Information

Failed to build swift-svg-rendering, reference 0.3.1 (1c8f0c), with Swift 6.2 for watchOS using Xcode 26.3 on 3 Sep 2026 23:15:06 UTC.

Build Command

No build command. This typically means the build failed at an early stage where we determine the build command.

Build Log

========================================
RunAll
========================================
Builder version: 5.0.2
Interrupt handler set up.
========================================
Checkout
========================================
Clone URL: https://github.com/swift-compositions/swift-svg-render.git
Reference: 0.3.1
Initialized empty Git repository in /Users/admin/builder/spi-builder-workspace/.git/
From https://github.com/swift-compositions/swift-svg-render
 * tag               0.3.1      -> FETCH_HEAD
HEAD is now at 1c8f0c4 Rename files for Windows compatibility
Cloned https://github.com/swift-compositions/swift-svg-render.git
Revision (git rev-parse @):
1c8f0c4980aa1929fbb3bb248df311ba3e9d89d3
SUCCESS checkout https://github.com/swift-compositions/swift-svg-render.git at 0.3.1
========================================
Build
========================================
Selected platform:         watchOS
Swift version:             6.2
Building package at path:  $PWD
https://github.com/swift-compositions/swift-svg-render.git
Command line invocation:
    /Applications/Xcode-26.3.0.app/Contents/Developer/usr/bin/xcodebuild -IDEClonedSourcePackagesDirPathOverride=/Users/admin/builder/spi-builder-workspace/.dependencies -resolvePackageDependencies
Resolve Package Graph
Fetching from https://github.com/swift-standards/swift-standards
Fetching from https://github.com/coenttb/swift-renderable
Fetching from https://github.com/apple/swift-collections
Fetching from https://github.com/swift-standards/swift-svg-standard.git
Fetching from https://github.com/pointfreeco/swift-snapshot-testing
Fetching from https://github.com/swift-standards/swift-incits-4-1986
Fetching from https://github.com/swift-standards/swift-w3c-svg.git
skipping cache due to an error: Failed to clone repository https://github.com/swift-standards/swift-w3c-svg.git:
    Cloning into bare repository '/Users/admin/Library/Caches/org.swift.swiftpm/repositories/swift-w3c-svg-840ebcb5'...
    fatal: could not read Username for 'https://github.com': terminal prompts disabled
Resolve Package Graph
Updating from https://github.com/coenttb/swift-renderable
Updating from https://github.com/swift-standards/swift-incits-4-1986
Updating from https://github.com/swift-standards/swift-standards
Updating from https://github.com/swift-standards/swift-svg-standard.git
Updating from https://github.com/apple/swift-collections
Updating from https://github.com/pointfreeco/swift-snapshot-testing
Resolve Package Graph
Updating from https://github.com/pointfreeco/swift-snapshot-testing
Updating from https://github.com/apple/swift-collections
Updating from https://github.com/swift-standards/swift-svg-standard.git
Updating from https://github.com/swift-standards/swift-standards
Updating from https://github.com/coenttb/swift-renderable
Updating from https://github.com/swift-standards/swift-incits-4-1986
Resolved source packages:
  spi-builder-workspace: (null)
2026-09-03 19:15:03.964 xcodebuild[537:3113] Writing error result bundle to /var/folders/xq/y_g06wb113726d38xsyx71_h0000gn/T/ResultBundle_2026-03-09_19-15-0003.xcresult
xcodebuild: error: Could not resolve package dependencies:
  Failed to clone repository https://github.com/swift-standards/swift-w3c-svg.git:
    Cloning into bare repository '/Users/admin/builder/spi-builder-workspace/.dependencies/repositories/swift-w3c-svg-840ebcb5'...
    fatal: could not read Username for 'https://github.com': terminal prompts disabled
Command line invocation:
    /Applications/Xcode-26.3.0.app/Contents/Developer/usr/bin/xcodebuild -IDEClonedSourcePackagesDirPathOverride=/Users/admin/builder/spi-builder-workspace/.dependencies -resolvePackageDependencies
Resolve Package Graph
Updating from https://github.com/pointfreeco/swift-snapshot-testing
Updating from https://github.com/apple/swift-collections
Updating from https://github.com/swift-standards/swift-svg-standard.git
Updating from https://github.com/swift-standards/swift-standards
Updating from https://github.com/coenttb/swift-renderable
Updating from https://github.com/swift-standards/swift-incits-4-1986
Fetching from https://github.com/swift-standards/swift-w3c-svg.git
skipping cache due to an error: Failed to clone repository https://github.com/swift-standards/swift-w3c-svg.git:
    Cloning into bare repository '/Users/admin/Library/Caches/org.swift.swiftpm/repositories/swift-w3c-svg-840ebcb5'...
    fatal: could not read Username for 'https://github.com': terminal prompts disabled
Resolved source packages:
  spi-builder-workspace: (null)
2026-09-03 19:15:06.449 xcodebuild[792:4404] Writing error result bundle to /var/folders/xq/y_g06wb113726d38xsyx71_h0000gn/T/ResultBundle_2026-03-09_19-15-0006.xcresult
xcodebuild: error: Could not resolve package dependencies:
  Failed to clone repository https://github.com/swift-standards/swift-w3c-svg.git:
    Cloning into bare repository '/Users/admin/builder/spi-builder-workspace/.dependencies/repositories/swift-w3c-svg-840ebcb5'...
    fatal: could not read Username for 'https://github.com': terminal prompts disabled
BUILD FAILURE 6.2 watchOS