Build Information
Failed to build shimmers-hdl, reference main (180397), with Swift 6.4 for macOS (Xcode) using Xcode 27.0 on 23 Sep 2026 17:12:41 UTC.
Build Command
env DEVELOPER_DIR=/Applications/Xcode-27.0.0-Release.Candidate.app xcrun xcodebuild -IDEClonedSourcePackagesDirPathOverride=$PWD/.dependencies -skipMacroValidation -skipPackagePluginValidation -derivedDataPath $PWD/.derivedData build -scheme shimmers-hdl-Package -destination platform=macOS,arch=arm64Build Log
cd /Users/admin/builder/spi-builder-workspace/.dependencies/checkouts/swift-subprocess
builtin-swiftHeaderTool -arch arm64 /Users/admin/builder/spi-builder-workspace/.derivedData/Build/Intermediates.noindex/swift-subprocess.build/Debug/Subprocess-t.build/Objects-normal/arm64/Subprocess-Swift.h -o /Users/admin/builder/spi-builder-workspace/.derivedData/Build/Intermediates.noindex/GeneratedModuleMaps/Subprocess-Swift.h
SwiftDriverJobDiscovery normal arm64 Compiling AsyncIO+Linux.swift, AsyncIO+Unix.swift, AsyncIO+Windows.swift (in target 'Subprocess' from project 'swift-subprocess')
Copy /Users/admin/builder/spi-builder-workspace/.derivedData/Build/Products/Debug/Subprocess.swiftmodule/arm64-apple-macos.swiftmodule /Users/admin/builder/spi-builder-workspace/.derivedData/Build/Intermediates.noindex/swift-subprocess.build/Debug/Subprocess-t.build/Objects-normal/arm64/Subprocess.swiftmodule (in target 'Subprocess' from project 'swift-subprocess')
cd /Users/admin/builder/spi-builder-workspace/.dependencies/checkouts/swift-subprocess
builtin-copy -exclude .DS_Store -exclude CVS -exclude .svn -exclude .git -exclude .hg -resolve-src-symlinks -rename /Users/admin/builder/spi-builder-workspace/.derivedData/Build/Intermediates.noindex/swift-subprocess.build/Debug/Subprocess-t.build/Objects-normal/arm64/Subprocess.swiftmodule /Users/admin/builder/spi-builder-workspace/.derivedData/Build/Products/Debug/Subprocess.swiftmodule/arm64-apple-macos.swiftmodule
Copy /Users/admin/builder/spi-builder-workspace/.derivedData/Build/Products/Debug/Subprocess.swiftmodule/arm64-apple-macos.swiftdoc /Users/admin/builder/spi-builder-workspace/.derivedData/Build/Intermediates.noindex/swift-subprocess.build/Debug/Subprocess-t.build/Objects-normal/arm64/Subprocess.swiftdoc (in target 'Subprocess' from project 'swift-subprocess')
cd /Users/admin/builder/spi-builder-workspace/.dependencies/checkouts/swift-subprocess
builtin-copy -exclude .DS_Store -exclude CVS -exclude .svn -exclude .git -exclude .hg -resolve-src-symlinks -rename /Users/admin/builder/spi-builder-workspace/.derivedData/Build/Intermediates.noindex/swift-subprocess.build/Debug/Subprocess-t.build/Objects-normal/arm64/Subprocess.swiftdoc /Users/admin/builder/spi-builder-workspace/.derivedData/Build/Products/Debug/Subprocess.swiftmodule/arm64-apple-macos.swiftdoc
Copy /Users/admin/builder/spi-builder-workspace/.derivedData/Build/Products/Debug/Subprocess.swiftmodule/arm64-apple-macos.abi.json /Users/admin/builder/spi-builder-workspace/.derivedData/Build/Intermediates.noindex/swift-subprocess.build/Debug/Subprocess-t.build/Objects-normal/arm64/Subprocess.abi.json (in target 'Subprocess' from project 'swift-subprocess')
cd /Users/admin/builder/spi-builder-workspace/.dependencies/checkouts/swift-subprocess
builtin-copy -exclude .DS_Store -exclude CVS -exclude .svn -exclude .git -exclude .hg -resolve-src-symlinks -rename /Users/admin/builder/spi-builder-workspace/.derivedData/Build/Intermediates.noindex/swift-subprocess.build/Debug/Subprocess-t.build/Objects-normal/arm64/Subprocess.abi.json /Users/admin/builder/spi-builder-workspace/.derivedData/Build/Products/Debug/Subprocess.swiftmodule/arm64-apple-macos.abi.json
Copy /Users/admin/builder/spi-builder-workspace/.derivedData/Build/Products/Debug/Subprocess.swiftmodule/Project/arm64-apple-macos.swiftsourceinfo /Users/admin/builder/spi-builder-workspace/.derivedData/Build/Intermediates.noindex/swift-subprocess.build/Debug/Subprocess-t.build/Objects-normal/arm64/Subprocess.swiftsourceinfo (in target 'Subprocess' from project 'swift-subprocess')
cd /Users/admin/builder/spi-builder-workspace/.dependencies/checkouts/swift-subprocess
builtin-copy -exclude .DS_Store -exclude CVS -exclude .svn -exclude .git -exclude .hg -resolve-src-symlinks -rename /Users/admin/builder/spi-builder-workspace/.derivedData/Build/Intermediates.noindex/swift-subprocess.build/Debug/Subprocess-t.build/Objects-normal/arm64/Subprocess.swiftsourceinfo /Users/admin/builder/spi-builder-workspace/.derivedData/Build/Products/Debug/Subprocess.swiftmodule/Project/arm64-apple-macos.swiftsourceinfo
SwiftCompile normal arm64 Compiling\ Input+Foundation.swift,\ Output+Foundation.swift /Users/admin/builder/spi-builder-workspace/.dependencies/checkouts/swift-subprocess/Sources/Subprocess/SubprocessFoundation/Input+Foundation.swift /Users/admin/builder/spi-builder-workspace/.dependencies/checkouts/swift-subprocess/Sources/Subprocess/SubprocessFoundation/Output+Foundation.swift (in target 'Subprocess' from project 'swift-subprocess')
SwiftCompile normal arm64 /Users/admin/builder/spi-builder-workspace/.dependencies/checkouts/swift-subprocess/Sources/Subprocess/SubprocessFoundation/Input+Foundation.swift (in target 'Subprocess' from project 'swift-subprocess')
cd /Users/admin/builder/spi-builder-workspace/.swiftpm/xcode
builtin-SwiftPerFileCompile Input+Foundation.swift
SwiftCompile normal arm64 /Users/admin/builder/spi-builder-workspace/.dependencies/checkouts/swift-subprocess/Sources/Subprocess/SubprocessFoundation/Output+Foundation.swift (in target 'Subprocess' from project 'swift-subprocess')
cd /Users/admin/builder/spi-builder-workspace/.swiftpm/xcode
builtin-SwiftPerFileCompile Output+Foundation.swift
SwiftDriverJobDiscovery normal arm64 Compiling ArgumentDecoder.swift, ArgumentDefinition.swift, ArgumentSet.swift, CommandParser.swift, InputKey.swift (in target 'ArgumentParser' from project 'swift-argument-parser')
SwiftCompile normal arm64 Compiling\ ArgumentHelp.swift,\ ArgumentVisibility.swift,\ CompletionKind.swift,\ Errors.swift,\ Flag.swift,\ NameSpecification.swift /Users/admin/builder/spi-builder-workspace/.dependencies/checkouts/swift-argument-parser/Sources/ArgumentParser/Parsable\ Properties/ArgumentHelp.swift /Users/admin/builder/spi-builder-workspace/.dependencies/checkouts/swift-argument-parser/Sources/ArgumentParser/Parsable\ Properties/ArgumentVisibility.swift /Users/admin/builder/spi-builder-workspace/.dependencies/checkouts/swift-argument-parser/Sources/ArgumentParser/Parsable\ Properties/CompletionKind.swift /Users/admin/builder/spi-builder-workspace/.dependencies/checkouts/swift-argument-parser/Sources/ArgumentParser/Parsable\ Properties/Errors.swift /Users/admin/builder/spi-builder-workspace/.dependencies/checkouts/swift-argument-parser/Sources/ArgumentParser/Parsable\ Properties/Flag.swift /Users/admin/builder/spi-builder-workspace/.dependencies/checkouts/swift-argument-parser/Sources/ArgumentParser/Parsable\ Properties/NameSpecification.swift (in target 'ArgumentParser' from project 'swift-argument-parser')
SwiftCompile normal arm64 /Users/admin/builder/spi-builder-workspace/.dependencies/checkouts/swift-argument-parser/Sources/ArgumentParser/Parsable\ Properties/ArgumentHelp.swift (in target 'ArgumentParser' from project 'swift-argument-parser')
cd /Users/admin/builder/spi-builder-workspace/.swiftpm/xcode
builtin-SwiftPerFileCompile ArgumentHelp.swift
SwiftCompile normal arm64 /Users/admin/builder/spi-builder-workspace/.dependencies/checkouts/swift-argument-parser/Sources/ArgumentParser/Parsable\ Properties/ArgumentVisibility.swift (in target 'ArgumentParser' from project 'swift-argument-parser')
cd /Users/admin/builder/spi-builder-workspace/.swiftpm/xcode
builtin-SwiftPerFileCompile ArgumentVisibility.swift
SwiftCompile normal arm64 /Users/admin/builder/spi-builder-workspace/.dependencies/checkouts/swift-argument-parser/Sources/ArgumentParser/Parsable\ Properties/CompletionKind.swift (in target 'ArgumentParser' from project 'swift-argument-parser')
cd /Users/admin/builder/spi-builder-workspace/.swiftpm/xcode
builtin-SwiftPerFileCompile CompletionKind.swift
SwiftCompile normal arm64 /Users/admin/builder/spi-builder-workspace/.dependencies/checkouts/swift-argument-parser/Sources/ArgumentParser/Parsable\ Properties/Errors.swift (in target 'ArgumentParser' from project 'swift-argument-parser')
cd /Users/admin/builder/spi-builder-workspace/.swiftpm/xcode
builtin-SwiftPerFileCompile Errors.swift
SwiftCompile normal arm64 /Users/admin/builder/spi-builder-workspace/.dependencies/checkouts/swift-argument-parser/Sources/ArgumentParser/Parsable\ Properties/Flag.swift (in target 'ArgumentParser' from project 'swift-argument-parser')
cd /Users/admin/builder/spi-builder-workspace/.swiftpm/xcode
builtin-SwiftPerFileCompile Flag.swift
SwiftCompile normal arm64 /Users/admin/builder/spi-builder-workspace/.dependencies/checkouts/swift-argument-parser/Sources/ArgumentParser/Parsable\ Properties/NameSpecification.swift (in target 'ArgumentParser' from project 'swift-argument-parser')
cd /Users/admin/builder/spi-builder-workspace/.swiftpm/xcode
builtin-SwiftPerFileCompile NameSpecification.swift
SwiftDriverJobDiscovery normal arm64 Compiling Teardown.swift, Thread.swift (in target 'Subprocess' from project 'swift-subprocess')
SwiftCompile normal arm64 Compiling\ Option.swift,\ OptionGroup.swift,\ ParentCommand.swift,\ AsyncParsableCommand.swift,\ CommandConfiguration.swift /Users/admin/builder/spi-builder-workspace/.dependencies/checkouts/swift-argument-parser/Sources/ArgumentParser/Parsable\ Properties/Option.swift /Users/admin/builder/spi-builder-workspace/.dependencies/checkouts/swift-argument-parser/Sources/ArgumentParser/Parsable\ Properties/OptionGroup.swift /Users/admin/builder/spi-builder-workspace/.dependencies/checkouts/swift-argument-parser/Sources/ArgumentParser/Parsable\ Properties/ParentCommand.swift /Users/admin/builder/spi-builder-workspace/.dependencies/checkouts/swift-argument-parser/Sources/ArgumentParser/Parsable\ Types/AsyncParsableCommand.swift /Users/admin/builder/spi-builder-workspace/.dependencies/checkouts/swift-argument-parser/Sources/ArgumentParser/Parsable\ Types/CommandConfiguration.swift (in target 'ArgumentParser' from project 'swift-argument-parser')
SwiftCompile normal arm64 /Users/admin/builder/spi-builder-workspace/.dependencies/checkouts/swift-argument-parser/Sources/ArgumentParser/Parsable\ Properties/Option.swift (in target 'ArgumentParser' from project 'swift-argument-parser')
cd /Users/admin/builder/spi-builder-workspace/.swiftpm/xcode
builtin-SwiftPerFileCompile Option.swift
SwiftCompile normal arm64 /Users/admin/builder/spi-builder-workspace/.dependencies/checkouts/swift-argument-parser/Sources/ArgumentParser/Parsable\ Properties/OptionGroup.swift (in target 'ArgumentParser' from project 'swift-argument-parser')
cd /Users/admin/builder/spi-builder-workspace/.swiftpm/xcode
builtin-SwiftPerFileCompile OptionGroup.swift
SwiftCompile normal arm64 /Users/admin/builder/spi-builder-workspace/.dependencies/checkouts/swift-argument-parser/Sources/ArgumentParser/Parsable\ Properties/ParentCommand.swift (in target 'ArgumentParser' from project 'swift-argument-parser')
cd /Users/admin/builder/spi-builder-workspace/.swiftpm/xcode
builtin-SwiftPerFileCompile ParentCommand.swift
SwiftCompile normal arm64 /Users/admin/builder/spi-builder-workspace/.dependencies/checkouts/swift-argument-parser/Sources/ArgumentParser/Parsable\ Types/AsyncParsableCommand.swift (in target 'ArgumentParser' from project 'swift-argument-parser')
cd /Users/admin/builder/spi-builder-workspace/.swiftpm/xcode
builtin-SwiftPerFileCompile AsyncParsableCommand.swift
SwiftCompile normal arm64 /Users/admin/builder/spi-builder-workspace/.dependencies/checkouts/swift-argument-parser/Sources/ArgumentParser/Parsable\ Types/CommandConfiguration.swift (in target 'ArgumentParser' from project 'swift-argument-parser')
cd /Users/admin/builder/spi-builder-workspace/.swiftpm/xcode
builtin-SwiftPerFileCompile CommandConfiguration.swift
SwiftDriverJobDiscovery normal arm64 Compiling Subprocess+Unix.swift, Subprocess+Windows.swift (in target 'Subprocess' from project 'swift-subprocess')
SwiftDriverJobDiscovery normal arm64 Compiling Error.swift, Execution.swift, AsyncIO+KQueue.swift (in target 'Subprocess' from project 'swift-subprocess')
RegisterExecutionPolicyException /Users/admin/builder/spi-builder-workspace/.derivedData/Build/Products/Debug/ShimmersMacros (in target 'ShimmersMacros' from project 'shimmers-hdl')
cd /Users/admin/builder/spi-builder-workspace
builtin-RegisterExecutionPolicyException /Users/admin/builder/spi-builder-workspace/.derivedData/Build/Products/Debug/ShimmersMacros
SwiftDriver Shimmers normal arm64 com.apple.xcode.tools.swift.compiler (in target 'Shimmers' from project 'shimmers-hdl')
cd /Users/admin/builder/spi-builder-workspace/.swiftpm/xcode
builtin-SwiftDriver -- /Applications/Xcode-27.0.0-Release.Candidate.app/Contents/Developer/Toolchains/XcodeDefault.xctoolchain/usr/bin/swiftc -parse-as-library -module-name Shimmers -Onone @/Users/admin/builder/spi-builder-workspace/.derivedData/Build/Intermediates.noindex/shimmers-hdl.build/Debug/Shimmers-t.build/Objects-normal/arm64/Shimmers.SwiftFileList -DSWIFT_PACKAGE -DDEBUG -DSWIFT_MODULE_RESOURCE_BUNDLE_UNAVAILABLE -Xcc -fmodule-map-file\=/Users/admin/builder/spi-builder-workspace/.dependencies/checkouts/swift-system/Sources/CSystem/include/module.modulemap -Xcc -fmodule-map-file\=/Users/admin/builder/spi-builder-workspace/.dependencies/checkouts/swift-subprocess/Sources/_SubprocessCShims/include/module.modulemap -DXcode -plugin-path /Applications/Xcode-27.0.0-Release.Candidate.app/Contents/Developer/Toolchains/XcodeDefault.xctoolchain/usr/lib/swift/host/plugins/testing -enable-experimental-feature DebugDescriptionMacro -sdk /Applications/Xcode-27.0.0-Release.Candidate.app/Contents/Developer/Platforms/MacOSX.platform/Developer/SDKs/MacOSX27.0.sdk -target arm64-apple-macos26.0 -g -module-cache-path /Users/admin/builder/spi-builder-workspace/.derivedData/ModuleCache.noindex -Xfrontend -serialize-debugging-options -profile-coverage-mapping -profile-generate -enable-testing -index-store-path /Users/admin/builder/spi-builder-workspace/.derivedData/Index.noindex/DataStore -Xcc -D_LIBCPP_HARDENING_MODE\=_LIBCPP_HARDENING_MODE_DEBUG -swift-version 6 -I /Users/admin/builder/spi-builder-workspace/.derivedData/Build/Products/Debug -Isystem /Applications/Xcode-27.0.0-Release.Candidate.app/Contents/Developer/Platforms/MacOSX.platform/Developer/usr/lib -F /Users/admin/builder/spi-builder-workspace/.derivedData/Build/Products/Debug/PackageFrameworks -F /Users/admin/builder/spi-builder-workspace/.derivedData/Build/Products/Debug -F /Applications/Xcode-27.0.0-Release.Candidate.app/Contents/Developer/Platforms/MacOSX.platform/Developer/Library/Frameworks -Xfrontend -load-plugin-executable -Xfrontend /Users/admin/builder/spi-builder-workspace/.derivedData/Build/Products/Debug/ShimmersMacros\#ShimmersMacros -c -j10 -enable-batch-mode -incremental -Xcc -ivfsstatcache -Xcc /Users/admin/builder/spi-builder-workspace/.derivedData/SDKStatCaches.noindex/macosx27.0-26A425-e829b21a6f8c9b70876ba0858053c0446a22442a12e9d48fe1a705f55a1adfc4.sdkstatcache -output-file-map /Users/admin/builder/spi-builder-workspace/.derivedData/Build/Intermediates.noindex/shimmers-hdl.build/Debug/Shimmers-t.build/Objects-normal/arm64/Shimmers-OutputFileMap.json -save-temps -no-color-diagnostics -explicit-module-build -module-cache-path /Users/admin/builder/spi-builder-workspace/.derivedData/Build/Intermediates.noindex/SwiftExplicitPrecompiledModules -clang-scanner-module-cache-path /Users/admin/builder/spi-builder-workspace/.derivedData/ModuleCache.noindex -sdk-module-cache-path /Users/admin/builder/spi-builder-workspace/.derivedData/SDKExplicitPrecompiledModules -emit-dependencies -emit-module -emit-module-path /Users/admin/builder/spi-builder-workspace/.derivedData/Build/Intermediates.noindex/shimmers-hdl.build/Debug/Shimmers-t.build/Objects-normal/arm64/Shimmers.swiftmodule -serialize-diagnostics -dependency-scan-serialize-diagnostics-path /Users/admin/builder/spi-builder-workspace/.derivedData/Build/Intermediates.noindex/shimmers-hdl.build/Debug/Shimmers-t.build/Objects-normal/arm64/Shimmers-dependency-scan.dia -validate-clang-modules-once -clang-build-session-file /Users/admin/builder/spi-builder-workspace/.derivedData/ModuleCache.noindex/Session.modulevalidation -Xcc -fmodules-prune-interval\=86400 -Xcc -fmodules-prune-after\=345600 -package-name spi_builder_workspace -emit-const-values -const-gather-protocols-list /Users/admin/builder/spi-builder-workspace/.derivedData/Build/Intermediates.noindex/shimmers-hdl.build/Debug/Shimmers-t.build/Objects-normal/arm64/Shimmers_const_extract_protocols.json -Xcc -I/Users/admin/builder/spi-builder-workspace/.dependencies/checkouts/swift-system/Sources/CSystem/include -Xcc -I/Users/admin/builder/spi-builder-workspace/.dependencies/checkouts/swift-subprocess/Sources/_SubprocessCShims/include -Xcc -I/Users/admin/builder/spi-builder-workspace/.derivedData/Build/Products/Debug/include -Xcc -I/Users/admin/builder/spi-builder-workspace/.derivedData/Build/Intermediates.noindex/shimmers-hdl.build/Debug/Shimmers-t.build/DerivedSources-normal/arm64 -Xcc -I/Users/admin/builder/spi-builder-workspace/.derivedData/Build/Intermediates.noindex/shimmers-hdl.build/Debug/Shimmers-t.build/DerivedSources/arm64 -Xcc -I/Users/admin/builder/spi-builder-workspace/.derivedData/Build/Intermediates.noindex/shimmers-hdl.build/Debug/Shimmers-t.build/DerivedSources -Xcc -DSWIFT_PACKAGE -Xcc -DDEBUG\=1 -emit-objc-header -emit-objc-header-path /Users/admin/builder/spi-builder-workspace/.derivedData/Build/Intermediates.noindex/shimmers-hdl.build/Debug/Shimmers-t.build/Objects-normal/arm64/Shimmers-Swift.h -working-directory /Users/admin/builder/spi-builder-workspace/.swiftpm/xcode -experimental-emit-module-separately -disable-cmo
SwiftDriverJobDiscovery normal arm64 Compiling Subprocess+Darwin.swift, Subprocess+Linux.swift (in target 'Subprocess' from project 'swift-subprocess')
SwiftDriverJobDiscovery normal arm64 Compiling Span+SubprocessFoundation.swift, SubprocessOutputSequence.swift (in target 'Subprocess' from project 'swift-subprocess')
SwiftDriverJobDiscovery normal arm64 Compiling Input.swift, Output.swift, Subprocess+BSD.swift (in target 'Subprocess' from project 'swift-subprocess')
SwiftDriverJobDiscovery normal arm64 Compiling UsageGenerator.swift, CollectionExtensions.swift, Foundation.swift, Mutex.swift, Platform.swift (in target 'ArgumentParser' from project 'swift-argument-parser')
SwiftDriverJobDiscovery normal arm64 Compiling Input+Foundation.swift, Output+Foundation.swift (in target 'Subprocess' from project 'swift-subprocess')
SwiftDriverJobDiscovery normal arm64 Compiling ArgumentHelp.swift, ArgumentVisibility.swift, CompletionKind.swift, Errors.swift, Flag.swift, NameSpecification.swift (in target 'ArgumentParser' from project 'swift-argument-parser')
SwiftCompile normal arm64 Compiling\ Queue.swift,\ Range.swift,\ Wire\ -\ Logic.swift,\ Wire\ -\ Traversal.swift,\ Wire.swift,\ Assertion\ Set.swift,\ Assertion\ Type\ Message.swift,\ Assertion\ Type.swift,\ Build\ Arith\ -\ Add.swift,\ Build\ Arith\ -\ Compare.swift /Users/admin/builder/spi-builder-workspace/Sources/Shimmers/Runtime/Queue.swift /Users/admin/builder/spi-builder-workspace/Sources/Shimmers/Runtime/Range.swift /Users/admin/builder/spi-builder-workspace/Sources/Shimmers/Runtime/Wire\ -\ Logic.swift /Users/admin/builder/spi-builder-workspace/Sources/Shimmers/Runtime/Wire\ -\ Traversal.swift /Users/admin/builder/spi-builder-workspace/Sources/Shimmers/Runtime/Wire.swift /Users/admin/builder/spi-builder-workspace/Sources/Shimmers/Scope/Assertion\ Set.swift /Users/admin/builder/spi-builder-workspace/Sources/Shimmers/Scope/Assertion\ Type\ Message.swift /Users/admin/builder/spi-builder-workspace/Sources/Shimmers/Scope/Assertion\ Type.swift /Users/admin/builder/spi-builder-workspace/Sources/Shimmers/Scope/Building/Build\ Arith\ -\ Add.swift /Users/admin/builder/spi-builder-workspace/Sources/Shimmers/Scope/Building/Build\ Arith\ -\ Compare.swift (in target 'Shimmers' from project 'shimmers-hdl')
SwiftCompile normal arm64 /Users/admin/builder/spi-builder-workspace/Sources/Shimmers/Runtime/Queue.swift (in target 'Shimmers' from project 'shimmers-hdl')
cd /Users/admin/builder/spi-builder-workspace/.swiftpm/xcode
builtin-SwiftPerFileCompile Queue.swift
SwiftCompile normal arm64 /Users/admin/builder/spi-builder-workspace/Sources/Shimmers/Runtime/Range.swift (in target 'Shimmers' from project 'shimmers-hdl')
cd /Users/admin/builder/spi-builder-workspace/.swiftpm/xcode
builtin-SwiftPerFileCompile Range.swift
SwiftCompile normal arm64 /Users/admin/builder/spi-builder-workspace/Sources/Shimmers/Runtime/Wire\ -\ Logic.swift (in target 'Shimmers' from project 'shimmers-hdl')
cd /Users/admin/builder/spi-builder-workspace/.swiftpm/xcode
builtin-SwiftPerFileCompile Wire\ -\ Logic.swift
SwiftCompile normal arm64 /Users/admin/builder/spi-builder-workspace/Sources/Shimmers/Runtime/Wire\ -\ Traversal.swift (in target 'Shimmers' from project 'shimmers-hdl')
cd /Users/admin/builder/spi-builder-workspace/.swiftpm/xcode
builtin-SwiftPerFileCompile Wire\ -\ Traversal.swift
SwiftCompile normal arm64 /Users/admin/builder/spi-builder-workspace/Sources/Shimmers/Runtime/Wire.swift (in target 'Shimmers' from project 'shimmers-hdl')
cd /Users/admin/builder/spi-builder-workspace/.swiftpm/xcode
builtin-SwiftPerFileCompile Wire.swift
SwiftCompile normal arm64 /Users/admin/builder/spi-builder-workspace/Sources/Shimmers/Scope/Assertion\ Set.swift (in target 'Shimmers' from project 'shimmers-hdl')
cd /Users/admin/builder/spi-builder-workspace/.swiftpm/xcode
builtin-SwiftPerFileCompile Assertion\ Set.swift
SwiftCompile normal arm64 /Users/admin/builder/spi-builder-workspace/Sources/Shimmers/Scope/Assertion\ Type\ Message.swift (in target 'Shimmers' from project 'shimmers-hdl')
cd /Users/admin/builder/spi-builder-workspace/.swiftpm/xcode
builtin-SwiftPerFileCompile Assertion\ Type\ Message.swift
SwiftCompile normal arm64 /Users/admin/builder/spi-builder-workspace/Sources/Shimmers/Scope/Assertion\ Type.swift (in target 'Shimmers' from project 'shimmers-hdl')
cd /Users/admin/builder/spi-builder-workspace/.swiftpm/xcode
builtin-SwiftPerFileCompile Assertion\ Type.swift
SwiftCompile normal arm64 /Users/admin/builder/spi-builder-workspace/Sources/Shimmers/Scope/Building/Build\ Arith\ -\ Add.swift (in target 'Shimmers' from project 'shimmers-hdl')
cd /Users/admin/builder/spi-builder-workspace/.swiftpm/xcode
builtin-SwiftPerFileCompile Build\ Arith\ -\ Add.swift
SwiftCompile normal arm64 /Users/admin/builder/spi-builder-workspace/Sources/Shimmers/Scope/Building/Build\ Arith\ -\ Compare.swift (in target 'Shimmers' from project 'shimmers-hdl')
cd /Users/admin/builder/spi-builder-workspace/.swiftpm/xcode
builtin-SwiftPerFileCompile Build\ Arith\ -\ Compare.swift
SwiftCompile normal arm64 Compiling\ File\ Name\ Mangle.swift,\ Hashing.swift,\ Name\ Mangling.swift,\ Module.swift,\ BigInt\ -\ Bitwise.swift,\ BigInt\ -\ Comparison.swift,\ BigInt\ -\ Conversion\ &\ Literal.swift,\ BigInt\ -\ Math\ Add\ &\ Sub.swift,\ BigInt\ -\ Math\ Mul\ &\ Div.swift,\ BigInt.swift /Users/admin/builder/spi-builder-workspace/Sources/Shimmers/Mangle/File\ Name\ Mangle.swift /Users/admin/builder/spi-builder-workspace/Sources/Shimmers/Mangle/Hashing.swift /Users/admin/builder/spi-builder-workspace/Sources/Shimmers/Mangle/Name\ Mangling.swift /Users/admin/builder/spi-builder-workspace/Sources/Shimmers/Module.swift /Users/admin/builder/spi-builder-workspace/Sources/Shimmers/Runtime\ Support/BigInt/BigInt\ -\ Bitwise.swift /Users/admin/builder/spi-builder-workspace/Sources/Shimmers/Runtime\ Support/BigInt/BigInt\ -\ Comparison.swift /Users/admin/builder/spi-builder-workspace/Sources/Shimmers/Runtime\ Support/BigInt/BigInt\ -\ Conversion\ &\ Literal.swift /Users/admin/builder/spi-builder-workspace/Sources/Shimmers/Runtime\ Support/BigInt/BigInt\ -\ Math\ Add\ &\ Sub.swift /Users/admin/builder/spi-builder-workspace/Sources/Shimmers/Runtime\ Support/BigInt/BigInt\ -\ Math\ Mul\ &\ Div.swift /Users/admin/builder/spi-builder-workspace/Sources/Shimmers/Runtime\ Support/BigInt/BigInt.swift (in target 'Shimmers' from project 'shimmers-hdl')
SwiftCompile normal arm64 /Users/admin/builder/spi-builder-workspace/Sources/Shimmers/Mangle/File\ Name\ Mangle.swift (in target 'Shimmers' from project 'shimmers-hdl')
cd /Users/admin/builder/spi-builder-workspace/.swiftpm/xcode
builtin-SwiftPerFileCompile File\ Name\ Mangle.swift
SwiftCompile normal arm64 /Users/admin/builder/spi-builder-workspace/Sources/Shimmers/Mangle/Hashing.swift (in target 'Shimmers' from project 'shimmers-hdl')
cd /Users/admin/builder/spi-builder-workspace/.swiftpm/xcode
builtin-SwiftPerFileCompile Hashing.swift
SwiftCompile normal arm64 /Users/admin/builder/spi-builder-workspace/Sources/Shimmers/Mangle/Name\ Mangling.swift (in target 'Shimmers' from project 'shimmers-hdl')
cd /Users/admin/builder/spi-builder-workspace/.swiftpm/xcode
builtin-SwiftPerFileCompile Name\ Mangling.swift
SwiftCompile normal arm64 /Users/admin/builder/spi-builder-workspace/Sources/Shimmers/Module.swift (in target 'Shimmers' from project 'shimmers-hdl')
cd /Users/admin/builder/spi-builder-workspace/.swiftpm/xcode
builtin-SwiftPerFileCompile Module.swift
SwiftCompile normal arm64 /Users/admin/builder/spi-builder-workspace/Sources/Shimmers/Runtime\ Support/BigInt/BigInt\ -\ Bitwise.swift (in target 'Shimmers' from project 'shimmers-hdl')
cd /Users/admin/builder/spi-builder-workspace/.swiftpm/xcode
builtin-SwiftPerFileCompile BigInt\ -\ Bitwise.swift
SwiftCompile normal arm64 /Users/admin/builder/spi-builder-workspace/Sources/Shimmers/Runtime\ Support/BigInt/BigInt\ -\ Comparison.swift (in target 'Shimmers' from project 'shimmers-hdl')
cd /Users/admin/builder/spi-builder-workspace/.swiftpm/xcode
builtin-SwiftPerFileCompile BigInt\ -\ Comparison.swift
SwiftCompile normal arm64 /Users/admin/builder/spi-builder-workspace/Sources/Shimmers/Runtime\ Support/BigInt/BigInt\ -\ Conversion\ &\ Literal.swift (in target 'Shimmers' from project 'shimmers-hdl')
cd /Users/admin/builder/spi-builder-workspace/.swiftpm/xcode
builtin-SwiftPerFileCompile BigInt\ -\ Conversion\ \&\ Literal.swift
SwiftCompile normal arm64 /Users/admin/builder/spi-builder-workspace/Sources/Shimmers/Runtime\ Support/BigInt/BigInt\ -\ Math\ Add\ &\ Sub.swift (in target 'Shimmers' from project 'shimmers-hdl')
cd /Users/admin/builder/spi-builder-workspace/.swiftpm/xcode
builtin-SwiftPerFileCompile BigInt\ -\ Math\ Add\ \&\ Sub.swift
SwiftCompile normal arm64 /Users/admin/builder/spi-builder-workspace/Sources/Shimmers/Runtime\ Support/BigInt/BigInt\ -\ Math\ Mul\ &\ Div.swift (in target 'Shimmers' from project 'shimmers-hdl')
cd /Users/admin/builder/spi-builder-workspace/.swiftpm/xcode
builtin-SwiftPerFileCompile BigInt\ -\ Math\ Mul\ \&\ Div.swift
SwiftCompile normal arm64 /Users/admin/builder/spi-builder-workspace/Sources/Shimmers/Runtime\ Support/BigInt/BigInt.swift (in target 'Shimmers' from project 'shimmers-hdl')
cd /Users/admin/builder/spi-builder-workspace/.swiftpm/xcode
builtin-SwiftPerFileCompile BigInt.swift
SwiftEmitModule normal arm64 Emitting\ module\ for\ Shimmers (in target 'Shimmers' from project 'shimmers-hdl')
SwiftCompile normal arm64 (in target 'Shimmers' from project 'shimmers-hdl')
cd /Users/admin/builder/spi-builder-workspace/.swiftpm/xcode
SwiftCompile normal arm64 Compiling\ Protocol\ FixedWidthInteger.swift,\ Protocol\ Iterator\ &\ Sequence.swift,\ Protocol\ Numeric.swift,\ Protocol\ Range.swift,\ Protocol\ Sign\ Integer.swift,\ Protocol\ Stridable.swift,\ WireRef\ -\ Logic.swift,\ WireRef\ -\ Traverse.swift,\ WireRef.swift /Users/admin/builder/spi-builder-workspace/Sources/Shimmers/Wire\ Types/Wire\ Protocol/Protocol\ FixedWidthInteger.swift /Users/admin/builder/spi-builder-workspace/Sources/Shimmers/Wire\ Types/Wire\ Protocol/Protocol\ Iterator\ &\ Sequence.swift /Users/admin/builder/spi-builder-workspace/Sources/Shimmers/Wire\ Types/Wire\ Protocol/Protocol\ Numeric.swift /Users/admin/builder/spi-builder-workspace/Sources/Shimmers/Wire\ Types/Wire\ Protocol/Protocol\ Range.swift /Users/admin/builder/spi-builder-workspace/Sources/Shimmers/Wire\ Types/Wire\ Protocol/Protocol\ Sign\ Integer.swift /Users/admin/builder/spi-builder-workspace/Sources/Shimmers/Wire\ Types/Wire\ Protocol/Protocol\ Stridable.swift /Users/admin/builder/spi-builder-workspace/Sources/Shimmers/Wire\ Types/WireRef\ -\ Logic.swift /Users/admin/builder/spi-builder-workspace/Sources/Shimmers/Wire\ Types/WireRef\ -\ Traverse.swift /Users/admin/builder/spi-builder-workspace/Sources/Shimmers/Wire\ Types/WireRef.swift (in target 'Shimmers' from project 'shimmers-hdl')
SwiftCompile normal arm64 /Users/admin/builder/spi-builder-workspace/Sources/Shimmers/Wire\ Types/Wire\ Protocol/Protocol\ FixedWidthInteger.swift (in target 'Shimmers' from project 'shimmers-hdl')
cd /Users/admin/builder/spi-builder-workspace/.swiftpm/xcode
builtin-SwiftPerFileCompile Protocol\ FixedWidthInteger.swift
SwiftCompile normal arm64 /Users/admin/builder/spi-builder-workspace/Sources/Shimmers/Wire\ Types/Wire\ Protocol/Protocol\ Iterator\ &\ Sequence.swift (in target 'Shimmers' from project 'shimmers-hdl')
cd /Users/admin/builder/spi-builder-workspace/.swiftpm/xcode
builtin-SwiftPerFileCompile Protocol\ Iterator\ \&\ Sequence.swift
SwiftCompile normal arm64 /Users/admin/builder/spi-builder-workspace/Sources/Shimmers/Wire\ Types/Wire\ Protocol/Protocol\ Numeric.swift (in target 'Shimmers' from project 'shimmers-hdl')
cd /Users/admin/builder/spi-builder-workspace/.swiftpm/xcode
builtin-SwiftPerFileCompile Protocol\ Numeric.swift
SwiftCompile normal arm64 /Users/admin/builder/spi-builder-workspace/Sources/Shimmers/Wire\ Types/Wire\ Protocol/Protocol\ Range.swift (in target 'Shimmers' from project 'shimmers-hdl')
cd /Users/admin/builder/spi-builder-workspace/.swiftpm/xcode
builtin-SwiftPerFileCompile Protocol\ Range.swift
SwiftCompile normal arm64 /Users/admin/builder/spi-builder-workspace/Sources/Shimmers/Wire\ Types/Wire\ Protocol/Protocol\ Sign\ Integer.swift (in target 'Shimmers' from project 'shimmers-hdl')
cd /Users/admin/builder/spi-builder-workspace/.swiftpm/xcode
builtin-SwiftPerFileCompile Protocol\ Sign\ Integer.swift
SwiftCompile normal arm64 /Users/admin/builder/spi-builder-workspace/Sources/Shimmers/Wire\ Types/Wire\ Protocol/Protocol\ Stridable.swift (in target 'Shimmers' from project 'shimmers-hdl')
cd /Users/admin/builder/spi-builder-workspace/.swiftpm/xcode
builtin-SwiftPerFileCompile Protocol\ Stridable.swift
SwiftCompile normal arm64 /Users/admin/builder/spi-builder-workspace/Sources/Shimmers/Wire\ Types/WireRef\ -\ Logic.swift (in target 'Shimmers' from project 'shimmers-hdl')
cd /Users/admin/builder/spi-builder-workspace/.swiftpm/xcode
builtin-SwiftPerFileCompile WireRef\ -\ Logic.swift
SwiftCompile normal arm64 /Users/admin/builder/spi-builder-workspace/Sources/Shimmers/Wire\ Types/WireRef\ -\ Traverse.swift (in target 'Shimmers' from project 'shimmers-hdl')
cd /Users/admin/builder/spi-builder-workspace/.swiftpm/xcode
builtin-SwiftPerFileCompile WireRef\ -\ Traverse.swift
SwiftCompile normal arm64 /Users/admin/builder/spi-builder-workspace/Sources/Shimmers/Wire\ Types/WireRef.swift (in target 'Shimmers' from project 'shimmers-hdl')
cd /Users/admin/builder/spi-builder-workspace/.swiftpm/xcode
builtin-SwiftPerFileCompile WireRef.swift
SwiftCompile normal arm64 Compiling\ Bool.swift,\ Enum\ Runtime\ Support.swift,\ IndexingItr.swift,\ InlineArray.swift,\ IntN\ -\ Operations.swift,\ IntN.swift,\ Standard\ Integer\ Runtime.swift,\ UIntN\ -\ Operations.swift,\ UIntN.swift,\ Optional.swift /Users/admin/builder/spi-builder-workspace/Sources/Shimmers/Runtime/Bool.swift /Users/admin/builder/spi-builder-workspace/Sources/Shimmers/Runtime/Enum\ Runtime\ Support.swift /Users/admin/builder/spi-builder-workspace/Sources/Shimmers/Runtime/IndexingItr.swift /Users/admin/builder/spi-builder-workspace/Sources/Shimmers/Runtime/InlineArray.swift /Users/admin/builder/spi-builder-workspace/Sources/Shimmers/Runtime/Integers/IntN\ -\ Operations.swift /Users/admin/builder/spi-builder-workspace/Sources/Shimmers/Runtime/Integers/IntN.swift /Users/admin/builder/spi-builder-workspace/Sources/Shimmers/Runtime/Integers/Standard\ Integer\ Runtime.swift /Users/admin/builder/spi-builder-workspace/Sources/Shimmers/Runtime/Integers/UIntN\ -\ Operations.swift /Users/admin/builder/spi-builder-workspace/Sources/Shimmers/Runtime/Integers/UIntN.swift /Users/admin/builder/spi-builder-workspace/Sources/Shimmers/Runtime/Optional.swift (in target 'Shimmers' from project 'shimmers-hdl')
SwiftCompile normal arm64 /Users/admin/builder/spi-builder-workspace/Sources/Shimmers/Runtime/Bool.swift (in target 'Shimmers' from project 'shimmers-hdl')
cd /Users/admin/builder/spi-builder-workspace/.swiftpm/xcode
builtin-SwiftPerFileCompile Bool.swift
SwiftCompile normal arm64 /Users/admin/builder/spi-builder-workspace/Sources/Shimmers/Runtime/Enum\ Runtime\ Support.swift (in target 'Shimmers' from project 'shimmers-hdl')
cd /Users/admin/builder/spi-builder-workspace/.swiftpm/xcode
builtin-SwiftPerFileCompile Enum\ Runtime\ Support.swift
SwiftCompile normal arm64 /Users/admin/builder/spi-builder-workspace/Sources/Shimmers/Runtime/IndexingItr.swift (in target 'Shimmers' from project 'shimmers-hdl')
cd /Users/admin/builder/spi-builder-workspace/.swiftpm/xcode
builtin-SwiftPerFileCompile IndexingItr.swift
SwiftCompile normal arm64 /Users/admin/builder/spi-builder-workspace/Sources/Shimmers/Runtime/InlineArray.swift (in target 'Shimmers' from project 'shimmers-hdl')
cd /Users/admin/builder/spi-builder-workspace/.swiftpm/xcode
builtin-SwiftPerFileCompile InlineArray.swift
SwiftCompile normal arm64 /Users/admin/builder/spi-builder-workspace/Sources/Shimmers/Runtime/Integers/IntN\ -\ Operations.swift (in target 'Shimmers' from project 'shimmers-hdl')
cd /Users/admin/builder/spi-builder-workspace/.swiftpm/xcode
builtin-SwiftPerFileCompile IntN\ -\ Operations.swift
SwiftCompile normal arm64 /Users/admin/builder/spi-builder-workspace/Sources/Shimmers/Runtime/Integers/IntN.swift (in target 'Shimmers' from project 'shimmers-hdl')
cd /Users/admin/builder/spi-builder-workspace/.swiftpm/xcode
builtin-SwiftPerFileCompile IntN.swift
SwiftCompile normal arm64 /Users/admin/builder/spi-builder-workspace/Sources/Shimmers/Runtime/Integers/Standard\ Integer\ Runtime.swift (in target 'Shimmers' from project 'shimmers-hdl')
cd /Users/admin/builder/spi-builder-workspace/.swiftpm/xcode
builtin-SwiftPerFileCompile Standard\ Integer\ Runtime.swift
SwiftCompile normal arm64 /Users/admin/builder/spi-builder-workspace/Sources/Shimmers/Runtime/Integers/UIntN\ -\ Operations.swift (in target 'Shimmers' from project 'shimmers-hdl')
cd /Users/admin/builder/spi-builder-workspace/.swiftpm/xcode
builtin-SwiftPerFileCompile UIntN\ -\ Operations.swift
SwiftCompile normal arm64 /Users/admin/builder/spi-builder-workspace/Sources/Shimmers/Runtime/Integers/UIntN.swift (in target 'Shimmers' from project 'shimmers-hdl')
cd /Users/admin/builder/spi-builder-workspace/.swiftpm/xcode
builtin-SwiftPerFileCompile UIntN.swift
SwiftCompile normal arm64 /Users/admin/builder/spi-builder-workspace/Sources/Shimmers/Runtime/Optional.swift (in target 'Shimmers' from project 'shimmers-hdl')
cd /Users/admin/builder/spi-builder-workspace/.swiftpm/xcode
builtin-SwiftPerFileCompile Optional.swift
SwiftCompile normal arm64 Compiling\ IntRef\ -\ Conversion.swift,\ IntRef\ -\ Literal.swift,\ IntRef\ -\ Magnitude.swift,\ IntRef\ -\ Math\ Add\ &\ Sub.swift,\ IntRef\ -\ Math\ Mul\ &\ Div.swift,\ IntRef.swift,\ IndexingItrRef.swift,\ OptionalRef\ Support.swift,\ OptionalRef.swift /Users/admin/builder/spi-builder-workspace/Sources/Shimmers/Wire\ Types/Integers/IntRef\ -\ Conversion.swift /Users/admin/builder/spi-builder-workspace/Sources/Shimmers/Wire\ Types/Integers/IntRef\ -\ Literal.swift /Users/admin/builder/spi-builder-workspace/Sources/Shimmers/Wire\ Types/Integers/IntRef\ -\ Magnitude.swift /Users/admin/builder/spi-builder-workspace/Sources/Shimmers/Wire\ Types/Integers/IntRef\ -\ Math\ Add\ &\ Sub.swift /Users/admin/builder/spi-builder-workspace/Sources/Shimmers/Wire\ Types/Integers/IntRef\ -\ Math\ Mul\ &\ Div.swift /Users/admin/builder/spi-builder-workspace/Sources/Shimmers/Wire\ Types/Integers/IntRef.swift /Users/admin/builder/spi-builder-workspace/Sources/Shimmers/Wire\ Types/Iterator/IndexingItrRef.swift /Users/admin/builder/spi-builder-workspace/Sources/Shimmers/Wire\ Types/Optional/OptionalRef\ Support.swift /Users/admin/builder/spi-builder-workspace/Sources/Shimmers/Wire\ Types/Optional/OptionalRef.swift (in target 'Shimmers' from project 'shimmers-hdl')
SwiftCompile normal arm64 /Users/admin/builder/spi-builder-workspace/Sources/Shimmers/Wire\ Types/Integers/IntRef\ -\ Conversion.swift (in target 'Shimmers' from project 'shimmers-hdl')
cd /Users/admin/builder/spi-builder-workspace/.swiftpm/xcode
builtin-SwiftPerFileCompile IntRef\ -\ Conversion.swift
SwiftCompile normal arm64 /Users/admin/builder/spi-builder-workspace/Sources/Shimmers/Wire\ Types/Integers/IntRef\ -\ Literal.swift (in target 'Shimmers' from project 'shimmers-hdl')
cd /Users/admin/builder/spi-builder-workspace/.swiftpm/xcode
builtin-SwiftPerFileCompile IntRef\ -\ Literal.swift
SwiftCompile normal arm64 /Users/admin/builder/spi-builder-workspace/Sources/Shimmers/Wire\ Types/Integers/IntRef\ -\ Magnitude.swift (in target 'Shimmers' from project 'shimmers-hdl')
cd /Users/admin/builder/spi-builder-workspace/.swiftpm/xcode
builtin-SwiftPerFileCompile IntRef\ -\ Magnitude.swift
SwiftCompile normal arm64 /Users/admin/builder/spi-builder-workspace/Sources/Shimmers/Wire\ Types/Integers/IntRef\ -\ Math\ Add\ &\ Sub.swift (in target 'Shimmers' from project 'shimmers-hdl')
cd /Users/admin/builder/spi-builder-workspace/.swiftpm/xcode
builtin-SwiftPerFileCompile IntRef\ -\ Math\ Add\ \&\ Sub.swift
SwiftCompile normal arm64 /Users/admin/builder/spi-builder-workspace/Sources/Shimmers/Wire\ Types/Integers/IntRef\ -\ Math\ Mul\ &\ Div.swift (in target 'Shimmers' from project 'shimmers-hdl')
cd /Users/admin/builder/spi-builder-workspace/.swiftpm/xcode
builtin-SwiftPerFileCompile IntRef\ -\ Math\ Mul\ \&\ Div.swift
SwiftCompile normal arm64 /Users/admin/builder/spi-builder-workspace/Sources/Shimmers/Wire\ Types/Integers/IntRef.swift (in target 'Shimmers' from project 'shimmers-hdl')
cd /Users/admin/builder/spi-builder-workspace/.swiftpm/xcode
builtin-SwiftPerFileCompile IntRef.swift
SwiftCompile normal arm64 /Users/admin/builder/spi-builder-workspace/Sources/Shimmers/Wire\ Types/Iterator/IndexingItrRef.swift (in target 'Shimmers' from project 'shimmers-hdl')
cd /Users/admin/builder/spi-builder-workspace/.swiftpm/xcode
builtin-SwiftPerFileCompile IndexingItrRef.swift
SwiftCompile normal arm64 /Users/admin/builder/spi-builder-workspace/Sources/Shimmers/Wire\ Types/Optional/OptionalRef\ Support.swift (in target 'Shimmers' from project 'shimmers-hdl')
cd /Users/admin/builder/spi-builder-workspace/.swiftpm/xcode
builtin-SwiftPerFileCompile OptionalRef\ Support.swift
SwiftCompile normal arm64 /Users/admin/builder/spi-builder-workspace/Sources/Shimmers/Wire\ Types/Optional/OptionalRef.swift (in target 'Shimmers' from project 'shimmers-hdl')
cd /Users/admin/builder/spi-builder-workspace/.swiftpm/xcode
builtin-SwiftPerFileCompile OptionalRef.swift
SwiftCompile normal arm64 Compiling\ Scope\ -\ Building\ Gates.swift,\ Scope\ -\ Building\ Ports.swift,\ Scope\ -\ Condition.swift,\ Scope\ -\ Debugging.swift,\ Scope\ -\ Module\ Inst.swift,\ Scope\ -\ Prove\ Assert.swift,\ Scope\ -\ Prove\ Assume.swift,\ Scope\ -\ Prove\ Loop.swift,\ Scope.swift,\ Local.swift /Users/admin/builder/spi-builder-workspace/Sources/Shimmers/Scope/Scope\ -\ Building\ Gates.swift /Users/admin/builder/spi-builder-workspace/Sources/Shimmers/Scope/Scope\ -\ Building\ Ports.swift /Users/admin/builder/spi-builder-workspace/Sources/Shimmers/Scope/Scope\ -\ Condition.swift /Users/admin/builder/spi-builder-workspace/Sources/Shimmers/Scope/Scope\ -\ Debugging.swift /Users/admin/builder/spi-builder-workspace/Sources/Shimmers/Scope/Scope\ -\ Module\ Inst.swift /Users/admin/builder/spi-builder-workspace/Sources/Shimmers/Scope/Scope\ -\ Prove\ Assert.swift /Users/admin/builder/spi-builder-workspace/Sources/Shimmers/Scope/Scope\ -\ Prove\ Assume.swift /Users/admin/builder/spi-builder-workspace/Sources/Shimmers/Scope/Scope\ -\ Prove\ Loop.swift /Users/admin/builder/spi-builder-workspace/Sources/Shimmers/Scope/Scope.swift /Users/admin/builder/spi-builder-workspace/Sources/Shimmers/Var\ Tracking/Local.swift (in target 'Shimmers' from project 'shimmers-hdl')
/Users/admin/builder/spi-builder-workspace/Sources/Shimmers/Scope/Scope.swift:70:31: error: 'async' call in a function that does not support concurrency
58 | internal let moduleNamePrefix: String
59 |
60 | init(name: String, with options: SynthOptions) {
| `- note: add 'async' to function 'init(name:with:)' to make it asynchronous
61 | self.name = name
62 | self.moduleNamePrefix = options.moduleNamePrefix
:
68 | case .inferFromPath:
69 | let exec = Executable.name("kissat")
70 | kissatPath = try? exec.resolveExecutablePath(in: .inherit)
| `- error: 'async' call in a function that does not support concurrency
71 | case .custom(let path):
72 | kissatPath = FilePath(path)
Failed frontend command:
/Applications/Xcode-27.0.0-Release.Candidate.app/Contents/Developer/Toolchains/XcodeDefault.xctoolchain/usr/bin/swift-frontend -frontend -c /Users/admin/builder/spi-builder-workspace/Sources/Shimmers/CNF\ Builder/CNF\ Builder.swift /Users/admin/builder/spi-builder-workspace/Sources/Shimmers/Driver.swift /Users/admin/builder/spi-builder-workspace/Sources/Shimmers/Graph/Graph\ Builder\ -\ DFF.swift /Users/admin/builder/spi-builder-workspace/Sources/Shimmers/Graph/Graph\ Builder\ -\ Gates.swift /Users/admin/builder/spi-builder-workspace/Sources/Shimmers/Graph/Graph\ Builder\ -\ Submodule.swift /Users/admin/builder/spi-builder-workspace/Sources/Shimmers/Graph/Graph\ Builder.swift /Users/admin/builder/spi-builder-workspace/Sources/Shimmers/Graph/Print\ Verilog.swift /Users/admin/builder/spi-builder-workspace/Sources/Shimmers/Graph/Simplify.swift /Users/admin/builder/spi-builder-workspace/Sources/Shimmers/Macros\ -\ Building.swift /Users/admin/builder/spi-builder-workspace/Sources/Shimmers/Macros\ -\ Proof.swift /Users/admin/builder/spi-builder-workspace/Sources/Shimmers/Mangle/File\ Name\ Mangle.swift /Users/admin/builder/spi-builder-workspace/Sources/Shimmers/Mangle/Hashing.swift /Users/admin/builder/spi-builder-workspace/Sources/Shimmers/Mangle/Name\ Mangling.swift /Users/admin/builder/spi-builder-workspace/Sources/Shimmers/Module.swift /Users/admin/builder/spi-builder-workspace/Sources/Shimmers/Runtime\ Support/BigInt/BigInt\ -\ Bitwise.swift /Users/admin/builder/spi-builder-workspace/Sources/Shimmers/Runtime\ Support/BigInt/BigInt\ -\ Comparison.swift /Users/admin/builder/spi-builder-workspace/Sources/Shimmers/Runtime\ Support/BigInt/BigInt\ -\ Conversion\ \&\ Literal.swift /Users/admin/builder/spi-builder-workspace/Sources/Shimmers/Runtime\ Support/BigInt/BigInt\ -\ Math\ Add\ \&\ Sub.swift /Users/admin/builder/spi-builder-workspace/Sources/Shimmers/Runtime\ Support/BigInt/BigInt\ -\ Math\ Mul\ \&\ Div.swift /Users/admin/builder/spi-builder-workspace/Sources/Shimmers/Runtime\ Support/BigInt/BigInt.swift /Users/admin/builder/spi-builder-workspace/Sources/Shimmers/Runtime/Bool.swift /Users/admin/builder/spi-builder-workspace/Sources/Shimmers/Runtime/Enum\ Runtime\ Support.swift /Users/admin/builder/spi-builder-workspace/Sources/Shimmers/Runtime/IndexingItr.swift /Users/admin/builder/spi-builder-workspace/Sources/Shimmers/Runtime/InlineArray.swift /Users/admin/builder/spi-builder-workspace/Sources/Shimmers/Runtime/Integers/IntN\ -\ Operations.swift /Users/admin/builder/spi-builder-workspace/Sources/Shimmers/Runtime/Integers/IntN.swift /Users/admin/builder/spi-builder-workspace/Sources/Shimmers/Runtime/Integers/Standard\ Integer\ Runtime.swift /Users/admin/builder/spi-builder-workspace/Sources/Shimmers/Runtime/Integers/UIntN\ -\ Operations.swift /Users/admin/builder/spi-builder-workspace/Sources/Shimmers/Runtime/Integers/UIntN.swift /Users/admin/builder/spi-builder-workspace/Sources/Shimmers/Runtime/Optional.swift /Users/admin/builder/spi-builder-workspace/Sources/Shimmers/Runtime/Queue.swift /Users/admin/builder/spi-builder-workspace/Sources/Shimmers/Runtime/Range.swift /Users/admin/builder/spi-builder-workspace/Sources/Shimmers/Runtime/Wire\ -\ Logic.swift /Users/admin/builder/spi-builder-workspace/Sources/Shimmers/Runtime/Wire\ -\ Traversal.swift /Users/admin/builder/spi-builder-workspace/Sources/Shimmers/Runtime/Wire.swift /Users/admin/builder/spi-builder-workspace/Sources/Shimmers/Scope/Assertion\ Set.swift /Users/admin/builder/spi-builder-workspace/Sources/Shimmers/Scope/Assertion\ Type\ Message.swift /Users/admin/builder/spi-builder-workspace/Sources/Shimmers/Scope/Assertion\ Type.swift /Users/admin/builder/spi-builder-workspace/Sources/Shimmers/Scope/Building/Build\ Arith\ -\ Add.swift /Users/admin/builder/spi-builder-workspace/Sources/Shimmers/Scope/Building/Build\ Arith\ -\ Compare.swift /Users/admin/builder/spi-builder-workspace/Sources/Shimmers/Scope/Building/Build\ Arith\ -\ Div.swift /Users/admin/builder/spi-builder-workspace/Sources/Shimmers/Scope/Building/Build\ Arith\ -\ Mul.swift /Users/admin/builder/spi-builder-workspace/Sources/Shimmers/Scope/Building/Build\ Arith\ -\ Shift.swift /Users/admin/builder/spi-builder-workspace/Sources/Shimmers/Scope/Building/Build\ Misc.swift /Users/admin/builder/spi-builder-workspace/Sources/Shimmers/Scope/Debug\ Info.swift /Users/admin/builder/spi-builder-workspace/Sources/Shimmers/Scope/Debugging.swift /Users/admin/builder/spi-builder-workspace/Sources/Shimmers/Scope/Detached\ Port\ Naming.swift /Users/admin/builder/spi-builder-workspace/Sources/Shimmers/Scope/Module\ Gen.swift /Users/admin/builder/spi-builder-workspace/Sources/Shimmers/Scope/Module\ Seq\ Wrapper.swift /Users/admin/builder/spi-builder-workspace/Sources/Shimmers/Scope/SAT\ Solver.swift -primary-file /Users/admin/builder/spi-builder-workspace/Sources/Shimmers/Scope/Scope\ -\ Building\ Gates.swift -primary-file /Users/admin/builder/spi-builder-workspace/Sources/Shimmers/Scope/Scope\ -\ Building\ Ports.swift -primary-file /Users/admin/builder/spi-builder-workspace/Sources/Shimmers/Scope/Scope\ -\ Condition.swift -primary-file /Users/admin/builder/spi-builder-workspace/Sources/Shimmers/Scope/Scope\ -\ Debugging.swift -primary-file /Users/admin/builder/spi-builder-workspace/Sources/Shimmers/Scope/Scope\ -\ Module\ Inst.swift -primary-file /Users/admin/builder/spi-builder-workspace/Sources/Shimmers/Scope/Scope\ -\ Prove\ Assert.swift -primary-file /Users/admin/builder/spi-builder-workspace/Sources/Shimmers/Scope/Scope\ -\ Prove\ Assume.swift -primary-file /Users/admin/builder/spi-builder-workspace/Sources/Shimmers/Scope/Scope\ -\ Prove\ Loop.swift -primary-file /Users/admin/builder/spi-builder-workspace/Sources/Shimmers/Scope/Scope.swift -primary-file /Users/admin/builder/spi-builder-workspace/Sources/Shimmers/Var\ Tracking/Local.swift /Users/admin/builder/spi-builder-workspace/Sources/Shimmers/Var\ Tracking/Member.swift /Users/admin/builder/spi-builder-workspace/Sources/Shimmers/Wire\ Types/Array/InlineArrayRef\ -\ Access.swift /Users/admin/builder/spi-builder-workspace/Sources/Shimmers/Wire\ Types/Array/InlineArrayRef\ -\ Iteration.swift /Users/admin/builder/spi-builder-workspace/Sources/Shimmers/Wire\ Types/Array/InlineArrayRef\ -\ Literal.swift /Users/admin/builder/spi-builder-workspace/Sources/Shimmers/Wire\ Types/Array/InlineArrayRef.swift /Users/admin/builder/spi-builder-workspace/Sources/Shimmers/Wire\ Types/Boolean/BoolRef\ -\ Logics.swift /Users/admin/builder/spi-builder-workspace/Sources/Shimmers/Wire\ Types/Boolean/BoolRef.swift /Users/admin/builder/spi-builder-workspace/Sources/Shimmers/Wire\ Types/Enum\ Support/Enum\ Raw\ Buffer.swift /Users/admin/builder/spi-builder-workspace/Sources/Shimmers/Wire\ Types/Enum\ Support/Enum\ Wire\ Type.swift /Users/admin/builder/spi-builder-workspace/Sources/Shimmers/Wire\ Types/Integers/IntRef\ -\ Comparison.swift /Users/admin/builder/spi-builder-workspace/Sources/Shimmers/Wire\ Types/Integers/IntRef\ -\ Conversion.swift /Users/admin/builder/spi-builder-workspace/Sources/Shimmers/Wire\ Types/Integers/IntRef\ -\ Literal.swift /Users/admin/builder/spi-builder-workspace/Sources/Shimmers/Wire\ Types/Integers/IntRef\ -\ Magnitude.swift /Users/admin/builder/spi-builder-workspace/Sources/Shimmers/Wire\ Types/Integers/IntRef\ -\ Math\ Add\ \&\ Sub.swift /Users/admin/builder/spi-builder-workspace/Sources/Shimmers/Wire\ Types/Integers/IntRef\ -\ Math\ Mul\ \&\ Div.swift /Users/admin/builder/spi-builder-workspace/Sources/Shimmers/Wire\ Types/Integers/IntRef.swift /Users/admin/builder/spi-builder-workspace/Sources/Shimmers/Wire\ Types/Iterator/IndexingItrRef.swift /Users/admin/builder/spi-builder-workspace/Sources/Shimmers/Wire\ Types/Optional/OptionalRef\ Support.swift /Users/admin/builder/spi-builder-workspace/Sources/Shimmers/Wire\ Types/Optional/OptionalRef.swift /Users/admin/builder/spi-builder-workspace/Sources/Shimmers/Wire\ Types/Pattern\ Matching/Pattern\ Matching.swift /Users/admin/builder/spi-builder-workspace/Sources/Shimmers/Wire\ Types/Queue/QueueRef.swift /Users/admin/builder/spi-builder-workspace/Sources/Shimmers/Wire\ Types/Range/RangeRef\ -\ Collection.swift /Users/admin/builder/spi-builder-workspace/Sources/Shimmers/Wire\ Types/Range/RangeRef.swift /Users/admin/builder/spi-builder-workspace/Sources/Shimmers/Wire\ Types/Ternary.swift /Users/admin/builder/spi-builder-workspace/Sources/Shimmers/Wire\ Types/Wire\ Protocol/Protocol\ Arithmetic.swift /Users/admin/builder/spi-builder-workspace/Sources/Shimmers/Wire\ Types/Wire\ Protocol/Protocol\ BinaryInteger.swift /Users/admin/builder/spi-builder-workspace/Sources/Shimmers/Wire\ Types/Wire\ Protocol/Protocol\ Collection.swift /Users/admin/builder/spi-builder-workspace/Sources/Shimmers/Wire\ Types/Wire\ Protocol/Protocol\ Equatable\ \&\ Comparable.swift /Users/admin/builder/spi-builder-workspace/Sources/Shimmers/Wire\ Types/Wire\ Protocol/Protocol\ FixedWidthInteger.swift /Users/admin/builder/spi-builder-workspace/Sources/Shimmers/Wire\ Types/Wire\ Protocol/Protocol\ Iterator\ \&\ Sequence.swift /Users/admin/builder/spi-builder-workspace/Sources/Shimmers/Wire\ Types/Wire\ Protocol/Protocol\ Numeric.swift /Users/admin/builder/spi-builder-workspace/Sources/Shimmers/Wire\ Types/Wire\ Protocol/Protocol\ Range.swift /Users/admin/builder/spi-builder-workspace/Sources/Shimmers/Wire\ Types/Wire\ Protocol/Protocol\ Sign\ Integer.swift /Users/admin/builder/spi-builder-workspace/Sources/Shimmers/Wire\ Types/Wire\ Protocol/Protocol\ Stridable.swift /Users/admin/builder/spi-builder-workspace/Sources/Shimmers/Wire\ Types/WireRef\ -\ Logic.swift /Users/admin/builder/spi-builder-workspace/Sources/Shimmers/Wire\ Types/WireRef\ -\ Traverse.swift /Users/admin/builder/spi-builder-workspace/Sources/Shimmers/Wire\ Types/WireRef.swift -supplementary-output-file-map /Users/admin/builder/spi-builder-workspace/.derivedData/Build/Intermediates.noindex/shimmers-hdl.build/Debug/Shimmers-t.build/Objects-normal/arm64/supplementaryOutputs-40 -target arm64-apple-macos26.0 -module-can-import-version System 5027.0.67 0 -disable-cross-import-overlay-search -load-resolved-plugin /Applications/Xcode-27.0.0-Release.Candidate.app/Contents/Developer/Platforms/MacOSX.platform/Developer/usr/lib/swift/host/plugins/libFoundationMacros.dylib\#/Applications/Xcode-27.0.0-Release.Candidate.app/Contents/Developer/Platforms/MacOSX.platform/Developer/usr/bin/swift-plugin-server\#FoundationMacros -load-resolved-plugin /Applications/Xcode-27.0.0-Release.Candidate.app/Contents/Developer/Platforms/MacOSX.platform/Developer/usr/lib/swift/host/plugins/libObservationMacros.dylib\#/Applications/Xcode-27.0.0-Release.Candidate.app/Contents/Developer/Platforms/MacOSX.platform/Developer/usr/bin/swift-plugin-server\#ObservationMacros -load-resolved-plugin \#/Users/admin/builder/spi-builder-workspace/.derivedData/Build/Products/Debug/ShimmersMacros\#ShimmersMacros -load-resolved-plugin /Applications/Xcode-27.0.0-Release.Candidate.app/Contents/Developer/Platforms/MacOSX.platform/Developer/usr/lib/swift/host/plugins/libSwiftMacros.dylib\#/Applications/Xcode-27.0.0-Release.Candidate.app/Contents/Developer/Platforms/MacOSX.platform/Developer/usr/bin/swift-plugin-server\#SwiftMacros -disable-implicit-swift-modules -Xcc -fno-implicit-modules -Xcc -fno-implicit-module-maps -explicit-swift-module-map-file /Users/admin/builder/spi-builder-workspace/.derivedData/Build/Intermediates.noindex/shimmers-hdl.build/Debug/Shimmers-t.build/Objects-normal/arm64/Shimmers-dependencies-1.json -Xllvm -aarch64-use-tbi -enable-objc-interop -stack-check -sdk /Applications/Xcode-27.0.0-Release.Candidate.app/Contents/Developer/Platforms/MacOSX.platform/Developer/SDKs/MacOSX27.0.sdk -I /Users/admin/builder/spi-builder-workspace/.derivedData/Build/Products/Debug -Isystem /Applications/Xcode-27.0.0-Release.Candidate.app/Contents/Developer/Platforms/MacOSX.platform/Developer/usr/lib -F /Users/admin/builder/spi-builder-workspace/.derivedData/Build/Products/Debug/PackageFrameworks -F /Users/admin/builder/spi-builder-workspace/.derivedData/Build/Products/Debug -F /Applications/Xcode-27.0.0-Release.Candidate.app/Contents/Developer/Platforms/MacOSX.platform/Developer/Library/Frameworks -module-cache-path /Users/admin/builder/spi-builder-workspace/.derivedData/Build/Intermediates.noindex/SwiftExplicitPrecompiledModules -no-color-diagnostics -Xcc -fno-color-diagnostics -enable-testing -g -debug-info-format\=dwarf -dwarf-version\=5 -profile-generate -profile-coverage-mapping -swift-version 6 -Onone -D SWIFT_PACKAGE -D DEBUG -D SWIFT_MODULE_RESOURCE_BUNDLE_UNAVAILABLE -D Xcode -serialize-debugging-options -load-plugin-executable /Users/admin/builder/spi-builder-workspace/.derivedData/Build/Products/Debug/ShimmersMacros\#ShimmersMacros -enable-experimental-feature DebugDescriptionMacro -empty-abi-descriptor -validate-clang-modules-once -clang-build-session-file /Users/admin/builder/spi-builder-workspace/.derivedData/ModuleCache.noindex/Session.modulevalidation -Xcc -working-directory -Xcc /Users/admin/builder/spi-builder-workspace/.swiftpm/xcode -enable-anonymous-context-mangled-names -file-compilation-dir /Users/admin/builder/spi-builder-workspace/.swiftpm/xcode -Xcc -fmodule-map-file\=/Users/admin/builder/spi-builder-workspace/.dependencies/checkouts/swift-system/Sources/CSystem/include/module.modulemap -Xcc -fmodule-map-file\=/Users/admin/builder/spi-builder-workspace/.dependencies/checkouts/swift-subprocess/Sources/_SubprocessCShims/include/module.modulemap -Xcc -D_LIBCPP_HARDENING_MODE\=_LIBCPP_HARDENING_MODE_DEBUG -Xcc -ivfsstatcache -Xcc /Users/admin/builder/spi-builder-workspace/.derivedData/SDKStatCaches.noindex/macosx27.0-26A425-e829b21a6f8c9b70876ba0858053c0446a22442a12e9d48fe1a705f55a1adfc4.sdkstatcache -Xcc -fmodules-prune-interval\=86400 -Xcc -fmodules-prune-after\=345600 -Xcc -I/Users/admin/builder/spi-builder-workspace/.dependencies/checkouts/swift-system/Sources/CSystem/include -Xcc -I/Users/admin/builder/spi-builder-workspace/.dependencies/checkouts/swift-subprocess/Sources/_SubprocessCShims/include -Xcc -I/Users/admin/builder/spi-builder-workspace/.derivedData/Build/Products/Debug/include -Xcc -I/Users/admin/builder/spi-builder-workspace/.derivedData/Build/Intermediates.noindex/shimmers-hdl.build/Debug/Shimmers-t.build/DerivedSources-normal/arm64 -Xcc -I/Users/admin/builder/spi-builder-workspace/.derivedData/Build/Intermediates.noindex/shimmers-hdl.build/Debug/Shimmers-t.build/DerivedSources/arm64 -Xcc -I/Users/admin/builder/spi-builder-workspace/.derivedData/Build/Intermediates.noindex/shimmers-hdl.build/Debug/Shimmers-t.build/DerivedSources -Xcc -DSWIFT_PACKAGE -Xcc -DDEBUG\=1 -no-auto-bridging-header-chaining -module-name Shimmers -package-name spi_builder_workspace -const-gather-protocols-file /Users/admin/builder/spi-builder-workspace/.derivedData/Build/Intermediates.noindex/shimmers-hdl.build/Debug/Shimmers-t.build/Objects-normal/arm64/Shimmers_const_extract_protocols.json -disable-clang-spi -clang-target arm64-apple-macos27.0 -target-sdk-version 27.0 -target-sdk-name macosx27.0 -in-process-plugin-server-path /Applications/Xcode-27.0.0-Release.Candidate.app/Contents/Developer/Toolchains/XcodeDefault.xctoolchain/usr/lib/swift/host/libSwiftInProcPluginServer.dylib -parse-as-library -o /Users/admin/builder/spi-builder-workspace/.derivedData/Build/Intermediates.noindex/shimmers-hdl.build/Debug/Shimmers-t.build/Objects-normal/arm64/Scope\ -\ Building\ Gates.o -o /Users/admin/builder/spi-builder-workspace/.derivedData/Build/Intermediates.noindex/shimmers-hdl.build/Debug/Shimmers-t.build/Objects-normal/arm64/Scope\ -\ Building\ Ports.o -o /Users/admin/builder/spi-builder-workspace/.derivedData/Build/Intermediates.noindex/shimmers-hdl.build/Debug/Shimmers-t.build/Objects-normal/arm64/Scope\ -\ Condition.o -o /Users/admin/builder/spi-builder-workspace/.derivedData/Build/Intermediates.noindex/shimmers-hdl.build/Debug/Shimmers-t.build/Objects-normal/arm64/Scope\ -\ Debugging.o -o /Users/admin/builder/spi-builder-workspace/.derivedData/Build/Intermediates.noindex/shimmers-hdl.build/Debug/Shimmers-t.build/Objects-normal/arm64/Scope\ -\ Module\ Inst.o -o /Users/admin/builder/spi-builder-workspace/.derivedData/Build/Intermediates.noindex/shimmers-hdl.build/Debug/Shimmers-t.build/Objects-normal/arm64/Scope\ -\ Prove\ Assert.o -o /Users/admin/builder/spi-builder-workspace/.derivedData/Build/Intermediates.noindex/shimmers-hdl.build/Debug/Shimmers-t.build/Objects-normal/arm64/Scope\ -\ Prove\ Assume.o -o /Users/admin/builder/spi-builder-workspace/.derivedData/Build/Intermediates.noindex/shimmers-hdl.build/Debug/Shimmers-t.build/Objects-normal/arm64/Scope\ -\ Prove\ Loop.o -o /Users/admin/builder/spi-builder-workspace/.derivedData/Build/Intermediates.noindex/shimmers-hdl.build/Debug/Shimmers-t.build/Objects-normal/arm64/Scope.o -o /Users/admin/builder/spi-builder-workspace/.derivedData/Build/Intermediates.noindex/shimmers-hdl.build/Debug/Shimmers-t.build/Objects-normal/arm64/Local.o -debug-module-path /Users/admin/builder/spi-builder-workspace/.derivedData/Build/Intermediates.noindex/shimmers-hdl.build/Debug/Shimmers-t.build/Objects-normal/arm64/Shimmers.swiftmodule -index-unit-output-path /shimmers-hdl.build/Debug/Shimmers-t.build/Objects-normal/arm64/Scope\ -\ Building\ Gates.o -index-unit-output-path /shimmers-hdl.build/Debug/Shimmers-t.build/Objects-normal/arm64/Scope\ -\ Building\ Ports.o -index-unit-output-path /shimmers-hdl.build/Debug/Shimmers-t.build/Objects-normal/arm64/Scope\ -\ Condition.o -index-unit-output-path /shimmers-hdl.build/Debug/Shimmers-t.build/Objects-normal/arm64/Scope\ -\ Debugging.o -index-unit-output-path /shimmers-hdl.build/Debug/Shimmers-t.build/Objects-normal/arm64/Scope\ -\ Module\ Inst.o -index-unit-output-path /shimmers-hdl.build/Debug/Shimmers-t.build/Objects-normal/arm64/Scope\ -\ Prove\ Assert.o -index-unit-output-path /shimmers-hdl.build/Debug/Shimmers-t.build/Objects-normal/arm64/Scope\ -\ Prove\ Assume.o -index-unit-output-path /shimmers-hdl.build/Debug/Shimmers-t.build/Objects-normal/arm64/Scope\ -\ Prove\ Loop.o -index-unit-output-path /shimmers-hdl.build/Debug/Shimmers-t.build/Objects-normal/arm64/Scope.o -index-unit-output-path /shimmers-hdl.build/Debug/Shimmers-t.build/Objects-normal/arm64/Local.o -index-store-path /Users/admin/builder/spi-builder-workspace/.derivedData/Index.noindex/DataStore -index-system-modules
SwiftCompile normal arm64 /Users/admin/builder/spi-builder-workspace/Sources/Shimmers/Scope/Scope\ -\ Building\ Gates.swift (in target 'Shimmers' from project 'shimmers-hdl')
cd /Users/admin/builder/spi-builder-workspace/.swiftpm/xcode
builtin-SwiftPerFileCompile Scope\ -\ Building\ Gates.swift
SwiftCompile normal arm64 /Users/admin/builder/spi-builder-workspace/Sources/Shimmers/Scope/Scope\ -\ Building\ Ports.swift (in target 'Shimmers' from project 'shimmers-hdl')
cd /Users/admin/builder/spi-builder-workspace/.swiftpm/xcode
builtin-SwiftPerFileCompile Scope\ -\ Building\ Ports.swift
SwiftCompile normal arm64 /Users/admin/builder/spi-builder-workspace/Sources/Shimmers/Scope/Scope\ -\ Condition.swift (in target 'Shimmers' from project 'shimmers-hdl')
cd /Users/admin/builder/spi-builder-workspace/.swiftpm/xcode
builtin-SwiftPerFileCompile Scope\ -\ Condition.swift
SwiftCompile normal arm64 /Users/admin/builder/spi-builder-workspace/Sources/Shimmers/Scope/Scope\ -\ Debugging.swift (in target 'Shimmers' from project 'shimmers-hdl')
cd /Users/admin/builder/spi-builder-workspace/.swiftpm/xcode
builtin-SwiftPerFileCompile Scope\ -\ Debugging.swift
SwiftCompile normal arm64 /Users/admin/builder/spi-builder-workspace/Sources/Shimmers/Scope/Scope\ -\ Module\ Inst.swift (in target 'Shimmers' from project 'shimmers-hdl')
cd /Users/admin/builder/spi-builder-workspace/.swiftpm/xcode
builtin-SwiftPerFileCompile Scope\ -\ Module\ Inst.swift
SwiftCompile normal arm64 /Users/admin/builder/spi-builder-workspace/Sources/Shimmers/Scope/Scope\ -\ Prove\ Assert.swift (in target 'Shimmers' from project 'shimmers-hdl')
cd /Users/admin/builder/spi-builder-workspace/.swiftpm/xcode
builtin-SwiftPerFileCompile Scope\ -\ Prove\ Assert.swift
SwiftCompile normal arm64 /Users/admin/builder/spi-builder-workspace/Sources/Shimmers/Scope/Scope\ -\ Prove\ Assume.swift (in target 'Shimmers' from project 'shimmers-hdl')
cd /Users/admin/builder/spi-builder-workspace/.swiftpm/xcode
builtin-SwiftPerFileCompile Scope\ -\ Prove\ Assume.swift
SwiftCompile normal arm64 /Users/admin/builder/spi-builder-workspace/Sources/Shimmers/Scope/Scope\ -\ Prove\ Loop.swift (in target 'Shimmers' from project 'shimmers-hdl')
cd /Users/admin/builder/spi-builder-workspace/.swiftpm/xcode
builtin-SwiftPerFileCompile Scope\ -\ Prove\ Loop.swift
SwiftCompile normal arm64 /Users/admin/builder/spi-builder-workspace/Sources/Shimmers/Scope/Scope.swift (in target 'Shimmers' from project 'shimmers-hdl')
cd /Users/admin/builder/spi-builder-workspace/.swiftpm/xcode
builtin-SwiftPerFileCompile Scope.swift
SwiftCompile normal arm64 /Users/admin/builder/spi-builder-workspace/Sources/Shimmers/Var\ Tracking/Local.swift (in target 'Shimmers' from project 'shimmers-hdl')
cd /Users/admin/builder/spi-builder-workspace/.swiftpm/xcode
builtin-SwiftPerFileCompile Local.swift
SwiftCompile normal arm64 Compiling\ CNF\ Builder.swift,\ Driver.swift,\ Graph\ Builder\ -\ DFF.swift,\ Graph\ Builder\ -\ Gates.swift,\ Graph\ Builder\ -\ Submodule.swift,\ Graph\ Builder.swift,\ Print\ Verilog.swift,\ Simplify.swift,\ Macros\ -\ Building.swift,\ Macros\ -\ Proof.swift /Users/admin/builder/spi-builder-workspace/Sources/Shimmers/CNF\ Builder/CNF\ Builder.swift /Users/admin/builder/spi-builder-workspace/Sources/Shimmers/Driver.swift /Users/admin/builder/spi-builder-workspace/Sources/Shimmers/Graph/Graph\ Builder\ -\ DFF.swift /Users/admin/builder/spi-builder-workspace/Sources/Shimmers/Graph/Graph\ Builder\ -\ Gates.swift /Users/admin/builder/spi-builder-workspace/Sources/Shimmers/Graph/Graph\ Builder\ -\ Submodule.swift /Users/admin/builder/spi-builder-workspace/Sources/Shimmers/Graph/Graph\ Builder.swift /Users/admin/builder/spi-builder-workspace/Sources/Shimmers/Graph/Print\ Verilog.swift /Users/admin/builder/spi-builder-workspace/Sources/Shimmers/Graph/Simplify.swift /Users/admin/builder/spi-builder-workspace/Sources/Shimmers/Macros\ -\ Building.swift /Users/admin/builder/spi-builder-workspace/Sources/Shimmers/Macros\ -\ Proof.swift (in target 'Shimmers' from project 'shimmers-hdl')
SwiftCompile normal arm64 /Users/admin/builder/spi-builder-workspace/Sources/Shimmers/CNF\ Builder/CNF\ Builder.swift (in target 'Shimmers' from project 'shimmers-hdl')
cd /Users/admin/builder/spi-builder-workspace/.swiftpm/xcode
builtin-SwiftPerFileCompile CNF\ Builder.swift
SwiftCompile normal arm64 /Users/admin/builder/spi-builder-workspace/Sources/Shimmers/Driver.swift (in target 'Shimmers' from project 'shimmers-hdl')
cd /Users/admin/builder/spi-builder-workspace/.swiftpm/xcode
builtin-SwiftPerFileCompile Driver.swift
SwiftCompile normal arm64 /Users/admin/builder/spi-builder-workspace/Sources/Shimmers/Graph/Graph\ Builder\ -\ DFF.swift (in target 'Shimmers' from project 'shimmers-hdl')
cd /Users/admin/builder/spi-builder-workspace/.swiftpm/xcode
builtin-SwiftPerFileCompile Graph\ Builder\ -\ DFF.swift
SwiftCompile normal arm64 /Users/admin/builder/spi-builder-workspace/Sources/Shimmers/Graph/Graph\ Builder\ -\ Gates.swift (in target 'Shimmers' from project 'shimmers-hdl')
cd /Users/admin/builder/spi-builder-workspace/.swiftpm/xcode
builtin-SwiftPerFileCompile Graph\ Builder\ -\ Gates.swift
SwiftCompile normal arm64 /Users/admin/builder/spi-builder-workspace/Sources/Shimmers/Graph/Graph\ Builder\ -\ Submodule.swift (in target 'Shimmers' from project 'shimmers-hdl')
cd /Users/admin/builder/spi-builder-workspace/.swiftpm/xcode
builtin-SwiftPerFileCompile Graph\ Builder\ -\ Submodule.swift
SwiftCompile normal arm64 /Users/admin/builder/spi-builder-workspace/Sources/Shimmers/Graph/Graph\ Builder.swift (in target 'Shimmers' from project 'shimmers-hdl')
cd /Users/admin/builder/spi-builder-workspace/.swiftpm/xcode
builtin-SwiftPerFileCompile Graph\ Builder.swift
SwiftCompile normal arm64 /Users/admin/builder/spi-builder-workspace/Sources/Shimmers/Graph/Print\ Verilog.swift (in target 'Shimmers' from project 'shimmers-hdl')
cd /Users/admin/builder/spi-builder-workspace/.swiftpm/xcode
builtin-SwiftPerFileCompile Print\ Verilog.swift
SwiftCompile normal arm64 /Users/admin/builder/spi-builder-workspace/Sources/Shimmers/Graph/Simplify.swift (in target 'Shimmers' from project 'shimmers-hdl')
cd /Users/admin/builder/spi-builder-workspace/.swiftpm/xcode
builtin-SwiftPerFileCompile Simplify.swift
SwiftCompile normal arm64 /Users/admin/builder/spi-builder-workspace/Sources/Shimmers/Macros\ -\ Building.swift (in target 'Shimmers' from project 'shimmers-hdl')
cd /Users/admin/builder/spi-builder-workspace/.swiftpm/xcode
builtin-SwiftPerFileCompile Macros\ -\ Building.swift
SwiftCompile normal arm64 /Users/admin/builder/spi-builder-workspace/Sources/Shimmers/Macros\ -\ Proof.swift (in target 'Shimmers' from project 'shimmers-hdl')
cd /Users/admin/builder/spi-builder-workspace/.swiftpm/xcode
builtin-SwiftPerFileCompile Macros\ -\ Proof.swift
SwiftCompile normal arm64 Compiling\ Build\ Arith\ -\ Div.swift,\ Build\ Arith\ -\ Mul.swift,\ Build\ Arith\ -\ Shift.swift,\ Build\ Misc.swift,\ Debug\ Info.swift,\ Debugging.swift,\ Detached\ Port\ Naming.swift,\ Module\ Gen.swift,\ Module\ Seq\ Wrapper.swift,\ SAT\ Solver.swift /Users/admin/builder/spi-builder-workspace/Sources/Shimmers/Scope/Building/Build\ Arith\ -\ Div.swift /Users/admin/builder/spi-builder-workspace/Sources/Shimmers/Scope/Building/Build\ Arith\ -\ Mul.swift /Users/admin/builder/spi-builder-workspace/Sources/Shimmers/Scope/Building/Build\ Arith\ -\ Shift.swift /Users/admin/builder/spi-builder-workspace/Sources/Shimmers/Scope/Building/Build\ Misc.swift /Users/admin/builder/spi-builder-workspace/Sources/Shimmers/Scope/Debug\ Info.swift /Users/admin/builder/spi-builder-workspace/Sources/Shimmers/Scope/Debugging.swift /Users/admin/builder/spi-builder-workspace/Sources/Shimmers/Scope/Detached\ Port\ Naming.swift /Users/admin/builder/spi-builder-workspace/Sources/Shimmers/Scope/Module\ Gen.swift /Users/admin/builder/spi-builder-workspace/Sources/Shimmers/Scope/Module\ Seq\ Wrapper.swift /Users/admin/builder/spi-builder-workspace/Sources/Shimmers/Scope/SAT\ Solver.swift (in target 'Shimmers' from project 'shimmers-hdl')
SwiftCompile normal arm64 /Users/admin/builder/spi-builder-workspace/Sources/Shimmers/Scope/Building/Build\ Arith\ -\ Div.swift (in target 'Shimmers' from project 'shimmers-hdl')
cd /Users/admin/builder/spi-builder-workspace/.swiftpm/xcode
builtin-SwiftPerFileCompile Build\ Arith\ -\ Div.swift
SwiftCompile normal arm64 /Users/admin/builder/spi-builder-workspace/Sources/Shimmers/Scope/Building/Build\ Arith\ -\ Mul.swift (in target 'Shimmers' from project 'shimmers-hdl')
cd /Users/admin/builder/spi-builder-workspace/.swiftpm/xcode
builtin-SwiftPerFileCompile Build\ Arith\ -\ Mul.swift
SwiftCompile normal arm64 /Users/admin/builder/spi-builder-workspace/Sources/Shimmers/Scope/Building/Build\ Arith\ -\ Shift.swift (in target 'Shimmers' from project 'shimmers-hdl')
cd /Users/admin/builder/spi-builder-workspace/.swiftpm/xcode
builtin-SwiftPerFileCompile Build\ Arith\ -\ Shift.swift
SwiftCompile normal arm64 /Users/admin/builder/spi-builder-workspace/Sources/Shimmers/Scope/Building/Build\ Misc.swift (in target 'Shimmers' from project 'shimmers-hdl')
cd /Users/admin/builder/spi-builder-workspace/.swiftpm/xcode
builtin-SwiftPerFileCompile Build\ Misc.swift
SwiftCompile normal arm64 /Users/admin/builder/spi-builder-workspace/Sources/Shimmers/Scope/Debug\ Info.swift (in target 'Shimmers' from project 'shimmers-hdl')
cd /Users/admin/builder/spi-builder-workspace/.swiftpm/xcode
builtin-SwiftPerFileCompile Debug\ Info.swift
SwiftCompile normal arm64 /Users/admin/builder/spi-builder-workspace/Sources/Shimmers/Scope/Debugging.swift (in target 'Shimmers' from project 'shimmers-hdl')
cd /Users/admin/builder/spi-builder-workspace/.swiftpm/xcode
builtin-SwiftPerFileCompile Debugging.swift
SwiftCompile normal arm64 /Users/admin/builder/spi-builder-workspace/Sources/Shimmers/Scope/Detached\ Port\ Naming.swift (in target 'Shimmers' from project 'shimmers-hdl')
cd /Users/admin/builder/spi-builder-workspace/.swiftpm/xcode
builtin-SwiftPerFileCompile Detached\ Port\ Naming.swift
SwiftCompile normal arm64 /Users/admin/builder/spi-builder-workspace/Sources/Shimmers/Scope/Module\ Gen.swift (in target 'Shimmers' from project 'shimmers-hdl')
cd /Users/admin/builder/spi-builder-workspace/.swiftpm/xcode
builtin-SwiftPerFileCompile Module\ Gen.swift
SwiftCompile normal arm64 /Users/admin/builder/spi-builder-workspace/Sources/Shimmers/Scope/Module\ Seq\ Wrapper.swift (in target 'Shimmers' from project 'shimmers-hdl')
cd /Users/admin/builder/spi-builder-workspace/.swiftpm/xcode
builtin-SwiftPerFileCompile Module\ Seq\ Wrapper.swift
SwiftCompile normal arm64 /Users/admin/builder/spi-builder-workspace/Sources/Shimmers/Scope/SAT\ Solver.swift (in target 'Shimmers' from project 'shimmers-hdl')
cd /Users/admin/builder/spi-builder-workspace/.swiftpm/xcode
builtin-SwiftPerFileCompile SAT\ Solver.swift
SwiftDriverJobDiscovery normal arm64 Compiling Option.swift, OptionGroup.swift, ParentCommand.swift, AsyncParsableCommand.swift, CommandConfiguration.swift (in target 'ArgumentParser' from project 'swift-argument-parser')
SwiftCompile normal arm64 Compiling\ Member.swift,\ InlineArrayRef\ -\ Access.swift,\ InlineArrayRef\ -\ Iteration.swift,\ InlineArrayRef\ -\ Literal.swift,\ InlineArrayRef.swift,\ BoolRef\ -\ Logics.swift,\ BoolRef.swift,\ Enum\ Raw\ Buffer.swift,\ Enum\ Wire\ Type.swift,\ IntRef\ -\ Comparison.swift /Users/admin/builder/spi-builder-workspace/Sources/Shimmers/Var\ Tracking/Member.swift /Users/admin/builder/spi-builder-workspace/Sources/Shimmers/Wire\ Types/Array/InlineArrayRef\ -\ Access.swift /Users/admin/builder/spi-builder-workspace/Sources/Shimmers/Wire\ Types/Array/InlineArrayRef\ -\ Iteration.swift /Users/admin/builder/spi-builder-workspace/Sources/Shimmers/Wire\ Types/Array/InlineArrayRef\ -\ Literal.swift /Users/admin/builder/spi-builder-workspace/Sources/Shimmers/Wire\ Types/Array/InlineArrayRef.swift /Users/admin/builder/spi-builder-workspace/Sources/Shimmers/Wire\ Types/Boolean/BoolRef\ -\ Logics.swift /Users/admin/builder/spi-builder-workspace/Sources/Shimmers/Wire\ Types/Boolean/BoolRef.swift /Users/admin/builder/spi-builder-workspace/Sources/Shimmers/Wire\ Types/Enum\ Support/Enum\ Raw\ Buffer.swift /Users/admin/builder/spi-builder-workspace/Sources/Shimmers/Wire\ Types/Enum\ Support/Enum\ Wire\ Type.swift /Users/admin/builder/spi-builder-workspace/Sources/Shimmers/Wire\ Types/Integers/IntRef\ -\ Comparison.swift (in target 'Shimmers' from project 'shimmers-hdl')
SwiftCompile normal arm64 /Users/admin/builder/spi-builder-workspace/Sources/Shimmers/Var\ Tracking/Member.swift (in target 'Shimmers' from project 'shimmers-hdl')
cd /Users/admin/builder/spi-builder-workspace/.swiftpm/xcode
builtin-SwiftPerFileCompile Member.swift
SwiftCompile normal arm64 /Users/admin/builder/spi-builder-workspace/Sources/Shimmers/Wire\ Types/Array/InlineArrayRef\ -\ Access.swift (in target 'Shimmers' from project 'shimmers-hdl')
cd /Users/admin/builder/spi-builder-workspace/.swiftpm/xcode
builtin-SwiftPerFileCompile InlineArrayRef\ -\ Access.swift
SwiftCompile normal arm64 /Users/admin/builder/spi-builder-workspace/Sources/Shimmers/Wire\ Types/Array/InlineArrayRef\ -\ Iteration.swift (in target 'Shimmers' from project 'shimmers-hdl')
cd /Users/admin/builder/spi-builder-workspace/.swiftpm/xcode
builtin-SwiftPerFileCompile InlineArrayRef\ -\ Iteration.swift
SwiftCompile normal arm64 /Users/admin/builder/spi-builder-workspace/Sources/Shimmers/Wire\ Types/Array/InlineArrayRef\ -\ Literal.swift (in target 'Shimmers' from project 'shimmers-hdl')
cd /Users/admin/builder/spi-builder-workspace/.swiftpm/xcode
builtin-SwiftPerFileCompile InlineArrayRef\ -\ Literal.swift
SwiftCompile normal arm64 /Users/admin/builder/spi-builder-workspace/Sources/Shimmers/Wire\ Types/Array/InlineArrayRef.swift (in target 'Shimmers' from project 'shimmers-hdl')
cd /Users/admin/builder/spi-builder-workspace/.swiftpm/xcode
builtin-SwiftPerFileCompile InlineArrayRef.swift
SwiftCompile normal arm64 /Users/admin/builder/spi-builder-workspace/Sources/Shimmers/Wire\ Types/Boolean/BoolRef\ -\ Logics.swift (in target 'Shimmers' from project 'shimmers-hdl')
cd /Users/admin/builder/spi-builder-workspace/.swiftpm/xcode
builtin-SwiftPerFileCompile BoolRef\ -\ Logics.swift
SwiftCompile normal arm64 /Users/admin/builder/spi-builder-workspace/Sources/Shimmers/Wire\ Types/Boolean/BoolRef.swift (in target 'Shimmers' from project 'shimmers-hdl')
cd /Users/admin/builder/spi-builder-workspace/.swiftpm/xcode
builtin-SwiftPerFileCompile BoolRef.swift
SwiftCompile normal arm64 /Users/admin/builder/spi-builder-workspace/Sources/Shimmers/Wire\ Types/Enum\ Support/Enum\ Raw\ Buffer.swift (in target 'Shimmers' from project 'shimmers-hdl')
cd /Users/admin/builder/spi-builder-workspace/.swiftpm/xcode
builtin-SwiftPerFileCompile Enum\ Raw\ Buffer.swift
SwiftCompile normal arm64 /Users/admin/builder/spi-builder-workspace/Sources/Shimmers/Wire\ Types/Enum\ Support/Enum\ Wire\ Type.swift (in target 'Shimmers' from project 'shimmers-hdl')
cd /Users/admin/builder/spi-builder-workspace/.swiftpm/xcode
builtin-SwiftPerFileCompile Enum\ Wire\ Type.swift
SwiftCompile normal arm64 /Users/admin/builder/spi-builder-workspace/Sources/Shimmers/Wire\ Types/Integers/IntRef\ -\ Comparison.swift (in target 'Shimmers' from project 'shimmers-hdl')
cd /Users/admin/builder/spi-builder-workspace/.swiftpm/xcode
builtin-SwiftPerFileCompile IntRef\ -\ Comparison.swift
SwiftDriverJobDiscovery normal arm64 Compiling API.swift, Buffer.swift, Configuration.swift (in target 'Subprocess' from project 'swift-subprocess')
SwiftDriver\ Compilation Subprocess normal arm64 com.apple.xcode.tools.swift.compiler (in target 'Subprocess' from project 'swift-subprocess')
cd /Users/admin/builder/spi-builder-workspace/.swiftpm/xcode
builtin-Swift-Compilation -- /Applications/Xcode-27.0.0-Release.Candidate.app/Contents/Developer/Toolchains/XcodeDefault.xctoolchain/usr/bin/swiftc -parse-as-library -module-name Subprocess -Onone @/Users/admin/builder/spi-builder-workspace/.derivedData/Build/Intermediates.noindex/swift-subprocess.build/Debug/Subprocess-t.build/Objects-normal/arm64/Subprocess.SwiftFileList -DSWIFT_PACKAGE -DDEBUG -DSWIFT_MODULE_RESOURCE_BUNDLE_UNAVAILABLE -DSubprocessFoundation -DSUBPROCESS_ASYNCIO_KQUEUE -Xcc -fmodule-map-file\=/Users/admin/builder/spi-builder-workspace/.dependencies/checkouts/swift-system/Sources/CSystem/include/module.modulemap -Xcc -fmodule-map-file\=/Users/admin/builder/spi-builder-workspace/.dependencies/checkouts/swift-subprocess/Sources/_SubprocessCShims/include/module.modulemap -DXcode -enable-experimental-feature StrictConcurrency -enable-experimental-feature Lifetimes -enable-upcoming-feature NonisolatedNonsendingByDefault -enable-upcoming-feature ExistentialAny -enable-upcoming-feature MemberImportVisibility -enable-upcoming-feature InternalImportsByDefault -plugin-path /Applications/Xcode-27.0.0-Release.Candidate.app/Contents/Developer/Toolchains/XcodeDefault.xctoolchain/usr/lib/swift/host/plugins/testing -enable-experimental-feature DebugDescriptionMacro -sdk /Applications/Xcode-27.0.0-Release.Candidate.app/Contents/Developer/Platforms/MacOSX.platform/Developer/SDKs/MacOSX27.0.sdk -target arm64-apple-macos13.0 -g -module-cache-path /Users/admin/builder/spi-builder-workspace/.derivedData/ModuleCache.noindex -Xfrontend -serialize-debugging-options -profile-coverage-mapping -profile-generate -enable-testing -suppress-warnings -index-store-path /Users/admin/builder/spi-builder-workspace/.derivedData/Index.noindex/DataStore -Xcc -D_LIBCPP_HARDENING_MODE\=_LIBCPP_HARDENING_MODE_DEBUG -swift-version 6 -I /Users/admin/builder/spi-builder-workspace/.derivedData/Build/Products/Debug -Isystem /Applications/Xcode-27.0.0-Release.Candidate.app/Contents/Developer/Platforms/MacOSX.platform/Developer/usr/lib -F /Users/admin/builder/spi-builder-workspace/.derivedData/Build/Products/Debug/PackageFrameworks -F /Users/admin/builder/spi-builder-workspace/.derivedData/Build/Products/Debug -F /Applications/Xcode-27.0.0-Release.Candidate.app/Contents/Developer/Platforms/MacOSX.platform/Developer/Library/Frameworks -c -j10 -enable-batch-mode -incremental -Xcc -ivfsstatcache -Xcc /Users/admin/builder/spi-builder-workspace/.derivedData/SDKStatCaches.noindex/macosx27.0-26A425-e829b21a6f8c9b70876ba0858053c0446a22442a12e9d48fe1a705f55a1adfc4.sdkstatcache -output-file-map /Users/admin/builder/spi-builder-workspace/.derivedData/Build/Intermediates.noindex/swift-subprocess.build/Debug/Subprocess-t.build/Objects-normal/arm64/Subprocess-OutputFileMap.json -save-temps -no-color-diagnostics -explicit-module-build -module-cache-path /Users/admin/builder/spi-builder-workspace/.derivedData/Build/Intermediates.noindex/SwiftExplicitPrecompiledModules -clang-scanner-module-cache-path /Users/admin/builder/spi-builder-workspace/.derivedData/ModuleCache.noindex -sdk-module-cache-path /Users/admin/builder/spi-builder-workspace/.derivedData/SDKExplicitPrecompiledModules -emit-dependencies -emit-module -emit-module-path /Users/admin/builder/spi-builder-workspace/.derivedData/Build/Intermediates.noindex/swift-subprocess.build/Debug/Subprocess-t.build/Objects-normal/arm64/Subprocess.swiftmodule -serialize-diagnostics -dependency-scan-serialize-diagnostics-path /Users/admin/builder/spi-builder-workspace/.derivedData/Build/Intermediates.noindex/swift-subprocess.build/Debug/Subprocess-t.build/Objects-normal/arm64/Subprocess-dependency-scan.dia -validate-clang-modules-once -clang-build-session-file /Users/admin/builder/spi-builder-workspace/.derivedData/ModuleCache.noindex/Session.modulevalidation -Xcc -fmodules-prune-interval\=86400 -Xcc -fmodules-prune-after\=345600 -package-name swift_subprocess -emit-const-values -const-gather-protocols-list /Users/admin/builder/spi-builder-workspace/.derivedData/Build/Intermediates.noindex/swift-subprocess.build/Debug/Subprocess-t.build/Objects-normal/arm64/Subprocess_const_extract_protocols.json -Xcc -I/Users/admin/builder/spi-builder-workspace/.dependencies/checkouts/swift-system/Sources/CSystem/include -Xcc -I/Users/admin/builder/spi-builder-workspace/.dependencies/checkouts/swift-subprocess/Sources/_SubprocessCShims/include -Xcc -I/Users/admin/builder/spi-builder-workspace/.derivedData/Build/Products/Debug/include -Xcc -I/Users/admin/builder/spi-builder-workspace/.derivedData/Build/Intermediates.noindex/swift-subprocess.build/Debug/Subprocess-t.build/DerivedSources-normal/arm64 -Xcc -I/Users/admin/builder/spi-builder-workspace/.derivedData/Build/Intermediates.noindex/swift-subprocess.build/Debug/Subprocess-t.build/DerivedSources/arm64 -Xcc -I/Users/admin/builder/spi-builder-workspace/.derivedData/Build/Intermediates.noindex/swift-subprocess.build/Debug/Subprocess-t.build/DerivedSources -Xcc -DSWIFT_PACKAGE -Xcc -DDEBUG\=1 -emit-objc-header -emit-objc-header-path /Users/admin/builder/spi-builder-workspace/.derivedData/Build/Intermediates.noindex/swift-subprocess.build/Debug/Subprocess-t.build/Objects-normal/arm64/Subprocess-Swift.h -working-directory /Users/admin/builder/spi-builder-workspace/.swiftpm/xcode -experimental-emit-module-separately -disable-cmo
PruneExplicitPrecompiledModules /Users/admin/builder/spi-builder-workspace/.derivedData/SDKExplicitPrecompiledModules
PruneExplicitPrecompiledModules /Users/admin/builder/spi-builder-workspace/.derivedData/Build/Intermediates.noindex/ExplicitPrecompiledModules
PruneExplicitPrecompiledModules /Users/admin/builder/spi-builder-workspace/.derivedData/Build/Intermediates.noindex/SwiftExplicitPrecompiledModules
2026-09-23 13:12:20.449 xcodebuild[845:5080] [MT] IDERunDestination: Supported platforms for the buildables in the current scheme is empty.
--- xcodebuild: WARNING: Using the first of multiple matching destinations:
{ platform:macOS, arch:arm64, id:c52d13c0eb7277ad63834ea25608617ff915283b, name:My Mac }
{ platform:macOS, arch:arm64, variant:Mac Catalyst, id:c52d13c0eb7277ad63834ea25608617ff915283b, name:My Mac }
{ platform:macOS, arch:arm64, variant:DriverKit, id:c52d13c0eb7277ad63834ea25608617ff915283b, name:My Mac }
{ platform:macOS, arch:arm64, variant:Designed for [iPad,iPhone], id:c52d13c0eb7277ad63834ea25608617ff915283b, name:My Mac }
** BUILD FAILED **
The following build commands failed:
SwiftCompile normal arm64 Compiling\ Scope\ -\ Building\ Gates.swift,\ Scope\ -\ Building\ Ports.swift,\ Scope\ -\ Condition.swift,\ Scope\ -\ Debugging.swift,\ Scope\ -\ Module\ Inst.swift,\ Scope\ -\ Prove\ Assert.swift,\ Scope\ -\ Prove\ Assume.swift,\ Scope\ -\ Prove\ Loop.swift,\ Scope.swift,\ Local.swift /Users/admin/builder/spi-builder-workspace/Sources/Shimmers/Scope/Scope\ -\ Building\ Gates.swift /Users/admin/builder/spi-builder-workspace/Sources/Shimmers/Scope/Scope\ -\ Building\ Ports.swift /Users/admin/builder/spi-builder-workspace/Sources/Shimmers/Scope/Scope\ -\ Condition.swift /Users/admin/builder/spi-builder-workspace/Sources/Shimmers/Scope/Scope\ -\ Debugging.swift /Users/admin/builder/spi-builder-workspace/Sources/Shimmers/Scope/Scope\ -\ Module\ Inst.swift /Users/admin/builder/spi-builder-workspace/Sources/Shimmers/Scope/Scope\ -\ Prove\ Assert.swift /Users/admin/builder/spi-builder-workspace/Sources/Shimmers/Scope/Scope\ -\ Prove\ Assume.swift /Users/admin/builder/spi-builder-workspace/Sources/Shimmers/Scope/Scope\ -\ Prove\ Loop.swift /Users/admin/builder/spi-builder-workspace/Sources/Shimmers/Scope/Scope.swift /Users/admin/builder/spi-builder-workspace/Sources/Shimmers/Var\ Tracking/Local.swift (in target 'Shimmers' from project 'shimmers-hdl')
SwiftCompile normal arm64 /Users/admin/builder/spi-builder-workspace/Sources/Shimmers/Scope/Scope.swift (in target 'Shimmers' from project 'shimmers-hdl')
Building workspace shimmers-hdl with scheme shimmers-hdl-Package
(3 failures)
Command line invocation:
/Applications/Xcode-27.0.0-Release.Candidate.app/Contents/Developer/usr/bin/xcodebuild -IDEClonedSourcePackagesDirPathOverride=/Users/admin/builder/spi-builder-workspace/.dependencies -resolvePackageDependencies
Resolve Package Graph
Resolved source packages:
swift-argument-parser: https://github.com/apple/swift-argument-parser.git @ 1.8.2
swift-subprocess: https://github.com/swiftlang/swift-subprocess.git @ main (8f099c6)
swift-system: https://github.com/apple/swift-system @ 1.8.1
shimmers-hdl: /Users/admin/builder/spi-builder-workspace
swift-syntax: https://github.com/swiftlang/swift-syntax.git @ 602.0.0
resolved source packages: swift-argument-parser, swift-subprocess, swift-system, shimmers-hdl, swift-syntax
2026-09-23 13:12:34.132 xcodebuild[1093:6328] [MT] IDERunDestination: Supported platforms for the buildables in the current scheme is empty.
{
"dependencies" : [
{
"identity" : "swift-argument-parser",
"requirement" : {
"range" : [
{
"lower_bound" : "1.6.0",
"upper_bound" : "2.0.0"
}
]
},
"type" : "sourceControl",
"url" : "https://github.com/apple/swift-argument-parser.git"
},
{
"identity" : "swift-syntax",
"requirement" : {
"range" : [
{
"lower_bound" : "602.0.0",
"upper_bound" : "602.1.0"
}
]
},
"type" : "sourceControl",
"url" : "https://github.com/swiftlang/swift-syntax.git"
},
{
"identity" : "swift-subprocess",
"requirement" : {
"branch" : [
"main"
]
},
"type" : "sourceControl",
"url" : "https://github.com/swiftlang/swift-subprocess.git"
}
],
"manifest_display_name" : "shimmers-hdl",
"name" : "shimmers-hdl",
"path" : "/Users/admin/builder/spi-builder-workspace",
"platforms" : [
{
"name" : "macos",
"version" : "26.0"
}
],
"products" : [
{
"name" : "Shimmers",
"targets" : [
"Shimmers"
],
"type" : {
"library" : [
"automatic"
]
}
},
{
"name" : "ShimmersCLIWrapper",
"targets" : [
"ShimmersCLIWrapper"
],
"type" : {
"library" : [
"automatic"
]
}
},
{
"name" : "ShimmersMacros",
"targets" : [
"ShimmersMacros"
],
"type" : {
"macro" : null
}
}
],
"targets" : [
{
"c99name" : "ShimmersMacros",
"module_type" : "SwiftTarget",
"name" : "ShimmersMacros",
"path" : "Sources/ShimmersMacros",
"product_dependencies" : [
"SwiftSyntax",
"SwiftSyntaxMacros",
"SwiftDiagnostics",
"SwiftCompilerPlugin"
],
"product_memberships" : [
"Shimmers",
"ShimmersCLIWrapper",
"ShimmersMacros"
],
"sources" : [
"Attribute.swift",
"Convert Code Block/Add For Stmt.swift",
"Convert Code Block/Add If Guard Stmt.swift",
"Convert Code Block/Add List.swift",
"Convert Code Block/Add Repeat Stmt.swift",
"Convert Code Block/Add Return Break.swift",
"Convert Code Block/Add Switch Stmt.swift",
"Convert Code Block/Add Variable Decl.swift",
"Convert Code Block/Add While Stmt.swift",
"Convert Code Block/Code Block.swift",
"Convert Code Block/Extract Pattern.swift",
"Convert Code Block/Loop Hint.swift",
"Convert Code Block/Pattern.swift",
"Convert Function & Variable/Convert Function.swift",
"Convert Function & Variable/Convert Init.swift",
"Convert Function & Variable/Convert Variable.swift",
"Convert Function & Variable/Detached Generator.swift",
"Convert Function & Variable/Function Name.swift",
"Convert Function & Variable/Parse Detached Attribute.swift",
"Convert Function & Variable/Seq Wrapper.swift",
"Convert Function & Variable/Stub Code List.swift",
"Convert Function & Variable/Top Level Entry.swift",
"Convert Wire Enum/Sim Enum Extension Helpers.swift",
"Convert Wire Enum/Sim Enum Extension.swift",
"Convert Wire Enum/Wire Enum Member Survey.swift",
"Convert Wire Enum/Wire Enum SynthRef Helpers.swift",
"Convert Wire Enum/Wire Enum SynthRef.swift",
"Convert Wire Struct/Sim Wire Extension Helpers.swift",
"Convert Wire Struct/Sim Wire Extension.swift",
"Convert Wire Struct/Wire Struct Member Survey.swift",
"Convert Wire Struct/Wire Struct SynthRef Helpers.swift",
"Convert Wire Struct/Wire Struct SynthRef.swift",
"Debug Info.swift",
"Helpers.swift",
"Macros.swift",
"Macros/Check Parent.swift",
"Macros/Formals/Assert Macro.swift",
"Macros/Formals/Assume Macro.swift",
"Macros/Formals/Never Macro.swift",
"Macros/Hardware Function Macro.swift",
"Macros/Hardware Wire Macro.swift",
"Macros/Markers/Detached Macro.swift",
"Macros/Markers/Top Level Function Macro.swift",
"Macros/Sim Block Macro.swift",
"Macros/Top Level Name Macro.swift",
"Mangle.swift",
"Rewriter/Convert Expr & Type.swift",
"Rewriter/Convert Generics.swift",
"Rewriter/Rewrite Optional Chaining.swift",
"Rewriter/Rewriter.swift"
],
"type" : "macro"
},
{
"c99name" : "ShimmersInternalRuntimeTests",
"module_type" : "SwiftTarget",
"name" : "ShimmersInternalRuntimeTests",
"path" : "Sources/ShimmersInternalRuntimeTests",
"sources" : [
"BigInt/BigInt - Add & Sub.swift",
"BigInt/BigInt - Bitwise.swift",
"BigInt/BigInt - Comparison.swift",
"BigInt/BigInt - Convert & Init.swift",
"BigInt/BigInt - Division.swift",
"BigInt/BigInt - Multiply.swift",
"BigInt/BigInt - Shift.swift",
"BigInt/BigInt - Truncation.swift",
"Test Tags.swift",
"UIntN & IntN/IntN - Arith.swift",
"UIntN & IntN/IntN - Bitwise.swift",
"UIntN & IntN/UIntN - Arith.swift",
"UIntN & IntN/UIntN - Bitwise.swift"
],
"target_dependencies" : [
"Shimmers"
],
"type" : "test"
},
{
"c99name" : "ShimmersInternalLogicTests",
"module_type" : "SwiftTarget",
"name" : "ShimmersInternalLogicTests",
"path" : "Sources/ShimmersInternalLogicTests",
"sources" : [
"Boolean/Boolean.swift",
"Boolean/Ternary.swift",
"Construction/Con Guard Basic.swift",
"Construction/Con Guard Unbind Enum.swift",
"Construction/Con If Basic Variable.swift",
"Construction/Con If Basic.swift",
"Construction/Con If Return Variable.swift",
"Construction/Con If Unbind Enum.swift",
"Construction/Con Mutate Function.swift",
"Construction/Con Switch Basic.swift",
"Construction/Con Switch Unbind Enum.swift",
"Enum/Enum Rep Basic.swift",
"Enum/Enum Rep Payload.swift",
"Inline Array/Inline Array Access.swift",
"Integer/Integer Add & Sub.swift",
"Integer/Integer Bitwise Count.swift",
"Integer/Integer Bitwise Ops.swift",
"Integer/Integer Comparison.swift",
"Integer/Integer Convert Clamp.swift",
"Integer/Integer Convert Exact.swift",
"Integer/Integer Convert Trunc.swift",
"Integer/Integer Division.swift",
"Integer/Integer Multiply.swift",
"Integer/Integer Remainder.swift",
"Integer/Integer Shift.swift",
"Integer/Integer Sign & Mag.swift",
"Optional/Optional Chain.swift",
"Optional/Optional Coalesce.swift",
"Optional/Optional.swift",
"Queue/Queue Push & Pop Basic.swift",
"Range/Range Contain.swift",
"Range/Range Iterate.swift",
"Support/Dump Net.swift",
"Support/Simulator.swift",
"Test Tags.swift"
],
"target_dependencies" : [
"Shimmers"
],
"type" : "test"
},
{
"c99name" : "ShimmersCLIWrapper",
"module_type" : "SwiftTarget",
"name" : "ShimmersCLIWrapper",
"path" : "Sources/ShimmersCLIWrapper",
"product_dependencies" : [
"ArgumentParser"
],
"product_memberships" : [
"ShimmersCLIWrapper"
],
"sources" : [
"Assertion Type.swift",
"Module Name.swift",
"Printing.swift",
"ShimmersCLI.swift"
],
"target_dependencies" : [
"Shimmers"
],
"type" : "library"
},
{
"c99name" : "Shimmers",
"module_type" : "SwiftTarget",
"name" : "Shimmers",
"path" : "Sources/Shimmers",
"product_dependencies" : [
"Subprocess"
],
"product_memberships" : [
"Shimmers",
"ShimmersCLIWrapper"
],
"sources" : [
"CNF Builder/CNF Builder.swift",
"Driver.swift",
"Graph/Graph Builder - DFF.swift",
"Graph/Graph Builder - Gates.swift",
"Graph/Graph Builder - Submodule.swift",
"Graph/Graph Builder.swift",
"Graph/Print Verilog.swift",
"Graph/Simplify.swift",
"Macros - Building.swift",
"Macros - Proof.swift",
"Mangle/File Name Mangle.swift",
"Mangle/Hashing.swift",
"Mangle/Name Mangling.swift",
"Module.swift",
"Runtime Support/BigInt/BigInt - Bitwise.swift",
"Runtime Support/BigInt/BigInt - Comparison.swift",
"Runtime Support/BigInt/BigInt - Conversion & Literal.swift",
"Runtime Support/BigInt/BigInt - Math Add & Sub.swift",
"Runtime Support/BigInt/BigInt - Math Mul & Div.swift",
"Runtime Support/BigInt/BigInt.swift",
"Runtime/Bool.swift",
"Runtime/Enum Runtime Support.swift",
"Runtime/IndexingItr.swift",
"Runtime/InlineArray.swift",
"Runtime/Integers/IntN - Operations.swift",
"Runtime/Integers/IntN.swift",
"Runtime/Integers/Standard Integer Runtime.swift",
"Runtime/Integers/UIntN - Operations.swift",
"Runtime/Integers/UIntN.swift",
"Runtime/Optional.swift",
"Runtime/Queue.swift",
"Runtime/Range.swift",
"Runtime/Wire - Logic.swift",
"Runtime/Wire - Traversal.swift",
"Runtime/Wire.swift",
"Scope/Assertion Set.swift",
"Scope/Assertion Type Message.swift",
"Scope/Assertion Type.swift",
"Scope/Building/Build Arith - Add.swift",
"Scope/Building/Build Arith - Compare.swift",
"Scope/Building/Build Arith - Div.swift",
"Scope/Building/Build Arith - Mul.swift",
"Scope/Building/Build Arith - Shift.swift",
"Scope/Building/Build Misc.swift",
"Scope/Debug Info.swift",
"Scope/Debugging.swift",
"Scope/Detached Port Naming.swift",
"Scope/Module Gen.swift",
"Scope/Module Seq Wrapper.swift",
"Scope/SAT Solver.swift",
"Scope/Scope - Building Gates.swift",
"Scope/Scope - Building Ports.swift",
"Scope/Scope - Condition.swift",
"Scope/Scope - Debugging.swift",
"Scope/Scope - Module Inst.swift",
"Scope/Scope - Prove Assert.swift",
"Scope/Scope - Prove Assume.swift",
"Scope/Scope - Prove Loop.swift",
"Scope/Scope.swift",
"Var Tracking/Local.swift",
"Var Tracking/Member.swift",
"Wire Types/Array/InlineArrayRef - Access.swift",
"Wire Types/Array/InlineArrayRef - Iteration.swift",
"Wire Types/Array/InlineArrayRef - Literal.swift",
"Wire Types/Array/InlineArrayRef.swift",
"Wire Types/Boolean/BoolRef - Logics.swift",
"Wire Types/Boolean/BoolRef.swift",
"Wire Types/Enum Support/Enum Raw Buffer.swift",
"Wire Types/Enum Support/Enum Wire Type.swift",
"Wire Types/Integers/IntRef - Comparison.swift",
"Wire Types/Integers/IntRef - Conversion.swift",
"Wire Types/Integers/IntRef - Literal.swift",
"Wire Types/Integers/IntRef - Magnitude.swift",
"Wire Types/Integers/IntRef - Math Add & Sub.swift",
"Wire Types/Integers/IntRef - Math Mul & Div.swift",
"Wire Types/Integers/IntRef.swift",
"Wire Types/Iterator/IndexingItrRef.swift",
"Wire Types/Optional/OptionalRef Support.swift",
"Wire Types/Optional/OptionalRef.swift",
"Wire Types/Pattern Matching/Pattern Matching.swift",
"Wire Types/Queue/QueueRef.swift",
"Wire Types/Range/RangeRef - Collection.swift",
"Wire Types/Range/RangeRef.swift",
"Wire Types/Ternary.swift",
"Wire Types/Wire Protocol/Protocol Arithmetic.swift",
"Wire Types/Wire Protocol/Protocol BinaryInteger.swift",
"Wire Types/Wire Protocol/Protocol Collection.swift",
"Wire Types/Wire Protocol/Protocol Equatable & Comparable.swift",
"Wire Types/Wire Protocol/Protocol FixedWidthInteger.swift",
"Wire Types/Wire Protocol/Protocol Iterator & Sequence.swift",
"Wire Types/Wire Protocol/Protocol Numeric.swift",
"Wire Types/Wire Protocol/Protocol Range.swift",
"Wire Types/Wire Protocol/Protocol Sign Integer.swift",
"Wire Types/Wire Protocol/Protocol Stridable.swift",
"Wire Types/WireRef - Logic.swift",
"Wire Types/WireRef - Traverse.swift",
"Wire Types/WireRef.swift"
],
"target_dependencies" : [
"ShimmersMacros"
],
"type" : "library"
}
],
"tools_version" : "6.2"
}
{
"workspace" : {
"name" : "shimmers-hdl",
"schemes" : [
"Shimmers",
"shimmers-hdl-Package",
"ShimmersCLIWrapper"
]
}
}
2026-09-23 13:12:37.079 xcodebuild[1110:6455] [MT] IDERunDestination: Supported platforms for the buildables in the current scheme is empty.
Running build ...
env DEVELOPER_DIR=/Applications/Xcode-27.0.0-Release.Candidate.app xcrun xcodebuild -IDEClonedSourcePackagesDirPathOverride=$PWD/.dependencies -skipMacroValidation -skipPackagePluginValidation -derivedDataPath $PWD/.derivedData build -scheme shimmers-hdl-Package -destination platform=macOS,arch=arm64
Command line invocation:
/Applications/Xcode-27.0.0-Release.Candidate.app/Contents/Developer/usr/bin/xcodebuild -IDEClonedSourcePackagesDirPathOverride=/Users/admin/builder/spi-builder-workspace/.dependencies -skipMacroValidation -skipPackagePluginValidation -derivedDataPath /Users/admin/builder/spi-builder-workspace/.derivedData build -scheme shimmers-hdl-Package -destination platform=macOS,arch=arm64
Resolve Package Graph
Resolved source packages:
swift-subprocess: https://github.com/swiftlang/swift-subprocess.git @ main (8f099c6)
swift-system: https://github.com/apple/swift-system @ 1.8.1
shimmers-hdl: /Users/admin/builder/spi-builder-workspace
swift-syntax: https://github.com/swiftlang/swift-syntax.git @ 602.0.0
swift-argument-parser: https://github.com/apple/swift-argument-parser.git @ 1.8.2
ComputePackagePrebuildTargetDependencyGraph
Prepare packages
CreateBuildRequest
SendProjectDescription
CreateBuildOperation
ComputeTargetDependencyGraph
note: Building targets in dependency order
note: Target dependency graph (14 targets)
Target 'ShimmersCLIWrapper-product' in project 'shimmers-hdl'
➜ Explicit dependency on target 'ShimmersCLIWrapper' in project 'shimmers-hdl'
➜ Explicit dependency on target 'ShimmersMacros' in project 'shimmers-hdl'
➜ Explicit dependency on target 'Shimmers' in project 'shimmers-hdl'
➜ Explicit dependency on target 'Subprocess-product' in project 'swift-subprocess'
➜ Explicit dependency on target 'ArgumentParser-product' in project 'swift-argument-parser'
Target 'ShimmersCLIWrapper' in project 'shimmers-hdl'
➜ Explicit dependency on target 'ShimmersMacros' in project 'shimmers-hdl'
➜ Explicit dependency on target 'Shimmers' in project 'shimmers-hdl'
➜ Explicit dependency on target 'Subprocess-product' in project 'swift-subprocess'
➜ Explicit dependency on target 'ArgumentParser-product' in project 'swift-argument-parser'
Target 'ArgumentParser-product' in project 'swift-argument-parser'
➜ Explicit dependency on target 'ArgumentParser' in project 'swift-argument-parser'
➜ Explicit dependency on target 'ArgumentParserToolInfo' in project 'swift-argument-parser'
Target 'ArgumentParser' in project 'swift-argument-parser'
➜ Explicit dependency on target 'ArgumentParserToolInfo' in project 'swift-argument-parser'
Target 'ArgumentParserToolInfo' in project 'swift-argument-parser' (no dependencies)
Target 'Shimmers-product' in project 'shimmers-hdl'
➜ Explicit dependency on target 'Shimmers' in project 'shimmers-hdl'
➜ Explicit dependency on target 'ShimmersMacros' in project 'shimmers-hdl'
➜ Explicit dependency on target 'Subprocess-product' in project 'swift-subprocess'
Target 'Shimmers' in project 'shimmers-hdl'
➜ Explicit dependency on target 'ShimmersMacros' in project 'shimmers-hdl'
➜ Explicit dependency on target 'Subprocess-product' in project 'swift-subprocess'
Target 'Subprocess-product' in project 'swift-subprocess'
➜ Explicit dependency on target 'Subprocess' in project 'swift-subprocess'
➜ Explicit dependency on target '_SubprocessCShims' in project 'swift-subprocess'
➜ Explicit dependency on target 'SystemPackage-product' in project 'swift-system'
Target 'Subprocess' in project 'swift-subprocess'
➜ Explicit dependency on target '_SubprocessCShims' in project 'swift-subprocess'
➜ Explicit dependency on target 'SystemPackage-product' in project 'swift-system'
Target 'SystemPackage-product' in project 'swift-system'
➜ Explicit dependency on target 'SystemPackage' in project 'swift-system'
➜ Explicit dependency on target 'CSystem' in project 'swift-system'
Target 'SystemPackage' in project 'swift-system'
➜ Explicit dependency on target 'CSystem' in project 'swift-system'
Target 'CSystem' in project 'swift-system' (no dependencies)
Target '_SubprocessCShims' in project 'swift-subprocess' (no dependencies)
Target 'ShimmersMacros' in project 'shimmers-hdl' (no dependencies)
GatherProvisioningInputs
CreateBuildDescription
ClangStatCache /Applications/Xcode-27.0.0-Release.Candidate.app/Contents/Developer/Toolchains/XcodeDefault.xctoolchain/usr/bin/clang-stat-cache /Applications/Xcode-27.0.0-Release.Candidate.app/Contents/Developer/Platforms/MacOSX.platform/Developer/SDKs/MacOSX27.0.sdk /Users/admin/builder/spi-builder-workspace/.derivedData/SDKStatCaches.noindex/macosx27.0-26A425-e829b21a6f8c9b70876ba0858053c0446a22442a12e9d48fe1a705f55a1adfc4.sdkstatcache
cd /Users/admin/builder/spi-builder-workspace/.swiftpm/xcode
/Applications/Xcode-27.0.0-Release.Candidate.app/Contents/Developer/Toolchains/XcodeDefault.xctoolchain/usr/bin/clang-stat-cache /Applications/Xcode-27.0.0-Release.Candidate.app/Contents/Developer/Platforms/MacOSX.platform/Developer/SDKs/MacOSX27.0.sdk -o /Users/admin/builder/spi-builder-workspace/.derivedData/SDKStatCaches.noindex/macosx27.0-26A425-e829b21a6f8c9b70876ba0858053c0446a22442a12e9d48fe1a705f55a1adfc4.sdkstatcache
SwiftDriver Shimmers normal arm64 com.apple.xcode.tools.swift.compiler (in target 'Shimmers' from project 'shimmers-hdl')
cd /Users/admin/builder/spi-builder-workspace/.swiftpm/xcode
builtin-SwiftDriver -- /Applications/Xcode-27.0.0-Release.Candidate.app/Contents/Developer/Toolchains/XcodeDefault.xctoolchain/usr/bin/swiftc -parse-as-library -module-name Shimmers -Onone @/Users/admin/builder/spi-builder-workspace/.derivedData/Build/Intermediates.noindex/shimmers-hdl.build/Debug/Shimmers-t.build/Objects-normal/arm64/Shimmers.SwiftFileList -DSWIFT_PACKAGE -DDEBUG -DSWIFT_MODULE_RESOURCE_BUNDLE_UNAVAILABLE -Xcc -fmodule-map-file\=/Users/admin/builder/spi-builder-workspace/.dependencies/checkouts/swift-system/Sources/CSystem/include/module.modulemap -Xcc -fmodule-map-file\=/Users/admin/builder/spi-builder-workspace/.dependencies/checkouts/swift-subprocess/Sources/_SubprocessCShims/include/module.modulemap -DXcode -plugin-path /Applications/Xcode-27.0.0-Release.Candidate.app/Contents/Developer/Toolchains/XcodeDefault.xctoolchain/usr/lib/swift/host/plugins/testing -enable-experimental-feature DebugDescriptionMacro -sdk /Applications/Xcode-27.0.0-Release.Candidate.app/Contents/Developer/Platforms/MacOSX.platform/Developer/SDKs/MacOSX27.0.sdk -target arm64-apple-macos26.0 -g -module-cache-path /Users/admin/builder/spi-builder-workspace/.derivedData/ModuleCache.noindex -Xfrontend -serialize-debugging-options -profile-coverage-mapping -profile-generate -enable-testing -index-store-path /Users/admin/builder/spi-builder-workspace/.derivedData/Index.noindex/DataStore -Xcc -D_LIBCPP_HARDENING_MODE\=_LIBCPP_HARDENING_MODE_DEBUG -swift-version 6 -I /Users/admin/builder/spi-builder-workspace/.derivedData/Build/Products/Debug -Isystem /Applications/Xcode-27.0.0-Release.Candidate.app/Contents/Developer/Platforms/MacOSX.platform/Developer/usr/lib -F /Users/admin/builder/spi-builder-workspace/.derivedData/Build/Products/Debug/PackageFrameworks -F /Users/admin/builder/spi-builder-workspace/.derivedData/Build/Products/Debug -F /Applications/Xcode-27.0.0-Release.Candidate.app/Contents/Developer/Platforms/MacOSX.platform/Developer/Library/Frameworks -Xfrontend -load-plugin-executable -Xfrontend /Users/admin/builder/spi-builder-workspace/.derivedData/Build/Products/Debug/ShimmersMacros\#ShimmersMacros -c -j10 -enable-batch-mode -incremental -Xcc -ivfsstatcache -Xcc /Users/admin/builder/spi-builder-workspace/.derivedData/SDKStatCaches.noindex/macosx27.0-26A425-e829b21a6f8c9b70876ba0858053c0446a22442a12e9d48fe1a705f55a1adfc4.sdkstatcache -output-file-map /Users/admin/builder/spi-builder-workspace/.derivedData/Build/Intermediates.noindex/shimmers-hdl.build/Debug/Shimmers-t.build/Objects-normal/arm64/Shimmers-OutputFileMap.json -save-temps -no-color-diagnostics -explicit-module-build -module-cache-path /Users/admin/builder/spi-builder-workspace/.derivedData/Build/Intermediates.noindex/SwiftExplicitPrecompiledModules -clang-scanner-module-cache-path /Users/admin/builder/spi-builder-workspace/.derivedData/ModuleCache.noindex -sdk-module-cache-path /Users/admin/builder/spi-builder-workspace/.derivedData/SDKExplicitPrecompiledModules -emit-dependencies -emit-module -emit-module-path /Users/admin/builder/spi-builder-workspace/.derivedData/Build/Intermediates.noindex/shimmers-hdl.build/Debug/Shimmers-t.build/Objects-normal/arm64/Shimmers.swiftmodule -serialize-diagnostics -dependency-scan-serialize-diagnostics-path /Users/admin/builder/spi-builder-workspace/.derivedData/Build/Intermediates.noindex/shimmers-hdl.build/Debug/Shimmers-t.build/Objects-normal/arm64/Shimmers-dependency-scan.dia -validate-clang-modules-once -clang-build-session-file /Users/admin/builder/spi-builder-workspace/.derivedData/ModuleCache.noindex/Session.modulevalidation -Xcc -fmodules-prune-interval\=86400 -Xcc -fmodules-prune-after\=345600 -package-name spi_builder_workspace -emit-const-values -const-gather-protocols-list /Users/admin/builder/spi-builder-workspace/.derivedData/Build/Intermediates.noindex/shimmers-hdl.build/Debug/Shimmers-t.build/Objects-normal/arm64/Shimmers_const_extract_protocols.json -Xcc -I/Users/admin/builder/spi-builder-workspace/.dependencies/checkouts/swift-system/Sources/CSystem/include -Xcc -I/Users/admin/builder/spi-builder-workspace/.dependencies/checkouts/swift-subprocess/Sources/_SubprocessCShims/include -Xcc -I/Users/admin/builder/spi-builder-workspace/.derivedData/Build/Products/Debug/include -Xcc -I/Users/admin/builder/spi-builder-workspace/.derivedData/Build/Intermediates.noindex/shimmers-hdl.build/Debug/Shimmers-t.build/DerivedSources-normal/arm64 -Xcc -I/Users/admin/builder/spi-builder-workspace/.derivedData/Build/Intermediates.noindex/shimmers-hdl.build/Debug/Shimmers-t.build/DerivedSources/arm64 -Xcc -I/Users/admin/builder/spi-builder-workspace/.derivedData/Build/Intermediates.noindex/shimmers-hdl.build/Debug/Shimmers-t.build/DerivedSources -Xcc -DSWIFT_PACKAGE -Xcc -DDEBUG\=1 -emit-objc-header -emit-objc-header-path /Users/admin/builder/spi-builder-workspace/.derivedData/Build/Intermediates.noindex/shimmers-hdl.build/Debug/Shimmers-t.build/Objects-normal/arm64/Shimmers-Swift.h -working-directory /Users/admin/builder/spi-builder-workspace/.swiftpm/xcode -experimental-emit-module-separately -disable-cmo
SwiftDriver ArgumentParser normal arm64 com.apple.xcode.tools.swift.compiler (in target 'ArgumentParser' from project 'swift-argument-parser')
cd /Users/admin/builder/spi-builder-workspace/.swiftpm/xcode
builtin-SwiftDriver -- /Applications/Xcode-27.0.0-Release.Candidate.app/Contents/Developer/Toolchains/XcodeDefault.xctoolchain/usr/bin/swiftc -parse-as-library -module-name ArgumentParser -Onone @/Users/admin/builder/spi-builder-workspace/.derivedData/Build/Intermediates.noindex/swift-argument-parser.build/Debug/ArgumentParser-t.build/Objects-normal/arm64/ArgumentParser.SwiftFileList -DSWIFT_PACKAGE -DDEBUG -DSWIFT_MODULE_RESOURCE_BUNDLE_UNAVAILABLE -DXcode -plugin-path /Applications/Xcode-27.0.0-Release.Candidate.app/Contents/Developer/Toolchains/XcodeDefault.xctoolchain/usr/lib/swift/host/plugins/testing -enable-experimental-feature DebugDescriptionMacro -sdk /Applications/Xcode-27.0.0-Release.Candidate.app/Contents/Developer/Platforms/MacOSX.platform/Developer/SDKs/MacOSX27.0.sdk -target arm64-apple-macos12.0 -g -module-cache-path /Users/admin/builder/spi-builder-workspace/.derivedData/ModuleCache.noindex -Xfrontend -serialize-debugging-options -profile-coverage-mapping -profile-generate -enable-testing -suppress-warnings -index-store-path /Users/admin/builder/spi-builder-workspace/.derivedData/Index.noindex/DataStore -Xcc -D_LIBCPP_HARDENING_MODE\=_LIBCPP_HARDENING_MODE_DEBUG -swift-version 6 -I /Users/admin/builder/spi-builder-workspace/.derivedData/Build/Products/Debug -Isystem /Applications/Xcode-27.0.0-Release.Candidate.app/Contents/Developer/Platforms/MacOSX.platform/Developer/usr/lib -F /Users/admin/builder/spi-builder-workspace/.derivedData/Build/Products/Debug/PackageFrameworks -F /Users/admin/builder/spi-builder-workspace/.derivedData/Build/Products/Debug -F /Applications/Xcode-27.0.0-Release.Candidate.app/Contents/Developer/Platforms/MacOSX.platform/Developer/Library/Frameworks -c -j10 -enable-batch-mode -incremental -Xcc -ivfsstatcache -Xcc /Users/admin/builder/spi-builder-workspace/.derivedData/SDKStatCaches.noindex/macosx27.0-26A425-e829b21a6f8c9b70876ba0858053c0446a22442a12e9d48fe1a705f55a1adfc4.sdkstatcache -output-file-map /Users/admin/builder/spi-builder-workspace/.derivedData/Build/Intermediates.noindex/swift-argument-parser.build/Debug/ArgumentParser-t.build/Objects-normal/arm64/ArgumentParser-OutputFileMap.json -save-temps -no-color-diagnostics -explicit-module-build -module-cache-path /Users/admin/builder/spi-builder-workspace/.derivedData/Build/Intermediates.noindex/SwiftExplicitPrecompiledModules -clang-scanner-module-cache-path /Users/admin/builder/spi-builder-workspace/.derivedData/ModuleCache.noindex -sdk-module-cache-path /Users/admin/builder/spi-builder-workspace/.derivedData/SDKExplicitPrecompiledModules -emit-dependencies -emit-module -emit-module-path /Users/admin/builder/spi-builder-workspace/.derivedData/Build/Intermediates.noindex/swift-argument-parser.build/Debug/ArgumentParser-t.build/Objects-normal/arm64/ArgumentParser.swiftmodule -serialize-diagnostics -dependency-scan-serialize-diagnostics-path /Users/admin/builder/spi-builder-workspace/.derivedData/Build/Intermediates.noindex/swift-argument-parser.build/Debug/ArgumentParser-t.build/Objects-normal/arm64/ArgumentParser-dependency-scan.dia -user-module-version 1.8.2 -validate-clang-modules-once -clang-build-session-file /Users/admin/builder/spi-builder-workspace/.derivedData/ModuleCache.noindex/Session.modulevalidation -Xcc -fmodules-prune-interval\=86400 -Xcc -fmodules-prune-after\=345600 -package-name swift_argument_parser -emit-const-values -const-gather-protocols-list /Users/admin/builder/spi-builder-workspace/.derivedData/Build/Intermediates.noindex/swift-argument-parser.build/Debug/ArgumentParser-t.build/Objects-normal/arm64/ArgumentParser_const_extract_protocols.json -Xcc -I/Users/admin/builder/spi-builder-workspace/.derivedData/Build/Products/Debug/include -Xcc -I/Users/admin/builder/spi-builder-workspace/.derivedData/Build/Intermediates.noindex/swift-argument-parser.build/Debug/ArgumentParser-t.build/DerivedSources-normal/arm64 -Xcc -I/Users/admin/builder/spi-builder-workspace/.derivedData/Build/Intermediates.noindex/swift-argument-parser.build/Debug/ArgumentParser-t.build/DerivedSources/arm64 -Xcc -I/Users/admin/builder/spi-builder-workspace/.derivedData/Build/Intermediates.noindex/swift-argument-parser.build/Debug/ArgumentParser-t.build/DerivedSources -Xcc -DSWIFT_PACKAGE -Xcc -DDEBUG\=1 -emit-objc-header -emit-objc-header-path /Users/admin/builder/spi-builder-workspace/.derivedData/Build/Intermediates.noindex/swift-argument-parser.build/Debug/ArgumentParser-t.build/Objects-normal/arm64/ArgumentParser-Swift.h -working-directory /Users/admin/builder/spi-builder-workspace/.swiftpm/xcode -experimental-emit-module-separately -disable-cmo
SwiftDriver Subprocess normal arm64 com.apple.xcode.tools.swift.compiler (in target 'Subprocess' from project 'swift-subprocess')
cd /Users/admin/builder/spi-builder-workspace/.swiftpm/xcode
builtin-SwiftDriver -- /Applications/Xcode-27.0.0-Release.Candidate.app/Contents/Developer/Toolchains/XcodeDefault.xctoolchain/usr/bin/swiftc -parse-as-library -module-name Subprocess -Onone @/Users/admin/builder/spi-builder-workspace/.derivedData/Build/Intermediates.noindex/swift-subprocess.build/Debug/Subprocess-t.build/Objects-normal/arm64/Subprocess.SwiftFileList -DSWIFT_PACKAGE -DDEBUG -DSWIFT_MODULE_RESOURCE_BUNDLE_UNAVAILABLE -DSubprocessFoundation -DSUBPROCESS_ASYNCIO_KQUEUE -Xcc -fmodule-map-file\=/Users/admin/builder/spi-builder-workspace/.dependencies/checkouts/swift-system/Sources/CSystem/include/module.modulemap -Xcc -fmodule-map-file\=/Users/admin/builder/spi-builder-workspace/.dependencies/checkouts/swift-subprocess/Sources/_SubprocessCShims/include/module.modulemap -DXcode -enable-experimental-feature StrictConcurrency -enable-experimental-feature Lifetimes -enable-upcoming-feature NonisolatedNonsendingByDefault -enable-upcoming-feature ExistentialAny -enable-upcoming-feature MemberImportVisibility -enable-upcoming-feature InternalImportsByDefault -plugin-path /Applications/Xcode-27.0.0-Release.Candidate.app/Contents/Developer/Toolchains/XcodeDefault.xctoolchain/usr/lib/swift/host/plugins/testing -enable-experimental-feature DebugDescriptionMacro -sdk /Applications/Xcode-27.0.0-Release.Candidate.app/Contents/Developer/Platforms/MacOSX.platform/Developer/SDKs/MacOSX27.0.sdk -target arm64-apple-macos13.0 -g -module-cache-path /Users/admin/builder/spi-builder-workspace/.derivedData/ModuleCache.noindex -Xfrontend -serialize-debugging-options -profile-coverage-mapping -profile-generate -enable-testing -suppress-warnings -index-store-path /Users/admin/builder/spi-builder-workspace/.derivedData/Index.noindex/DataStore -Xcc -D_LIBCPP_HARDENING_MODE\=_LIBCPP_HARDENING_MODE_DEBUG -swift-version 6 -I /Users/admin/builder/spi-builder-workspace/.derivedData/Build/Products/Debug -Isystem /Applications/Xcode-27.0.0-Release.Candidate.app/Contents/Developer/Platforms/MacOSX.platform/Developer/usr/lib -F /Users/admin/builder/spi-builder-workspace/.derivedData/Build/Products/Debug/PackageFrameworks -F /Users/admin/builder/spi-builder-workspace/.derivedData/Build/Products/Debug -F /Applications/Xcode-27.0.0-Release.Candidate.app/Contents/Developer/Platforms/MacOSX.platform/Developer/Library/Frameworks -c -j10 -enable-batch-mode -incremental -Xcc -ivfsstatcache -Xcc /Users/admin/builder/spi-builder-workspace/.derivedData/SDKStatCaches.noindex/macosx27.0-26A425-e829b21a6f8c9b70876ba0858053c0446a22442a12e9d48fe1a705f55a1adfc4.sdkstatcache -output-file-map /Users/admin/builder/spi-builder-workspace/.derivedData/Build/Intermediates.noindex/swift-subprocess.build/Debug/Subprocess-t.build/Objects-normal/arm64/Subprocess-OutputFileMap.json -save-temps -no-color-diagnostics -explicit-module-build -module-cache-path /Users/admin/builder/spi-builder-workspace/.derivedData/Build/Intermediates.noindex/SwiftExplicitPrecompiledModules -clang-scanner-module-cache-path /Users/admin/builder/spi-builder-workspace/.derivedData/ModuleCache.noindex -sdk-module-cache-path /Users/admin/builder/spi-builder-workspace/.derivedData/SDKExplicitPrecompiledModules -emit-dependencies -emit-module -emit-module-path /Users/admin/builder/spi-builder-workspace/.derivedData/Build/Intermediates.noindex/swift-subprocess.build/Debug/Subprocess-t.build/Objects-normal/arm64/Subprocess.swiftmodule -serialize-diagnostics -dependency-scan-serialize-diagnostics-path /Users/admin/builder/spi-builder-workspace/.derivedData/Build/Intermediates.noindex/swift-subprocess.build/Debug/Subprocess-t.build/Objects-normal/arm64/Subprocess-dependency-scan.dia -validate-clang-modules-once -clang-build-session-file /Users/admin/builder/spi-builder-workspace/.derivedData/ModuleCache.noindex/Session.modulevalidation -Xcc -fmodules-prune-interval\=86400 -Xcc -fmodules-prune-after\=345600 -package-name swift_subprocess -emit-const-values -const-gather-protocols-list /Users/admin/builder/spi-builder-workspace/.derivedData/Build/Intermediates.noindex/swift-subprocess.build/Debug/Subprocess-t.build/Objects-normal/arm64/Subprocess_const_extract_protocols.json -Xcc -I/Users/admin/builder/spi-builder-workspace/.dependencies/checkouts/swift-system/Sources/CSystem/include -Xcc -I/Users/admin/builder/spi-builder-workspace/.dependencies/checkouts/swift-subprocess/Sources/_SubprocessCShims/include -Xcc -I/Users/admin/builder/spi-builder-workspace/.derivedData/Build/Products/Debug/include -Xcc -I/Users/admin/builder/spi-builder-workspace/.derivedData/Build/Intermediates.noindex/swift-subprocess.build/Debug/Subprocess-t.build/DerivedSources-normal/arm64 -Xcc -I/Users/admin/builder/spi-builder-workspace/.derivedData/Build/Intermediates.noindex/swift-subprocess.build/Debug/Subprocess-t.build/DerivedSources/arm64 -Xcc -I/Users/admin/builder/spi-builder-workspace/.derivedData/Build/Intermediates.noindex/swift-subprocess.build/Debug/Subprocess-t.build/DerivedSources -Xcc -DSWIFT_PACKAGE -Xcc -DDEBUG\=1 -emit-objc-header -emit-objc-header-path /Users/admin/builder/spi-builder-workspace/.derivedData/Build/Intermediates.noindex/swift-subprocess.build/Debug/Subprocess-t.build/Objects-normal/arm64/Subprocess-Swift.h -working-directory /Users/admin/builder/spi-builder-workspace/.swiftpm/xcode -experimental-emit-module-separately -disable-cmo
SwiftDriver\ Compilation Subprocess normal arm64 com.apple.xcode.tools.swift.compiler (in target 'Subprocess' from project 'swift-subprocess')
cd /Users/admin/builder/spi-builder-workspace/.swiftpm/xcode
builtin-Swift-Compilation -- /Applications/Xcode-27.0.0-Release.Candidate.app/Contents/Developer/Toolchains/XcodeDefault.xctoolchain/usr/bin/swiftc -parse-as-library -module-name Subprocess -Onone @/Users/admin/builder/spi-builder-workspace/.derivedData/Build/Intermediates.noindex/swift-subprocess.build/Debug/Subprocess-t.build/Objects-normal/arm64/Subprocess.SwiftFileList -DSWIFT_PACKAGE -DDEBUG -DSWIFT_MODULE_RESOURCE_BUNDLE_UNAVAILABLE -DSubprocessFoundation -DSUBPROCESS_ASYNCIO_KQUEUE -Xcc -fmodule-map-file\=/Users/admin/builder/spi-builder-workspace/.dependencies/checkouts/swift-system/Sources/CSystem/include/module.modulemap -Xcc -fmodule-map-file\=/Users/admin/builder/spi-builder-workspace/.dependencies/checkouts/swift-subprocess/Sources/_SubprocessCShims/include/module.modulemap -DXcode -enable-experimental-feature StrictConcurrency -enable-experimental-feature Lifetimes -enable-upcoming-feature NonisolatedNonsendingByDefault -enable-upcoming-feature ExistentialAny -enable-upcoming-feature MemberImportVisibility -enable-upcoming-feature InternalImportsByDefault -plugin-path /Applications/Xcode-27.0.0-Release.Candidate.app/Contents/Developer/Toolchains/XcodeDefault.xctoolchain/usr/lib/swift/host/plugins/testing -enable-experimental-feature DebugDescriptionMacro -sdk /Applications/Xcode-27.0.0-Release.Candidate.app/Contents/Developer/Platforms/MacOSX.platform/Developer/SDKs/MacOSX27.0.sdk -target arm64-apple-macos13.0 -g -module-cache-path /Users/admin/builder/spi-builder-workspace/.derivedData/ModuleCache.noindex -Xfrontend -serialize-debugging-options -profile-coverage-mapping -profile-generate -enable-testing -suppress-warnings -index-store-path /Users/admin/builder/spi-builder-workspace/.derivedData/Index.noindex/DataStore -Xcc -D_LIBCPP_HARDENING_MODE\=_LIBCPP_HARDENING_MODE_DEBUG -swift-version 6 -I /Users/admin/builder/spi-builder-workspace/.derivedData/Build/Products/Debug -Isystem /Applications/Xcode-27.0.0-Release.Candidate.app/Contents/Developer/Platforms/MacOSX.platform/Developer/usr/lib -F /Users/admin/builder/spi-builder-workspace/.derivedData/Build/Products/Debug/PackageFrameworks -F /Users/admin/builder/spi-builder-workspace/.derivedData/Build/Products/Debug -F /Applications/Xcode-27.0.0-Release.Candidate.app/Contents/Developer/Platforms/MacOSX.platform/Developer/Library/Frameworks -c -j10 -enable-batch-mode -incremental -Xcc -ivfsstatcache -Xcc /Users/admin/builder/spi-builder-workspace/.derivedData/SDKStatCaches.noindex/macosx27.0-26A425-e829b21a6f8c9b70876ba0858053c0446a22442a12e9d48fe1a705f55a1adfc4.sdkstatcache -output-file-map /Users/admin/builder/spi-builder-workspace/.derivedData/Build/Intermediates.noindex/swift-subprocess.build/Debug/Subprocess-t.build/Objects-normal/arm64/Subprocess-OutputFileMap.json -save-temps -no-color-diagnostics -explicit-module-build -module-cache-path /Users/admin/builder/spi-builder-workspace/.derivedData/Build/Intermediates.noindex/SwiftExplicitPrecompiledModules -clang-scanner-module-cache-path /Users/admin/builder/spi-builder-workspace/.derivedData/ModuleCache.noindex -sdk-module-cache-path /Users/admin/builder/spi-builder-workspace/.derivedData/SDKExplicitPrecompiledModules -emit-dependencies -emit-module -emit-module-path /Users/admin/builder/spi-builder-workspace/.derivedData/Build/Intermediates.noindex/swift-subprocess.build/Debug/Subprocess-t.build/Objects-normal/arm64/Subprocess.swiftmodule -serialize-diagnostics -dependency-scan-serialize-diagnostics-path /Users/admin/builder/spi-builder-workspace/.derivedData/Build/Intermediates.noindex/swift-subprocess.build/Debug/Subprocess-t.build/Objects-normal/arm64/Subprocess-dependency-scan.dia -validate-clang-modules-once -clang-build-session-file /Users/admin/builder/spi-builder-workspace/.derivedData/ModuleCache.noindex/Session.modulevalidation -Xcc -fmodules-prune-interval\=86400 -Xcc -fmodules-prune-after\=345600 -package-name swift_subprocess -emit-const-values -const-gather-protocols-list /Users/admin/builder/spi-builder-workspace/.derivedData/Build/Intermediates.noindex/swift-subprocess.build/Debug/Subprocess-t.build/Objects-normal/arm64/Subprocess_const_extract_protocols.json -Xcc -I/Users/admin/builder/spi-builder-workspace/.dependencies/checkouts/swift-system/Sources/CSystem/include -Xcc -I/Users/admin/builder/spi-builder-workspace/.dependencies/checkouts/swift-subprocess/Sources/_SubprocessCShims/include -Xcc -I/Users/admin/builder/spi-builder-workspace/.derivedData/Build/Products/Debug/include -Xcc -I/Users/admin/builder/spi-builder-workspace/.derivedData/Build/Intermediates.noindex/swift-subprocess.build/Debug/Subprocess-t.build/DerivedSources-normal/arm64 -Xcc -I/Users/admin/builder/spi-builder-workspace/.derivedData/Build/Intermediates.noindex/swift-subprocess.build/Debug/Subprocess-t.build/DerivedSources/arm64 -Xcc -I/Users/admin/builder/spi-builder-workspace/.derivedData/Build/Intermediates.noindex/swift-subprocess.build/Debug/Subprocess-t.build/DerivedSources -Xcc -DSWIFT_PACKAGE -Xcc -DDEBUG\=1 -emit-objc-header -emit-objc-header-path /Users/admin/builder/spi-builder-workspace/.derivedData/Build/Intermediates.noindex/swift-subprocess.build/Debug/Subprocess-t.build/Objects-normal/arm64/Subprocess-Swift.h -working-directory /Users/admin/builder/spi-builder-workspace/.swiftpm/xcode -experimental-emit-module-separately -disable-cmo
Ld /Users/admin/builder/spi-builder-workspace/.derivedData/Build/Products/Debug/Subprocess.o normal (in target 'Subprocess' from project 'swift-subprocess')
cd /Users/admin/builder/spi-builder-workspace/.dependencies/checkouts/swift-subprocess
/Applications/Xcode-27.0.0-Release.Candidate.app/Contents/Developer/Toolchains/XcodeDefault.xctoolchain/usr/bin/clang -Xlinker -reproducible -target arm64-apple-macos13.0 -r -isysroot /Applications/Xcode-27.0.0-Release.Candidate.app/Contents/Developer/Platforms/MacOSX.platform/Developer/SDKs/MacOSX27.0.sdk -O0 -w -Xlinker -no_warn_duplicate_libraries -F/Users/admin/builder/spi-builder-workspace/.derivedData/Build/Intermediates.noindex/EagerLinkingTBDs/Debug -F/Users/admin/builder/spi-builder-workspace/.derivedData/Build/Products/Debug/PackageFrameworks -F/Users/admin/builder/spi-builder-workspace/.derivedData/Build/Products/Debug -iframework /Applications/Xcode-27.0.0-Release.Candidate.app/Contents/Developer/Platforms/MacOSX.platform/Developer/Library/Frameworks -filelist /Users/admin/builder/spi-builder-workspace/.derivedData/Build/Intermediates.noindex/swift-subprocess.build/Debug/Subprocess-t.build/Objects-normal/arm64/Subprocess.LinkFileList -nostdlib -Xlinker -object_path_lto -Xlinker /Users/admin/builder/spi-builder-workspace/.derivedData/Build/Intermediates.noindex/swift-subprocess.build/Debug/Subprocess-t.build/Objects-normal/arm64/Subprocess_lto.o -Xlinker -no_deduplicate -Xlinker -debug_variant -Xlinker -dependency_info -Xlinker /Users/admin/builder/spi-builder-workspace/.derivedData/Build/Intermediates.noindex/swift-subprocess.build/Debug/Subprocess-t.build/Objects-normal/arm64/Subprocess_dependency_info.dat -fobjc-link-runtime -L/Applications/Xcode-27.0.0-Release.Candidate.app/Contents/Developer/Toolchains/XcodeDefault.xctoolchain/usr/lib/swift/macosx -L/usr/lib/swift -Xlinker -add_ast_path -Xlinker /Users/admin/builder/spi-builder-workspace/.derivedData/Build/Intermediates.noindex/swift-subprocess.build/Debug/Subprocess-t.build/Objects-normal/arm64/Subprocess.swiftmodule -o /Users/admin/builder/spi-builder-workspace/.derivedData/Build/Products/Debug/Subprocess.o
SwiftDriver\ Compilation ArgumentParser normal arm64 com.apple.xcode.tools.swift.compiler (in target 'ArgumentParser' from project 'swift-argument-parser')
cd /Users/admin/builder/spi-builder-workspace/.swiftpm/xcode
builtin-Swift-Compilation -- /Applications/Xcode-27.0.0-Release.Candidate.app/Contents/Developer/Toolchains/XcodeDefault.xctoolchain/usr/bin/swiftc -parse-as-library -module-name ArgumentParser -Onone @/Users/admin/builder/spi-builder-workspace/.derivedData/Build/Intermediates.noindex/swift-argument-parser.build/Debug/ArgumentParser-t.build/Objects-normal/arm64/ArgumentParser.SwiftFileList -DSWIFT_PACKAGE -DDEBUG -DSWIFT_MODULE_RESOURCE_BUNDLE_UNAVAILABLE -DXcode -plugin-path /Applications/Xcode-27.0.0-Release.Candidate.app/Contents/Developer/Toolchains/XcodeDefault.xctoolchain/usr/lib/swift/host/plugins/testing -enable-experimental-feature DebugDescriptionMacro -sdk /Applications/Xcode-27.0.0-Release.Candidate.app/Contents/Developer/Platforms/MacOSX.platform/Developer/SDKs/MacOSX27.0.sdk -target arm64-apple-macos12.0 -g -module-cache-path /Users/admin/builder/spi-builder-workspace/.derivedData/ModuleCache.noindex -Xfrontend -serialize-debugging-options -profile-coverage-mapping -profile-generate -enable-testing -suppress-warnings -index-store-path /Users/admin/builder/spi-builder-workspace/.derivedData/Index.noindex/DataStore -Xcc -D_LIBCPP_HARDENING_MODE\=_LIBCPP_HARDENING_MODE_DEBUG -swift-version 6 -I /Users/admin/builder/spi-builder-workspace/.derivedData/Build/Products/Debug -Isystem /Applications/Xcode-27.0.0-Release.Candidate.app/Contents/Developer/Platforms/MacOSX.platform/Developer/usr/lib -F /Users/admin/builder/spi-builder-workspace/.derivedData/Build/Products/Debug/PackageFrameworks -F /Users/admin/builder/spi-builder-workspace/.derivedData/Build/Products/Debug -F /Applications/Xcode-27.0.0-Release.Candidate.app/Contents/Developer/Platforms/MacOSX.platform/Developer/Library/Frameworks -c -j10 -enable-batch-mode -incremental -Xcc -ivfsstatcache -Xcc /Users/admin/builder/spi-builder-workspace/.derivedData/SDKStatCaches.noindex/macosx27.0-26A425-e829b21a6f8c9b70876ba0858053c0446a22442a12e9d48fe1a705f55a1adfc4.sdkstatcache -output-file-map /Users/admin/builder/spi-builder-workspace/.derivedData/Build/Intermediates.noindex/swift-argument-parser.build/Debug/ArgumentParser-t.build/Objects-normal/arm64/ArgumentParser-OutputFileMap.json -save-temps -no-color-diagnostics -explicit-module-build -module-cache-path /Users/admin/builder/spi-builder-workspace/.derivedData/Build/Intermediates.noindex/SwiftExplicitPrecompiledModules -clang-scanner-module-cache-path /Users/admin/builder/spi-builder-workspace/.derivedData/ModuleCache.noindex -sdk-module-cache-path /Users/admin/builder/spi-builder-workspace/.derivedData/SDKExplicitPrecompiledModules -emit-dependencies -emit-module -emit-module-path /Users/admin/builder/spi-builder-workspace/.derivedData/Build/Intermediates.noindex/swift-argument-parser.build/Debug/ArgumentParser-t.build/Objects-normal/arm64/ArgumentParser.swiftmodule -serialize-diagnostics -dependency-scan-serialize-diagnostics-path /Users/admin/builder/spi-builder-workspace/.derivedData/Build/Intermediates.noindex/swift-argument-parser.build/Debug/ArgumentParser-t.build/Objects-normal/arm64/ArgumentParser-dependency-scan.dia -user-module-version 1.8.2 -validate-clang-modules-once -clang-build-session-file /Users/admin/builder/spi-builder-workspace/.derivedData/ModuleCache.noindex/Session.modulevalidation -Xcc -fmodules-prune-interval\=86400 -Xcc -fmodules-prune-after\=345600 -package-name swift_argument_parser -emit-const-values -const-gather-protocols-list /Users/admin/builder/spi-builder-workspace/.derivedData/Build/Intermediates.noindex/swift-argument-parser.build/Debug/ArgumentParser-t.build/Objects-normal/arm64/ArgumentParser_const_extract_protocols.json -Xcc -I/Users/admin/builder/spi-builder-workspace/.derivedData/Build/Products/Debug/include -Xcc -I/Users/admin/builder/spi-builder-workspace/.derivedData/Build/Intermediates.noindex/swift-argument-parser.build/Debug/ArgumentParser-t.build/DerivedSources-normal/arm64 -Xcc -I/Users/admin/builder/spi-builder-workspace/.derivedData/Build/Intermediates.noindex/swift-argument-parser.build/Debug/ArgumentParser-t.build/DerivedSources/arm64 -Xcc -I/Users/admin/builder/spi-builder-workspace/.derivedData/Build/Intermediates.noindex/swift-argument-parser.build/Debug/ArgumentParser-t.build/DerivedSources -Xcc -DSWIFT_PACKAGE -Xcc -DDEBUG\=1 -emit-objc-header -emit-objc-header-path /Users/admin/builder/spi-builder-workspace/.derivedData/Build/Intermediates.noindex/swift-argument-parser.build/Debug/ArgumentParser-t.build/Objects-normal/arm64/ArgumentParser-Swift.h -working-directory /Users/admin/builder/spi-builder-workspace/.swiftpm/xcode -experimental-emit-module-separately -disable-cmo
Ld /Users/admin/builder/spi-builder-workspace/.derivedData/Build/Products/Debug/ArgumentParser.o normal (in target 'ArgumentParser' from project 'swift-argument-parser')
cd /Users/admin/builder/spi-builder-workspace/.dependencies/checkouts/swift-argument-parser
/Applications/Xcode-27.0.0-Release.Candidate.app/Contents/Developer/Toolchains/XcodeDefault.xctoolchain/usr/bin/clang -Xlinker -reproducible -target arm64-apple-macos12.0 -r -isysroot /Applications/Xcode-27.0.0-Release.Candidate.app/Contents/Developer/Platforms/MacOSX.platform/Developer/SDKs/MacOSX27.0.sdk -O0 -w -Xlinker -no_warn_duplicate_libraries -F/Users/admin/builder/spi-builder-workspace/.derivedData/Build/Intermediates.noindex/EagerLinkingTBDs/Debug -F/Users/admin/builder/spi-builder-workspace/.derivedData/Build/Products/Debug/PackageFrameworks -F/Users/admin/builder/spi-builder-workspace/.derivedData/Build/Products/Debug -iframework /Applications/Xcode-27.0.0-Release.Candidate.app/Contents/Developer/Platforms/MacOSX.platform/Developer/Library/Frameworks -filelist /Users/admin/builder/spi-builder-workspace/.derivedData/Build/Intermediates.noindex/swift-argument-parser.build/Debug/ArgumentParser-t.build/Objects-normal/arm64/ArgumentParser.LinkFileList -nostdlib -Xlinker -object_path_lto -Xlinker /Users/admin/builder/spi-builder-workspace/.derivedData/Build/Intermediates.noindex/swift-argument-parser.build/Debug/ArgumentParser-t.build/Objects-normal/arm64/ArgumentParser_lto.o -Xlinker -no_deduplicate -Xlinker -debug_variant -Xlinker -dependency_info -Xlinker /Users/admin/builder/spi-builder-workspace/.derivedData/Build/Intermediates.noindex/swift-argument-parser.build/Debug/ArgumentParser-t.build/Objects-normal/arm64/ArgumentParser_dependency_info.dat -fobjc-link-runtime -L/Applications/Xcode-27.0.0-Release.Candidate.app/Contents/Developer/Toolchains/XcodeDefault.xctoolchain/usr/lib/swift/macosx -L/usr/lib/swift -Xlinker -add_ast_path -Xlinker /Users/admin/builder/spi-builder-workspace/.derivedData/Build/Intermediates.noindex/swift-argument-parser.build/Debug/ArgumentParser-t.build/Objects-normal/arm64/ArgumentParser.swiftmodule -o /Users/admin/builder/spi-builder-workspace/.derivedData/Build/Products/Debug/ArgumentParser.o
SwiftCompile normal arm64 Compiling\ File\ Name\ Mangle.swift,\ Hashing.swift,\ Name\ Mangling.swift,\ Module.swift,\ BigInt\ -\ Bitwise.swift,\ BigInt\ -\ Comparison.swift,\ BigInt\ -\ Conversion\ &\ Literal.swift,\ BigInt\ -\ Math\ Add\ &\ Sub.swift,\ BigInt\ -\ Math\ Mul\ &\ Div.swift,\ BigInt.swift /Users/admin/builder/spi-builder-workspace/Sources/Shimmers/Mangle/File\ Name\ Mangle.swift /Users/admin/builder/spi-builder-workspace/Sources/Shimmers/Mangle/Hashing.swift /Users/admin/builder/spi-builder-workspace/Sources/Shimmers/Mangle/Name\ Mangling.swift /Users/admin/builder/spi-builder-workspace/Sources/Shimmers/Module.swift /Users/admin/builder/spi-builder-workspace/Sources/Shimmers/Runtime\ Support/BigInt/BigInt\ -\ Bitwise.swift /Users/admin/builder/spi-builder-workspace/Sources/Shimmers/Runtime\ Support/BigInt/BigInt\ -\ Comparison.swift /Users/admin/builder/spi-builder-workspace/Sources/Shimmers/Runtime\ Support/BigInt/BigInt\ -\ Conversion\ &\ Literal.swift /Users/admin/builder/spi-builder-workspace/Sources/Shimmers/Runtime\ Support/BigInt/BigInt\ -\ Math\ Add\ &\ Sub.swift /Users/admin/builder/spi-builder-workspace/Sources/Shimmers/Runtime\ Support/BigInt/BigInt\ -\ Math\ Mul\ &\ Div.swift /Users/admin/builder/spi-builder-workspace/Sources/Shimmers/Runtime\ Support/BigInt/BigInt.swift (in target 'Shimmers' from project 'shimmers-hdl')
SwiftCompile normal arm64 /Users/admin/builder/spi-builder-workspace/Sources/Shimmers/Mangle/File\ Name\ Mangle.swift (in target 'Shimmers' from project 'shimmers-hdl')
cd /Users/admin/builder/spi-builder-workspace/.swiftpm/xcode
builtin-SwiftPerFileCompile File\ Name\ Mangle.swift
SwiftCompile normal arm64 /Users/admin/builder/spi-builder-workspace/Sources/Shimmers/Mangle/Hashing.swift (in target 'Shimmers' from project 'shimmers-hdl')
cd /Users/admin/builder/spi-builder-workspace/.swiftpm/xcode
builtin-SwiftPerFileCompile Hashing.swift
SwiftCompile normal arm64 /Users/admin/builder/spi-builder-workspace/Sources/Shimmers/Mangle/Name\ Mangling.swift (in target 'Shimmers' from project 'shimmers-hdl')
cd /Users/admin/builder/spi-builder-workspace/.swiftpm/xcode
builtin-SwiftPerFileCompile Name\ Mangling.swift
SwiftCompile normal arm64 /Users/admin/builder/spi-builder-workspace/Sources/Shimmers/Module.swift (in target 'Shimmers' from project 'shimmers-hdl')
cd /Users/admin/builder/spi-builder-workspace/.swiftpm/xcode
builtin-SwiftPerFileCompile Module.swift
SwiftCompile normal arm64 /Users/admin/builder/spi-builder-workspace/Sources/Shimmers/Runtime\ Support/BigInt/BigInt\ -\ Bitwise.swift (in target 'Shimmers' from project 'shimmers-hdl')
cd /Users/admin/builder/spi-builder-workspace/.swiftpm/xcode
builtin-SwiftPerFileCompile BigInt\ -\ Bitwise.swift
SwiftCompile normal arm64 /Users/admin/builder/spi-builder-workspace/Sources/Shimmers/Runtime\ Support/BigInt/BigInt\ -\ Comparison.swift (in target 'Shimmers' from project 'shimmers-hdl')
cd /Users/admin/builder/spi-builder-workspace/.swiftpm/xcode
builtin-SwiftPerFileCompile BigInt\ -\ Comparison.swift
SwiftCompile normal arm64 /Users/admin/builder/spi-builder-workspace/Sources/Shimmers/Runtime\ Support/BigInt/BigInt\ -\ Conversion\ &\ Literal.swift (in target 'Shimmers' from project 'shimmers-hdl')
cd /Users/admin/builder/spi-builder-workspace/.swiftpm/xcode
builtin-SwiftPerFileCompile BigInt\ -\ Conversion\ \&\ Literal.swift
SwiftCompile normal arm64 /Users/admin/builder/spi-builder-workspace/Sources/Shimmers/Runtime\ Support/BigInt/BigInt\ -\ Math\ Add\ &\ Sub.swift (in target 'Shimmers' from project 'shimmers-hdl')
cd /Users/admin/builder/spi-builder-workspace/.swiftpm/xcode
builtin-SwiftPerFileCompile BigInt\ -\ Math\ Add\ \&\ Sub.swift
SwiftCompile normal arm64 /Users/admin/builder/spi-builder-workspace/Sources/Shimmers/Runtime\ Support/BigInt/BigInt\ -\ Math\ Mul\ &\ Div.swift (in target 'Shimmers' from project 'shimmers-hdl')
cd /Users/admin/builder/spi-builder-workspace/.swiftpm/xcode
builtin-SwiftPerFileCompile BigInt\ -\ Math\ Mul\ \&\ Div.swift
SwiftCompile normal arm64 /Users/admin/builder/spi-builder-workspace/Sources/Shimmers/Runtime\ Support/BigInt/BigInt.swift (in target 'Shimmers' from project 'shimmers-hdl')
cd /Users/admin/builder/spi-builder-workspace/.swiftpm/xcode
builtin-SwiftPerFileCompile BigInt.swift
SwiftCompile normal arm64 Compiling\ Bool.swift,\ Enum\ Runtime\ Support.swift,\ IndexingItr.swift,\ InlineArray.swift,\ IntN\ -\ Operations.swift,\ IntN.swift,\ Standard\ Integer\ Runtime.swift,\ UIntN\ -\ Operations.swift,\ UIntN.swift,\ Optional.swift /Users/admin/builder/spi-builder-workspace/Sources/Shimmers/Runtime/Bool.swift /Users/admin/builder/spi-builder-workspace/Sources/Shimmers/Runtime/Enum\ Runtime\ Support.swift /Users/admin/builder/spi-builder-workspace/Sources/Shimmers/Runtime/IndexingItr.swift /Users/admin/builder/spi-builder-workspace/Sources/Shimmers/Runtime/InlineArray.swift /Users/admin/builder/spi-builder-workspace/Sources/Shimmers/Runtime/Integers/IntN\ -\ Operations.swift /Users/admin/builder/spi-builder-workspace/Sources/Shimmers/Runtime/Integers/IntN.swift /Users/admin/builder/spi-builder-workspace/Sources/Shimmers/Runtime/Integers/Standard\ Integer\ Runtime.swift /Users/admin/builder/spi-builder-workspace/Sources/Shimmers/Runtime/Integers/UIntN\ -\ Operations.swift /Users/admin/builder/spi-builder-workspace/Sources/Shimmers/Runtime/Integers/UIntN.swift /Users/admin/builder/spi-builder-workspace/Sources/Shimmers/Runtime/Optional.swift (in target 'Shimmers' from project 'shimmers-hdl')
SwiftCompile normal arm64 /Users/admin/builder/spi-builder-workspace/Sources/Shimmers/Runtime/Bool.swift (in target 'Shimmers' from project 'shimmers-hdl')
cd /Users/admin/builder/spi-builder-workspace/.swiftpm/xcode
builtin-SwiftPerFileCompile Bool.swift
SwiftCompile normal arm64 /Users/admin/builder/spi-builder-workspace/Sources/Shimmers/Runtime/Enum\ Runtime\ Support.swift (in target 'Shimmers' from project 'shimmers-hdl')
cd /Users/admin/builder/spi-builder-workspace/.swiftpm/xcode
builtin-SwiftPerFileCompile Enum\ Runtime\ Support.swift
SwiftCompile normal arm64 /Users/admin/builder/spi-builder-workspace/Sources/Shimmers/Runtime/IndexingItr.swift (in target 'Shimmers' from project 'shimmers-hdl')
cd /Users/admin/builder/spi-builder-workspace/.swiftpm/xcode
builtin-SwiftPerFileCompile IndexingItr.swift
SwiftCompile normal arm64 /Users/admin/builder/spi-builder-workspace/Sources/Shimmers/Runtime/InlineArray.swift (in target 'Shimmers' from project 'shimmers-hdl')
cd /Users/admin/builder/spi-builder-workspace/.swiftpm/xcode
builtin-SwiftPerFileCompile InlineArray.swift
SwiftCompile normal arm64 /Users/admin/builder/spi-builder-workspace/Sources/Shimmers/Runtime/Integers/IntN\ -\ Operations.swift (in target 'Shimmers' from project 'shimmers-hdl')
cd /Users/admin/builder/spi-builder-workspace/.swiftpm/xcode
builtin-SwiftPerFileCompile IntN\ -\ Operations.swift
SwiftCompile normal arm64 /Users/admin/builder/spi-builder-workspace/Sources/Shimmers/Runtime/Integers/IntN.swift (in target 'Shimmers' from project 'shimmers-hdl')
cd /Users/admin/builder/spi-builder-workspace/.swiftpm/xcode
builtin-SwiftPerFileCompile IntN.swift
SwiftCompile normal arm64 /Users/admin/builder/spi-builder-workspace/Sources/Shimmers/Runtime/Integers/Standard\ Integer\ Runtime.swift (in target 'Shimmers' from project 'shimmers-hdl')
cd /Users/admin/builder/spi-builder-workspace/.swiftpm/xcode
builtin-SwiftPerFileCompile Standard\ Integer\ Runtime.swift
SwiftCompile normal arm64 /Users/admin/builder/spi-builder-workspace/Sources/Shimmers/Runtime/Integers/UIntN\ -\ Operations.swift (in target 'Shimmers' from project 'shimmers-hdl')
cd /Users/admin/builder/spi-builder-workspace/.swiftpm/xcode
builtin-SwiftPerFileCompile UIntN\ -\ Operations.swift
SwiftCompile normal arm64 /Users/admin/builder/spi-builder-workspace/Sources/Shimmers/Runtime/Integers/UIntN.swift (in target 'Shimmers' from project 'shimmers-hdl')
cd /Users/admin/builder/spi-builder-workspace/.swiftpm/xcode
builtin-SwiftPerFileCompile UIntN.swift
SwiftCompile normal arm64 /Users/admin/builder/spi-builder-workspace/Sources/Shimmers/Runtime/Optional.swift (in target 'Shimmers' from project 'shimmers-hdl')
cd /Users/admin/builder/spi-builder-workspace/.swiftpm/xcode
builtin-SwiftPerFileCompile Optional.swift
SwiftCompile normal arm64 Compiling\ Scope\ -\ Building\ Gates.swift,\ Scope\ -\ Building\ Ports.swift,\ Scope\ -\ Condition.swift,\ Scope\ -\ Debugging.swift,\ Scope\ -\ Module\ Inst.swift,\ Scope\ -\ Prove\ Assert.swift,\ Scope\ -\ Prove\ Assume.swift,\ Scope\ -\ Prove\ Loop.swift,\ Scope.swift,\ Local.swift /Users/admin/builder/spi-builder-workspace/Sources/Shimmers/Scope/Scope\ -\ Building\ Gates.swift /Users/admin/builder/spi-builder-workspace/Sources/Shimmers/Scope/Scope\ -\ Building\ Ports.swift /Users/admin/builder/spi-builder-workspace/Sources/Shimmers/Scope/Scope\ -\ Condition.swift /Users/admin/builder/spi-builder-workspace/Sources/Shimmers/Scope/Scope\ -\ Debugging.swift /Users/admin/builder/spi-builder-workspace/Sources/Shimmers/Scope/Scope\ -\ Module\ Inst.swift /Users/admin/builder/spi-builder-workspace/Sources/Shimmers/Scope/Scope\ -\ Prove\ Assert.swift /Users/admin/builder/spi-builder-workspace/Sources/Shimmers/Scope/Scope\ -\ Prove\ Assume.swift /Users/admin/builder/spi-builder-workspace/Sources/Shimmers/Scope/Scope\ -\ Prove\ Loop.swift /Users/admin/builder/spi-builder-workspace/Sources/Shimmers/Scope/Scope.swift /Users/admin/builder/spi-builder-workspace/Sources/Shimmers/Var\ Tracking/Local.swift (in target 'Shimmers' from project 'shimmers-hdl')
/Users/admin/builder/spi-builder-workspace/Sources/Shimmers/Scope/Scope.swift:70:31: error: 'async' call in a function that does not support concurrency
58 | internal let moduleNamePrefix: String
59 |
60 | init(name: String, with options: SynthOptions) {
| `- note: add 'async' to function 'init(name:with:)' to make it asynchronous
61 | self.name = name
62 | self.moduleNamePrefix = options.moduleNamePrefix
:
68 | case .inferFromPath:
69 | let exec = Executable.name("kissat")
70 | kissatPath = try? exec.resolveExecutablePath(in: .inherit)
| `- error: 'async' call in a function that does not support concurrency
71 | case .custom(let path):
72 | kissatPath = FilePath(path)
Failed frontend command:
/Applications/Xcode-27.0.0-Release.Candidate.app/Contents/Developer/Toolchains/XcodeDefault.xctoolchain/usr/bin/swift-frontend -frontend -c /Users/admin/builder/spi-builder-workspace/Sources/Shimmers/CNF\ Builder/CNF\ Builder.swift /Users/admin/builder/spi-builder-workspace/Sources/Shimmers/Driver.swift /Users/admin/builder/spi-builder-workspace/Sources/Shimmers/Graph/Graph\ Builder\ -\ DFF.swift /Users/admin/builder/spi-builder-workspace/Sources/Shimmers/Graph/Graph\ Builder\ -\ Gates.swift /Users/admin/builder/spi-builder-workspace/Sources/Shimmers/Graph/Graph\ Builder\ -\ Submodule.swift /Users/admin/builder/spi-builder-workspace/Sources/Shimmers/Graph/Graph\ Builder.swift /Users/admin/builder/spi-builder-workspace/Sources/Shimmers/Graph/Print\ Verilog.swift /Users/admin/builder/spi-builder-workspace/Sources/Shimmers/Graph/Simplify.swift /Users/admin/builder/spi-builder-workspace/Sources/Shimmers/Macros\ -\ Building.swift /Users/admin/builder/spi-builder-workspace/Sources/Shimmers/Macros\ -\ Proof.swift /Users/admin/builder/spi-builder-workspace/Sources/Shimmers/Mangle/File\ Name\ Mangle.swift /Users/admin/builder/spi-builder-workspace/Sources/Shimmers/Mangle/Hashing.swift /Users/admin/builder/spi-builder-workspace/Sources/Shimmers/Mangle/Name\ Mangling.swift /Users/admin/builder/spi-builder-workspace/Sources/Shimmers/Module.swift /Users/admin/builder/spi-builder-workspace/Sources/Shimmers/Runtime\ Support/BigInt/BigInt\ -\ Bitwise.swift /Users/admin/builder/spi-builder-workspace/Sources/Shimmers/Runtime\ Support/BigInt/BigInt\ -\ Comparison.swift /Users/admin/builder/spi-builder-workspace/Sources/Shimmers/Runtime\ Support/BigInt/BigInt\ -\ Conversion\ \&\ Literal.swift /Users/admin/builder/spi-builder-workspace/Sources/Shimmers/Runtime\ Support/BigInt/BigInt\ -\ Math\ Add\ \&\ Sub.swift /Users/admin/builder/spi-builder-workspace/Sources/Shimmers/Runtime\ Support/BigInt/BigInt\ -\ Math\ Mul\ \&\ Div.swift /Users/admin/builder/spi-builder-workspace/Sources/Shimmers/Runtime\ Support/BigInt/BigInt.swift /Users/admin/builder/spi-builder-workspace/Sources/Shimmers/Runtime/Bool.swift /Users/admin/builder/spi-builder-workspace/Sources/Shimmers/Runtime/Enum\ Runtime\ Support.swift /Users/admin/builder/spi-builder-workspace/Sources/Shimmers/Runtime/IndexingItr.swift /Users/admin/builder/spi-builder-workspace/Sources/Shimmers/Runtime/InlineArray.swift /Users/admin/builder/spi-builder-workspace/Sources/Shimmers/Runtime/Integers/IntN\ -\ Operations.swift /Users/admin/builder/spi-builder-workspace/Sources/Shimmers/Runtime/Integers/IntN.swift /Users/admin/builder/spi-builder-workspace/Sources/Shimmers/Runtime/Integers/Standard\ Integer\ Runtime.swift /Users/admin/builder/spi-builder-workspace/Sources/Shimmers/Runtime/Integers/UIntN\ -\ Operations.swift /Users/admin/builder/spi-builder-workspace/Sources/Shimmers/Runtime/Integers/UIntN.swift /Users/admin/builder/spi-builder-workspace/Sources/Shimmers/Runtime/Optional.swift /Users/admin/builder/spi-builder-workspace/Sources/Shimmers/Runtime/Queue.swift /Users/admin/builder/spi-builder-workspace/Sources/Shimmers/Runtime/Range.swift /Users/admin/builder/spi-builder-workspace/Sources/Shimmers/Runtime/Wire\ -\ Logic.swift /Users/admin/builder/spi-builder-workspace/Sources/Shimmers/Runtime/Wire\ -\ Traversal.swift /Users/admin/builder/spi-builder-workspace/Sources/Shimmers/Runtime/Wire.swift /Users/admin/builder/spi-builder-workspace/Sources/Shimmers/Scope/Assertion\ Set.swift /Users/admin/builder/spi-builder-workspace/Sources/Shimmers/Scope/Assertion\ Type\ Message.swift /Users/admin/builder/spi-builder-workspace/Sources/Shimmers/Scope/Assertion\ Type.swift /Users/admin/builder/spi-builder-workspace/Sources/Shimmers/Scope/Building/Build\ Arith\ -\ Add.swift /Users/admin/builder/spi-builder-workspace/Sources/Shimmers/Scope/Building/Build\ Arith\ -\ Compare.swift /Users/admin/builder/spi-builder-workspace/Sources/Shimmers/Scope/Building/Build\ Arith\ -\ Div.swift /Users/admin/builder/spi-builder-workspace/Sources/Shimmers/Scope/Building/Build\ Arith\ -\ Mul.swift /Users/admin/builder/spi-builder-workspace/Sources/Shimmers/Scope/Building/Build\ Arith\ -\ Shift.swift /Users/admin/builder/spi-builder-workspace/Sources/Shimmers/Scope/Building/Build\ Misc.swift /Users/admin/builder/spi-builder-workspace/Sources/Shimmers/Scope/Debug\ Info.swift /Users/admin/builder/spi-builder-workspace/Sources/Shimmers/Scope/Debugging.swift /Users/admin/builder/spi-builder-workspace/Sources/Shimmers/Scope/Detached\ Port\ Naming.swift /Users/admin/builder/spi-builder-workspace/Sources/Shimmers/Scope/Module\ Gen.swift /Users/admin/builder/spi-builder-workspace/Sources/Shimmers/Scope/Module\ Seq\ Wrapper.swift /Users/admin/builder/spi-builder-workspace/Sources/Shimmers/Scope/SAT\ Solver.swift -primary-file /Users/admin/builder/spi-builder-workspace/Sources/Shimmers/Scope/Scope\ -\ Building\ Gates.swift -primary-file /Users/admin/builder/spi-builder-workspace/Sources/Shimmers/Scope/Scope\ -\ Building\ Ports.swift -primary-file /Users/admin/builder/spi-builder-workspace/Sources/Shimmers/Scope/Scope\ -\ Condition.swift -primary-file /Users/admin/builder/spi-builder-workspace/Sources/Shimmers/Scope/Scope\ -\ Debugging.swift -primary-file /Users/admin/builder/spi-builder-workspace/Sources/Shimmers/Scope/Scope\ -\ Module\ Inst.swift -primary-file /Users/admin/builder/spi-builder-workspace/Sources/Shimmers/Scope/Scope\ -\ Prove\ Assert.swift -primary-file /Users/admin/builder/spi-builder-workspace/Sources/Shimmers/Scope/Scope\ -\ Prove\ Assume.swift -primary-file /Users/admin/builder/spi-builder-workspace/Sources/Shimmers/Scope/Scope\ -\ Prove\ Loop.swift -primary-file /Users/admin/builder/spi-builder-workspace/Sources/Shimmers/Scope/Scope.swift -primary-file /Users/admin/builder/spi-builder-workspace/Sources/Shimmers/Var\ Tracking/Local.swift /Users/admin/builder/spi-builder-workspace/Sources/Shimmers/Var\ Tracking/Member.swift /Users/admin/builder/spi-builder-workspace/Sources/Shimmers/Wire\ Types/Array/InlineArrayRef\ -\ Access.swift /Users/admin/builder/spi-builder-workspace/Sources/Shimmers/Wire\ Types/Array/InlineArrayRef\ -\ Iteration.swift /Users/admin/builder/spi-builder-workspace/Sources/Shimmers/Wire\ Types/Array/InlineArrayRef\ -\ Literal.swift /Users/admin/builder/spi-builder-workspace/Sources/Shimmers/Wire\ Types/Array/InlineArrayRef.swift /Users/admin/builder/spi-builder-workspace/Sources/Shimmers/Wire\ Types/Boolean/BoolRef\ -\ Logics.swift /Users/admin/builder/spi-builder-workspace/Sources/Shimmers/Wire\ Types/Boolean/BoolRef.swift /Users/admin/builder/spi-builder-workspace/Sources/Shimmers/Wire\ Types/Enum\ Support/Enum\ Raw\ Buffer.swift /Users/admin/builder/spi-builder-workspace/Sources/Shimmers/Wire\ Types/Enum\ Support/Enum\ Wire\ Type.swift /Users/admin/builder/spi-builder-workspace/Sources/Shimmers/Wire\ Types/Integers/IntRef\ -\ Comparison.swift /Users/admin/builder/spi-builder-workspace/Sources/Shimmers/Wire\ Types/Integers/IntRef\ -\ Conversion.swift /Users/admin/builder/spi-builder-workspace/Sources/Shimmers/Wire\ Types/Integers/IntRef\ -\ Literal.swift /Users/admin/builder/spi-builder-workspace/Sources/Shimmers/Wire\ Types/Integers/IntRef\ -\ Magnitude.swift /Users/admin/builder/spi-builder-workspace/Sources/Shimmers/Wire\ Types/Integers/IntRef\ -\ Math\ Add\ \&\ Sub.swift /Users/admin/builder/spi-builder-workspace/Sources/Shimmers/Wire\ Types/Integers/IntRef\ -\ Math\ Mul\ \&\ Div.swift /Users/admin/builder/spi-builder-workspace/Sources/Shimmers/Wire\ Types/Integers/IntRef.swift /Users/admin/builder/spi-builder-workspace/Sources/Shimmers/Wire\ Types/Iterator/IndexingItrRef.swift /Users/admin/builder/spi-builder-workspace/Sources/Shimmers/Wire\ Types/Optional/OptionalRef\ Support.swift /Users/admin/builder/spi-builder-workspace/Sources/Shimmers/Wire\ Types/Optional/OptionalRef.swift /Users/admin/builder/spi-builder-workspace/Sources/Shimmers/Wire\ Types/Pattern\ Matching/Pattern\ Matching.swift /Users/admin/builder/spi-builder-workspace/Sources/Shimmers/Wire\ Types/Queue/QueueRef.swift /Users/admin/builder/spi-builder-workspace/Sources/Shimmers/Wire\ Types/Range/RangeRef\ -\ Collection.swift /Users/admin/builder/spi-builder-workspace/Sources/Shimmers/Wire\ Types/Range/RangeRef.swift /Users/admin/builder/spi-builder-workspace/Sources/Shimmers/Wire\ Types/Ternary.swift /Users/admin/builder/spi-builder-workspace/Sources/Shimmers/Wire\ Types/Wire\ Protocol/Protocol\ Arithmetic.swift /Users/admin/builder/spi-builder-workspace/Sources/Shimmers/Wire\ Types/Wire\ Protocol/Protocol\ BinaryInteger.swift /Users/admin/builder/spi-builder-workspace/Sources/Shimmers/Wire\ Types/Wire\ Protocol/Protocol\ Collection.swift /Users/admin/builder/spi-builder-workspace/Sources/Shimmers/Wire\ Types/Wire\ Protocol/Protocol\ Equatable\ \&\ Comparable.swift /Users/admin/builder/spi-builder-workspace/Sources/Shimmers/Wire\ Types/Wire\ Protocol/Protocol\ FixedWidthInteger.swift /Users/admin/builder/spi-builder-workspace/Sources/Shimmers/Wire\ Types/Wire\ Protocol/Protocol\ Iterator\ \&\ Sequence.swift /Users/admin/builder/spi-builder-workspace/Sources/Shimmers/Wire\ Types/Wire\ Protocol/Protocol\ Numeric.swift /Users/admin/builder/spi-builder-workspace/Sources/Shimmers/Wire\ Types/Wire\ Protocol/Protocol\ Range.swift /Users/admin/builder/spi-builder-workspace/Sources/Shimmers/Wire\ Types/Wire\ Protocol/Protocol\ Sign\ Integer.swift /Users/admin/builder/spi-builder-workspace/Sources/Shimmers/Wire\ Types/Wire\ Protocol/Protocol\ Stridable.swift /Users/admin/builder/spi-builder-workspace/Sources/Shimmers/Wire\ Types/WireRef\ -\ Logic.swift /Users/admin/builder/spi-builder-workspace/Sources/Shimmers/Wire\ Types/WireRef\ -\ Traverse.swift /Users/admin/builder/spi-builder-workspace/Sources/Shimmers/Wire\ Types/WireRef.swift -supplementary-output-file-map /Users/admin/builder/spi-builder-workspace/.derivedData/Build/Intermediates.noindex/shimmers-hdl.build/Debug/Shimmers-t.build/Objects-normal/arm64/supplementaryOutputs-6 -target arm64-apple-macos26.0 -module-can-import-version System 5027.0.67 0 -disable-cross-import-overlay-search -load-resolved-plugin /Applications/Xcode-27.0.0-Release.Candidate.app/Contents/Developer/Platforms/MacOSX.platform/Developer/usr/lib/swift/host/plugins/libFoundationMacros.dylib\#/Applications/Xcode-27.0.0-Release.Candidate.app/Contents/Developer/Platforms/MacOSX.platform/Developer/usr/bin/swift-plugin-server\#FoundationMacros -load-resolved-plugin /Applications/Xcode-27.0.0-Release.Candidate.app/Contents/Developer/Platforms/MacOSX.platform/Developer/usr/lib/swift/host/plugins/libObservationMacros.dylib\#/Applications/Xcode-27.0.0-Release.Candidate.app/Contents/Developer/Platforms/MacOSX.platform/Developer/usr/bin/swift-plugin-server\#ObservationMacros -load-resolved-plugin \#/Users/admin/builder/spi-builder-workspace/.derivedData/Build/Products/Debug/ShimmersMacros\#ShimmersMacros -load-resolved-plugin /Applications/Xcode-27.0.0-Release.Candidate.app/Contents/Developer/Platforms/MacOSX.platform/Developer/usr/lib/swift/host/plugins/libSwiftMacros.dylib\#/Applications/Xcode-27.0.0-Release.Candidate.app/Contents/Developer/Platforms/MacOSX.platform/Developer/usr/bin/swift-plugin-server\#SwiftMacros -disable-implicit-swift-modules -Xcc -fno-implicit-modules -Xcc -fno-implicit-module-maps -explicit-swift-module-map-file /Users/admin/builder/spi-builder-workspace/.derivedData/Build/Intermediates.noindex/shimmers-hdl.build/Debug/Shimmers-t.build/Objects-normal/arm64/Shimmers-dependencies-1.json -Xllvm -aarch64-use-tbi -enable-objc-interop -stack-check -sdk /Applications/Xcode-27.0.0-Release.Candidate.app/Contents/Developer/Platforms/MacOSX.platform/Developer/SDKs/MacOSX27.0.sdk -I /Users/admin/builder/spi-builder-workspace/.derivedData/Build/Products/Debug -Isystem /Applications/Xcode-27.0.0-Release.Candidate.app/Contents/Developer/Platforms/MacOSX.platform/Developer/usr/lib -F /Users/admin/builder/spi-builder-workspace/.derivedData/Build/Products/Debug/PackageFrameworks -F /Users/admin/builder/spi-builder-workspace/.derivedData/Build/Products/Debug -F /Applications/Xcode-27.0.0-Release.Candidate.app/Contents/Developer/Platforms/MacOSX.platform/Developer/Library/Frameworks -module-cache-path /Users/admin/builder/spi-builder-workspace/.derivedData/Build/Intermediates.noindex/SwiftExplicitPrecompiledModules -no-color-diagnostics -Xcc -fno-color-diagnostics -enable-testing -g -debug-info-format\=dwarf -dwarf-version\=5 -profile-generate -profile-coverage-mapping -swift-version 6 -Onone -D SWIFT_PACKAGE -D DEBUG -D SWIFT_MODULE_RESOURCE_BUNDLE_UNAVAILABLE -D Xcode -serialize-debugging-options -load-plugin-executable /Users/admin/builder/spi-builder-workspace/.derivedData/Build/Products/Debug/ShimmersMacros\#ShimmersMacros -enable-experimental-feature DebugDescriptionMacro -empty-abi-descriptor -validate-clang-modules-once -clang-build-session-file /Users/admin/builder/spi-builder-workspace/.derivedData/ModuleCache.noindex/Session.modulevalidation -Xcc -working-directory -Xcc /Users/admin/builder/spi-builder-workspace/.swiftpm/xcode -enable-anonymous-context-mangled-names -file-compilation-dir /Users/admin/builder/spi-builder-workspace/.swiftpm/xcode -Xcc -fmodule-map-file\=/Users/admin/builder/spi-builder-workspace/.dependencies/checkouts/swift-system/Sources/CSystem/include/module.modulemap -Xcc -fmodule-map-file\=/Users/admin/builder/spi-builder-workspace/.dependencies/checkouts/swift-subprocess/Sources/_SubprocessCShims/include/module.modulemap -Xcc -D_LIBCPP_HARDENING_MODE\=_LIBCPP_HARDENING_MODE_DEBUG -Xcc -ivfsstatcache -Xcc /Users/admin/builder/spi-builder-workspace/.derivedData/SDKStatCaches.noindex/macosx27.0-26A425-e829b21a6f8c9b70876ba0858053c0446a22442a12e9d48fe1a705f55a1adfc4.sdkstatcache -Xcc -fmodules-prune-interval\=86400 -Xcc -fmodules-prune-after\=345600 -Xcc -I/Users/admin/builder/spi-builder-workspace/.dependencies/checkouts/swift-system/Sources/CSystem/include -Xcc -I/Users/admin/builder/spi-builder-workspace/.dependencies/checkouts/swift-subprocess/Sources/_SubprocessCShims/include -Xcc -I/Users/admin/builder/spi-builder-workspace/.derivedData/Build/Products/Debug/include -Xcc -I/Users/admin/builder/spi-builder-workspace/.derivedData/Build/Intermediates.noindex/shimmers-hdl.build/Debug/Shimmers-t.build/DerivedSources-normal/arm64 -Xcc -I/Users/admin/builder/spi-builder-workspace/.derivedData/Build/Intermediates.noindex/shimmers-hdl.build/Debug/Shimmers-t.build/DerivedSources/arm64 -Xcc -I/Users/admin/builder/spi-builder-workspace/.derivedData/Build/Intermediates.noindex/shimmers-hdl.build/Debug/Shimmers-t.build/DerivedSources -Xcc -DSWIFT_PACKAGE -Xcc -DDEBUG\=1 -no-auto-bridging-header-chaining -module-name Shimmers -package-name spi_builder_workspace -const-gather-protocols-file /Users/admin/builder/spi-builder-workspace/.derivedData/Build/Intermediates.noindex/shimmers-hdl.build/Debug/Shimmers-t.build/Objects-normal/arm64/Shimmers_const_extract_protocols.json -disable-clang-spi -clang-target arm64-apple-macos27.0 -target-sdk-version 27.0 -target-sdk-name macosx27.0 -in-process-plugin-server-path /Applications/Xcode-27.0.0-Release.Candidate.app/Contents/Developer/Toolchains/XcodeDefault.xctoolchain/usr/lib/swift/host/libSwiftInProcPluginServer.dylib -parse-as-library -o /Users/admin/builder/spi-builder-workspace/.derivedData/Build/Intermediates.noindex/shimmers-hdl.build/Debug/Shimmers-t.build/Objects-normal/arm64/Scope\ -\ Building\ Gates.o -o /Users/admin/builder/spi-builder-workspace/.derivedData/Build/Intermediates.noindex/shimmers-hdl.build/Debug/Shimmers-t.build/Objects-normal/arm64/Scope\ -\ Building\ Ports.o -o /Users/admin/builder/spi-builder-workspace/.derivedData/Build/Intermediates.noindex/shimmers-hdl.build/Debug/Shimmers-t.build/Objects-normal/arm64/Scope\ -\ Condition.o -o /Users/admin/builder/spi-builder-workspace/.derivedData/Build/Intermediates.noindex/shimmers-hdl.build/Debug/Shimmers-t.build/Objects-normal/arm64/Scope\ -\ Debugging.o -o /Users/admin/builder/spi-builder-workspace/.derivedData/Build/Intermediates.noindex/shimmers-hdl.build/Debug/Shimmers-t.build/Objects-normal/arm64/Scope\ -\ Module\ Inst.o -o /Users/admin/builder/spi-builder-workspace/.derivedData/Build/Intermediates.noindex/shimmers-hdl.build/Debug/Shimmers-t.build/Objects-normal/arm64/Scope\ -\ Prove\ Assert.o -o /Users/admin/builder/spi-builder-workspace/.derivedData/Build/Intermediates.noindex/shimmers-hdl.build/Debug/Shimmers-t.build/Objects-normal/arm64/Scope\ -\ Prove\ Assume.o -o /Users/admin/builder/spi-builder-workspace/.derivedData/Build/Intermediates.noindex/shimmers-hdl.build/Debug/Shimmers-t.build/Objects-normal/arm64/Scope\ -\ Prove\ Loop.o -o /Users/admin/builder/spi-builder-workspace/.derivedData/Build/Intermediates.noindex/shimmers-hdl.build/Debug/Shimmers-t.build/Objects-normal/arm64/Scope.o -o /Users/admin/builder/spi-builder-workspace/.derivedData/Build/Intermediates.noindex/shimmers-hdl.build/Debug/Shimmers-t.build/Objects-normal/arm64/Local.o -debug-module-path /Users/admin/builder/spi-builder-workspace/.derivedData/Build/Intermediates.noindex/shimmers-hdl.build/Debug/Shimmers-t.build/Objects-normal/arm64/Shimmers.swiftmodule -index-unit-output-path /shimmers-hdl.build/Debug/Shimmers-t.build/Objects-normal/arm64/Scope\ -\ Building\ Gates.o -index-unit-output-path /shimmers-hdl.build/Debug/Shimmers-t.build/Objects-normal/arm64/Scope\ -\ Building\ Ports.o -index-unit-output-path /shimmers-hdl.build/Debug/Shimmers-t.build/Objects-normal/arm64/Scope\ -\ Condition.o -index-unit-output-path /shimmers-hdl.build/Debug/Shimmers-t.build/Objects-normal/arm64/Scope\ -\ Debugging.o -index-unit-output-path /shimmers-hdl.build/Debug/Shimmers-t.build/Objects-normal/arm64/Scope\ -\ Module\ Inst.o -index-unit-output-path /shimmers-hdl.build/Debug/Shimmers-t.build/Objects-normal/arm64/Scope\ -\ Prove\ Assert.o -index-unit-output-path /shimmers-hdl.build/Debug/Shimmers-t.build/Objects-normal/arm64/Scope\ -\ Prove\ Assume.o -index-unit-output-path /shimmers-hdl.build/Debug/Shimmers-t.build/Objects-normal/arm64/Scope\ -\ Prove\ Loop.o -index-unit-output-path /shimmers-hdl.build/Debug/Shimmers-t.build/Objects-normal/arm64/Scope.o -index-unit-output-path /shimmers-hdl.build/Debug/Shimmers-t.build/Objects-normal/arm64/Local.o -index-store-path /Users/admin/builder/spi-builder-workspace/.derivedData/Index.noindex/DataStore -index-system-modules
SwiftCompile normal arm64 /Users/admin/builder/spi-builder-workspace/Sources/Shimmers/Scope/Scope\ -\ Building\ Gates.swift (in target 'Shimmers' from project 'shimmers-hdl')
cd /Users/admin/builder/spi-builder-workspace/.swiftpm/xcode
builtin-SwiftPerFileCompile Scope\ -\ Building\ Gates.swift
SwiftCompile normal arm64 /Users/admin/builder/spi-builder-workspace/Sources/Shimmers/Scope/Scope\ -\ Building\ Ports.swift (in target 'Shimmers' from project 'shimmers-hdl')
cd /Users/admin/builder/spi-builder-workspace/.swiftpm/xcode
builtin-SwiftPerFileCompile Scope\ -\ Building\ Ports.swift
SwiftCompile normal arm64 /Users/admin/builder/spi-builder-workspace/Sources/Shimmers/Scope/Scope\ -\ Condition.swift (in target 'Shimmers' from project 'shimmers-hdl')
cd /Users/admin/builder/spi-builder-workspace/.swiftpm/xcode
builtin-SwiftPerFileCompile Scope\ -\ Condition.swift
SwiftCompile normal arm64 /Users/admin/builder/spi-builder-workspace/Sources/Shimmers/Scope/Scope\ -\ Debugging.swift (in target 'Shimmers' from project 'shimmers-hdl')
cd /Users/admin/builder/spi-builder-workspace/.swiftpm/xcode
builtin-SwiftPerFileCompile Scope\ -\ Debugging.swift
SwiftCompile normal arm64 /Users/admin/builder/spi-builder-workspace/Sources/Shimmers/Scope/Scope\ -\ Module\ Inst.swift (in target 'Shimmers' from project 'shimmers-hdl')
cd /Users/admin/builder/spi-builder-workspace/.swiftpm/xcode
builtin-SwiftPerFileCompile Scope\ -\ Module\ Inst.swift
SwiftCompile normal arm64 /Users/admin/builder/spi-builder-workspace/Sources/Shimmers/Scope/Scope\ -\ Prove\ Assert.swift (in target 'Shimmers' from project 'shimmers-hdl')
cd /Users/admin/builder/spi-builder-workspace/.swiftpm/xcode
builtin-SwiftPerFileCompile Scope\ -\ Prove\ Assert.swift
SwiftCompile normal arm64 /Users/admin/builder/spi-builder-workspace/Sources/Shimmers/Scope/Scope\ -\ Prove\ Assume.swift (in target 'Shimmers' from project 'shimmers-hdl')
cd /Users/admin/builder/spi-builder-workspace/.swiftpm/xcode
builtin-SwiftPerFileCompile Scope\ -\ Prove\ Assume.swift
SwiftCompile normal arm64 /Users/admin/builder/spi-builder-workspace/Sources/Shimmers/Scope/Scope\ -\ Prove\ Loop.swift (in target 'Shimmers' from project 'shimmers-hdl')
cd /Users/admin/builder/spi-builder-workspace/.swiftpm/xcode
builtin-SwiftPerFileCompile Scope\ -\ Prove\ Loop.swift
SwiftCompile normal arm64 /Users/admin/builder/spi-builder-workspace/Sources/Shimmers/Scope/Scope.swift (in target 'Shimmers' from project 'shimmers-hdl')
cd /Users/admin/builder/spi-builder-workspace/.swiftpm/xcode
builtin-SwiftPerFileCompile Scope.swift
SwiftCompile normal arm64 /Users/admin/builder/spi-builder-workspace/Sources/Shimmers/Var\ Tracking/Local.swift (in target 'Shimmers' from project 'shimmers-hdl')
cd /Users/admin/builder/spi-builder-workspace/.swiftpm/xcode
builtin-SwiftPerFileCompile Local.swift
SwiftCompile normal arm64 Compiling\ Member.swift,\ InlineArrayRef\ -\ Access.swift,\ InlineArrayRef\ -\ Iteration.swift,\ InlineArrayRef\ -\ Literal.swift,\ InlineArrayRef.swift,\ BoolRef\ -\ Logics.swift,\ BoolRef.swift,\ Enum\ Raw\ Buffer.swift,\ Enum\ Wire\ Type.swift,\ IntRef\ -\ Comparison.swift /Users/admin/builder/spi-builder-workspace/Sources/Shimmers/Var\ Tracking/Member.swift /Users/admin/builder/spi-builder-workspace/Sources/Shimmers/Wire\ Types/Array/InlineArrayRef\ -\ Access.swift /Users/admin/builder/spi-builder-workspace/Sources/Shimmers/Wire\ Types/Array/InlineArrayRef\ -\ Iteration.swift /Users/admin/builder/spi-builder-workspace/Sources/Shimmers/Wire\ Types/Array/InlineArrayRef\ -\ Literal.swift /Users/admin/builder/spi-builder-workspace/Sources/Shimmers/Wire\ Types/Array/InlineArrayRef.swift /Users/admin/builder/spi-builder-workspace/Sources/Shimmers/Wire\ Types/Boolean/BoolRef\ -\ Logics.swift /Users/admin/builder/spi-builder-workspace/Sources/Shimmers/Wire\ Types/Boolean/BoolRef.swift /Users/admin/builder/spi-builder-workspace/Sources/Shimmers/Wire\ Types/Enum\ Support/Enum\ Raw\ Buffer.swift /Users/admin/builder/spi-builder-workspace/Sources/Shimmers/Wire\ Types/Enum\ Support/Enum\ Wire\ Type.swift /Users/admin/builder/spi-builder-workspace/Sources/Shimmers/Wire\ Types/Integers/IntRef\ -\ Comparison.swift (in target 'Shimmers' from project 'shimmers-hdl')
SwiftCompile normal arm64 /Users/admin/builder/spi-builder-workspace/Sources/Shimmers/Var\ Tracking/Member.swift (in target 'Shimmers' from project 'shimmers-hdl')
cd /Users/admin/builder/spi-builder-workspace/.swiftpm/xcode
builtin-SwiftPerFileCompile Member.swift
SwiftCompile normal arm64 /Users/admin/builder/spi-builder-workspace/Sources/Shimmers/Wire\ Types/Array/InlineArrayRef\ -\ Access.swift (in target 'Shimmers' from project 'shimmers-hdl')
cd /Users/admin/builder/spi-builder-workspace/.swiftpm/xcode
builtin-SwiftPerFileCompile InlineArrayRef\ -\ Access.swift
SwiftCompile normal arm64 /Users/admin/builder/spi-builder-workspace/Sources/Shimmers/Wire\ Types/Array/InlineArrayRef\ -\ Iteration.swift (in target 'Shimmers' from project 'shimmers-hdl')
cd /Users/admin/builder/spi-builder-workspace/.swiftpm/xcode
builtin-SwiftPerFileCompile InlineArrayRef\ -\ Iteration.swift
SwiftCompile normal arm64 /Users/admin/builder/spi-builder-workspace/Sources/Shimmers/Wire\ Types/Array/InlineArrayRef\ -\ Literal.swift (in target 'Shimmers' from project 'shimmers-hdl')
cd /Users/admin/builder/spi-builder-workspace/.swiftpm/xcode
builtin-SwiftPerFileCompile InlineArrayRef\ -\ Literal.swift
SwiftCompile normal arm64 /Users/admin/builder/spi-builder-workspace/Sources/Shimmers/Wire\ Types/Array/InlineArrayRef.swift (in target 'Shimmers' from project 'shimmers-hdl')
cd /Users/admin/builder/spi-builder-workspace/.swiftpm/xcode
builtin-SwiftPerFileCompile InlineArrayRef.swift
SwiftCompile normal arm64 /Users/admin/builder/spi-builder-workspace/Sources/Shimmers/Wire\ Types/Boolean/BoolRef\ -\ Logics.swift (in target 'Shimmers' from project 'shimmers-hdl')
cd /Users/admin/builder/spi-builder-workspace/.swiftpm/xcode
builtin-SwiftPerFileCompile BoolRef\ -\ Logics.swift
SwiftCompile normal arm64 /Users/admin/builder/spi-builder-workspace/Sources/Shimmers/Wire\ Types/Boolean/BoolRef.swift (in target 'Shimmers' from project 'shimmers-hdl')
cd /Users/admin/builder/spi-builder-workspace/.swiftpm/xcode
builtin-SwiftPerFileCompile BoolRef.swift
SwiftCompile normal arm64 /Users/admin/builder/spi-builder-workspace/Sources/Shimmers/Wire\ Types/Enum\ Support/Enum\ Raw\ Buffer.swift (in target 'Shimmers' from project 'shimmers-hdl')
cd /Users/admin/builder/spi-builder-workspace/.swiftpm/xcode
builtin-SwiftPerFileCompile Enum\ Raw\ Buffer.swift
SwiftCompile normal arm64 /Users/admin/builder/spi-builder-workspace/Sources/Shimmers/Wire\ Types/Enum\ Support/Enum\ Wire\ Type.swift (in target 'Shimmers' from project 'shimmers-hdl')
cd /Users/admin/builder/spi-builder-workspace/.swiftpm/xcode
builtin-SwiftPerFileCompile Enum\ Wire\ Type.swift
SwiftCompile normal arm64 /Users/admin/builder/spi-builder-workspace/Sources/Shimmers/Wire\ Types/Integers/IntRef\ -\ Comparison.swift (in target 'Shimmers' from project 'shimmers-hdl')
cd /Users/admin/builder/spi-builder-workspace/.swiftpm/xcode
builtin-SwiftPerFileCompile IntRef\ -\ Comparison.swift
SwiftCompile normal arm64 Compiling\ Build\ Arith\ -\ Div.swift,\ Build\ Arith\ -\ Mul.swift,\ Build\ Arith\ -\ Shift.swift,\ Build\ Misc.swift,\ Debug\ Info.swift,\ Debugging.swift,\ Detached\ Port\ Naming.swift,\ Module\ Gen.swift,\ Module\ Seq\ Wrapper.swift,\ SAT\ Solver.swift /Users/admin/builder/spi-builder-workspace/Sources/Shimmers/Scope/Building/Build\ Arith\ -\ Div.swift /Users/admin/builder/spi-builder-workspace/Sources/Shimmers/Scope/Building/Build\ Arith\ -\ Mul.swift /Users/admin/builder/spi-builder-workspace/Sources/Shimmers/Scope/Building/Build\ Arith\ -\ Shift.swift /Users/admin/builder/spi-builder-workspace/Sources/Shimmers/Scope/Building/Build\ Misc.swift /Users/admin/builder/spi-builder-workspace/Sources/Shimmers/Scope/Debug\ Info.swift /Users/admin/builder/spi-builder-workspace/Sources/Shimmers/Scope/Debugging.swift /Users/admin/builder/spi-builder-workspace/Sources/Shimmers/Scope/Detached\ Port\ Naming.swift /Users/admin/builder/spi-builder-workspace/Sources/Shimmers/Scope/Module\ Gen.swift /Users/admin/builder/spi-builder-workspace/Sources/Shimmers/Scope/Module\ Seq\ Wrapper.swift /Users/admin/builder/spi-builder-workspace/Sources/Shimmers/Scope/SAT\ Solver.swift (in target 'Shimmers' from project 'shimmers-hdl')
SwiftCompile normal arm64 /Users/admin/builder/spi-builder-workspace/Sources/Shimmers/Scope/Building/Build\ Arith\ -\ Div.swift (in target 'Shimmers' from project 'shimmers-hdl')
cd /Users/admin/builder/spi-builder-workspace/.swiftpm/xcode
builtin-SwiftPerFileCompile Build\ Arith\ -\ Div.swift
SwiftCompile normal arm64 /Users/admin/builder/spi-builder-workspace/Sources/Shimmers/Scope/Building/Build\ Arith\ -\ Mul.swift (in target 'Shimmers' from project 'shimmers-hdl')
cd /Users/admin/builder/spi-builder-workspace/.swiftpm/xcode
builtin-SwiftPerFileCompile Build\ Arith\ -\ Mul.swift
SwiftCompile normal arm64 /Users/admin/builder/spi-builder-workspace/Sources/Shimmers/Scope/Building/Build\ Arith\ -\ Shift.swift (in target 'Shimmers' from project 'shimmers-hdl')
cd /Users/admin/builder/spi-builder-workspace/.swiftpm/xcode
builtin-SwiftPerFileCompile Build\ Arith\ -\ Shift.swift
SwiftCompile normal arm64 /Users/admin/builder/spi-builder-workspace/Sources/Shimmers/Scope/Building/Build\ Misc.swift (in target 'Shimmers' from project 'shimmers-hdl')
cd /Users/admin/builder/spi-builder-workspace/.swiftpm/xcode
builtin-SwiftPerFileCompile Build\ Misc.swift
SwiftCompile normal arm64 /Users/admin/builder/spi-builder-workspace/Sources/Shimmers/Scope/Debug\ Info.swift (in target 'Shimmers' from project 'shimmers-hdl')
cd /Users/admin/builder/spi-builder-workspace/.swiftpm/xcode
builtin-SwiftPerFileCompile Debug\ Info.swift
SwiftCompile normal arm64 /Users/admin/builder/spi-builder-workspace/Sources/Shimmers/Scope/Debugging.swift (in target 'Shimmers' from project 'shimmers-hdl')
cd /Users/admin/builder/spi-builder-workspace/.swiftpm/xcode
builtin-SwiftPerFileCompile Debugging.swift
SwiftCompile normal arm64 /Users/admin/builder/spi-builder-workspace/Sources/Shimmers/Scope/Detached\ Port\ Naming.swift (in target 'Shimmers' from project 'shimmers-hdl')
cd /Users/admin/builder/spi-builder-workspace/.swiftpm/xcode
builtin-SwiftPerFileCompile Detached\ Port\ Naming.swift
SwiftCompile normal arm64 /Users/admin/builder/spi-builder-workspace/Sources/Shimmers/Scope/Module\ Gen.swift (in target 'Shimmers' from project 'shimmers-hdl')
cd /Users/admin/builder/spi-builder-workspace/.swiftpm/xcode
builtin-SwiftPerFileCompile Module\ Gen.swift
SwiftCompile normal arm64 /Users/admin/builder/spi-builder-workspace/Sources/Shimmers/Scope/Module\ Seq\ Wrapper.swift (in target 'Shimmers' from project 'shimmers-hdl')
cd /Users/admin/builder/spi-builder-workspace/.swiftpm/xcode
builtin-SwiftPerFileCompile Module\ Seq\ Wrapper.swift
SwiftCompile normal arm64 /Users/admin/builder/spi-builder-workspace/Sources/Shimmers/Scope/SAT\ Solver.swift (in target 'Shimmers' from project 'shimmers-hdl')
cd /Users/admin/builder/spi-builder-workspace/.swiftpm/xcode
builtin-SwiftPerFileCompile SAT\ Solver.swift
/Users/admin/builder/spi-builder-workspace/Sources/Shimmers/Scope/SAT Solver.swift:28:25: error: 'async' call in a function that does not support concurrency
20 | case custom(path: String)
21 |
22 | func resolve(name: String) -> FilePath? {
| `- note: add 'async' to function 'resolve(name:)' to make it asynchronous
23 | switch self {
24 | case .none:
:
26 | case .inferFromPath:
27 | let exec = Executable.name(name)
28 | return try? exec.resolveExecutablePath(in: .inherit)
| `- error: 'async' call in a function that does not support concurrency
29 | case .custom(let pathString):
30 | return FilePath(pathString)
/Users/admin/builder/spi-builder-workspace/Sources/Shimmers/Scope/SAT Solver.swift:98:43: error: type '(_, _) async throws -> Dictionary<UInt64, Bool>' cannot conform to 'OutputProtocol' [#ProtocolTypeNonConformance]
96 | let model: [UInt64: Bool]?
97 | do {
98 | let result = try await Subprocess.run(
| |- error: type '(_, _) async throws -> Dictionary<UInt64, Bool>' cannot conform to 'OutputProtocol' [#ProtocolTypeNonConformance]
| |- note: only concrete types such as structs, enums and classes can conform to protocols
| `- note: required by global function 'run(_:arguments:environment:workingDirectory:platformOptions:input:output:error:)' where 'Output' = '(_, _) async throws -> Dictionary<UInt64, Bool>'
99 | exec,
100 | arguments: ["-q", "--time=\(timeout)", "--sat"],
SwiftCompile normal arm64 Compiling\ Queue.swift,\ Range.swift,\ Wire\ -\ Logic.swift,\ Wire\ -\ Traversal.swift,\ Wire.swift,\ Assertion\ Set.swift,\ Assertion\ Type\ Message.swift,\ Assertion\ Type.swift,\ Build\ Arith\ -\ Add.swift,\ Build\ Arith\ -\ Compare.swift /Users/admin/builder/spi-builder-workspace/Sources/Shimmers/Runtime/Queue.swift /Users/admin/builder/spi-builder-workspace/Sources/Shimmers/Runtime/Range.swift /Users/admin/builder/spi-builder-workspace/Sources/Shimmers/Runtime/Wire\ -\ Logic.swift /Users/admin/builder/spi-builder-workspace/Sources/Shimmers/Runtime/Wire\ -\ Traversal.swift /Users/admin/builder/spi-builder-workspace/Sources/Shimmers/Runtime/Wire.swift /Users/admin/builder/spi-builder-workspace/Sources/Shimmers/Scope/Assertion\ Set.swift /Users/admin/builder/spi-builder-workspace/Sources/Shimmers/Scope/Assertion\ Type\ Message.swift /Users/admin/builder/spi-builder-workspace/Sources/Shimmers/Scope/Assertion\ Type.swift /Users/admin/builder/spi-builder-workspace/Sources/Shimmers/Scope/Building/Build\ Arith\ -\ Add.swift /Users/admin/builder/spi-builder-workspace/Sources/Shimmers/Scope/Building/Build\ Arith\ -\ Compare.swift (in target 'Shimmers' from project 'shimmers-hdl')
SwiftCompile normal arm64 /Users/admin/builder/spi-builder-workspace/Sources/Shimmers/Runtime/Queue.swift (in target 'Shimmers' from project 'shimmers-hdl')
cd /Users/admin/builder/spi-builder-workspace/.swiftpm/xcode
builtin-SwiftPerFileCompile Queue.swift
SwiftCompile normal arm64 /Users/admin/builder/spi-builder-workspace/Sources/Shimmers/Runtime/Range.swift (in target 'Shimmers' from project 'shimmers-hdl')
cd /Users/admin/builder/spi-builder-workspace/.swiftpm/xcode
builtin-SwiftPerFileCompile Range.swift
SwiftCompile normal arm64 /Users/admin/builder/spi-builder-workspace/Sources/Shimmers/Runtime/Wire\ -\ Logic.swift (in target 'Shimmers' from project 'shimmers-hdl')
cd /Users/admin/builder/spi-builder-workspace/.swiftpm/xcode
builtin-SwiftPerFileCompile Wire\ -\ Logic.swift
SwiftCompile normal arm64 /Users/admin/builder/spi-builder-workspace/Sources/Shimmers/Runtime/Wire\ -\ Traversal.swift (in target 'Shimmers' from project 'shimmers-hdl')
cd /Users/admin/builder/spi-builder-workspace/.swiftpm/xcode
builtin-SwiftPerFileCompile Wire\ -\ Traversal.swift
SwiftCompile normal arm64 /Users/admin/builder/spi-builder-workspace/Sources/Shimmers/Runtime/Wire.swift (in target 'Shimmers' from project 'shimmers-hdl')
cd /Users/admin/builder/spi-builder-workspace/.swiftpm/xcode
builtin-SwiftPerFileCompile Wire.swift
SwiftCompile normal arm64 /Users/admin/builder/spi-builder-workspace/Sources/Shimmers/Scope/Assertion\ Set.swift (in target 'Shimmers' from project 'shimmers-hdl')
cd /Users/admin/builder/spi-builder-workspace/.swiftpm/xcode
builtin-SwiftPerFileCompile Assertion\ Set.swift
SwiftCompile normal arm64 /Users/admin/builder/spi-builder-workspace/Sources/Shimmers/Scope/Assertion\ Type\ Message.swift (in target 'Shimmers' from project 'shimmers-hdl')
cd /Users/admin/builder/spi-builder-workspace/.swiftpm/xcode
builtin-SwiftPerFileCompile Assertion\ Type\ Message.swift
SwiftCompile normal arm64 /Users/admin/builder/spi-builder-workspace/Sources/Shimmers/Scope/Assertion\ Type.swift (in target 'Shimmers' from project 'shimmers-hdl')
cd /Users/admin/builder/spi-builder-workspace/.swiftpm/xcode
builtin-SwiftPerFileCompile Assertion\ Type.swift
SwiftCompile normal arm64 /Users/admin/builder/spi-builder-workspace/Sources/Shimmers/Scope/Building/Build\ Arith\ -\ Add.swift (in target 'Shimmers' from project 'shimmers-hdl')
cd /Users/admin/builder/spi-builder-workspace/.swiftpm/xcode
builtin-SwiftPerFileCompile Build\ Arith\ -\ Add.swift
SwiftCompile normal arm64 /Users/admin/builder/spi-builder-workspace/Sources/Shimmers/Scope/Building/Build\ Arith\ -\ Compare.swift (in target 'Shimmers' from project 'shimmers-hdl')
cd /Users/admin/builder/spi-builder-workspace/.swiftpm/xcode
builtin-SwiftPerFileCompile Build\ Arith\ -\ Compare.swift
SwiftCompile normal arm64 Compiling\ CNF\ Builder.swift,\ Driver.swift,\ Graph\ Builder\ -\ DFF.swift,\ Graph\ Builder\ -\ Gates.swift,\ Graph\ Builder\ -\ Submodule.swift,\ Graph\ Builder.swift,\ Print\ Verilog.swift,\ Simplify.swift,\ Macros\ -\ Building.swift,\ Macros\ -\ Proof.swift /Users/admin/builder/spi-builder-workspace/Sources/Shimmers/CNF\ Builder/CNF\ Builder.swift /Users/admin/builder/spi-builder-workspace/Sources/Shimmers/Driver.swift /Users/admin/builder/spi-builder-workspace/Sources/Shimmers/Graph/Graph\ Builder\ -\ DFF.swift /Users/admin/builder/spi-builder-workspace/Sources/Shimmers/Graph/Graph\ Builder\ -\ Gates.swift /Users/admin/builder/spi-builder-workspace/Sources/Shimmers/Graph/Graph\ Builder\ -\ Submodule.swift /Users/admin/builder/spi-builder-workspace/Sources/Shimmers/Graph/Graph\ Builder.swift /Users/admin/builder/spi-builder-workspace/Sources/Shimmers/Graph/Print\ Verilog.swift /Users/admin/builder/spi-builder-workspace/Sources/Shimmers/Graph/Simplify.swift /Users/admin/builder/spi-builder-workspace/Sources/Shimmers/Macros\ -\ Building.swift /Users/admin/builder/spi-builder-workspace/Sources/Shimmers/Macros\ -\ Proof.swift (in target 'Shimmers' from project 'shimmers-hdl')
SwiftCompile normal arm64 /Users/admin/builder/spi-builder-workspace/Sources/Shimmers/CNF\ Builder/CNF\ Builder.swift (in target 'Shimmers' from project 'shimmers-hdl')
cd /Users/admin/builder/spi-builder-workspace/.swiftpm/xcode
builtin-SwiftPerFileCompile CNF\ Builder.swift
SwiftCompile normal arm64 /Users/admin/builder/spi-builder-workspace/Sources/Shimmers/Driver.swift (in target 'Shimmers' from project 'shimmers-hdl')
cd /Users/admin/builder/spi-builder-workspace/.swiftpm/xcode
builtin-SwiftPerFileCompile Driver.swift
SwiftCompile normal arm64 /Users/admin/builder/spi-builder-workspace/Sources/Shimmers/Graph/Graph\ Builder\ -\ DFF.swift (in target 'Shimmers' from project 'shimmers-hdl')
cd /Users/admin/builder/spi-builder-workspace/.swiftpm/xcode
builtin-SwiftPerFileCompile Graph\ Builder\ -\ DFF.swift
SwiftCompile normal arm64 /Users/admin/builder/spi-builder-workspace/Sources/Shimmers/Graph/Graph\ Builder\ -\ Gates.swift (in target 'Shimmers' from project 'shimmers-hdl')
cd /Users/admin/builder/spi-builder-workspace/.swiftpm/xcode
builtin-SwiftPerFileCompile Graph\ Builder\ -\ Gates.swift
SwiftCompile normal arm64 /Users/admin/builder/spi-builder-workspace/Sources/Shimmers/Graph/Graph\ Builder\ -\ Submodule.swift (in target 'Shimmers' from project 'shimmers-hdl')
cd /Users/admin/builder/spi-builder-workspace/.swiftpm/xcode
builtin-SwiftPerFileCompile Graph\ Builder\ -\ Submodule.swift
SwiftCompile normal arm64 /Users/admin/builder/spi-builder-workspace/Sources/Shimmers/Graph/Graph\ Builder.swift (in target 'Shimmers' from project 'shimmers-hdl')
cd /Users/admin/builder/spi-builder-workspace/.swiftpm/xcode
builtin-SwiftPerFileCompile Graph\ Builder.swift
SwiftCompile normal arm64 /Users/admin/builder/spi-builder-workspace/Sources/Shimmers/Graph/Print\ Verilog.swift (in target 'Shimmers' from project 'shimmers-hdl')
cd /Users/admin/builder/spi-builder-workspace/.swiftpm/xcode
builtin-SwiftPerFileCompile Print\ Verilog.swift
SwiftCompile normal arm64 /Users/admin/builder/spi-builder-workspace/Sources/Shimmers/Graph/Simplify.swift (in target 'Shimmers' from project 'shimmers-hdl')
cd /Users/admin/builder/spi-builder-workspace/.swiftpm/xcode
builtin-SwiftPerFileCompile Simplify.swift
SwiftCompile normal arm64 /Users/admin/builder/spi-builder-workspace/Sources/Shimmers/Macros\ -\ Building.swift (in target 'Shimmers' from project 'shimmers-hdl')
cd /Users/admin/builder/spi-builder-workspace/.swiftpm/xcode
builtin-SwiftPerFileCompile Macros\ -\ Building.swift
SwiftCompile normal arm64 /Users/admin/builder/spi-builder-workspace/Sources/Shimmers/Macros\ -\ Proof.swift (in target 'Shimmers' from project 'shimmers-hdl')
cd /Users/admin/builder/spi-builder-workspace/.swiftpm/xcode
builtin-SwiftPerFileCompile Macros\ -\ Proof.swift
SwiftCompile normal arm64 Compiling\ IntRef\ -\ Conversion.swift,\ IntRef\ -\ Literal.swift,\ IntRef\ -\ Magnitude.swift,\ IntRef\ -\ Math\ Add\ &\ Sub.swift,\ IntRef\ -\ Math\ Mul\ &\ Div.swift,\ IntRef.swift,\ IndexingItrRef.swift,\ OptionalRef\ Support.swift,\ OptionalRef.swift /Users/admin/builder/spi-builder-workspace/Sources/Shimmers/Wire\ Types/Integers/IntRef\ -\ Conversion.swift /Users/admin/builder/spi-builder-workspace/Sources/Shimmers/Wire\ Types/Integers/IntRef\ -\ Literal.swift /Users/admin/builder/spi-builder-workspace/Sources/Shimmers/Wire\ Types/Integers/IntRef\ -\ Magnitude.swift /Users/admin/builder/spi-builder-workspace/Sources/Shimmers/Wire\ Types/Integers/IntRef\ -\ Math\ Add\ &\ Sub.swift /Users/admin/builder/spi-builder-workspace/Sources/Shimmers/Wire\ Types/Integers/IntRef\ -\ Math\ Mul\ &\ Div.swift /Users/admin/builder/spi-builder-workspace/Sources/Shimmers/Wire\ Types/Integers/IntRef.swift /Users/admin/builder/spi-builder-workspace/Sources/Shimmers/Wire\ Types/Iterator/IndexingItrRef.swift /Users/admin/builder/spi-builder-workspace/Sources/Shimmers/Wire\ Types/Optional/OptionalRef\ Support.swift /Users/admin/builder/spi-builder-workspace/Sources/Shimmers/Wire\ Types/Optional/OptionalRef.swift (in target 'Shimmers' from project 'shimmers-hdl')
SwiftCompile normal arm64 /Users/admin/builder/spi-builder-workspace/Sources/Shimmers/Wire\ Types/Integers/IntRef\ -\ Conversion.swift (in target 'Shimmers' from project 'shimmers-hdl')
cd /Users/admin/builder/spi-builder-workspace/.swiftpm/xcode
builtin-SwiftPerFileCompile IntRef\ -\ Conversion.swift
SwiftCompile normal arm64 /Users/admin/builder/spi-builder-workspace/Sources/Shimmers/Wire\ Types/Integers/IntRef\ -\ Literal.swift (in target 'Shimmers' from project 'shimmers-hdl')
cd /Users/admin/builder/spi-builder-workspace/.swiftpm/xcode
builtin-SwiftPerFileCompile IntRef\ -\ Literal.swift
SwiftCompile normal arm64 /Users/admin/builder/spi-builder-workspace/Sources/Shimmers/Wire\ Types/Integers/IntRef\ -\ Magnitude.swift (in target 'Shimmers' from project 'shimmers-hdl')
cd /Users/admin/builder/spi-builder-workspace/.swiftpm/xcode
builtin-SwiftPerFileCompile IntRef\ -\ Magnitude.swift
SwiftCompile normal arm64 /Users/admin/builder/spi-builder-workspace/Sources/Shimmers/Wire\ Types/Integers/IntRef\ -\ Math\ Add\ &\ Sub.swift (in target 'Shimmers' from project 'shimmers-hdl')
cd /Users/admin/builder/spi-builder-workspace/.swiftpm/xcode
builtin-SwiftPerFileCompile IntRef\ -\ Math\ Add\ \&\ Sub.swift
SwiftCompile normal arm64 /Users/admin/builder/spi-builder-workspace/Sources/Shimmers/Wire\ Types/Integers/IntRef\ -\ Math\ Mul\ &\ Div.swift (in target 'Shimmers' from project 'shimmers-hdl')
cd /Users/admin/builder/spi-builder-workspace/.swiftpm/xcode
builtin-SwiftPerFileCompile IntRef\ -\ Math\ Mul\ \&\ Div.swift
SwiftCompile normal arm64 /Users/admin/builder/spi-builder-workspace/Sources/Shimmers/Wire\ Types/Integers/IntRef.swift (in target 'Shimmers' from project 'shimmers-hdl')
cd /Users/admin/builder/spi-builder-workspace/.swiftpm/xcode
builtin-SwiftPerFileCompile IntRef.swift
SwiftCompile normal arm64 /Users/admin/builder/spi-builder-workspace/Sources/Shimmers/Wire\ Types/Iterator/IndexingItrRef.swift (in target 'Shimmers' from project 'shimmers-hdl')
cd /Users/admin/builder/spi-builder-workspace/.swiftpm/xcode
builtin-SwiftPerFileCompile IndexingItrRef.swift
SwiftCompile normal arm64 /Users/admin/builder/spi-builder-workspace/Sources/Shimmers/Wire\ Types/Optional/OptionalRef\ Support.swift (in target 'Shimmers' from project 'shimmers-hdl')
cd /Users/admin/builder/spi-builder-workspace/.swiftpm/xcode
builtin-SwiftPerFileCompile OptionalRef\ Support.swift
SwiftCompile normal arm64 /Users/admin/builder/spi-builder-workspace/Sources/Shimmers/Wire\ Types/Optional/OptionalRef.swift (in target 'Shimmers' from project 'shimmers-hdl')
cd /Users/admin/builder/spi-builder-workspace/.swiftpm/xcode
builtin-SwiftPerFileCompile OptionalRef.swift
SwiftEmitModule normal arm64 Emitting\ module\ for\ Shimmers (in target 'Shimmers' from project 'shimmers-hdl')
SwiftCompile normal arm64 (in target 'Shimmers' from project 'shimmers-hdl')
cd /Users/admin/builder/spi-builder-workspace/.swiftpm/xcode
SwiftCompile normal arm64 Compiling\ Protocol\ FixedWidthInteger.swift,\ Protocol\ Iterator\ &\ Sequence.swift,\ Protocol\ Numeric.swift,\ Protocol\ Range.swift,\ Protocol\ Sign\ Integer.swift,\ Protocol\ Stridable.swift,\ WireRef\ -\ Logic.swift,\ WireRef\ -\ Traverse.swift,\ WireRef.swift /Users/admin/builder/spi-builder-workspace/Sources/Shimmers/Wire\ Types/Wire\ Protocol/Protocol\ FixedWidthInteger.swift /Users/admin/builder/spi-builder-workspace/Sources/Shimmers/Wire\ Types/Wire\ Protocol/Protocol\ Iterator\ &\ Sequence.swift /Users/admin/builder/spi-builder-workspace/Sources/Shimmers/Wire\ Types/Wire\ Protocol/Protocol\ Numeric.swift /Users/admin/builder/spi-builder-workspace/Sources/Shimmers/Wire\ Types/Wire\ Protocol/Protocol\ Range.swift /Users/admin/builder/spi-builder-workspace/Sources/Shimmers/Wire\ Types/Wire\ Protocol/Protocol\ Sign\ Integer.swift /Users/admin/builder/spi-builder-workspace/Sources/Shimmers/Wire\ Types/Wire\ Protocol/Protocol\ Stridable.swift /Users/admin/builder/spi-builder-workspace/Sources/Shimmers/Wire\ Types/WireRef\ -\ Logic.swift /Users/admin/builder/spi-builder-workspace/Sources/Shimmers/Wire\ Types/WireRef\ -\ Traverse.swift /Users/admin/builder/spi-builder-workspace/Sources/Shimmers/Wire\ Types/WireRef.swift (in target 'Shimmers' from project 'shimmers-hdl')
SwiftCompile normal arm64 /Users/admin/builder/spi-builder-workspace/Sources/Shimmers/Wire\ Types/Wire\ Protocol/Protocol\ FixedWidthInteger.swift (in target 'Shimmers' from project 'shimmers-hdl')
cd /Users/admin/builder/spi-builder-workspace/.swiftpm/xcode
builtin-SwiftPerFileCompile Protocol\ FixedWidthInteger.swift
SwiftCompile normal arm64 /Users/admin/builder/spi-builder-workspace/Sources/Shimmers/Wire\ Types/Wire\ Protocol/Protocol\ Iterator\ &\ Sequence.swift (in target 'Shimmers' from project 'shimmers-hdl')
cd /Users/admin/builder/spi-builder-workspace/.swiftpm/xcode
builtin-SwiftPerFileCompile Protocol\ Iterator\ \&\ Sequence.swift
SwiftCompile normal arm64 /Users/admin/builder/spi-builder-workspace/Sources/Shimmers/Wire\ Types/Wire\ Protocol/Protocol\ Numeric.swift (in target 'Shimmers' from project 'shimmers-hdl')
cd /Users/admin/builder/spi-builder-workspace/.swiftpm/xcode
builtin-SwiftPerFileCompile Protocol\ Numeric.swift
SwiftCompile normal arm64 /Users/admin/builder/spi-builder-workspace/Sources/Shimmers/Wire\ Types/Wire\ Protocol/Protocol\ Range.swift (in target 'Shimmers' from project 'shimmers-hdl')
cd /Users/admin/builder/spi-builder-workspace/.swiftpm/xcode
builtin-SwiftPerFileCompile Protocol\ Range.swift
SwiftCompile normal arm64 /Users/admin/builder/spi-builder-workspace/Sources/Shimmers/Wire\ Types/Wire\ Protocol/Protocol\ Sign\ Integer.swift (in target 'Shimmers' from project 'shimmers-hdl')
cd /Users/admin/builder/spi-builder-workspace/.swiftpm/xcode
builtin-SwiftPerFileCompile Protocol\ Sign\ Integer.swift
SwiftCompile normal arm64 /Users/admin/builder/spi-builder-workspace/Sources/Shimmers/Wire\ Types/Wire\ Protocol/Protocol\ Stridable.swift (in target 'Shimmers' from project 'shimmers-hdl')
cd /Users/admin/builder/spi-builder-workspace/.swiftpm/xcode
builtin-SwiftPerFileCompile Protocol\ Stridable.swift
SwiftCompile normal arm64 /Users/admin/builder/spi-builder-workspace/Sources/Shimmers/Wire\ Types/WireRef\ -\ Logic.swift (in target 'Shimmers' from project 'shimmers-hdl')
cd /Users/admin/builder/spi-builder-workspace/.swiftpm/xcode
builtin-SwiftPerFileCompile WireRef\ -\ Logic.swift
SwiftCompile normal arm64 /Users/admin/builder/spi-builder-workspace/Sources/Shimmers/Wire\ Types/WireRef\ -\ Traverse.swift (in target 'Shimmers' from project 'shimmers-hdl')
cd /Users/admin/builder/spi-builder-workspace/.swiftpm/xcode
builtin-SwiftPerFileCompile WireRef\ -\ Traverse.swift
SwiftCompile normal arm64 /Users/admin/builder/spi-builder-workspace/Sources/Shimmers/Wire\ Types/WireRef.swift (in target 'Shimmers' from project 'shimmers-hdl')
cd /Users/admin/builder/spi-builder-workspace/.swiftpm/xcode
builtin-SwiftPerFileCompile WireRef.swift
SwiftCompile normal arm64 Compiling\ Pattern\ Matching.swift,\ QueueRef.swift,\ RangeRef\ -\ Collection.swift,\ RangeRef.swift,\ Ternary.swift,\ Protocol\ Arithmetic.swift,\ Protocol\ BinaryInteger.swift,\ Protocol\ Collection.swift,\ Protocol\ Equatable\ &\ Comparable.swift /Users/admin/builder/spi-builder-workspace/Sources/Shimmers/Wire\ Types/Pattern\ Matching/Pattern\ Matching.swift /Users/admin/builder/spi-builder-workspace/Sources/Shimmers/Wire\ Types/Queue/QueueRef.swift /Users/admin/builder/spi-builder-workspace/Sources/Shimmers/Wire\ Types/Range/RangeRef\ -\ Collection.swift /Users/admin/builder/spi-builder-workspace/Sources/Shimmers/Wire\ Types/Range/RangeRef.swift /Users/admin/builder/spi-builder-workspace/Sources/Shimmers/Wire\ Types/Ternary.swift /Users/admin/builder/spi-builder-workspace/Sources/Shimmers/Wire\ Types/Wire\ Protocol/Protocol\ Arithmetic.swift /Users/admin/builder/spi-builder-workspace/Sources/Shimmers/Wire\ Types/Wire\ Protocol/Protocol\ BinaryInteger.swift /Users/admin/builder/spi-builder-workspace/Sources/Shimmers/Wire\ Types/Wire\ Protocol/Protocol\ Collection.swift /Users/admin/builder/spi-builder-workspace/Sources/Shimmers/Wire\ Types/Wire\ Protocol/Protocol\ Equatable\ &\ Comparable.swift (in target 'Shimmers' from project 'shimmers-hdl')
SwiftCompile normal arm64 /Users/admin/builder/spi-builder-workspace/Sources/Shimmers/Wire\ Types/Pattern\ Matching/Pattern\ Matching.swift (in target 'Shimmers' from project 'shimmers-hdl')
cd /Users/admin/builder/spi-builder-workspace/.swiftpm/xcode
builtin-SwiftPerFileCompile Pattern\ Matching.swift
SwiftCompile normal arm64 /Users/admin/builder/spi-builder-workspace/Sources/Shimmers/Wire\ Types/Queue/QueueRef.swift (in target 'Shimmers' from project 'shimmers-hdl')
cd /Users/admin/builder/spi-builder-workspace/.swiftpm/xcode
builtin-SwiftPerFileCompile QueueRef.swift
SwiftCompile normal arm64 /Users/admin/builder/spi-builder-workspace/Sources/Shimmers/Wire\ Types/Range/RangeRef\ -\ Collection.swift (in target 'Shimmers' from project 'shimmers-hdl')
cd /Users/admin/builder/spi-builder-workspace/.swiftpm/xcode
builtin-SwiftPerFileCompile RangeRef\ -\ Collection.swift
SwiftCompile normal arm64 /Users/admin/builder/spi-builder-workspace/Sources/Shimmers/Wire\ Types/Range/RangeRef.swift (in target 'Shimmers' from project 'shimmers-hdl')
cd /Users/admin/builder/spi-builder-workspace/.swiftpm/xcode
builtin-SwiftPerFileCompile RangeRef.swift
SwiftCompile normal arm64 /Users/admin/builder/spi-builder-workspace/Sources/Shimmers/Wire\ Types/Ternary.swift (in target 'Shimmers' from project 'shimmers-hdl')
cd /Users/admin/builder/spi-builder-workspace/.swiftpm/xcode
builtin-SwiftPerFileCompile Ternary.swift
SwiftCompile normal arm64 /Users/admin/builder/spi-builder-workspace/Sources/Shimmers/Wire\ Types/Wire\ Protocol/Protocol\ Arithmetic.swift (in target 'Shimmers' from project 'shimmers-hdl')
cd /Users/admin/builder/spi-builder-workspace/.swiftpm/xcode
builtin-SwiftPerFileCompile Protocol\ Arithmetic.swift
SwiftCompile normal arm64 /Users/admin/builder/spi-builder-workspace/Sources/Shimmers/Wire\ Types/Wire\ Protocol/Protocol\ BinaryInteger.swift (in target 'Shimmers' from project 'shimmers-hdl')
cd /Users/admin/builder/spi-builder-workspace/.swiftpm/xcode
builtin-SwiftPerFileCompile Protocol\ BinaryInteger.swift
SwiftCompile normal arm64 /Users/admin/builder/spi-builder-workspace/Sources/Shimmers/Wire\ Types/Wire\ Protocol/Protocol\ Collection.swift (in target 'Shimmers' from project 'shimmers-hdl')
cd /Users/admin/builder/spi-builder-workspace/.swiftpm/xcode
builtin-SwiftPerFileCompile Protocol\ Collection.swift
SwiftCompile normal arm64 /Users/admin/builder/spi-builder-workspace/Sources/Shimmers/Wire\ Types/Wire\ Protocol/Protocol\ Equatable\ &\ Comparable.swift (in target 'Shimmers' from project 'shimmers-hdl')
cd /Users/admin/builder/spi-builder-workspace/.swiftpm/xcode
builtin-SwiftPerFileCompile Protocol\ Equatable\ \&\ Comparable.swift
PruneExplicitPrecompiledModules /Users/admin/builder/spi-builder-workspace/.derivedData/Build/Intermediates.noindex/ExplicitPrecompiledModules
PruneExplicitPrecompiledModules /Users/admin/builder/spi-builder-workspace/.derivedData/Build/Intermediates.noindex/SwiftExplicitPrecompiledModules
PruneExplicitPrecompiledModules /Users/admin/builder/spi-builder-workspace/.derivedData/SDKExplicitPrecompiledModules
2026-09-23 13:12:39.834 xcodebuild[1120:6537] [MT] IDERunDestination: Supported platforms for the buildables in the current scheme is empty.
--- xcodebuild: WARNING: Using the first of multiple matching destinations:
{ platform:macOS, arch:arm64, id:c52d13c0eb7277ad63834ea25608617ff915283b, name:My Mac }
{ platform:macOS, arch:arm64, variant:Mac Catalyst, id:c52d13c0eb7277ad63834ea25608617ff915283b, name:My Mac }
{ platform:macOS, arch:arm64, variant:DriverKit, id:c52d13c0eb7277ad63834ea25608617ff915283b, name:My Mac }
{ platform:macOS, arch:arm64, variant:Designed for [iPad,iPhone], id:c52d13c0eb7277ad63834ea25608617ff915283b, name:My Mac }
** BUILD FAILED **
The following build commands failed:
SwiftCompile normal arm64 Compiling\ Scope\ -\ Building\ Gates.swift,\ Scope\ -\ Building\ Ports.swift,\ Scope\ -\ Condition.swift,\ Scope\ -\ Debugging.swift,\ Scope\ -\ Module\ Inst.swift,\ Scope\ -\ Prove\ Assert.swift,\ Scope\ -\ Prove\ Assume.swift,\ Scope\ -\ Prove\ Loop.swift,\ Scope.swift,\ Local.swift /Users/admin/builder/spi-builder-workspace/Sources/Shimmers/Scope/Scope\ -\ Building\ Gates.swift /Users/admin/builder/spi-builder-workspace/Sources/Shimmers/Scope/Scope\ -\ Building\ Ports.swift /Users/admin/builder/spi-builder-workspace/Sources/Shimmers/Scope/Scope\ -\ Condition.swift /Users/admin/builder/spi-builder-workspace/Sources/Shimmers/Scope/Scope\ -\ Debugging.swift /Users/admin/builder/spi-builder-workspace/Sources/Shimmers/Scope/Scope\ -\ Module\ Inst.swift /Users/admin/builder/spi-builder-workspace/Sources/Shimmers/Scope/Scope\ -\ Prove\ Assert.swift /Users/admin/builder/spi-builder-workspace/Sources/Shimmers/Scope/Scope\ -\ Prove\ Assume.swift /Users/admin/builder/spi-builder-workspace/Sources/Shimmers/Scope/Scope\ -\ Prove\ Loop.swift /Users/admin/builder/spi-builder-workspace/Sources/Shimmers/Scope/Scope.swift /Users/admin/builder/spi-builder-workspace/Sources/Shimmers/Var\ Tracking/Local.swift (in target 'Shimmers' from project 'shimmers-hdl')
SwiftCompile normal arm64 /Users/admin/builder/spi-builder-workspace/Sources/Shimmers/Scope/Scope.swift (in target 'Shimmers' from project 'shimmers-hdl')
Building workspace shimmers-hdl with scheme shimmers-hdl-Package
(3 failures)
BUILD FAILURE 6.4 macosXcodebuild