The Swift Package Index logo.Swift Package Index

Build Information

Failed to build GradientProgressBar, reference 4.0.1 (3b089e), with Swift 6.3 for macOS (SPM) on 27 Oct 2026 15:20:22 UTC.

Build Command

env DEVELOPER_DIR=/Applications/Xcode-26.5.0.app xcrun swift build --arch arm64

Build Log

========================================
RunAll
========================================
Builder version: 5.1.3
Interrupt handler set up.
========================================
Checkout
========================================
Clone URL: https://github.com/fxm90/GradientProgressBar.git
Reference: 4.0.1
Initialized empty Git repository in /Users/admin/builder/spi-builder-workspace/.git/
From https://github.com/fxm90/GradientProgressBar
 * tag               4.0.1      -> FETCH_HEAD
HEAD is now at 3b089e2 🔖 :: Bump version
Cloned https://github.com/fxm90/GradientProgressBar.git
Revision (git rev-parse @):
3b089e2a1d6c0f7db126ee71a10da480f928097e
SUCCESS checkout https://github.com/fxm90/GradientProgressBar.git at 4.0.1
========================================
Build
========================================
Selected platform:         macosSpm
Swift version:             6.3
Building package at path:  $PWD
https://github.com/fxm90/GradientProgressBar.git
Running build ...
env DEVELOPER_DIR=/Applications/Xcode-26.5.0.app xcrun swift build --arch arm64
Building for debugging...
[0/2] Write sources
[1/2] Write swift-version-69A768CDF2A0BEE1.txt
[3/11] Compiling GradientProgressBar GradientProgressBar+ViewModel.swift
/Users/admin/builder/spi-builder-workspace/Sources/GradientProgressBar/Config/UIColor+GradientProgressBar.swift:10:15: error: no such module 'UIKit'
 8 |
 9 | public import SwiftUI
10 | public import UIKit
   |               `- error: no such module 'UIKit'
11 |
12 | public extension UIColor {
[4/11] Compiling GradientProgressBar TimingFunction.swift
/Users/admin/builder/spi-builder-workspace/Sources/GradientProgressBar/Config/UIColor+GradientProgressBar.swift:10:15: error: no such module 'UIKit'
 8 |
 9 | public import SwiftUI
10 | public import UIKit
   |               `- error: no such module 'UIKit'
11 |
12 | public extension UIColor {
error: emit-module command failed with exit code 1 (use -v to see invocation)
[5/11] Emitting module GradientProgressBar
/Users/admin/builder/spi-builder-workspace/Sources/GradientProgressBar/Config/UIColor+GradientProgressBar.swift:10:15: error: no such module 'UIKit'
 8 |
 9 | public import SwiftUI
10 | public import UIKit
   |               `- error: no such module 'UIKit'
11 |
12 | public extension UIColor {
[6/11] Compiling GradientProgressBar GradientProgressBarViewStyle.swift
/Users/admin/builder/spi-builder-workspace/Sources/GradientProgressBar/Config/UIColor+GradientProgressBar.swift:10:15: error: no such module 'UIKit'
 8 |
 9 | public import SwiftUI
10 | public import UIKit
   |               `- error: no such module 'UIKit'
11 |
12 | public extension UIColor {
[7/11] Compiling GradientProgressBar LayerAnimation.swift
/Users/admin/builder/spi-builder-workspace/Sources/GradientProgressBar/Config/UIColor+GradientProgressBar.swift:10:15: error: no such module 'UIKit'
 8 |
 9 | public import SwiftUI
10 | public import UIKit
   |               `- error: no such module 'UIKit'
11 |
12 | public extension UIColor {
[8/11] Compiling GradientProgressBar TimeInterval+GradientProgressBar.swift
/Users/admin/builder/spi-builder-workspace/Sources/GradientProgressBar/Config/UIColor+GradientProgressBar.swift:10:15: error: no such module 'UIKit'
 8 |
 9 | public import SwiftUI
10 | public import UIKit
   |               `- error: no such module 'UIKit'
11 |
12 | public extension UIColor {
[9/11] Compiling GradientProgressBar UIColor+GradientProgressBar.swift
/Users/admin/builder/spi-builder-workspace/Sources/GradientProgressBar/Config/UIColor+GradientProgressBar.swift:10:15: error: no such module 'UIKit'
 8 |
 9 | public import SwiftUI
10 | public import UIKit
   |               `- error: no such module 'UIKit'
11 |
12 | public extension UIColor {
[10/11] Compiling GradientProgressBar CGFloat+GradientProgressBar.swift
/Users/admin/builder/spi-builder-workspace/Sources/GradientProgressBar/Config/UIColor+GradientProgressBar.swift:10:15: error: no such module 'UIKit'
 8 |
 9 | public import SwiftUI
10 | public import UIKit
   |               `- error: no such module 'UIKit'
11 |
12 | public extension UIColor {
[11/11] Compiling GradientProgressBar GradientProgressBar.swift
/Users/admin/builder/spi-builder-workspace/Sources/GradientProgressBar/Config/UIColor+GradientProgressBar.swift:10:15: error: no such module 'UIKit'
 8 |
 9 | public import SwiftUI
10 | public import UIKit
   |               `- error: no such module 'UIKit'
11 |
12 | public extension UIColor {
Fetching https://github.com/pointfreeco/swift-snapshot-testing
[1/16599] Fetching swift-snapshot-testing
Fetched https://github.com/pointfreeco/swift-snapshot-testing from cache (12.21s)
Computing version for https://github.com/pointfreeco/swift-snapshot-testing
Computed https://github.com/pointfreeco/swift-snapshot-testing at 1.19.7 (12.81s)
Fetching https://github.com/pointfreeco/swift-custom-dump
Fetching https://github.com/swiftlang/swift-syntax
[1/5669] Fetching swift-custom-dump
[5670/86854] Fetching swift-custom-dump, swift-syntax
Fetched https://github.com/pointfreeco/swift-custom-dump from cache (8.85s)
Fetched https://github.com/swiftlang/swift-syntax from cache (8.85s)
Computing version for https://github.com/pointfreeco/swift-custom-dump
Computed https://github.com/pointfreeco/swift-custom-dump at 1.7.3 (9.49s)
Fetching https://github.com/pointfreeco/xctest-dynamic-overlay
[1/2727] Fetching xctest-dynamic-overlay
Fetched https://github.com/pointfreeco/xctest-dynamic-overlay from cache (1.40s)
Computing version for https://github.com/pointfreeco/xctest-dynamic-overlay
Computed https://github.com/pointfreeco/xctest-dynamic-overlay at 1.13.1 (4.45s)
Computing version for https://github.com/swiftlang/swift-syntax
Computed https://github.com/swiftlang/swift-syntax at 604.0.0 (2.39s)
Creating working copy for https://github.com/pointfreeco/xctest-dynamic-overlay
Working copy of https://github.com/pointfreeco/xctest-dynamic-overlay resolved at 1.13.1
Creating working copy for https://github.com/pointfreeco/swift-snapshot-testing
Working copy of https://github.com/pointfreeco/swift-snapshot-testing resolved at 1.19.7
Creating working copy for https://github.com/swiftlang/swift-syntax
Working copy of https://github.com/swiftlang/swift-syntax resolved at 604.0.0
Creating working copy for https://github.com/pointfreeco/swift-custom-dump
Working copy of https://github.com/pointfreeco/swift-custom-dump resolved at 1.7.3
BUILD FAILURE 6.3 macosSpm