Build Information
Failed to build herald-ios-adjust, reference v1.3.0 (0bf008), with Swift 6.1 for Linux on 21 Oct 2026 06:37:03 UTC.
Build Command
bash -c docker run --pull=always --rm -v "checkouts-53886768-1":/host -w "$PWD" -e JAVA_HOME="/root/.sdkman/candidates/java/current" -e SPI_BUILD="1" -e SPI_PROCESSING="1" registry.gitlab.com/saguaro1/spi-images:linux-6.1-latest swift build --triple x86_64-unknown-linux-gnu 2>&1Build Log
========================================
RunAll
========================================
Builder version: 5.1.3
Interrupt handler set up.
========================================
Checkout
========================================
Clone URL: https://github.com/MkhytarMkhoian/herald-ios-adjust.git
Reference: v1.3.0
Initialized empty Git repository in /host/spi-builder-workspace/.git/
hint: Using 'master' as the name for the initial branch. This default branch name
hint: is subject to change. To configure the initial branch name to use in all
hint: of your new repositories, which will suppress this warning, call:
hint:
hint: git config --global init.defaultBranch <name>
hint:
hint: Names commonly chosen instead of 'master' are 'main', 'trunk' and
hint: 'development'. The just-created branch can be renamed via this command:
hint:
hint: git branch -m <name>
From https://github.com/MkhytarMkhoian/herald-ios-adjust
* tag v1.3.0 -> FETCH_HEAD
HEAD is now at 0bf008e Release 1.2.0
Cloned https://github.com/MkhytarMkhoian/herald-ios-adjust.git
Revision (git rev-parse @):
0bf008e9ca34a6a4920a3d7ec6ce9affbc4f5689
SPI manifest file found: $PWD/.spi.yml
SUCCESS checkout https://github.com/MkhytarMkhoian/herald-ios-adjust.git at v1.3.0
========================================
Build
========================================
Selected platform: linux
Swift version: 6.1
Building package at path: $PWD
https://github.com/MkhytarMkhoian/herald-ios-adjust.git
https://github.com/MkhytarMkhoian/herald-ios-adjust.git
WARNING: environment variable SUPPRESS_SWIFT_6_FLAGS is not set
Running build ...
bash -c docker run --pull=always --rm -v "checkouts-53886768-1":/host -w "$PWD" -e JAVA_HOME="/root/.sdkman/candidates/java/current" -e SPI_BUILD="1" -e SPI_PROCESSING="1" registry.gitlab.com/saguaro1/spi-images:linux-6.1-latest swift build --triple x86_64-unknown-linux-gnu -Xswiftc -Xfrontend -Xswiftc -stats-output-dir -Xswiftc -Xfrontend -Xswiftc .stats -Xswiftc -strict-concurrency=complete -Xswiftc -enable-upcoming-feature -Xswiftc StrictConcurrency -Xswiftc -enable-upcoming-feature -Xswiftc DisableOutwardActorInference -Xswiftc -enable-upcoming-feature -Xswiftc GlobalActorIsolatedTypesUsability -Xswiftc -enable-upcoming-feature -Xswiftc InferSendableFromCaptures 2>&1
linux-6.1-latest: Pulling from saguaro1/spi-images
Digest: sha256:2ccba1a98249c90438a7c8a4888192d345af17f27af8250de02cec002ad06687
Status: Image is up to date for registry.gitlab.com/saguaro1/spi-images:linux-6.1-latest
Fetching https://github.com/adjust/ios_sdk
Fetching https://github.com/MkhytarMkhoian/herald-ios
[1/310] Fetching herald-ios
[311/25641] Fetching herald-ios, ios_sdk
Fetched https://github.com/MkhytarMkhoian/herald-ios from cache (2.16s)
Fetched https://github.com/adjust/ios_sdk from cache (2.18s)
Computing version for https://github.com/MkhytarMkhoian/herald-ios
Computed https://github.com/MkhytarMkhoian/herald-ios at 1.3.0 (2.41s)
Computing version for https://github.com/adjust/ios_sdk
Computed https://github.com/adjust/ios_sdk at 5.8.0 (0.92s)
Fetching https://github.com/googleads/google-ads-on-device-conversion-ios-sdk.git
Fetching https://github.com/adjust/adjust_signature_sdk.git
[1/217] Fetching adjust_signature_sdk
[143/345] Fetching adjust_signature_sdk, google-ads-on-device-conversion-ios-sdk
Fetched https://github.com/adjust/adjust_signature_sdk.git from cache (0.37s)
[99/128] Fetching google-ads-on-device-conversion-ios-sdk
Fetched https://github.com/googleads/google-ads-on-device-conversion-ios-sdk.git from cache (0.40s)
Computing version for https://github.com/adjust/adjust_signature_sdk.git
Computed https://github.com/adjust/adjust_signature_sdk.git at 5.0.0 (0.64s)
Computing version for https://github.com/googleads/google-ads-on-device-conversion-ios-sdk.git
Computed https://github.com/googleads/google-ads-on-device-conversion-ios-sdk.git at 3.7.0 (0.26s)
Fetching https://github.com/firebase/nanopb.git
Fetching https://github.com/google/GoogleUtilities.git
[1/8302] Fetching nanopb
[85/14003] Fetching nanopb, googleutilities
Fetched https://github.com/google/GoogleUtilities.git from cache (0.57s)
Fetched https://github.com/firebase/nanopb.git from cache (0.57s)
Computing version for https://github.com/firebase/nanopb.git
Computed https://github.com/firebase/nanopb.git at 2.30910.1 (0.83s)
Computing version for https://github.com/google/GoogleUtilities.git
Computed https://github.com/google/GoogleUtilities.git at 8.1.5 (0.24s)
Creating working copy for https://github.com/adjust/adjust_signature_sdk.git
Working copy of https://github.com/adjust/adjust_signature_sdk.git resolved at 5.0.0
Creating working copy for https://github.com/googleads/google-ads-on-device-conversion-ios-sdk.git
Working copy of https://github.com/googleads/google-ads-on-device-conversion-ios-sdk.git resolved at 3.7.0
Creating working copy for https://github.com/firebase/nanopb.git
Working copy of https://github.com/firebase/nanopb.git resolved at 2.30910.1
Creating working copy for https://github.com/adjust/ios_sdk
Working copy of https://github.com/adjust/ios_sdk resolved at 5.8.0
Creating working copy for https://github.com/google/GoogleUtilities.git
Working copy of https://github.com/google/GoogleUtilities.git resolved at 8.1.5
Creating working copy for https://github.com/MkhytarMkhoian/herald-ios
Working copy of https://github.com/MkhytarMkhoian/herald-ios resolved at 1.3.0
Downloading binary artifact https://dl.google.com/firebase/ios/appads/3.7.0/GoogleAdsOnDeviceConversion.zip
Downloading binary artifact https://github.com/adjust/adjust_signature_sdk/releases/download/v5.0.0/AdjustSigSdk-iOS-tvOS-Dynamic-5.0.0.xcframework.zip
[6866/6866] Downloading https://dl.google.com/firebase/ios/appads/3.7.0/GoogleAdsOnDeviceConversion.zip
[4686786/8735369] Downloading https://dl.google.com/firebase/ios/appads/3.7.0/GoogleAdsOnDeviceConversion.zip, https://github.com/adjust/adjust_signature_sdk/releases/download/v5.0.0/AdjustSigSdk-iOS-tvOS-Dynamic-5.0.0.xcframework.zip
Downloaded https://dl.google.com/firebase/ios/appads/3.7.0/GoogleAdsOnDeviceConversion.zip (0.34s)
Downloaded https://github.com/adjust/adjust_signature_sdk/releases/download/v5.0.0/AdjustSigSdk-iOS-tvOS-Dynamic-5.0.0.xcframework.zip (0.45s)
Building for debugging...
[0/48] Write sources
[0/48] Copying PrivacyInfo.xcprivacy
In file included from <built-in>:1:
/host/spi-builder-workspace/.build/x86_64-unknown-linux-gnu/debug/AdjustSdk.build/DerivedSources/resource_bundle_accessor.h:2:9: fatal error: 'Foundation/Foundation.h' file not found
2 | #import <Foundation/Foundation.h>
| ^~~~~~~~~~~~~~~~~~~~~~~~~
1 error generated.
[3/48] Compiling ADJUserDefaults.m
In file included from <built-in>:1:
/host/spi-builder-workspace/.build/x86_64-unknown-linux-gnu/debug/AdjustSdk.build/DerivedSources/resource_bundle_accessor.h:2:9: fatal error: 'Foundation/Foundation.h' file not found
2 | #import <Foundation/Foundation.h>
| ^~~~~~~~~~~~~~~~~~~~~~~~~
[3/48] Compiling ADJUtil.m
In file included from <built-in>:1:
/host/spi-builder-workspace/.build/x86_64-unknown-linux-gnu/debug/AdjustSdk.build/DerivedSources/resource_bundle_accessor.h:2:9: fatal error: 'Foundation/Foundation.h' file not found
2 | #import <Foundation/Foundation.h>
| ^~~~~~~~~~~~~~~~~~~~~~~~~
[3/48] Compiling ADJSdkClickHandler.m
[3/48] Compiling AdjustSdk resource_bundle_accessor.m
In file included from <built-in>:1:
/host/spi-builder-workspace/.build/x86_64-unknown-linux-gnu/debug/AdjustSdk.build/DerivedSources/resource_bundle_accessor.h:2:9: fatal error: 'Foundation/Foundation.h' file not found
2 | #import <Foundation/Found[3/48] Compiling ADJUrlStrategy.m
In file included from <built-in>:1:
/host/spi-builder-workspace/.build/x86_64-unknown-linux-gnu/debug/AdjustSdk.build/DerivedSources/resource_bundle_accessor.h:2:9: fatal error: 'Foundation/Foundation.h' file not found
2 | #import <Foundation/Foundation.h>
| ^~~~~~~~~~~~~~~~~~~~~~~~~
[3/48] Compiling ADJTimerOnce.m
In file included from <built-in>:1:
/host/spi-builder-workspace/.build/x86_64-unknown-linux-gnu/debug/AdjustSdk.build/DerivedSources/resource_bundle_accessor.h:2:9: fatal error: 'Foundation/Foundation.h' file not found
2 | #import <Foundation/Foundation.h>
| ^~~~~~~~~~~~~~~~~~~~~~~~~
[3/48] Compiling ADJTimerCycle.m
[3/48] Write swift-version-24593BA9C3E375BF.txt
Running build ...
bash -c docker run --pull=always --rm -v "checkouts-53886768-1":/host -w "$PWD" -e JAVA_HOME="/root/.sdkman/candidates/java/current" -e SPI_BUILD="1" -e SPI_PROCESSING="1" registry.gitlab.com/saguaro1/spi-images:linux-6.1-latest swift build --triple x86_64-unknown-linux-gnu 2>&1
linux-6.1-latest: Pulling from saguaro1/spi-images
Digest: sha256:2ccba1a98249c90438a7c8a4888192d345af17f27af8250de02cec002ad06687
Status: Image is up to date for registry.gitlab.com/saguaro1/spi-images:linux-6.1-latest
[0/1] Planning build
Building for debugging...
In file included from <built-in>:1:
/host/spi-builder-workspace/.build/x86_64-unknown-linux-gnu/debug/AdjustSdk.build/DerivedSources/resource_bundle_accessor.h:2:9: fatal error: 'Foundation/Foundation.h' file not found
2 | #import <Foundation/Foundation.h>
| ^~~~~~~~~~~~~~~~~~~~~~~~~
1 error generated.
[0/45] Compiling AdjustSdk resource_bundle_accessor.m
In file included from <built-in>:1:
/host/spi-builder-workspace/.build/x86_64-unknown-linux-gnu/debug/AdjustSdk.build/DerivedSources/resource_bundle_accessor.h:2:9: fatal error: 'Foundation/Foundation.h' file not found
2 | #import <Foundation/Foundation.h>
| ^~~~~~~~~~~~~~~~~~~~~~~~~
1 error generated.
[0/45] Compiling ADJUserDefaults.m
[0/45] Compiling ADJSdkClickHandler.m
In file included from <built-in>:1:
/host/spi-builder-workspace/.build/x86_64-unknown-linux-gnu/debug/AdjustSdk.build/DerivedSources/resource_bundle_accessor.h:2:9: fatal error: 'Foundation/Foundation.h' file not found
2 | #import <Foundation/Foundation.h>
| ^~~~~~~~~~~~~~~~~~~~~~~~~
[0/45] Compiling ADJTimerOnce.m
In file included from <built-in>:1:
/host/spi-builder-workspace/.build/x86_64-unknown-linux-gnu/debug/AdjustSdk.build/DerivedSources/resource_bundle_accessor.h:2:9: fatal error: 'Foundation/Foundation.h' file not found
2 | #import <Foundation/Foundation.h>
| ^~~~~~~~~~~~~~~~~~~~~~~~~
[0/45] Compiling ADJUrlStrategy.m
In file included from <built-in>:1:
/host/spi-builder-workspace/.build/x86_64-unknown-linux-gnu/debug/AdjustSdk.build/DerivedSources/resource_bundle_accessor.h:2:9: fatal error: 'Foundation/Foundation.h' file not found
2 | #import <Foundation/Foundation.h>
| ^~~~~~~~~~~~~~~~~~~~~~~~~
[0/45] Compiling ADJUtil.m
In file included from <built-in>:1:
/host/spi-builder-workspace/.build/x86_64-unknown-linux-gnu/debug/AdjustSdk.build/DerivedSources/resource_bundle_accessor.h:2:9: fatal error: 'Foundation/Foundation.h' file not found
2 | #import <Foundation/Foundation.h>
| ^~~~~~~~~~~~~~~~~~~~~~~~~
[0/45] Compiling ADJTimerCycle.m
[0/45] Write swift-version-24593BA9C3E375BF.txt
BUILD FAILURE 6.1 linux