The Swift Package Index logo.Swift Package Index

Build Information

Failed to build swift-url-routing, reference 0.7.0 (40c7b3), with Swift 6.3 for Wasm on 29 Aug 2026 04:15:09 UTC.

Build Command

bash -c docker run --pull=always --rm -v "checkouts-54344847-0":/host -w "$PWD" -e JAVA_HOME="/root/.sdkman/candidates/java/current" -e SPI_BUILD="1" -e SPI_PROCESSING="1" registry.gitlab.com/saguaro1/spi-images:wasm-6.3-latest swift build --swift-sdk swift-6.3.2-RELEASE_wasm 2>&1

Build Log

========================================
RunAll
========================================
Builder version: 5.0.2
Interrupt handler set up.
========================================
Checkout
========================================
Clone URL: https://github.com/pointfreeco/swift-url-routing.git
Reference: 0.7.0
Initialized empty Git repository in /host/spi-builder-workspace/.git/
hint: Using 'master' as the name for the initial branch. This default branch name
hint: is subject to change. To configure the initial branch name to use in all
hint: of your new repositories, which will suppress this warning, call:
hint:
hint: 	git config --global init.defaultBranch <name>
hint:
hint: Names commonly chosen instead of 'master' are 'main', 'trunk' and
hint: 'development'. The just-created branch can be renamed via this command:
hint:
hint: 	git branch -m <name>
From https://github.com/pointfreeco/swift-url-routing
 * tag               0.7.0      -> FETCH_HEAD
HEAD is now at 40c7b32 Fix GET form query encoding (#121)
Cloned https://github.com/pointfreeco/swift-url-routing.git
Revision (git rev-parse @):
40c7b325bd60f37cf8c200992af4177b548d5c3d
SPI manifest file found: $PWD/.spi.yml
SUCCESS checkout https://github.com/pointfreeco/swift-url-routing.git at 0.7.0
========================================
Build
========================================
Selected platform:         wasm
Swift version:             6.3
Building package at path:  $PWD
https://github.com/pointfreeco/swift-url-routing.git
Running build ...
bash -c docker run --pull=always --rm -v "checkouts-54344847-0":/host -w "$PWD" -e JAVA_HOME="/root/.sdkman/candidates/java/current" -e SPI_BUILD="1" -e SPI_PROCESSING="1" registry.gitlab.com/saguaro1/spi-images:wasm-6.3-latest swift build --swift-sdk swift-6.3.2-RELEASE_wasm 2>&1
wasm-6.3-latest: Pulling from saguaro1/spi-images
Digest: sha256:e92e38b97676c18adb57b57429ddfb766786102cb50cb918e0d9e8055d05b35d
Status: Image is up to date for registry.gitlab.com/saguaro1/spi-images:wasm-6.3-latest
Fetching https://github.com/pointfreeco/swift-parsing
Fetching https://github.com/apple/swift-collections
Fetching https://github.com/pointfreeco/xctest-dynamic-overlay
Fetching https://github.com/apple/swift-argument-parser
Fetching https://github.com/google/swift-benchmark
Fetching https://github.com/apple/swift-docc-plugin
[1/1490] Fetching swift-benchmark
[1313/3835] Fetching swift-benchmark, swift-docc-plugin
[3813/30820] Fetching swift-benchmark, swift-docc-plugin, swift-collections
[4106/33547] Fetching swift-benchmark, swift-docc-plugin, swift-collections, xctest-dynamic-overlay
[5189/52145] Fetching swift-benchmark, swift-docc-plugin, swift-collections, xctest-dynamic-overlay, swift-argument-parser
Fetched https://github.com/pointfreeco/xctest-dynamic-overlay from cache (0.88s)
Fetched https://github.com/apple/swift-argument-parser from cache (0.88s)
[21106/30820] Fetching swift-benchmark, swift-docc-plugin, swift-collections
Fetched https://github.com/google/swift-benchmark from cache (1.18s)
Fetched https://github.com/apple/swift-docc-plugin from cache (1.18s)
Fetched https://github.com/apple/swift-collections from cache (1.19s)
[1/98232] Fetching swift-parsing
Fetched https://github.com/pointfreeco/swift-parsing from cache (4.73s)
Computing version for https://github.com/pointfreeco/swift-parsing
Computed https://github.com/pointfreeco/swift-parsing at 0.15.0 (4.89s)
Fetching https://github.com/pointfreeco/swift-case-paths
[1/5112] Fetching swift-case-paths
Fetched https://github.com/pointfreeco/swift-case-paths from cache (0.55s)
Computing version for https://github.com/apple/swift-argument-parser
Computed https://github.com/apple/swift-argument-parser at 0.5.0 (1.43s)
Computing version for https://github.com/google/swift-benchmark
Computed https://github.com/google/swift-benchmark at 0.1.1 (0.16s)
Computing version for https://github.com/pointfreeco/xctest-dynamic-overlay
Computed https://github.com/pointfreeco/xctest-dynamic-overlay at 1.13.1 (0.90s)
Computing version for https://github.com/apple/swift-docc-plugin
Computed https://github.com/apple/swift-docc-plugin at 1.5.0 (0.17s)
Fetching https://github.com/swiftlang/swift-docc-symbolkit
[1/3815] Fetching swift-docc-symbolkit
Fetched https://github.com/swiftlang/swift-docc-symbolkit from cache (0.58s)
Computing version for https://github.com/swiftlang/swift-docc-symbolkit
Computed https://github.com/swiftlang/swift-docc-symbolkit at 1.0.0 (0.78s)
Computing version for https://github.com/apple/swift-collections
Computed https://github.com/apple/swift-collections at 1.6.0 (0.23s)
Computing version for https://github.com/pointfreeco/swift-case-paths
Computed https://github.com/pointfreeco/swift-case-paths at 1.9.3 (0.20s)
Fetching https://github.com/swiftlang/swift-syntax
[1/79303] Fetching swift-syntax
Fetched https://github.com/swiftlang/swift-syntax from cache (3.38s)
Computing version for https://github.com/swiftlang/swift-syntax
Computed https://github.com/swiftlang/swift-syntax at 603.0.2 (3.71s)
Creating working copy for https://github.com/pointfreeco/swift-parsing
Working copy of https://github.com/pointfreeco/swift-parsing resolved at 0.15.0
Creating working copy for https://github.com/apple/swift-argument-parser
Working copy of https://github.com/apple/swift-argument-parser resolved at 0.5.0
Creating working copy for https://github.com/swiftlang/swift-syntax
Working copy of https://github.com/swiftlang/swift-syntax resolved at 603.0.2
Creating working copy for https://github.com/apple/swift-collections
Working copy of https://github.com/apple/swift-collections resolved at 1.6.0
Creating working copy for https://github.com/swiftlang/swift-docc-symbolkit
Working copy of https://github.com/swiftlang/swift-docc-symbolkit resolved at 1.0.0
Creating working copy for https://github.com/google/swift-benchmark
Working copy of https://github.com/google/swift-benchmark resolved at 0.1.1
Creating working copy for https://github.com/apple/swift-docc-plugin
Working copy of https://github.com/apple/swift-docc-plugin resolved at 1.5.0
Creating working copy for https://github.com/pointfreeco/xctest-dynamic-overlay
Working copy of https://github.com/pointfreeco/xctest-dynamic-overlay resolved at 1.13.1
Creating working copy for https://github.com/pointfreeco/swift-case-paths
Working copy of https://github.com/pointfreeco/swift-case-paths resolved at 1.9.3
Downloading package prebuilt https://download.swift.org/prebuilts/swift-syntax/603.0.2/swift-6.3.2-RELEASE-ubuntu_jammy_x86_64-MacroSupport.tar.gz
Downloaded https://download.swift.org/prebuilts/swift-syntax/603.0.2/swift-6.3.2-RELEASE-ubuntu_jammy_x86_64-MacroSupport.tar.gz (0.19s)
[1/1] Compiling plugin Swift-DocC Preview
[2/2] Compiling plugin Swift-DocC
Building for debugging...
[2/37] Write sources
[16/37] Write swift-version-24593BA9C3E375BF.txt
[18/80] Emitting module InternalCollectionsUtilities
[19/82] Emitting module IssueReporting
[20/84] Compiling IssueReporting TestContext.swift
[21/84] Compiling IssueReporting Unimplemented.swift
[22/84] Compiling IssueReporting XCTest.swift
[23/84] Compiling IssueReporting IsTesting.swift
[24/84] Compiling IssueReporting IssueReporter.swift
[27/84] Compiling InternalCollectionsUtilities _SortedCollection.swift
[28/84] Compiling InternalCollectionsUtilities _UniqueCollection.swift
[29/84] Compiling IssueReporting SwiftTesting.swift
[30/84] Compiling IssueReporting UncheckedSendable.swift
[31/84] Compiling IssueReporting Warn.swift
[32/84] Compiling IssueReporting Deprecations.swift
[33/84] Compiling IssueReporting FailureObserver.swift
[34/84] Compiling IssueReporting ErrorReporting.swift
[35/84] Compiling IssueReporting AppHostWarning.swift
[36/84] Compiling IssueReporting IssueSeverity.swift
[37/84] Compiling IssueReporting ReportIssue.swift
[38/84] Compiling IssueReporting _Test.swift
[39/84] Compiling IssueReporting WithExpectedIssue.swift
[40/84] Compiling IssueReporting WithIssueContext.swift
[46/84] Compiling IssueReporting LockIsolated.swift
[47/84] Compiling IssueReporting Rethrows.swift
[49/84] Emitting module ArgumentParserToolInfo
[50/84] Compiling ArgumentParserToolInfo ToolInfo.swift
[52/86] Wrapping AST for InternalCollectionsUtilities for debugging
[53/87] Wrapping AST for ArgumentParserToolInfo for debugging
[55/177] Compiling CasePathsMacrosSupport CasePathableMacro.swift
[56/177] Emitting module CasePathsMacrosSupport
[57/178] Compiling OrderedCollections _HashTable+CustomStringConvertible.swift
[58/178] Compiling OrderedCollections _HashTable+Testing.swift
[59/178] Compiling OrderedCollections _HashTable+UnsafeHandle.swift
[60/178] Compiling OrderedCollections _HashTable+Bucket.swift
[61/178] Compiling OrderedCollections _HashTable+BucketIterator.swift
[62/178] Compiling OrderedCollections _HashTable+Constants.swift
[64/178] Compiling OrderedCollections OrderedSet+Equatable.swift
[65/178] Compiling OrderedCollections OrderedSet+ExpressibleByArrayLiteral.swift
[66/178] Compiling OrderedCollections OrderedSet+Partial SetAlgebra formSymmetricDifference.swift
[67/178] Compiling OrderedCollections OrderedDictionary+Values.swift
[68/178] Compiling OrderedCollections OrderedDictionary.swift
[69/178] Compiling OrderedCollections OrderedSet+Codable.swift
[70/178] Compiling OrderedCollections OrderedSet+CustomReflectable.swift
[71/178] Compiling OrderedCollections OrderedSet+Descriptions.swift
[72/178] Compiling OrderedCollections OrderedSet+Diffing.swift
[74/185] Wrapping AST for CasePathsMacrosSupport for debugging
[77/188] Compiling OrderedCollections OrderedSet+Partial SetAlgebra formUnion.swift
[78/188] Compiling OrderedCollections OrderedSet+Partial SetAlgebra intersection.swift
[79/188] Compiling OrderedCollections OrderedSet+Partial SetAlgebra isDisjoint.swift
[80/188] Compiling OrderedCollections OrderedSet+Partial SetAlgebra isEqualSet.swift
[81/188] Compiling OrderedCollections OrderedSet+Partial SetAlgebra isStrictSubset.swift
[82/188] Compiling OrderedCollections OrderedSet+Partial SetAlgebra isStrictSuperset.swift
[83/188] Compiling OrderedCollections OrderedSet+Partial SetAlgebra isSubset.swift
[84/188] Compiling OrderedCollections OrderedDictionary+Hashable.swift
[85/188] Compiling OrderedCollections OrderedDictionary+Initializers.swift
[86/188] Compiling OrderedCollections OrderedDictionary+Invariants.swift
[87/188] Compiling OrderedCollections OrderedDictionary+Move.swift
[88/188] Compiling OrderedCollections OrderedDictionary+Partial MutableCollection.swift
[89/188] Compiling OrderedCollections OrderedDictionary+Partial RangeReplaceableCollection.swift
[90/188] Compiling OrderedCollections OrderedDictionary+Sendable.swift
[91/188] Compiling OrderedCollections OrderedDictionary+Sequence.swift
[95/189] Compiling CasePathsMacros Plugin.swift
[97/189] Compiling CasePathsMacros CasePathableMacro.swift
[98/189] Emitting module CasePathsMacros
[99/190] Wrapping AST for IssueReporting for debugging
[100/200] Wrapping AST for CasePathsMacros for debugging
[101/200] Write Objects.LinkFileList
[103/200] Compiling CasePathsCore KeyPath+Sendable.swift
[104/201] Compiling CasePathsCore TypeName.swift
[105/201] Emitting module CasePathsCore
[106/201] Compiling CasePathsCore UncheckedSendable.swift
[107/201] Compiling CasePathsCore Never+CasePathable.swift
[108/201] Compiling CasePathsCore Result+CasePathable.swift
[109/201] Compiling CasePathsCore Optional+CasePathable.swift
[110/201] Compiling CasePathsCore AnyCasePath.swift
[111/201] Compiling CasePathsCore CasePathIterable.swift
[112/201] Compiling CasePathsCore CasePathReflectable.swift
[113/201] Compiling CasePathsCore CasePathable.swift
[115/202] Compiling OrderedCollections OrderedDictionary+Codable.swift
[116/202] Compiling OrderedCollections OrderedDictionary+CustomReflectable.swift
[117/202] Compiling OrderedCollections OrderedDictionary+Deprecations.swift
[118/202] Compiling OrderedCollections OrderedDictionary+Descriptions.swift
[119/202] Compiling OrderedCollections OrderedDictionary+Elements.SubSequence.swift
[120/202] Compiling OrderedCollections OrderedDictionary+Elements.swift
[121/202] Compiling OrderedCollections OrderedDictionary+Equatable.swift
[122/202] Compiling OrderedCollections OrderedDictionary+ExpressibleByDictionaryLiteral.swift
[123/202] Compiling OrderedCollections OrderedSet+Partial SetAlgebra isSuperset.swift
[124/202] Compiling OrderedCollections OrderedSet+Partial SetAlgebra subtract.swift
[125/202] Compiling OrderedCollections OrderedSet+Partial SetAlgebra subtracting.swift
[126/202] Compiling OrderedCollections OrderedSet+Partial SetAlgebra symmetricDifference.swift
[127/202] Compiling OrderedCollections OrderedSet+Partial SetAlgebra union.swift
[128/202] Compiling OrderedCollections OrderedSet+Partial SetAlgebra+Basics.swift
[129/202] Compiling OrderedCollections OrderedSet+RandomAccessCollection.swift
[130/202] Compiling OrderedCollections OrderedSet+ReserveCapacity.swift
[131/202] Compiling OrderedCollections OrderedSet+Hashable.swift
[132/202] Compiling OrderedCollections OrderedSet+Initializers.swift
[133/202] Compiling OrderedCollections OrderedSet+Insertions.swift
[134/202] Compiling OrderedCollections OrderedSet+Invariants.swift
[135/202] Compiling OrderedCollections OrderedSet+Move.swift
[136/202] Compiling OrderedCollections OrderedSet+Partial MutableCollection.swift
[137/202] Compiling OrderedCollections OrderedSet+Partial RangeReplaceableCollection.swift
[138/202] Compiling OrderedCollections OrderedSet+Partial SetAlgebra formIntersection.swift
[138/202] Wrapping AST for CasePathsCore for debugging
error: emit-module command failed with exit code 1 (use -v to see invocation)
[140/202] Emitting module ArgumentParser
/host/spi-builder-workspace/.build/checkouts/swift-argument-parser/Sources/ArgumentParser/Parsable Properties/Errors.swift:61:40: error: cannot find 'EXIT_SUCCESS' in scope
 59 |
 60 |   /// An exit code that indicates successful completion of a command.
 61 |   public static let success = ExitCode(EXIT_SUCCESS)
    |                                        `- error: cannot find 'EXIT_SUCCESS' in scope
 62 |
 63 |   /// An exit code that indicates that the command failed.
/host/spi-builder-workspace/.build/checkouts/swift-argument-parser/Sources/ArgumentParser/Parsable Properties/Errors.swift:64:40: error: cannot find 'EXIT_FAILURE' in scope
 62 |
 63 |   /// An exit code that indicates that the command failed.
 64 |   public static let failure = ExitCode(EXIT_FAILURE)
    |                                        `- error: cannot find 'EXIT_FAILURE' in scope
 65 |
 66 |   /// An exit code that indicates that the user provided invalid input.
/host/spi-builder-workspace/.build/checkouts/swift-argument-parser/Sources/ArgumentParser/Parsable Properties/Errors.swift:70:50: error: cannot find 'EX_USAGE' in scope
 68 |   public static let validationFailure = ExitCode(ERROR_BAD_ARGUMENTS)
 69 | #else
 70 |   public static let validationFailure = ExitCode(EX_USAGE)
    |                                                  `- error: cannot find 'EX_USAGE' in scope
 71 | #endif
 72 |
[140/206] Linking CasePathsMacros-tool
[142/206] Compiling OrderedCollections OrderedSet+Sendable.swift
[143/206] Compiling OrderedCollections OrderedSet+SubSequence.swift
[144/206] Compiling OrderedCollections OrderedSet+Testing.swift
[145/206] Compiling OrderedCollections OrderedSet+UnorderedView.swift
[146/206] Compiling OrderedCollections OrderedSet+UnstableInternals.swift
[147/206] Compiling OrderedCollections OrderedSet.swift
[148/206] Compiling OrderedCollections _UnsafeBitset.swift
[155/206] Compiling OrderedCollections _HashTable.swift
[156/206] Compiling OrderedCollections _Hashtable+Header.swift
/host/spi-builder-workspace/.build/checkouts/swift-argument-parser/Sources/ArgumentParser/Completions/CompletionsGenerator.swift:49:26: error: cannot find 'getenv' in scope
 47 | #else
 48 |     // FIXME: This retrieves the user's preferred shell, not necessarily the one currently in use.
 49 |     guard let shellVar = getenv("SHELL") else { return nil }
    |                          `- error: cannot find 'getenv' in scope
 50 |     let shellParts = String(cString: shellVar).split(separator: "/")
 51 |     return CompletionShell(rawValue: String(shellParts.last ?? ""))
/host/spi-builder-workspace/.build/checkouts/swift-argument-parser/Sources/ArgumentParser/Completions/CompletionsGenerator.swift:49:26: error: cannot find 'getenv' in scope
 47 | #else
 48 |     // FIXME: This retrieves the user's preferred shell, not necessarily the one currently in use.
 49 |     guard let shellVar = getenv("SHELL") else { return nil }
    |                          `- error: cannot find 'getenv' in scope
 50 |     let shellParts = String(cString: shellVar).split(separator: "/")
 51 |     return CompletionShell(rawValue: String(shellParts.last ?? ""))
/host/spi-builder-workspace/.build/checkouts/swift-argument-parser/Sources/ArgumentParser/Completions/CompletionsGenerator.swift:49:26: error: cannot find 'getenv' in scope
 47 | #else
 48 |     // FIXME: This retrieves the user's preferred shell, not necessarily the one currently in use.
 49 |     guard let shellVar = getenv("SHELL") else { return nil }
    |                          `- error: cannot find 'getenv' in scope
 50 |     let shellParts = String(cString: shellVar).split(separator: "/")
 51 |     return CompletionShell(rawValue: String(shellParts.last ?? ""))
/host/spi-builder-workspace/.build/checkouts/swift-argument-parser/Sources/ArgumentParser/Completions/CompletionsGenerator.swift:49:26: error: cannot find 'getenv' in scope
 47 | #else
 48 |     // FIXME: This retrieves the user's preferred shell, not necessarily the one currently in use.
 49 |     guard let shellVar = getenv("SHELL") else { return nil }
    |                          `- error: cannot find 'getenv' in scope
 50 |     let shellParts = String(cString: shellVar).split(separator: "/")
 51 |     return CompletionShell(rawValue: String(shellParts.last ?? ""))
/host/spi-builder-workspace/.build/checkouts/swift-argument-parser/Sources/ArgumentParser/Completions/CompletionsGenerator.swift:49:26: error: cannot find 'getenv' in scope
 47 | #else
 48 |     // FIXME: This retrieves the user's preferred shell, not necessarily the one currently in use.
 49 |     guard let shellVar = getenv("SHELL") else { return nil }
    |                          `- error: cannot find 'getenv' in scope
 50 |     let shellParts = String(cString: shellVar).split(separator: "/")
 51 |     return CompletionShell(rawValue: String(shellParts.last ?? ""))
[162/213] Compiling CasePaths LockIsolated.swift
[163/213] Compiling CasePaths Exports.swift
[164/213] Emitting module CasePaths
/host/spi-builder-workspace/.build/checkouts/swift-argument-parser/Sources/ArgumentParser/Usage/HelpGenerator.swift:358:11: error: cannot find 'winsize' in scope
356 |           height: Int(csbi.srWindow.Bottom - csbi.srWindow.Top) + 1)
357 | #else
358 |   var w = winsize()
    |           `- error: cannot find 'winsize' in scope
359 | #if os(OpenBSD)
360 |   // TIOCGWINSZ is a complex macro, so we need the flattened value.
/host/spi-builder-workspace/.build/checkouts/swift-argument-parser/Sources/ArgumentParser/Usage/HelpGenerator.swift:364:13: error: cannot find 'ioctl' in scope
362 |   let err = ioctl(STDOUT_FILENO, tiocgwinsz, &w)
363 | #else
364 |   let err = ioctl(STDOUT_FILENO, TIOCGWINSZ, &w)
    |             `- error: cannot find 'ioctl' in scope
365 | #endif
366 |   let width = Int(w.ws_col)
/host/spi-builder-workspace/.build/checkouts/swift-argument-parser/Sources/ArgumentParser/Usage/HelpGenerator.swift:364:19: error: cannot find 'STDOUT_FILENO' in scope
362 |   let err = ioctl(STDOUT_FILENO, tiocgwinsz, &w)
363 | #else
364 |   let err = ioctl(STDOUT_FILENO, TIOCGWINSZ, &w)
    |                   `- error: cannot find 'STDOUT_FILENO' in scope
365 | #endif
366 |   let width = Int(w.ws_col)
/host/spi-builder-workspace/.build/checkouts/swift-argument-parser/Sources/ArgumentParser/Usage/HelpGenerator.swift:364:34: error: cannot find 'TIOCGWINSZ' in scope
362 |   let err = ioctl(STDOUT_FILENO, tiocgwinsz, &w)
363 | #else
364 |   let err = ioctl(STDOUT_FILENO, TIOCGWINSZ, &w)
    |                                  `- error: cannot find 'TIOCGWINSZ' in scope
365 | #endif
366 |   let width = Int(w.ws_col)
/host/spi-builder-workspace/.build/checkouts/swift-argument-parser/Sources/ArgumentParser/Parsable Properties/Errors.swift:61:40: error: cannot find 'EXIT_SUCCESS' in scope
 59 |
 60 |   /// An exit code that indicates successful completion of a command.
 61 |   public static let success = ExitCode(EXIT_SUCCESS)
    |                                        `- error: cannot find 'EXIT_SUCCESS' in scope
 62 |
 63 |   /// An exit code that indicates that the command failed.
/host/spi-builder-workspace/.build/checkouts/swift-argument-parser/Sources/ArgumentParser/Parsable Properties/Errors.swift:70:50: error: cannot find 'EX_USAGE' in scope
 68 |   public static let validationFailure = ExitCode(ERROR_BAD_ARGUMENTS)
 69 | #else
 70 |   public static let validationFailure = ExitCode(EX_USAGE)
    |                                                  `- error: cannot find 'EX_USAGE' in scope
 71 | #endif
 72 |
/host/spi-builder-workspace/.build/checkouts/swift-argument-parser/Sources/ArgumentParser/Usage/HelpGenerator.swift:358:11: error: cannot find 'winsize' in scope
356 |           height: Int(csbi.srWindow.Bottom - csbi.srWindow.Top) + 1)
357 | #else
358 |   var w = winsize()
    |           `- error: cannot find 'winsize' in scope
359 | #if os(OpenBSD)
360 |   // TIOCGWINSZ is a complex macro, so we need the flattened value.
/host/spi-builder-workspace/.build/checkouts/swift-argument-parser/Sources/ArgumentParser/Usage/HelpGenerator.swift:364:13: error: cannot find 'ioctl' in scope
362 |   let err = ioctl(STDOUT_FILENO, tiocgwinsz, &w)
363 | #else
364 |   let err = ioctl(STDOUT_FILENO, TIOCGWINSZ, &w)
    |             `- error: cannot find 'ioctl' in scope
365 | #endif
366 |   let width = Int(w.ws_col)
/host/spi-builder-workspace/.build/checkouts/swift-argument-parser/Sources/ArgumentParser/Usage/HelpGenerator.swift:364:19: error: cannot find 'STDOUT_FILENO' in scope
362 |   let err = ioctl(STDOUT_FILENO, tiocgwinsz, &w)
363 | #else
364 |   let err = ioctl(STDOUT_FILENO, TIOCGWINSZ, &w)
    |                   `- error: cannot find 'STDOUT_FILENO' in scope
365 | #endif
366 |   let width = Int(w.ws_col)
/host/spi-builder-workspace/.build/checkouts/swift-argument-parser/Sources/ArgumentParser/Usage/HelpGenerator.swift:364:34: error: cannot find 'TIOCGWINSZ' in scope
362 |   let err = ioctl(STDOUT_FILENO, tiocgwinsz, &w)
363 | #else
364 |   let err = ioctl(STDOUT_FILENO, TIOCGWINSZ, &w)
    |                                  `- error: cannot find 'TIOCGWINSZ' in scope
365 | #endif
366 |   let width = Int(w.ws_col)
/host/spi-builder-workspace/.build/checkouts/swift-argument-parser/Sources/ArgumentParser/Parsable Properties/Errors.swift:61:40: error: cannot find 'EXIT_SUCCESS' in scope
 59 |
 60 |   /// An exit code that indicates successful completion of a command.
 61 |   public static let success = ExitCode(EXIT_SUCCESS)
    |                                        `- error: cannot find 'EXIT_SUCCESS' in scope
 62 |
 63 |   /// An exit code that indicates that the command failed.
/host/spi-builder-workspace/.build/checkouts/swift-argument-parser/Sources/ArgumentParser/Parsable Properties/Errors.swift:70:50: error: cannot find 'EX_USAGE' in scope
 68 |   public static let validationFailure = ExitCode(ERROR_BAD_ARGUMENTS)
 69 | #else
 70 |   public static let validationFailure = ExitCode(EX_USAGE)
    |                                                  `- error: cannot find 'EX_USAGE' in scope
 71 | #endif
 72 |
/host/spi-builder-workspace/.build/checkouts/swift-argument-parser/Sources/ArgumentParser/Usage/HelpGenerator.swift:358:11: error: cannot find 'winsize' in scope
356 |           height: Int(csbi.srWindow.Bottom - csbi.srWindow.Top) + 1)
357 | #else
358 |   var w = winsize()
    |           `- error: cannot find 'winsize' in scope
359 | #if os(OpenBSD)
360 |   // TIOCGWINSZ is a complex macro, so we need the flattened value.
/host/spi-builder-workspace/.build/checkouts/swift-argument-parser/Sources/ArgumentParser/Usage/HelpGenerator.swift:364:13: error: cannot find 'ioctl' in scope
362 |   let err = ioctl(STDOUT_FILENO, tiocgwinsz, &w)
363 | #else
364 |   let err = ioctl(STDOUT_FILENO, TIOCGWINSZ, &w)
    |             `- error: cannot find 'ioctl' in scope
365 | #endif
366 |   let width = Int(w.ws_col)
/host/spi-builder-workspace/.build/checkouts/swift-argument-parser/Sources/ArgumentParser/Usage/HelpGenerator.swift:364:19: error: cannot find 'STDOUT_FILENO' in scope
362 |   let err = ioctl(STDOUT_FILENO, tiocgwinsz, &w)
363 | #else
364 |   let err = ioctl(STDOUT_FILENO, TIOCGWINSZ, &w)
    |                   `- error: cannot find 'STDOUT_FILENO' in scope
365 | #endif
366 |   let width = Int(w.ws_col)
/host/spi-builder-workspace/.build/checkouts/swift-argument-parser/Sources/ArgumentParser/Usage/HelpGenerator.swift:364:34: error: cannot find 'TIOCGWINSZ' in scope
362 |   let err = ioctl(STDOUT_FILENO, tiocgwinsz, &w)
363 | #else
364 |   let err = ioctl(STDOUT_FILENO, TIOCGWINSZ, &w)
    |                                  `- error: cannot find 'TIOCGWINSZ' in scope
365 | #endif
366 |   let width = Int(w.ws_col)
/host/spi-builder-workspace/.build/checkouts/swift-argument-parser/Sources/ArgumentParser/Parsable Properties/Errors.swift:61:40: error: cannot find 'EXIT_SUCCESS' in scope
 59 |
 60 |   /// An exit code that indicates successful completion of a command.
 61 |   public static let success = ExitCode(EXIT_SUCCESS)
    |                                        `- error: cannot find 'EXIT_SUCCESS' in scope
 62 |
 63 |   /// An exit code that indicates that the command failed.
/host/spi-builder-workspace/.build/checkouts/swift-argument-parser/Sources/ArgumentParser/Parsable Properties/Errors.swift:70:50: error: cannot find 'EX_USAGE' in scope
 68 |   public static let validationFailure = ExitCode(ERROR_BAD_ARGUMENTS)
 69 | #else
 70 |   public static let validationFailure = ExitCode(EX_USAGE)
    |                                                  `- error: cannot find 'EX_USAGE' in scope
 71 | #endif
 72 |
/host/spi-builder-workspace/.build/checkouts/swift-argument-parser/Sources/ArgumentParser/Usage/HelpGenerator.swift:358:11: error: cannot find 'winsize' in scope
356 |           height: Int(csbi.srWindow.Bottom - csbi.srWindow.Top) + 1)
357 | #else
358 |   var w = winsize()
    |           `- error: cannot find 'winsize' in scope
359 | #if os(OpenBSD)
360 |   // TIOCGWINSZ is a complex macro, so we need the flattened value.
/host/spi-builder-workspace/.build/checkouts/swift-argument-parser/Sources/ArgumentParser/Usage/HelpGenerator.swift:364:13: error: cannot find 'ioctl' in scope
362 |   let err = ioctl(STDOUT_FILENO, tiocgwinsz, &w)
363 | #else
364 |   let err = ioctl(STDOUT_FILENO, TIOCGWINSZ, &w)
    |             `- error: cannot find 'ioctl' in scope
365 | #endif
366 |   let width = Int(w.ws_col)
/host/spi-builder-workspace/.build/checkouts/swift-argument-parser/Sources/ArgumentParser/Usage/HelpGenerator.swift:364:19: error: cannot find 'STDOUT_FILENO' in scope
362 |   let err = ioctl(STDOUT_FILENO, tiocgwinsz, &w)
363 | #else
364 |   let err = ioctl(STDOUT_FILENO, TIOCGWINSZ, &w)
    |                   `- error: cannot find 'STDOUT_FILENO' in scope
365 | #endif
366 |   let width = Int(w.ws_col)
/host/spi-builder-workspace/.build/checkouts/swift-argument-parser/Sources/ArgumentParser/Usage/HelpGenerator.swift:364:34: error: cannot find 'TIOCGWINSZ' in scope
362 |   let err = ioctl(STDOUT_FILENO, tiocgwinsz, &w)
363 | #else
364 |   let err = ioctl(STDOUT_FILENO, TIOCGWINSZ, &w)
    |                                  `- error: cannot find 'TIOCGWINSZ' in scope
365 | #endif
366 |   let width = Int(w.ws_col)
/host/spi-builder-workspace/.build/checkouts/swift-argument-parser/Sources/ArgumentParser/Parsable Properties/Errors.swift:61:40: error: cannot find 'EXIT_SUCCESS' in scope
 59 |
 60 |   /// An exit code that indicates successful completion of a command.
 61 |   public static let success = ExitCode(EXIT_SUCCESS)
    |                                        `- error: cannot find 'EXIT_SUCCESS' in scope
 62 |
 63 |   /// An exit code that indicates that the command failed.
/host/spi-builder-workspace/.build/checkouts/swift-argument-parser/Sources/ArgumentParser/Parsable Properties/Errors.swift:70:50: error: cannot find 'EX_USAGE' in scope
 68 |   public static let validationFailure = ExitCode(ERROR_BAD_ARGUMENTS)
 69 | #else
 70 |   public static let validationFailure = ExitCode(EX_USAGE)
    |                                                  `- error: cannot find 'EX_USAGE' in scope
 71 | #endif
 72 |
/host/spi-builder-workspace/.build/checkouts/swift-argument-parser/Sources/ArgumentParser/Parsable Properties/Errors.swift:61:40: error: cannot find 'EXIT_SUCCESS' in scope
 59 |
 60 |   /// An exit code that indicates successful completion of a command.
 61 |   public static let success = ExitCode(EXIT_SUCCESS)
    |                                        `- error: cannot find 'EXIT_SUCCESS' in scope
 62 |
 63 |   /// An exit code that indicates that the command failed.
/host/spi-builder-workspace/.build/checkouts/swift-argument-parser/Sources/ArgumentParser/Parsable Properties/Errors.swift:64:40: error: cannot find 'EXIT_FAILURE' in scope
 62 |
 63 |   /// An exit code that indicates that the command failed.
 64 |   public static let failure = ExitCode(EXIT_FAILURE)
    |                                        `- error: cannot find 'EXIT_FAILURE' in scope
 65 |
 66 |   /// An exit code that indicates that the user provided invalid input.
/host/spi-builder-workspace/.build/checkouts/swift-argument-parser/Sources/ArgumentParser/Parsable Properties/Errors.swift:70:50: error: cannot find 'EX_USAGE' in scope
 68 |   public static let validationFailure = ExitCode(ERROR_BAD_ARGUMENTS)
 69 | #else
 70 |   public static let validationFailure = ExitCode(EX_USAGE)
    |                                                  `- error: cannot find 'EX_USAGE' in scope
 71 | #endif
 72 |
/host/spi-builder-workspace/.build/checkouts/swift-argument-parser/Sources/ArgumentParser/Parsable Properties/Errors.swift:61:40: error: cannot find 'EXIT_SUCCESS' in scope
 59 |
 60 |   /// An exit code that indicates successful completion of a command.
 61 |   public static let success = ExitCode(EXIT_SUCCESS)
    |                                        `- error: cannot find 'EXIT_SUCCESS' in scope
 62 |
 63 |   /// An exit code that indicates that the command failed.
/host/spi-builder-workspace/.build/checkouts/swift-argument-parser/Sources/ArgumentParser/Parsable Properties/Errors.swift:64:40: error: cannot find 'EXIT_FAILURE' in scope
 62 |
 63 |   /// An exit code that indicates that the command failed.
 64 |   public static let failure = ExitCode(EXIT_FAILURE)
    |                                        `- error: cannot find 'EXIT_FAILURE' in scope
 65 |
 66 |   /// An exit code that indicates that the user provided invalid input.
/host/spi-builder-workspace/.build/checkouts/swift-argument-parser/Sources/ArgumentParser/Parsable Properties/Errors.swift:70:50: error: cannot find 'EX_USAGE' in scope
 68 |   public static let validationFailure = ExitCode(ERROR_BAD_ARGUMENTS)
 69 | #else
 70 |   public static let validationFailure = ExitCode(EX_USAGE)
    |                                                  `- error: cannot find 'EX_USAGE' in scope
 71 | #endif
 72 |
/host/spi-builder-workspace/.build/checkouts/swift-argument-parser/Sources/ArgumentParser/Parsable Properties/Errors.swift:61:40: error: cannot find 'EXIT_SUCCESS' in scope
 59 |
 60 |   /// An exit code that indicates successful completion of a command.
 61 |   public static let success = ExitCode(EXIT_SUCCESS)
    |                                        `- error: cannot find 'EXIT_SUCCESS' in scope
 62 |
 63 |   /// An exit code that indicates that the command failed.
/host/spi-builder-workspace/.build/checkouts/swift-argument-parser/Sources/ArgumentParser/Parsable Properties/Errors.swift:64:40: error: cannot find 'EXIT_FAILURE' in scope
 62 |
 63 |   /// An exit code that indicates that the command failed.
 64 |   public static let failure = ExitCode(EXIT_FAILURE)
    |                                        `- error: cannot find 'EXIT_FAILURE' in scope
 65 |
 66 |   /// An exit code that indicates that the user provided invalid input.
/host/spi-builder-workspace/.build/checkouts/swift-argument-parser/Sources/ArgumentParser/Parsable Properties/Errors.swift:70:50: error: cannot find 'EX_USAGE' in scope
 68 |   public static let validationFailure = ExitCode(ERROR_BAD_ARGUMENTS)
 69 | #else
 70 |   public static let validationFailure = ExitCode(EX_USAGE)
    |                                                  `- error: cannot find 'EX_USAGE' in scope
 71 | #endif
 72 |
/host/spi-builder-workspace/.build/checkouts/swift-argument-parser/Sources/ArgumentParser/Parsable Properties/Errors.swift:61:40: error: cannot find 'EXIT_SUCCESS' in scope
 59 |
 60 |   /// An exit code that indicates successful completion of a command.
 61 |   public static let success = ExitCode(EXIT_SUCCESS)
    |                                        `- error: cannot find 'EXIT_SUCCESS' in scope
 62 |
 63 |   /// An exit code that indicates that the command failed.
/host/spi-builder-workspace/.build/checkouts/swift-argument-parser/Sources/ArgumentParser/Parsable Properties/Errors.swift:64:40: error: cannot find 'EXIT_FAILURE' in scope
 62 |
 63 |   /// An exit code that indicates that the command failed.
 64 |   public static let failure = ExitCode(EXIT_FAILURE)
    |                                        `- error: cannot find 'EXIT_FAILURE' in scope
 65 |
 66 |   /// An exit code that indicates that the user provided invalid input.
/host/spi-builder-workspace/.build/checkouts/swift-argument-parser/Sources/ArgumentParser/Parsable Properties/Errors.swift:70:50: error: cannot find 'EX_USAGE' in scope
 68 |   public static let validationFailure = ExitCode(ERROR_BAD_ARGUMENTS)
 69 | #else
 70 |   public static let validationFailure = ExitCode(EX_USAGE)
    |                                                  `- error: cannot find 'EX_USAGE' in scope
 71 | #endif
 72 |
/host/spi-builder-workspace/.build/checkouts/swift-argument-parser/Sources/ArgumentParser/Parsable Properties/Errors.swift:61:40: error: cannot find 'EXIT_SUCCESS' in scope
 59 |
 60 |   /// An exit code that indicates successful completion of a command.
 61 |   public static let success = ExitCode(EXIT_SUCCESS)
    |                                        `- error: cannot find 'EXIT_SUCCESS' in scope
 62 |
 63 |   /// An exit code that indicates that the command failed.
/host/spi-builder-workspace/.build/checkouts/swift-argument-parser/Sources/ArgumentParser/Parsable Properties/Errors.swift:64:40: error: cannot find 'EXIT_FAILURE' in scope
 62 |
 63 |   /// An exit code that indicates that the command failed.
 64 |   public static let failure = ExitCode(EXIT_FAILURE)
    |                                        `- error: cannot find 'EXIT_FAILURE' in scope
 65 |
 66 |   /// An exit code that indicates that the user provided invalid input.
/host/spi-builder-workspace/.build/checkouts/swift-argument-parser/Sources/ArgumentParser/Parsable Properties/Errors.swift:70:50: error: cannot find 'EX_USAGE' in scope
 68 |   public static let validationFailure = ExitCode(ERROR_BAD_ARGUMENTS)
 69 | #else
 70 |   public static let validationFailure = ExitCode(EX_USAGE)
    |                                                  `- error: cannot find 'EX_USAGE' in scope
 71 | #endif
 72 |
/host/spi-builder-workspace/.build/checkouts/swift-argument-parser/Sources/ArgumentParser/Parsable Types/ParsableArguments.swift:63:31: error: cannot find 'putc' in scope
 61 | struct StandardError: TextOutputStream {
 62 |   mutating func write(_ string: String) {
 63 |     for byte in string.utf8 { putc(numericCast(byte), stderr) }
    |                               `- error: cannot find 'putc' in scope
 64 |   }
 65 | }
/host/spi-builder-workspace/.build/checkouts/swift-argument-parser/Sources/ArgumentParser/Parsable Types/ParsableArguments.swift:63:55: error: cannot find 'stderr' in scope
 61 | struct StandardError: TextOutputStream {
 62 |   mutating func write(_ string: String) {
 63 |     for byte in string.utf8 { putc(numericCast(byte), stderr) }
    |                                                       `- error: cannot find 'stderr' in scope
 64 |   }
 65 | }
/host/spi-builder-workspace/.build/checkouts/swift-argument-parser/Sources/ArgumentParser/Parsable Types/ParsableArguments.swift:63:36: error: generic parameter 'U' could not be inferred
 61 | struct StandardError: TextOutputStream {
 62 |   mutating func write(_ string: String) {
 63 |     for byte in string.utf8 { putc(numericCast(byte), stderr) }
    |                                    `- error: generic parameter 'U' could not be inferred
 64 |   }
 65 | }
Swift.numericCast:1:24: note: in call to function 'numericCast'
1 | @inlinable public func numericCast<T, U>(_ x: T) -> U where T : BinaryInteger, U : BinaryInteger
  |                        `- note: in call to function 'numericCast'
/host/spi-builder-workspace/.build/checkouts/swift-argument-parser/Sources/ArgumentParser/Parsable Types/ParsableArguments.swift:185:7: error: cannot find '_exit' in scope
183 |   ) -> Never {
184 |     guard let error = error else {
185 |       _exit(ExitCode.success.rawValue)
    |       `- error: cannot find '_exit' in scope
186 |     }
187 |
/host/spi-builder-workspace/.build/checkouts/swift-argument-parser/Sources/ArgumentParser/Parsable Properties/Errors.swift:61:40: error: cannot find 'EXIT_SUCCESS' in scope
 59 |
 60 |   /// An exit code that indicates successful completion of a command.
 61 |   public static let success = ExitCode(EXIT_SUCCESS)
    |                                        `- error: cannot find 'EXIT_SUCCESS' in scope
 62 |
 63 |   /// An exit code that indicates that the command failed.
/host/spi-builder-workspace/.build/checkouts/swift-argument-parser/Sources/ArgumentParser/Parsable Types/ParsableArguments.swift:197:5: error: cannot find '_exit' in scope
195 |       }
196 |     }
197 |     _exit(messageInfo.exitCode.rawValue)
    |     `- error: cannot find '_exit' in scope
198 |   }
199 |
/host/spi-builder-workspace/.build/checkouts/swift-argument-parser/Sources/ArgumentParser/Parsable Types/ParsableArguments.swift:63:31: error: cannot find 'putc' in scope
 61 | struct StandardError: TextOutputStream {
 62 |   mutating func write(_ string: String) {
 63 |     for byte in string.utf8 { putc(numericCast(byte), stderr) }
    |                               `- error: cannot find 'putc' in scope
 64 |   }
 65 | }
/host/spi-builder-workspace/.build/checkouts/swift-argument-parser/Sources/ArgumentParser/Parsable Types/ParsableArguments.swift:63:55: error: cannot find 'stderr' in scope
 61 | struct StandardError: TextOutputStream {
 62 |   mutating func write(_ string: String) {
 63 |     for byte in string.utf8 { putc(numericCast(byte), stderr) }
    |                                                       `- error: cannot find 'stderr' in scope
 64 |   }
 65 | }
/host/spi-builder-workspace/.build/checkouts/swift-argument-parser/Sources/ArgumentParser/Parsable Types/ParsableArguments.swift:63:36: error: generic parameter 'U' could not be inferred
 61 | struct StandardError: TextOutputStream {
 62 |   mutating func write(_ string: String) {
 63 |     for byte in string.utf8 { putc(numericCast(byte), stderr) }
    |                                    `- error: generic parameter 'U' could not be inferred
 64 |   }
 65 | }
Swift.numericCast:1:24: note: in call to function 'numericCast'
1 | @inlinable public func numericCast<T, U>(_ x: T) -> U where T : BinaryInteger, U : BinaryInteger
  |                        `- note: in call to function 'numericCast'
/host/spi-builder-workspace/.build/checkouts/swift-argument-parser/Sources/ArgumentParser/Parsable Types/ParsableArguments.swift:185:7: error: cannot find '_exit' in scope
183 |   ) -> Never {
184 |     guard let error = error else {
185 |       _exit(ExitCode.success.rawValue)
    |       `- error: cannot find '_exit' in scope
186 |     }
187 |
/host/spi-builder-workspace/.build/checkouts/swift-argument-parser/Sources/ArgumentParser/Parsable Properties/Errors.swift:61:40: error: cannot find 'EXIT_SUCCESS' in scope
 59 |
 60 |   /// An exit code that indicates successful completion of a command.
 61 |   public static let success = ExitCode(EXIT_SUCCESS)
    |                                        `- error: cannot find 'EXIT_SUCCESS' in scope
 62 |
 63 |   /// An exit code that indicates that the command failed.
/host/spi-builder-workspace/.build/checkouts/swift-argument-parser/Sources/ArgumentParser/Parsable Types/ParsableArguments.swift:197:5: error: cannot find '_exit' in scope
195 |       }
196 |     }
197 |     _exit(messageInfo.exitCode.rawValue)
    |     `- error: cannot find '_exit' in scope
198 |   }
199 |
/host/spi-builder-workspace/.build/checkouts/swift-argument-parser/Sources/ArgumentParser/Parsable Types/ParsableArguments.swift:63:31: error: cannot find 'putc' in scope
 61 | struct StandardError: TextOutputStream {
 62 |   mutating func write(_ string: String) {
 63 |     for byte in string.utf8 { putc(numericCast(byte), stderr) }
    |                               `- error: cannot find 'putc' in scope
 64 |   }
 65 | }
/host/spi-builder-workspace/.build/checkouts/swift-argument-parser/Sources/ArgumentParser/Parsable Types/ParsableArguments.swift:63:55: error: cannot find 'stderr' in scope
 61 | struct StandardError: TextOutputStream {
 62 |   mutating func write(_ string: String) {
 63 |     for byte in string.utf8 { putc(numericCast(byte), stderr) }
    |                                                       `- error: cannot find 'stderr' in scope
 64 |   }
 65 | }
/host/spi-builder-workspace/.build/checkouts/swift-argument-parser/Sources/ArgumentParser/Parsable Types/ParsableArguments.swift:63:36: error: generic parameter 'U' could not be inferred
 61 | struct StandardError: TextOutputStream {
 62 |   mutating func write(_ string: String) {
 63 |     for byte in string.utf8 { putc(numericCast(byte), stderr) }
    |                                    `- error: generic parameter 'U' could not be inferred
 64 |   }
 65 | }
Swift.numericCast:1:24: note: in call to function 'numericCast'
1 | @inlinable public func numericCast<T, U>(_ x: T) -> U where T : BinaryInteger, U : BinaryInteger
  |                        `- note: in call to function 'numericCast'
/host/spi-builder-workspace/.build/checkouts/swift-argument-parser/Sources/ArgumentParser/Parsable Types/ParsableArguments.swift:185:7: error: cannot find '_exit' in scope
183 |   ) -> Never {
184 |     guard let error = error else {
185 |       _exit(ExitCode.success.rawValue)
    |       `- error: cannot find '_exit' in scope
186 |     }
187 |
/host/spi-builder-workspace/.build/checkouts/swift-argument-parser/Sources/ArgumentParser/Parsable Properties/Errors.swift:61:40: error: cannot find 'EXIT_SUCCESS' in scope
 59 |
 60 |   /// An exit code that indicates successful completion of a command.
 61 |   public static let success = ExitCode(EXIT_SUCCESS)
    |                                        `- error: cannot find 'EXIT_SUCCESS' in scope
 62 |
 63 |   /// An exit code that indicates that the command failed.
/host/spi-builder-workspace/.build/checkouts/swift-argument-parser/Sources/ArgumentParser/Parsable Types/ParsableArguments.swift:197:5: error: cannot find '_exit' in scope
195 |       }
196 |     }
197 |     _exit(messageInfo.exitCode.rawValue)
    |     `- error: cannot find '_exit' in scope
198 |   }
199 |
/host/spi-builder-workspace/.build/checkouts/swift-argument-parser/Sources/ArgumentParser/Parsable Types/ParsableArguments.swift:63:31: error: cannot find 'putc' in scope
 61 | struct StandardError: TextOutputStream {
 62 |   mutating func write(_ string: String) {
 63 |     for byte in string.utf8 { putc(numericCast(byte), stderr) }
    |                               `- error: cannot find 'putc' in scope
 64 |   }
 65 | }
/host/spi-builder-workspace/.build/checkouts/swift-argument-parser/Sources/ArgumentParser/Parsable Types/ParsableArguments.swift:63:55: error: cannot find 'stderr' in scope
 61 | struct StandardError: TextOutputStream {
 62 |   mutating func write(_ string: String) {
 63 |     for byte in string.utf8 { putc(numericCast(byte), stderr) }
    |                                                       `- error: cannot find 'stderr' in scope
 64 |   }
 65 | }
/host/spi-builder-workspace/.build/checkouts/swift-argument-parser/Sources/ArgumentParser/Parsable Types/ParsableArguments.swift:63:36: error: generic parameter 'U' could not be inferred
 61 | struct StandardError: TextOutputStream {
 62 |   mutating func write(_ string: String) {
 63 |     for byte in string.utf8 { putc(numericCast(byte), stderr) }
    |                                    `- error: generic parameter 'U' could not be inferred
 64 |   }
 65 | }
Swift.numericCast:1:24: note: in call to function 'numericCast'
1 | @inlinable public func numericCast<T, U>(_ x: T) -> U where T : BinaryInteger, U : BinaryInteger
  |                        `- note: in call to function 'numericCast'
/host/spi-builder-workspace/.build/checkouts/swift-argument-parser/Sources/ArgumentParser/Parsable Types/ParsableArguments.swift:185:7: error: cannot find '_exit' in scope
183 |   ) -> Never {
184 |     guard let error = error else {
185 |       _exit(ExitCode.success.rawValue)
    |       `- error: cannot find '_exit' in scope
186 |     }
187 |
/host/spi-builder-workspace/.build/checkouts/swift-argument-parser/Sources/ArgumentParser/Parsable Properties/Errors.swift:61:40: error: cannot find 'EXIT_SUCCESS' in scope
 59 |
 60 |   /// An exit code that indicates successful completion of a command.
 61 |   public static let success = ExitCode(EXIT_SUCCESS)
    |                                        `- error: cannot find 'EXIT_SUCCESS' in scope
 62 |
 63 |   /// An exit code that indicates that the command failed.
/host/spi-builder-workspace/.build/checkouts/swift-argument-parser/Sources/ArgumentParser/Parsable Types/ParsableArguments.swift:197:5: error: cannot find '_exit' in scope
195 |       }
196 |     }
197 |     _exit(messageInfo.exitCode.rawValue)
    |     `- error: cannot find '_exit' in scope
198 |   }
199 |
/host/spi-builder-workspace/.build/checkouts/swift-argument-parser/Sources/ArgumentParser/Parsable Types/ParsableArguments.swift:63:31: error: cannot find 'putc' in scope
 61 | struct StandardError: TextOutputStream {
 62 |   mutating func write(_ string: String) {
 63 |     for byte in string.utf8 { putc(numericCast(byte), stderr) }
    |                               `- error: cannot find 'putc' in scope
 64 |   }
 65 | }
/host/spi-builder-workspace/.build/checkouts/swift-argument-parser/Sources/ArgumentParser/Parsable Types/ParsableArguments.swift:63:55: error: cannot find 'stderr' in scope
 61 | struct StandardError: TextOutputStream {
 62 |   mutating func write(_ string: String) {
 63 |     for byte in string.utf8 { putc(numericCast(byte), stderr) }
    |                                                       `- error: cannot find 'stderr' in scope
 64 |   }
 65 | }
/host/spi-builder-workspace/.build/checkouts/swift-argument-parser/Sources/ArgumentParser/Parsable Types/ParsableArguments.swift:63:36: error: generic parameter 'U' could not be inferred
 61 | struct StandardError: TextOutputStream {
 62 |   mutating func write(_ string: String) {
 63 |     for byte in string.utf8 { putc(numericCast(byte), stderr) }
    |                                    `- error: generic parameter 'U' could not be inferred
 64 |   }
 65 | }
Swift.numericCast:1:24: note: in call to function 'numericCast'
1 | @inlinable public func numericCast<T, U>(_ x: T) -> U where T : BinaryInteger, U : BinaryInteger
  |                        `- note: in call to function 'numericCast'
/host/spi-builder-workspace/.build/checkouts/swift-argument-parser/Sources/ArgumentParser/Parsable Types/ParsableArguments.swift:185:7: error: cannot find '_exit' in scope
183 |   ) -> Never {
184 |     guard let error = error else {
185 |       _exit(ExitCode.success.rawValue)
    |       `- error: cannot find '_exit' in scope
186 |     }
187 |
/host/spi-builder-workspace/.build/checkouts/swift-argument-parser/Sources/ArgumentParser/Parsable Properties/Errors.swift:61:40: error: cannot find 'EXIT_SUCCESS' in scope
 59 |
 60 |   /// An exit code that indicates successful completion of a command.
 61 |   public static let success = ExitCode(EXIT_SUCCESS)
    |                                        `- error: cannot find 'EXIT_SUCCESS' in scope
 62 |
 63 |   /// An exit code that indicates that the command failed.
/host/spi-builder-workspace/.build/checkouts/swift-argument-parser/Sources/ArgumentParser/Parsable Types/ParsableArguments.swift:197:5: error: cannot find '_exit' in scope
195 |       }
196 |     }
197 |     _exit(messageInfo.exitCode.rawValue)
    |     `- error: cannot find '_exit' in scope
198 |   }
199 |
[179/213] Compiling CasePaths Deprecations.swift
[180/213] Compiling CasePaths XCTestSupport.swift
[181/213] Compiling CasePaths Macros.swift
[182/213] Compiling ArgumentParser CollectionExtensions.swift
[183/213] Compiling ArgumentParser SequenceExtensions.swift
[184/213] Compiling ArgumentParser StringExtensions.swift
[185/213] Compiling ArgumentParser Tree.swift
[186/213] Emitting module OrderedCollections
[187/214] Wrapping AST for OrderedCollections for debugging
[189/214] Compiling CasePaths EnumReflection.swift
[204/215] Wrapping AST for CasePaths for debugging
BUILD FAILURE 6.3 wasm